66.249.79.173 - - [06/Jul/2025:08:36:31 -0400] "GET /zhHant/product/surugaya/77786871?campaign_uid=f64d716db5e979ed2f947dbaf4296895b951ae7f HTTP/1.1" 404 16778 "-" "Mozilla/5.0 (Linux; Android 6.0.1; Nexus 5X Build/MMB29P) AppleWebKit/537.36 (KHTML, like Gecko) Chrome/137.0.7151.103 Mobile Safari/537.36 (compatible; Googlebot/2.1; +http://www.google.com/bot.html)"
66.249.79.72 - - [06/Jul/2025:08:37:41 -0400] "GET /product/edit/62762436 HTTP/1.1" 301 0 "-" "Mozilla/5.0 (Linux; Android 6.0.1; Nexus 5X Build/MMB29P) AppleWebKit/537.36 (KHTML, like Gecko) Chrome/137.0.7151.103 Mobile Safari/537.36 (compatible; Googlebot/2.1; +http://www.google.com/bot.html)"
66.249.79.71 - - [06/Jul/2025:08:37:41 -0400] "GET /product/edit/46102979 HTTP/1.1" 301 0 "-" "Mozilla/5.0 (Linux; Android 6.0.1; Nexus 5X Build/MMB29P) AppleWebKit/537.36 (KHTML, like Gecko) Chrome/137.0.7151.103 Mobile Safari/537.36 (compatible; Googlebot/2.1; +http://www.google.com/bot.html)"
66.249.79.72 - - [06/Jul/2025:08:37:41 -0400] "GET /zhHant/product/surugaya/64974962?campaign_uid=f64d716db5e979ed2f947dbaf4296895b951ae7f HTTP/1.1" 301 0 "-" "Mozilla/5.0 (Linux; Android 6.0.1; Nexus 5X Build/MMB29P) AppleWebKit/537.36 (KHTML, like Gecko) Chrome/137.0.7151.103 Mobile Safari/537.36 (compatible; Googlebot/2.1; +http://www.google.com/bot.html)"
66.249.79.172 - - [06/Jul/2025:08:37:42 -0400] "GET /product/edit/46102979 HTTP/1.1" 404 16655 "-" "Mozilla/5.0 (Linux; Android 6.0.1; Nexus 5X Build/MMB29P) AppleWebKit/537.36 (KHTML, like Gecko) Chrome/137.0.7151.103 Mobile Safari/537.36 (compatible; Googlebot/2.1; +http://www.google.com/bot.html)"
66.249.79.172 - - [06/Jul/2025:08:37:43 -0400] "GET /zhHant/product/surugaya/64974962?campaign_uid=f64d716db5e979ed2f947dbaf4296895b951ae7f HTTP/1.1" 404 16768 "-" "Mozilla/5.0 (Linux; Android 6.0.1; Nexus 5X Build/MMB29P) AppleWebKit/537.36 (KHTML, like Gecko) Chrome/137.0.7151.103 Mobile Safari/537.36 (compatible; Googlebot/2.1; +http://www.google.com/bot.html)"
66.249.79.160 - - [06/Jul/2025:08:37:44 -0400] "GET /product/edit/62762436 HTTP/1.1" 404 16768 "-" "Mozilla/5.0 (Linux; Android 6.0.1; Nexus 5X Build/MMB29P) AppleWebKit/537.36 (KHTML, like Gecko) Chrome/137.0.7151.103 Mobile Safari/537.36 (compatible; Googlebot/2.1; +http://www.google.com/bot.html)"
23.92.177.29 - - [06/Jul/2025:08:38:50 -0400] "POST /wp-cron.php?doing_wp_cron=1751805530.3312759399414062500000 HTTP/1.1" 200 0 "http://gsc-ltd.net/wp-cron.php?doing_wp_cron=1751805530.3312759399414062500000" "WordPress/6.1.1; https://gsc-ltd.net"
66.249.79.70 - - [06/Jul/2025:08:38:50 -0400] "GET /shopdetail/18574843/ HTTP/1.1" 301 0 "-" "Mozilla/5.0 (Linux; Android 6.0.1; Nexus 5X Build/MMB29P) AppleWebKit/537.36 (KHTML, like Gecko) Chrome/137.0.7151.103 Mobile Safari/537.36 (compatible; Googlebot/2.1; +http://www.google.com/bot.html)"
66.249.79.173 - - [06/Jul/2025:08:38:55 -0400] "GET /shopdetail/18574843/ HTTP/1.1" 404 16779 "-" "Mozilla/5.0 (Linux; Android 6.0.1; Nexus 5X Build/MMB29P) AppleWebKit/537.36 (KHTML, like Gecko) Chrome/137.0.7151.103 Mobile Safari/537.36 (compatible; Googlebot/2.1; +http://www.google.com/bot.html)"
66.249.79.70 - - [06/Jul/2025:08:41:34 -0400] "GET /shopdetail/18422498/ HTTP/1.1" 301 0 "-" "Mozilla/5.0 (Linux; Android 6.0.1; Nexus 5X Build/MMB29P) AppleWebKit/537.36 (KHTML, like Gecko) Chrome/137.0.7151.103 Mobile Safari/537.36 (compatible; Googlebot/2.1; +http://www.google.com/bot.html)"
66.249.79.72 - - [06/Jul/2025:08:41:34 -0400] "GET /shopdetail/12121887/ HTTP/1.1" 301 0 "-" "Mozilla/5.0 (Linux; Android 6.0.1; Nexus 5X Build/MMB29P) AppleWebKit/537.36 (KHTML, like Gecko) Chrome/137.0.7151.103 Mobile Safari/537.36 (compatible; Googlebot/2.1; +http://www.google.com/bot.html)"
66.249.79.160 - - [06/Jul/2025:08:41:34 -0400] "GET /shopdetail/18422498/ HTTP/1.1" 404 16767 "-" "Mozilla/5.0 (Linux; Android 6.0.1; Nexus 5X Build/MMB29P) AppleWebKit/537.36 (KHTML, like Gecko) Chrome/137.0.7151.103 Mobile Safari/537.36 (compatible; Googlebot/2.1; +http://www.google.com/bot.html)"
66.249.79.160 - - [06/Jul/2025:08:41:34 -0400] "GET /shopdetail/12121887/ HTTP/1.1" 404 16652 "-" "Mozilla/5.0 (Linux; Android 6.0.1; Nexus 5X Build/MMB29P) AppleWebKit/537.36 (KHTML, like Gecko) Chrome/137.0.7151.103 Mobile Safari/537.36 (compatible; Googlebot/2.1; +http://www.google.com/bot.html)"
66.249.79.72 - - [06/Jul/2025:08:42:48 -0400] "GET /shopdetail/8013010/ HTTP/1.1" 301 0 "-" "Mozilla/5.0 (Linux; Android 6.0.1; Nexus 5X Build/MMB29P) AppleWebKit/537.36 (KHTML, like Gecko) Chrome/137.0.7151.103 Mobile Safari/537.36 (compatible; Googlebot/2.1; +http://www.google.com/bot.html)"
66.249.79.173 - - [06/Jul/2025:08:42:49 -0400] "GET /shopdetail/8013010/ HTTP/1.1" 404 16769 "-" "Mozilla/5.0 (Linux; Android 6.0.1; Nexus 5X Build/MMB29P) AppleWebKit/537.36 (KHTML, like Gecko) Chrome/137.0.7151.103 Mobile Safari/537.36 (compatible; Googlebot/2.1; +http://www.google.com/bot.html)"
66.249.79.71 - - [06/Jul/2025:08:42:57 -0400] "GET /product/edit/90784171 HTTP/1.1" 301 0 "-" "Mozilla/5.0 (Linux; Android 6.0.1; Nexus 5X Build/MMB29P) AppleWebKit/537.36 (KHTML, like Gecko) Chrome/137.0.7151.103 Mobile Safari/537.36 (compatible; Googlebot/2.1; +http://www.google.com/bot.html)"
66.249.79.172 - - [06/Jul/2025:08:42:59 -0400] "GET /product/edit/90784171 HTTP/1.1" 404 16768 "-" "Mozilla/5.0 (Linux; Android 6.0.1; Nexus 5X Build/MMB29P) AppleWebKit/537.36 (KHTML, like Gecko) Chrome/137.0.7151.103 Mobile Safari/537.36 (compatible; Googlebot/2.1; +http://www.google.com/bot.html)"
216.73.216.55 - - [06/Jul/2025:08:48:11 -0400] "GET /shopdetail/3422409 HTTP/1.1" 404 18707 "-" "Mozilla/5.0 AppleWebKit/537.36 (KHTML, like Gecko; compatible; ClaudeBot/1.0; +claudebot@anthropic.com)"
216.73.216.55 - - [06/Jul/2025:08:48:11 -0400] "GET /shopdetail/4839810 HTTP/1.1" 404 18706 "-" "Mozilla/5.0 AppleWebKit/537.36 (KHTML, like Gecko; compatible; ClaudeBot/1.0; +claudebot@anthropic.com)"
216.73.216.55 - - [06/Jul/2025:08:48:11 -0400] "GET /wp-content/themes/twentyseventeen-child/js/jquery.waypoints.min.js HTTP/1.1" 200 5774 "http://gsc-ltd.net/shopdetail/3422409" "Mozilla/5.0 AppleWebKit/537.36 (KHTML, like Gecko; compatible; ClaudeBot/1.0; +claudebot@anthropic.com)"
216.73.216.55 - - [06/Jul/2025:08:48:11 -0400] "GET /wp-content/themes/twentyseventeen-child/js/jquery.min.js HTTP/1.1" 200 37000 "http://gsc-ltd.net/shopdetail/4839810" "Mozilla/5.0 AppleWebKit/537.36 (KHTML, like Gecko; compatible; ClaudeBot/1.0; +claudebot@anthropic.com)"
23.92.177.29 - - [06/Jul/2025:08:48:11 -0400] "POST /wp-cron.php?doing_wp_cron=1751806091.4826219081878662109375 HTTP/1.1" 200 0 "http://gsc-ltd.net/wp-cron.php?doing_wp_cron=1751806091.4826219081878662109375" "WordPress/6.1.1; https://gsc-ltd.net"
216.73.216.55 - - [06/Jul/2025:08:48:11 -0400] "GET /wp-content/themes/twentyseventeen-child/js/jquery.min.js HTTP/1.1" 200 37000 "http://gsc-ltd.net/shopdetail/3422409" "Mozilla/5.0 AppleWebKit/537.36 (KHTML, like Gecko; compatible; ClaudeBot/1.0; +claudebot@anthropic.com)"
216.73.216.55 - - [06/Jul/2025:08:48:11 -0400] "GET /wp-content/themes/twentyseventeen-child/js/bootstrap.min.js HTTP/1.1" 200 13053 "http://gsc-ltd.net/shopdetail/3422409" "Mozilla/5.0 AppleWebKit/537.36 (KHTML, like Gecko; compatible; ClaudeBot/1.0; +claudebot@anthropic.com)"
216.73.216.55 - - [06/Jul/2025:08:48:11 -0400] "GET /wp-content/themes/twentyseventeen-child/js/owl.carousel.min.js HTTP/1.1" 200 14164 "http://gsc-ltd.net/shopdetail/3422409" "Mozilla/5.0 AppleWebKit/537.36 (KHTML, like Gecko; compatible; ClaudeBot/1.0; +claudebot@anthropic.com)"
216.73.216.55 - - [06/Jul/2025:08:48:11 -0400] "GET /wp-content/themes/twentyseventeen-child/js/owl.carousel.min.js HTTP/1.1" 200 14164 "http://gsc-ltd.net/shopdetail/4839810" "Mozilla/5.0 AppleWebKit/537.36 (KHTML, like Gecko; compatible; ClaudeBot/1.0; +claudebot@anthropic.com)"
216.73.216.55 - - [06/Jul/2025:08:48:11 -0400] "GET /shopdetail/1547443 HTTP/1.1" 404 18706 "-" "Mozilla/5.0 AppleWebKit/537.36 (KHTML, like Gecko; compatible; ClaudeBot/1.0; +claudebot@anthropic.com)"
216.73.216.55 - - [06/Jul/2025:08:48:11 -0400] "GET /wp-content/themes/twentyseventeen-child/js/bootstrap.min.js HTTP/1.1" 200 13053 "http://gsc-ltd.net/shopdetail/4839810" "Mozilla/5.0 AppleWebKit/537.36 (KHTML, like Gecko; compatible; ClaudeBot/1.0; +claudebot@anthropic.com)"
216.73.216.55 - - [06/Jul/2025:08:48:11 -0400] "GET /wp-content/themes/twentyseventeen-child/js/jquery.waypoints.min.js HTTP/1.1" 200 5774 "http://gsc-ltd.net/shopdetail/4839810" "Mozilla/5.0 AppleWebKit/537.36 (KHTML, like Gecko; compatible; ClaudeBot/1.0; +claudebot@anthropic.com)"
216.73.216.55 - - [06/Jul/2025:08:48:11 -0400] "GET /wp-content/themes/twentyseventeen-child/js/jquery.countup.js HTTP/1.1" 200 4089 "http://gsc-ltd.net/shopdetail/3422409" "Mozilla/5.0 AppleWebKit/537.36 (KHTML, like Gecko; compatible; ClaudeBot/1.0; +claudebot@anthropic.com)"
216.73.216.55 - - [06/Jul/2025:08:48:11 -0400] "GET /wp-content/themes/twentyseventeen-child/js/jquery.countup.js HTTP/1.1" 200 4089 "http://gsc-ltd.net/shopdetail/4839810" "Mozilla/5.0 AppleWebKit/537.36 (KHTML, like Gecko; compatible; ClaudeBot/1.0; +claudebot@anthropic.com)"
216.73.216.55 - - [06/Jul/2025:08:48:11 -0400] "GET /wp-content/themes/twentyseventeen-child/js/wow.js HTTP/1.1" 200 6658 "http://gsc-ltd.net/shopdetail/3422409" "Mozilla/5.0 AppleWebKit/537.36 (KHTML, like Gecko; compatible; ClaudeBot/1.0; +claudebot@anthropic.com)"
216.73.216.55 - - [06/Jul/2025:08:48:11 -0400] "GET /wp-content/themes/twentyseventeen-child/js/jquery.min.js HTTP/1.1" 200 37000 "http://gsc-ltd.net/shopdetail/1547443" "Mozilla/5.0 AppleWebKit/537.36 (KHTML, like Gecko; compatible; ClaudeBot/1.0; +claudebot@anthropic.com)"
216.73.216.55 - - [06/Jul/2025:08:48:11 -0400] "GET /wp-content/themes/twentyseventeen-child/js/bootstrap.min.js HTTP/1.1" 200 13053 "http://gsc-ltd.net/shopdetail/1547443" "Mozilla/5.0 AppleWebKit/537.36 (KHTML, like Gecko; compatible; ClaudeBot/1.0; +claudebot@anthropic.com)"
216.73.216.55 - - [06/Jul/2025:08:48:11 -0400] "GET /wp-content/themes/twentyseventeen-child/js/jquery.countup.js HTTP/1.1" 200 4089 "http://gsc-ltd.net/shopdetail/1547443" "Mozilla/5.0 AppleWebKit/537.36 (KHTML, like Gecko; compatible; ClaudeBot/1.0; +claudebot@anthropic.com)"
216.73.216.55 - - [06/Jul/2025:08:48:11 -0400] "GET /wp-content/themes/twentyseventeen-child/js/wow.js HTTP/1.1" 200 6658 "http://gsc-ltd.net/shopdetail/1547443" "Mozilla/5.0 AppleWebKit/537.36 (KHTML, like Gecko; compatible; ClaudeBot/1.0; +claudebot@anthropic.com)"
216.73.216.55 - - [06/Jul/2025:08:48:11 -0400] "GET /wp-content/themes/twentyseventeen-child/js/wow.js HTTP/1.1" 200 6658 "http://gsc-ltd.net/shopdetail/4839810" "Mozilla/5.0 AppleWebKit/537.36 (KHTML, like Gecko; compatible; ClaudeBot/1.0; +claudebot@anthropic.com)"
66.249.79.71 - - [06/Jul/2025:08:50:28 -0400] "GET /shopdetail/19363743/ HTTP/1.1" 301 0 "-" "Mozilla/5.0 (Linux; Android 6.0.1; Nexus 5X Build/MMB29P) AppleWebKit/537.36 (KHTML, like Gecko) Chrome/137.0.7151.103 Mobile Safari/537.36 (compatible; Googlebot/2.1; +http://www.google.com/bot.html)"
66.249.79.160 - - [06/Jul/2025:08:50:35 -0400] "GET /shopdetail/19363743/ HTTP/1.1" 404 16770 "-" "Mozilla/5.0 (Linux; Android 6.0.1; Nexus 5X Build/MMB29P) AppleWebKit/537.36 (KHTML, like Gecko) Chrome/137.0.7151.103 Mobile Safari/537.36 (compatible; Googlebot/2.1; +http://www.google.com/bot.html)"
66.249.66.194 - - [06/Jul/2025:08:51:54 -0400] "GET /shopdetail/14535210/ HTTP/1.1" 301 0 "-" "Mozilla/5.0 (Linux; Android 6.0.1; Nexus 5X Build/MMB29P) AppleWebKit/537.36 (KHTML, like Gecko) Chrome/137.0.7151.103 Mobile Safari/537.36 (compatible; Googlebot/2.1; +http://www.google.com/bot.html)"
66.249.79.173 - - [06/Jul/2025:08:51:56 -0400] "GET /shopdetail/14535210/ HTTP/1.1" 404 16653 "-" "Mozilla/5.0 (Linux; Android 6.0.1; Nexus 5X Build/MMB29P) AppleWebKit/537.36 (KHTML, like Gecko) Chrome/137.0.7151.103 Mobile Safari/537.36 (compatible; Googlebot/2.1; +http://www.google.com/bot.html)"
23.92.177.29 - - [06/Jul/2025:08:56:38 -0400] "POST /wp-cron.php?doing_wp_cron=1751806598.2551848888397216796875 HTTP/1.1" 200 0 "http://gsc-ltd.net/wp-cron.php?doing_wp_cron=1751806598.2551848888397216796875" "WordPress/6.1.1; https://gsc-ltd.net"
66.249.79.71 - - [06/Jul/2025:08:56:37 -0400] "GET /shopdetail/9590998/ HTTP/1.1" 301 0 "-" "Mozilla/5.0 (Linux; Android 6.0.1; Nexus 5X Build/MMB29P) AppleWebKit/537.36 (KHTML, like Gecko) Chrome/137.0.7151.103 Mobile Safari/537.36 (compatible; Googlebot/2.1; +http://www.google.com/bot.html)"
66.249.79.173 - - [06/Jul/2025:08:56:39 -0400] "GET /shopdetail/9590998/ HTTP/1.1" 404 16767 "-" "Mozilla/5.0 (Linux; Android 6.0.1; Nexus 5X Build/MMB29P) AppleWebKit/537.36 (KHTML, like Gecko) Chrome/137.0.7151.103 Mobile Safari/537.36 (compatible; Googlebot/2.1; +http://www.google.com/bot.html)"
216.73.216.251 - - [06/Jul/2025:08:58:46 -0400] "GET /robots.txt HTTP/1.1" 200 64 "-" "Mozilla/5.0 AppleWebKit/537.36 (KHTML, like Gecko; compatible; ClaudeBot/1.0; +claudebot@anthropic.com)"
23.92.177.29 - - [06/Jul/2025:08:58:46 -0400] "POST /wp-cron.php?doing_wp_cron=1751806726.2516620159149169921875 HTTP/1.1" 200 0 "http://gsc-ltd.net/wp-cron.php?doing_wp_cron=1751806726.2516620159149169921875" "WordPress/6.1.1; https://gsc-ltd.net"
216.73.216.251 - - [06/Jul/2025:08:58:46 -0400] "GET /sitemap.xml HTTP/1.1" 302 0 "-" "Mozilla/5.0 AppleWebKit/537.36 (KHTML, like Gecko; compatible; ClaudeBot/1.0; +claudebot@anthropic.com)"
216.73.216.55 - - [06/Jul/2025:09:01:45 -0400] "GET /shopdetail/3112765 HTTP/1.1" 404 19068 "-" "Mozilla/5.0 AppleWebKit/537.36 (KHTML, like Gecko; compatible; ClaudeBot/1.0; +claudebot@anthropic.com)"
216.73.216.55 - - [06/Jul/2025:09:01:45 -0400] "GET /shopdetail/768065 HTTP/1.1" 404 19074 "-" "Mozilla/5.0 AppleWebKit/537.36 (KHTML, like Gecko; compatible; ClaudeBot/1.0; +claudebot@anthropic.com)"
216.73.216.55 - - [06/Jul/2025:09:01:45 -0400] "GET /wp-content/themes/twentyseventeen-child/js/owl.carousel.min.js HTTP/1.1" 200 14164 "http://gsc-ltd.net/shopdetail/3112765" "Mozilla/5.0 AppleWebKit/537.36 (KHTML, like Gecko; compatible; ClaudeBot/1.0; +claudebot@anthropic.com)"
216.73.216.55 - - [06/Jul/2025:09:01:45 -0400] "GET /wp-content/themes/twentyseventeen-child/js/jquery.min.js HTTP/1.1" 200 37000 "http://gsc-ltd.net/shopdetail/3112765" "Mozilla/5.0 AppleWebKit/537.36 (KHTML, like Gecko; compatible; ClaudeBot/1.0; +claudebot@anthropic.com)"
216.73.216.55 - - [06/Jul/2025:09:01:45 -0400] "GET /shopdetail/8845465 HTTP/1.1" 404 19068 "-" "Mozilla/5.0 AppleWebKit/537.36 (KHTML, like Gecko; compatible; ClaudeBot/1.0; +claudebot@anthropic.com)"
216.73.216.55 - - [06/Jul/2025:09:01:45 -0400] "GET /wp-content/themes/twentyseventeen-child/js/jquery.min.js HTTP/1.1" 200 37000 "http://gsc-ltd.net/shopdetail/768065" "Mozilla/5.0 AppleWebKit/537.36 (KHTML, like Gecko; compatible; ClaudeBot/1.0; +claudebot@anthropic.com)"
216.73.216.55 - - [06/Jul/2025:09:01:45 -0400] "GET /wp-content/themes/twentyseventeen-child/js/bootstrap.min.js HTTP/1.1" 200 13053 "http://gsc-ltd.net/shopdetail/768065" "Mozilla/5.0 AppleWebKit/537.36 (KHTML, like Gecko; compatible; ClaudeBot/1.0; +claudebot@anthropic.com)"
216.73.216.55 - - [06/Jul/2025:09:01:45 -0400] "GET /wp-content/themes/twentyseventeen-child/js/owl.carousel.min.js HTTP/1.1" 200 14164 "http://gsc-ltd.net/shopdetail/768065" "Mozilla/5.0 AppleWebKit/537.36 (KHTML, like Gecko; compatible; ClaudeBot/1.0; +claudebot@anthropic.com)"
216.73.216.55 - - [06/Jul/2025:09:01:45 -0400] "GET /wp-content/themes/twentyseventeen-child/js/bootstrap.min.js HTTP/1.1" 200 13053 "http://gsc-ltd.net/shopdetail/3112765" "Mozilla/5.0 AppleWebKit/537.36 (KHTML, like Gecko; compatible; ClaudeBot/1.0; +claudebot@anthropic.com)"
216.73.216.55 - - [06/Jul/2025:09:01:45 -0400] "GET /wp-content/themes/twentyseventeen-child/js/jquery.waypoints.min.js HTTP/1.1" 200 5774 "http://gsc-ltd.net/shopdetail/768065" "Mozilla/5.0 AppleWebKit/537.36 (KHTML, like Gecko; compatible; ClaudeBot/1.0; +claudebot@anthropic.com)"
216.73.216.55 - - [06/Jul/2025:09:01:45 -0400] "GET /wp-content/themes/twentyseventeen-child/js/jquery.min.js HTTP/1.1" 200 37000 "http://gsc-ltd.net/shopdetail/8845465" "Mozilla/5.0 AppleWebKit/537.36 (KHTML, like Gecko; compatible; ClaudeBot/1.0; +claudebot@anthropic.com)"
216.73.216.55 - - [06/Jul/2025:09:01:45 -0400] "GET /wp-content/themes/twentyseventeen-child/js/bootstrap.min.js HTTP/1.1" 200 13053 "http://gsc-ltd.net/shopdetail/8845465" "Mozilla/5.0 AppleWebKit/537.36 (KHTML, like Gecko; compatible; ClaudeBot/1.0; +claudebot@anthropic.com)"
216.73.216.55 - - [06/Jul/2025:09:01:45 -0400] "GET /wp-content/themes/twentyseventeen-child/js/jquery.countup.js HTTP/1.1" 200 4089 "http://gsc-ltd.net/shopdetail/768065" "Mozilla/5.0 AppleWebKit/537.36 (KHTML, like Gecko; compatible; ClaudeBot/1.0; +claudebot@anthropic.com)"
216.73.216.55 - - [06/Jul/2025:09:01:45 -0400] "GET /wp-content/themes/twentyseventeen-child/js/jquery.waypoints.min.js HTTP/1.1" 200 5774 "http://gsc-ltd.net/shopdetail/3112765" "Mozilla/5.0 AppleWebKit/537.36 (KHTML, like Gecko; compatible; ClaudeBot/1.0; +claudebot@anthropic.com)"
216.73.216.55 - - [06/Jul/2025:09:01:45 -0400] "GET /wp-content/themes/twentyseventeen-child/js/jquery.countup.js HTTP/1.1" 200 4089 "http://gsc-ltd.net/shopdetail/3112765" "Mozilla/5.0 AppleWebKit/537.36 (KHTML, like Gecko; compatible; ClaudeBot/1.0; +claudebot@anthropic.com)"
216.73.216.55 - - [06/Jul/2025:09:01:45 -0400] "GET /wp-content/themes/twentyseventeen-child/js/jquery.waypoints.min.js HTTP/1.1" 200 5774 "http://gsc-ltd.net/shopdetail/8845465" "Mozilla/5.0 AppleWebKit/537.36 (KHTML, like Gecko; compatible; ClaudeBot/1.0; +claudebot@anthropic.com)"
216.73.216.55 - - [06/Jul/2025:09:01:45 -0400] "GET /wp-content/themes/twentyseventeen-child/js/jquery.countup.js HTTP/1.1" 200 4089 "http://gsc-ltd.net/shopdetail/8845465" "Mozilla/5.0 AppleWebKit/537.36 (KHTML, like Gecko; compatible; ClaudeBot/1.0; +claudebot@anthropic.com)"
216.73.216.55 - - [06/Jul/2025:09:01:45 -0400] "GET /wp-content/themes/twentyseventeen-child/js/wow.js HTTP/1.1" 200 6658 "http://gsc-ltd.net/shopdetail/3112765" "Mozilla/5.0 AppleWebKit/537.36 (KHTML, like Gecko; compatible; ClaudeBot/1.0; +claudebot@anthropic.com)"
216.73.216.55 - - [06/Jul/2025:09:01:45 -0400] "GET /wp-content/themes/twentyseventeen-child/js/wow.js HTTP/1.1" 200 6658 "http://gsc-ltd.net/shopdetail/768065" "Mozilla/5.0 AppleWebKit/537.36 (KHTML, like Gecko; compatible; ClaudeBot/1.0; +claudebot@anthropic.com)"
216.73.216.55 - - [06/Jul/2025:09:01:45 -0400] "GET /wp-content/themes/twentyseventeen-child/js/wow.js HTTP/1.1" 200 6658 "http://gsc-ltd.net/shopdetail/8845465" "Mozilla/5.0 AppleWebKit/537.36 (KHTML, like Gecko; compatible; ClaudeBot/1.0; +claudebot@anthropic.com)"
23.92.177.29 - - [06/Jul/2025:09:07:35 -0400] "POST /wp-cron.php?doing_wp_cron=1751807255.3989500999450683593750 HTTP/1.1" 200 0 "http://gsc-ltd.net/wp-cron.php?doing_wp_cron=1751807255.3989500999450683593750" "WordPress/6.1.1; https://gsc-ltd.net"
66.249.79.72 - - [06/Jul/2025:09:07:35 -0400] "GET /shopdetail/19222398/ HTTP/1.1" 301 0 "-" "Mozilla/5.0 (Linux; Android 6.0.1; Nexus 5X Build/MMB29P) AppleWebKit/537.36 (KHTML, like Gecko) Chrome/137.0.7151.103 Mobile Safari/537.36 (compatible; Googlebot/2.1; +http://www.google.com/bot.html)"
66.249.79.172 - - [06/Jul/2025:09:07:35 -0400] "GET /shopdetail/19222398/ HTTP/1.1" 404 16646 "-" "Mozilla/5.0 (Linux; Android 6.0.1; Nexus 5X Build/MMB29P) AppleWebKit/537.36 (KHTML, like Gecko) Chrome/137.0.7151.103 Mobile Safari/537.36 (compatible; Googlebot/2.1; +http://www.google.com/bot.html)"
23.92.177.29 - - [06/Jul/2025:09:15:05 -0400] "POST /wp-cron.php?doing_wp_cron=1751807705.3264689445495605468750 HTTP/1.1" 200 0 "http://gsc-ltd.net/wp-cron.php?doing_wp_cron=1751807705.3264689445495605468750" "WordPress/6.1.1; https://gsc-ltd.net"
216.73.216.55 - - [06/Jul/2025:09:15:05 -0400] "GET /shopdetail/8164010 HTTP/1.1" 404 18705 "-" "Mozilla/5.0 AppleWebKit/537.36 (KHTML, like Gecko; compatible; ClaudeBot/1.0; +claudebot@anthropic.com)"
216.73.216.55 - - [06/Jul/2025:09:15:05 -0400] "GET /shopdetail/6041787 HTTP/1.1" 404 19068 "-" "Mozilla/5.0 AppleWebKit/537.36 (KHTML, like Gecko; compatible; ClaudeBot/1.0; +claudebot@anthropic.com)"
216.73.216.55 - - [06/Jul/2025:09:15:05 -0400] "GET /shopdetail/24077521 HTTP/1.1" 404 18706 "-" "Mozilla/5.0 AppleWebKit/537.36 (KHTML, like Gecko; compatible; ClaudeBot/1.0; +claudebot@anthropic.com)"
216.73.216.55 - - [06/Jul/2025:09:15:05 -0400] "GET /wp-content/themes/twentyseventeen-child/js/jquery.min.js HTTP/1.1" 200 37000 "http://gsc-ltd.net/shopdetail/8164010" "Mozilla/5.0 AppleWebKit/537.36 (KHTML, like Gecko; compatible; ClaudeBot/1.0; +claudebot@anthropic.com)"
216.73.216.55 - - [06/Jul/2025:09:15:05 -0400] "GET /wp-content/themes/twentyseventeen-child/js/owl.carousel.min.js HTTP/1.1" 200 14164 "http://gsc-ltd.net/shopdetail/8164010" "Mozilla/5.0 AppleWebKit/537.36 (KHTML, like Gecko; compatible; ClaudeBot/1.0; +claudebot@anthropic.com)"
216.73.216.55 - - [06/Jul/2025:09:15:05 -0400] "GET /wp-content/themes/twentyseventeen-child/js/bootstrap.min.js HTTP/1.1" 200 13053 "http://gsc-ltd.net/shopdetail/8164010" "Mozilla/5.0 AppleWebKit/537.36 (KHTML, like Gecko; compatible; ClaudeBot/1.0; +claudebot@anthropic.com)"
216.73.216.55 - - [06/Jul/2025:09:15:05 -0400] "GET /wp-content/themes/twentyseventeen-child/js/owl.carousel.min.js HTTP/1.1" 200 14164 "http://gsc-ltd.net/shopdetail/6041787" "Mozilla/5.0 AppleWebKit/537.36 (KHTML, like Gecko; compatible; ClaudeBot/1.0; +claudebot@anthropic.com)"
216.73.216.55 - - [06/Jul/2025:09:15:05 -0400] "GET /wp-content/themes/twentyseventeen-child/js/jquery.min.js HTTP/1.1" 200 37000 "http://gsc-ltd.net/shopdetail/24077521" "Mozilla/5.0 AppleWebKit/537.36 (KHTML, like Gecko; compatible; ClaudeBot/1.0; +claudebot@anthropic.com)"
216.73.216.55 - - [06/Jul/2025:09:15:05 -0400] "GET /wp-content/themes/twentyseventeen-child/js/jquery.waypoints.min.js HTTP/1.1" 200 5774 "http://gsc-ltd.net/shopdetail/8164010" "Mozilla/5.0 AppleWebKit/537.36 (KHTML, like Gecko; compatible; ClaudeBot/1.0; +claudebot@anthropic.com)"
216.73.216.55 - - [06/Jul/2025:09:15:05 -0400] "GET /wp-content/themes/twentyseventeen-child/js/jquery.min.js HTTP/1.1" 200 37000 "http://gsc-ltd.net/shopdetail/6041787" "Mozilla/5.0 AppleWebKit/537.36 (KHTML, like Gecko; compatible; ClaudeBot/1.0; +claudebot@anthropic.com)"
216.73.216.55 - - [06/Jul/2025:09:15:05 -0400] "GET /wp-content/themes/twentyseventeen-child/js/owl.carousel.min.js HTTP/1.1" 200 14164 "http://gsc-ltd.net/shopdetail/24077521" "Mozilla/5.0 AppleWebKit/537.36 (KHTML, like Gecko; compatible; ClaudeBot/1.0; +claudebot@anthropic.com)"
216.73.216.55 - - [06/Jul/2025:09:15:05 -0400] "GET /wp-content/themes/twentyseventeen-child/js/bootstrap.min.js HTTP/1.1" 200 13053 "http://gsc-ltd.net/shopdetail/6041787" "Mozilla/5.0 AppleWebKit/537.36 (KHTML, like Gecko; compatible; ClaudeBot/1.0; +claudebot@anthropic.com)"
216.73.216.55 - - [06/Jul/2025:09:15:05 -0400] "GET /wp-content/themes/twentyseventeen-child/js/bootstrap.min.js HTTP/1.1" 200 13053 "http://gsc-ltd.net/shopdetail/24077521" "Mozilla/5.0 AppleWebKit/537.36 (KHTML, like Gecko; compatible; ClaudeBot/1.0; +claudebot@anthropic.com)"
216.73.216.55 - - [06/Jul/2025:09:15:05 -0400] "GET /wp-content/themes/twentyseventeen-child/js/jquery.waypoints.min.js HTTP/1.1" 200 5774 "http://gsc-ltd.net/shopdetail/6041787" "Mozilla/5.0 AppleWebKit/537.36 (KHTML, like Gecko; compatible; ClaudeBot/1.0; +claudebot@anthropic.com)"
216.73.216.55 - - [06/Jul/2025:09:15:05 -0400] "GET /wp-content/themes/twentyseventeen-child/js/jquery.waypoints.min.js HTTP/1.1" 200 5774 "http://gsc-ltd.net/shopdetail/24077521" "Mozilla/5.0 AppleWebKit/537.36 (KHTML, like Gecko; compatible; ClaudeBot/1.0; +claudebot@anthropic.com)"
216.73.216.55 - - [06/Jul/2025:09:15:05 -0400] "GET /wp-content/themes/twentyseventeen-child/js/jquery.countup.js HTTP/1.1" 200 4089 "http://gsc-ltd.net/shopdetail/8164010" "Mozilla/5.0 AppleWebKit/537.36 (KHTML, like Gecko; compatible; ClaudeBot/1.0; +claudebot@anthropic.com)"
216.73.216.55 - - [06/Jul/2025:09:15:05 -0400] "GET /wp-content/themes/twentyseventeen-child/js/jquery.countup.js HTTP/1.1" 200 4089 "http://gsc-ltd.net/shopdetail/6041787" "Mozilla/5.0 AppleWebKit/537.36 (KHTML, like Gecko; compatible; ClaudeBot/1.0; +claudebot@anthropic.com)"
216.73.216.55 - - [06/Jul/2025:09:15:05 -0400] "GET /wp-content/themes/twentyseventeen-child/js/jquery.countup.js HTTP/1.1" 200 4089 "http://gsc-ltd.net/shopdetail/24077521" "Mozilla/5.0 AppleWebKit/537.36 (KHTML, like Gecko; compatible; ClaudeBot/1.0; +claudebot@anthropic.com)"
216.73.216.55 - - [06/Jul/2025:09:15:05 -0400] "GET /wp-content/themes/twentyseventeen-child/js/wow.js HTTP/1.1" 200 6658 "http://gsc-ltd.net/shopdetail/8164010" "Mozilla/5.0 AppleWebKit/537.36 (KHTML, like Gecko; compatible; ClaudeBot/1.0; +claudebot@anthropic.com)"
216.73.216.55 - - [06/Jul/2025:09:15:05 -0400] "GET /wp-content/themes/twentyseventeen-child/js/wow.js HTTP/1.1" 200 6658 "http://gsc-ltd.net/shopdetail/6041787" "Mozilla/5.0 AppleWebKit/537.36 (KHTML, like Gecko; compatible; ClaudeBot/1.0; +claudebot@anthropic.com)"
216.73.216.55 - - [06/Jul/2025:09:15:05 -0400] "GET /wp-content/themes/twentyseventeen-child/js/wow.js HTTP/1.1" 200 6658 "http://gsc-ltd.net/shopdetail/24077521" "Mozilla/5.0 AppleWebKit/537.36 (KHTML, like Gecko; compatible; ClaudeBot/1.0; +claudebot@anthropic.com)"
23.92.177.29 - - [06/Jul/2025:09:19:10 -0400] "POST /wp-cron.php?doing_wp_cron=1751807950.7276670932769775390625 HTTP/1.1" 200 0 "http://gsc-ltd.net/wp-cron.php?doing_wp_cron=1751807950.7276670932769775390625" "WordPress/6.1.1; https://gsc-ltd.net"
66.249.79.72 - - [06/Jul/2025:09:19:10 -0400] "GET /shopdetail/11911010/ HTTP/1.1" 301 0 "-" "Mozilla/5.0 (Linux; Android 6.0.1; Nexus 5X Build/MMB29P) AppleWebKit/537.36 (KHTML, like Gecko) Chrome/137.0.7151.103 Mobile Safari/537.36 (compatible; Googlebot/2.1; +http://www.google.com/bot.html)"
66.249.79.173 - - [06/Jul/2025:09:19:11 -0400] "GET /shopdetail/11911010/ HTTP/1.1" 404 16654 "-" "Mozilla/5.0 (Linux; Android 6.0.1; Nexus 5X Build/MMB29P) AppleWebKit/537.36 (KHTML, like Gecko) Chrome/137.0.7151.103 Mobile Safari/537.36 (compatible; Googlebot/2.1; +http://www.google.com/bot.html)"
66.249.79.70 - - [06/Jul/2025:09:19:57 -0400] "GET /shopdetail/12207054/ HTTP/1.1" 301 0 "-" "Mozilla/5.0 (Linux; Android 6.0.1; Nexus 5X Build/MMB29P) AppleWebKit/537.36 (KHTML, like Gecko) Chrome/137.0.7151.103 Mobile Safari/537.36 (compatible; Googlebot/2.1; +http://www.google.com/bot.html)"
66.249.79.172 - - [06/Jul/2025:09:19:58 -0400] "GET /shopdetail/12207054/ HTTP/1.1" 404 16656 "-" "Mozilla/5.0 (Linux; Android 6.0.1; Nexus 5X Build/MMB29P) AppleWebKit/537.36 (KHTML, like Gecko) Chrome/137.0.7151.103 Mobile Safari/537.36 (compatible; Googlebot/2.1; +http://www.google.com/bot.html)"
23.92.177.29 - - [06/Jul/2025:09:23:21 -0400] "POST /wp-cron.php?doing_wp_cron=1751808200.9557859897613525390625 HTTP/1.1" 200 0 "http://gsc-ltd.net/wp-cron.php?doing_wp_cron=1751808200.9557859897613525390625" "WordPress/6.1.1; https://gsc-ltd.net"
47.82.60.10 - - [06/Jul/2025:09:23:20 -0400] "GET /shopdetail/13835010/ HTTP/1.1" 301 0 "http://www.gsc-ltd.net/shopdetail/13835010/" "Mozilla/5.0 (Windows NT 10.0; Win64; x64) AppleWebKit/537.36 (KHTML, like Gecko) Chrome/114.0.0.0 Safari/537.36 Edg/114.0.1823.43"
47.82.60.10 - - [06/Jul/2025:09:23:21 -0400] "GET /shopdetail/13835010/ HTTP/1.1" 404 18706 "http://www.gsc-ltd.net/shopdetail/13835010/" "Mozilla/5.0 (Windows NT 10.0; Win64; x64) AppleWebKit/537.36 (KHTML, like Gecko) Chrome/114.0.0.0 Safari/537.36 Edg/114.0.1823.43"
66.249.79.72 - - [06/Jul/2025:09:25:37 -0400] "GET /shopdetail/18384065/ HTTP/1.1" 301 0 "-" "Mozilla/5.0 (Linux; Android 6.0.1; Nexus 5X Build/MMB29P) AppleWebKit/537.36 (KHTML, like Gecko) Chrome/137.0.7151.103 Mobile Safari/537.36 (compatible; Googlebot/2.1; +http://www.google.com/bot.html)"
66.249.79.172 - - [06/Jul/2025:09:25:37 -0400] "GET /shopdetail/18384065/ HTTP/1.1" 404 16782 "-" "Mozilla/5.0 (Linux; Android 6.0.1; Nexus 5X Build/MMB29P) AppleWebKit/537.36 (KHTML, like Gecko) Chrome/137.0.7151.103 Mobile Safari/537.36 (compatible; Googlebot/2.1; +http://www.google.com/bot.html)"
47.82.60.24 - - [06/Jul/2025:09:26:01 -0400] "GET /shopdetail/13282298/ HTTP/1.1" 301 0 "http://www.gsc-ltd.net/shopdetail/13282298/" "Mozilla/5.0 (Windows NT 10.0; Win64; x64) AppleWebKit/537.36 (KHTML, like Gecko) Chrome/114.0.0.0 Safari/537.36 Edg/114.0.1823.43"
47.82.60.24 - - [06/Jul/2025:09:26:02 -0400] "GET /shopdetail/13282298/ HTTP/1.1" 404 18702 "http://www.gsc-ltd.net/shopdetail/13282298/" "Mozilla/5.0 (Windows NT 10.0; Win64; x64) AppleWebKit/537.36 (KHTML, like Gecko) Chrome/114.0.0.0 Safari/537.36 Edg/114.0.1823.43"
66.249.79.71 - - [06/Jul/2025:09:26:31 -0400] "GET /shopdetail/17175732/ HTTP/1.1" 301 0 "-" "Mozilla/5.0 (Linux; Android 6.0.1; Nexus 5X Build/MMB29P) AppleWebKit/537.36 (KHTML, like Gecko) Chrome/137.0.7151.103 Mobile Safari/537.36 (compatible; Googlebot/2.1; +http://www.google.com/bot.html)"
66.249.79.160 - - [06/Jul/2025:09:26:31 -0400] "GET /shopdetail/17175732/ HTTP/1.1" 404 16769 "-" "Mozilla/5.0 (Linux; Android 6.0.1; Nexus 5X Build/MMB29P) AppleWebKit/537.36 (KHTML, like Gecko) Chrome/137.0.7151.103 Mobile Safari/537.36 (compatible; Googlebot/2.1; +http://www.google.com/bot.html)"
66.249.79.70 - - [06/Jul/2025:09:27:22 -0400] "GET /shopdetail/13176498/ HTTP/1.1" 301 0 "-" "Mozilla/5.0 (Linux; Android 6.0.1; Nexus 5X Build/MMB29P) AppleWebKit/537.36 (KHTML, like Gecko) Chrome/137.0.7151.103 Mobile Safari/537.36 (compatible; Googlebot/2.1; +http://www.google.com/bot.html)"
66.249.79.172 - - [06/Jul/2025:09:27:23 -0400] "GET /shopdetail/13176498/ HTTP/1.1" 404 16655 "-" "Mozilla/5.0 (Linux; Android 6.0.1; Nexus 5X Build/MMB29P) AppleWebKit/537.36 (KHTML, like Gecko) Chrome/137.0.7151.103 Mobile Safari/537.36 (compatible; Googlebot/2.1; +http://www.google.com/bot.html)"
216.73.216.55 - - [06/Jul/2025:09:29:05 -0400] "GET /robots.txt HTTP/1.1" 200 64 "-" "Mozilla/5.0 AppleWebKit/537.36 (KHTML, like Gecko; compatible; ClaudeBot/1.0; +claudebot@anthropic.com)"
23.92.177.29 - - [06/Jul/2025:09:29:06 -0400] "POST /wp-cron.php?doing_wp_cron=1751808545.9971001148223876953125 HTTP/1.1" 200 0 "http://gsc-ltd.net/wp-cron.php?doing_wp_cron=1751808545.9971001148223876953125" "WordPress/6.1.1; https://gsc-ltd.net"
216.73.216.55 - - [06/Jul/2025:09:29:05 -0400] "GET /shopdetail/3622021 HTTP/1.1" 404 19068 "-" "Mozilla/5.0 AppleWebKit/537.36 (KHTML, like Gecko; compatible; ClaudeBot/1.0; +claudebot@anthropic.com)"
216.73.216.55 - - [06/Jul/2025:09:29:05 -0400] "GET /shopdetail/19167732 HTTP/1.1" 404 19069 "-" "Mozilla/5.0 AppleWebKit/537.36 (KHTML, like Gecko; compatible; ClaudeBot/1.0; +claudebot@anthropic.com)"
216.73.216.55 - - [06/Jul/2025:09:29:06 -0400] "GET /wp-content/themes/twentyseventeen-child/js/bootstrap.min.js HTTP/1.1" 200 13053 "http://gsc-ltd.net/shopdetail/3622021" "Mozilla/5.0 AppleWebKit/537.36 (KHTML, like Gecko; compatible; ClaudeBot/1.0; +claudebot@anthropic.com)"
216.73.216.55 - - [06/Jul/2025:09:29:06 -0400] "GET /wp-content/themes/twentyseventeen-child/js/jquery.min.js HTTP/1.1" 200 37000 "http://gsc-ltd.net/shopdetail/3622021" "Mozilla/5.0 AppleWebKit/537.36 (KHTML, like Gecko; compatible; ClaudeBot/1.0; +claudebot@anthropic.com)"
216.73.216.55 - - [06/Jul/2025:09:29:06 -0400] "GET /wp-content/themes/twentyseventeen-child/js/owl.carousel.min.js HTTP/1.1" 200 14164 "http://gsc-ltd.net/shopdetail/3622021" "Mozilla/5.0 AppleWebKit/537.36 (KHTML, like Gecko; compatible; ClaudeBot/1.0; +claudebot@anthropic.com)"
216.73.216.55 - - [06/Jul/2025:09:29:06 -0400] "GET /wp-content/themes/twentyseventeen-child/js/jquery.min.js HTTP/1.1" 200 37000 "http://gsc-ltd.net/shopdetail/19167732" "Mozilla/5.0 AppleWebKit/537.36 (KHTML, like Gecko; compatible; ClaudeBot/1.0; +claudebot@anthropic.com)"
216.73.216.55 - - [06/Jul/2025:09:29:06 -0400] "GET /wp-content/themes/twentyseventeen-child/js/owl.carousel.min.js HTTP/1.1" 200 14164 "http://gsc-ltd.net/shopdetail/19167732" "Mozilla/5.0 AppleWebKit/537.36 (KHTML, like Gecko; compatible; ClaudeBot/1.0; +claudebot@anthropic.com)"
216.73.216.55 - - [06/Jul/2025:09:29:06 -0400] "GET /wp-content/themes/twentyseventeen-child/js/bootstrap.min.js HTTP/1.1" 200 13053 "http://gsc-ltd.net/shopdetail/19167732" "Mozilla/5.0 AppleWebKit/537.36 (KHTML, like Gecko; compatible; ClaudeBot/1.0; +claudebot@anthropic.com)"
216.73.216.55 - - [06/Jul/2025:09:29:06 -0400] "GET /wp-content/themes/twentyseventeen-child/js/jquery.countup.js HTTP/1.1" 200 4089 "http://gsc-ltd.net/shopdetail/19167732" "Mozilla/5.0 AppleWebKit/537.36 (KHTML, like Gecko; compatible; ClaudeBot/1.0; +claudebot@anthropic.com)"
216.73.216.55 - - [06/Jul/2025:09:29:06 -0400] "GET /wp-content/themes/twentyseventeen-child/js/jquery.waypoints.min.js HTTP/1.1" 200 5774 "http://gsc-ltd.net/shopdetail/19167732" "Mozilla/5.0 AppleWebKit/537.36 (KHTML, like Gecko; compatible; ClaudeBot/1.0; +claudebot@anthropic.com)"
216.73.216.55 - - [06/Jul/2025:09:29:06 -0400] "GET /wp-content/themes/twentyseventeen-child/js/jquery.waypoints.min.js HTTP/1.1" 200 5774 "http://gsc-ltd.net/shopdetail/3622021" "Mozilla/5.0 AppleWebKit/537.36 (KHTML, like Gecko; compatible; ClaudeBot/1.0; +claudebot@anthropic.com)"
216.73.216.55 - - [06/Jul/2025:09:29:06 -0400] "GET /wp-content/themes/twentyseventeen-child/js/jquery.countup.js HTTP/1.1" 200 4089 "http://gsc-ltd.net/shopdetail/3622021" "Mozilla/5.0 AppleWebKit/537.36 (KHTML, like Gecko; compatible; ClaudeBot/1.0; +claudebot@anthropic.com)"
216.73.216.55 - - [06/Jul/2025:09:29:06 -0400] "GET /wp-content/themes/twentyseventeen-child/js/wow.js HTTP/1.1" 200 6658 "http://gsc-ltd.net/shopdetail/3622021" "Mozilla/5.0 AppleWebKit/537.36 (KHTML, like Gecko; compatible; ClaudeBot/1.0; +claudebot@anthropic.com)"
216.73.216.55 - - [06/Jul/2025:09:29:06 -0400] "GET /wp-content/themes/twentyseventeen-child/js/wow.js HTTP/1.1" 200 6658 "http://gsc-ltd.net/shopdetail/19167732" "Mozilla/5.0 AppleWebKit/537.36 (KHTML, like Gecko; compatible; ClaudeBot/1.0; +claudebot@anthropic.com)"
216.73.216.55 - - [06/Jul/2025:09:29:05 -0400] "GET /shopdetail/1678887 HTTP/1.1" 404 18702 "-" "Mozilla/5.0 AppleWebKit/537.36 (KHTML, like Gecko; compatible; ClaudeBot/1.0; +claudebot@anthropic.com)"
66.249.79.70 - - [06/Jul/2025:09:32:41 -0400] "GET /shopdetail/22521198/ HTTP/1.1" 301 0 "-" "Mozilla/5.0 (Linux; Android 6.0.1; Nexus 5X Build/MMB29P) AppleWebKit/537.36 (KHTML, like Gecko) Chrome/137.0.7151.103 Mobile Safari/537.36 (compatible; Googlebot/2.1; +http://www.google.com/bot.html)"
66.249.79.173 - - [06/Jul/2025:09:32:41 -0400] "GET /shopdetail/22521198/ HTTP/1.1" 404 16656 "-" "Mozilla/5.0 (Linux; Android 6.0.1; Nexus 5X Build/MMB29P) AppleWebKit/537.36 (KHTML, like Gecko) Chrome/137.0.7151.103 Mobile Safari/537.36 (compatible; Googlebot/2.1; +http://www.google.com/bot.html)"
23.92.177.29 - - [06/Jul/2025:09:33:14 -0400] "POST /wp-cron.php?doing_wp_cron=1751808794.3580520153045654296875 HTTP/1.1" 200 0 "http://gsc-ltd.net/wp-cron.php?doing_wp_cron=1751808794.3580520153045654296875" "WordPress/6.1.1; https://gsc-ltd.net"
49.51.33.159 - - [06/Jul/2025:09:33:14 -0400] "GET / HTTP/1.1" 200 23230 "-" "Mozilla/5.0 (iPhone; CPU iPhone OS 13_2_3 like Mac OS X) AppleWebKit/605.1.15 (KHTML, like Gecko) Version/13.0.3 Mobile/15E148 Safari/604.1"
66.249.79.160 - - [06/Jul/2025:09:34:28 -0400] "GET /shopdetail/2731832/ HTTP/1.1" 404 16656 "-" "Mozilla/5.0 (Linux; Android 6.0.1; Nexus 5X Build/MMB29P) AppleWebKit/537.36 (KHTML, like Gecko) Chrome/137.0.7151.119 Mobile Safari/537.36 (compatible; Googlebot/2.1; +http://www.google.com/bot.html)"
66.249.79.70 - - [06/Jul/2025:09:36:31 -0400] "GET /shopdetail/16988354/ HTTP/1.1" 301 0 "-" "Mozilla/5.0 (Linux; Android 6.0.1; Nexus 5X Build/MMB29P) AppleWebKit/537.36 (KHTML, like Gecko) Chrome/137.0.7151.103 Mobile Safari/537.36 (compatible; Googlebot/2.1; +http://www.google.com/bot.html)"
66.249.79.173 - - [06/Jul/2025:09:36:31 -0400] "GET /shopdetail/16988354/ HTTP/1.1" 404 16778 "-" "Mozilla/5.0 (Linux; Android 6.0.1; Nexus 5X Build/MMB29P) AppleWebKit/537.36 (KHTML, like Gecko) Chrome/137.0.7151.103 Mobile Safari/537.36 (compatible; Googlebot/2.1; +http://www.google.com/bot.html)"
66.249.79.72 - - [06/Jul/2025:09:36:33 -0400] "GET /shopdetail/6830087/ HTTP/1.1" 301 0 "-" "Mozilla/5.0 (Linux; Android 6.0.1; Nexus 5X Build/MMB29P) AppleWebKit/537.36 (KHTML, like Gecko) Chrome/137.0.7151.103 Mobile Safari/537.36 (compatible; Googlebot/2.1; +http://www.google.com/bot.html)"
66.249.79.173 - - [06/Jul/2025:09:36:33 -0400] "GET /shopdetail/6830087/ HTTP/1.1" 404 16767 "-" "Mozilla/5.0 (Linux; Android 6.0.1; Nexus 5X Build/MMB29P) AppleWebKit/537.36 (KHTML, like Gecko) Chrome/137.0.7151.103 Mobile Safari/537.36 (compatible; Googlebot/2.1; +http://www.google.com/bot.html)"
66.249.79.72 - - [06/Jul/2025:09:37:46 -0400] "GET /shopdetail/6898176/ HTTP/1.1" 301 0 "-" "Mozilla/5.0 (Linux; Android 6.0.1; Nexus 5X Build/MMB29P) AppleWebKit/537.36 (KHTML, like Gecko) Chrome/137.0.7151.103 Mobile Safari/537.36 (compatible; Googlebot/2.1; +http://www.google.com/bot.html)"
66.249.79.173 - - [06/Jul/2025:09:37:47 -0400] "GET /shopdetail/6898176/ HTTP/1.1" 404 16654 "-" "Mozilla/5.0 (Linux; Android 6.0.1; Nexus 5X Build/MMB29P) AppleWebKit/537.36 (KHTML, like Gecko) Chrome/137.0.7151.103 Mobile Safari/537.36 (compatible; Googlebot/2.1; +http://www.google.com/bot.html)"
23.92.177.29 - - [06/Jul/2025:09:38:56 -0400] "POST /wp-cron.php?doing_wp_cron=1751809136.6731839179992675781250 HTTP/1.1" 200 0 "http://gsc-ltd.net/wp-cron.php?doing_wp_cron=1751809136.6731839179992675781250" "WordPress/6.1.1; https://gsc-ltd.net"
66.249.79.72 - - [06/Jul/2025:09:38:56 -0400] "GET /shopdetail/7046210/ HTTP/1.1" 301 0 "-" "Mozilla/5.0 (Linux; Android 6.0.1; Nexus 5X Build/MMB29P) AppleWebKit/537.36 (KHTML, like Gecko) Chrome/137.0.7151.103 Mobile Safari/537.36 (compatible; Googlebot/2.1; +http://www.google.com/bot.html)"
66.249.79.160 - - [06/Jul/2025:09:38:58 -0400] "GET /shopdetail/7046210/ HTTP/1.1" 404 16655 "-" "Mozilla/5.0 (Linux; Android 6.0.1; Nexus 5X Build/MMB29P) AppleWebKit/537.36 (KHTML, like Gecko) Chrome/137.0.7151.103 Mobile Safari/537.36 (compatible; Googlebot/2.1; +http://www.google.com/bot.html)"
23.92.177.29 - - [06/Jul/2025:09:41:39 -0400] "POST /wp-cron.php?doing_wp_cron=1751809299.1731760501861572265625 HTTP/1.1" 200 0 "http://gsc-ltd.net/wp-cron.php?doing_wp_cron=1751809299.1731760501861572265625" "WordPress/6.1.1; https://gsc-ltd.net"
66.249.79.71 - - [06/Jul/2025:09:41:39 -0400] "GET /shopdetail/13629576/ HTTP/1.1" 301 0 "-" "Mozilla/5.0 (Linux; Android 6.0.1; Nexus 5X Build/MMB29P) AppleWebKit/537.36 (KHTML, like Gecko) Chrome/137.0.7151.103 Mobile Safari/537.36 (compatible; Googlebot/2.1; +http://www.google.com/bot.html)"
66.249.79.173 - - [06/Jul/2025:09:41:40 -0400] "GET /shopdetail/13629576/ HTTP/1.1" 404 16654 "-" "Mozilla/5.0 (Linux; Android 6.0.1; Nexus 5X Build/MMB29P) AppleWebKit/537.36 (KHTML, like Gecko) Chrome/137.0.7151.103 Mobile Safari/537.36 (compatible; Googlebot/2.1; +http://www.google.com/bot.html)"
23.92.177.29 - - [06/Jul/2025:09:43:36 -0400] "POST /wp-cron.php?doing_wp_cron=1751809416.2855620384216308593750 HTTP/1.1" 200 0 "http://gsc-ltd.net/wp-cron.php?doing_wp_cron=1751809416.2855620384216308593750" "WordPress/6.1.1; https://gsc-ltd.net"
216.73.216.55 - - [06/Jul/2025:09:43:36 -0400] "GET /shopdetail/1597143 HTTP/1.1" 404 19068 "-" "Mozilla/5.0 AppleWebKit/537.36 (KHTML, like Gecko; compatible; ClaudeBot/1.0; +claudebot@anthropic.com)"
216.73.216.55 - - [06/Jul/2025:09:43:36 -0400] "GET /shopdetail/24405165 HTTP/1.1" 404 18703 "-" "Mozilla/5.0 AppleWebKit/537.36 (KHTML, like Gecko; compatible; ClaudeBot/1.0; +claudebot@anthropic.com)"
216.73.216.55 - - [06/Jul/2025:09:43:36 -0400] "GET /shopdetail/5295243 HTTP/1.1" 404 18706 "-" "Mozilla/5.0 AppleWebKit/537.36 (KHTML, like Gecko; compatible; ClaudeBot/1.0; +claudebot@anthropic.com)"
216.73.216.55 - - [06/Jul/2025:09:43:36 -0400] "GET /wp-content/themes/twentyseventeen-child/js/jquery.min.js HTTP/1.1" 200 37000 "http://gsc-ltd.net/shopdetail/24405165" "Mozilla/5.0 AppleWebKit/537.36 (KHTML, like Gecko; compatible; ClaudeBot/1.0; +claudebot@anthropic.com)"
216.73.216.55 - - [06/Jul/2025:09:43:36 -0400] "GET /wp-content/themes/twentyseventeen-child/js/jquery.waypoints.min.js HTTP/1.1" 200 5774 "http://gsc-ltd.net/shopdetail/1597143" "Mozilla/5.0 AppleWebKit/537.36 (KHTML, like Gecko; compatible; ClaudeBot/1.0; +claudebot@anthropic.com)"
216.73.216.55 - - [06/Jul/2025:09:43:36 -0400] "GET /wp-content/themes/twentyseventeen-child/js/owl.carousel.min.js HTTP/1.1" 200 14164 "http://gsc-ltd.net/shopdetail/24405165" "Mozilla/5.0 AppleWebKit/537.36 (KHTML, like Gecko; compatible; ClaudeBot/1.0; +claudebot@anthropic.com)"
216.73.216.55 - - [06/Jul/2025:09:43:36 -0400] "GET /wp-content/themes/twentyseventeen-child/js/bootstrap.min.js HTTP/1.1" 200 13053 "http://gsc-ltd.net/shopdetail/24405165" "Mozilla/5.0 AppleWebKit/537.36 (KHTML, like Gecko; compatible; ClaudeBot/1.0; +claudebot@anthropic.com)"
216.73.216.55 - - [06/Jul/2025:09:43:36 -0400] "GET /wp-content/themes/twentyseventeen-child/js/jquery.min.js HTTP/1.1" 200 37000 "http://gsc-ltd.net/shopdetail/5295243" "Mozilla/5.0 AppleWebKit/537.36 (KHTML, like Gecko; compatible; ClaudeBot/1.0; +claudebot@anthropic.com)"
216.73.216.55 - - [06/Jul/2025:09:43:36 -0400] "GET /wp-content/themes/twentyseventeen-child/js/owl.carousel.min.js HTTP/1.1" 200 14164 "http://gsc-ltd.net/shopdetail/5295243" "Mozilla/5.0 AppleWebKit/537.36 (KHTML, like Gecko; compatible; ClaudeBot/1.0; +claudebot@anthropic.com)"
216.73.216.55 - - [06/Jul/2025:09:43:36 -0400] "GET /wp-content/themes/twentyseventeen-child/js/bootstrap.min.js HTTP/1.1" 200 13053 "http://gsc-ltd.net/shopdetail/5295243" "Mozilla/5.0 AppleWebKit/537.36 (KHTML, like Gecko; compatible; ClaudeBot/1.0; +claudebot@anthropic.com)"
216.73.216.55 - - [06/Jul/2025:09:43:36 -0400] "GET /wp-content/themes/twentyseventeen-child/js/jquery.waypoints.min.js HTTP/1.1" 200 5774 "http://gsc-ltd.net/shopdetail/24405165" "Mozilla/5.0 AppleWebKit/537.36 (KHTML, like Gecko; compatible; ClaudeBot/1.0; +claudebot@anthropic.com)"
216.73.216.55 - - [06/Jul/2025:09:43:36 -0400] "GET /wp-content/themes/twentyseventeen-child/js/jquery.countup.js HTTP/1.1" 200 4089 "http://gsc-ltd.net/shopdetail/1597143" "Mozilla/5.0 AppleWebKit/537.36 (KHTML, like Gecko; compatible; ClaudeBot/1.0; +claudebot@anthropic.com)"
216.73.216.55 - - [06/Jul/2025:09:43:36 -0400] "GET /wp-content/themes/twentyseventeen-child/js/jquery.countup.js HTTP/1.1" 200 4089 "http://gsc-ltd.net/shopdetail/24405165" "Mozilla/5.0 AppleWebKit/537.36 (KHTML, like Gecko; compatible; ClaudeBot/1.0; +claudebot@anthropic.com)"
216.73.216.55 - - [06/Jul/2025:09:43:36 -0400] "GET /wp-content/themes/twentyseventeen-child/js/jquery.waypoints.min.js HTTP/1.1" 200 5774 "http://gsc-ltd.net/shopdetail/5295243" "Mozilla/5.0 AppleWebKit/537.36 (KHTML, like Gecko; compatible; ClaudeBot/1.0; +claudebot@anthropic.com)"
216.73.216.55 - - [06/Jul/2025:09:43:36 -0400] "GET /wp-content/themes/twentyseventeen-child/js/jquery.countup.js HTTP/1.1" 200 4089 "http://gsc-ltd.net/shopdetail/5295243" "Mozilla/5.0 AppleWebKit/537.36 (KHTML, like Gecko; compatible; ClaudeBot/1.0; +claudebot@anthropic.com)"
216.73.216.55 - - [06/Jul/2025:09:43:36 -0400] "GET /wp-content/themes/twentyseventeen-child/js/wow.js HTTP/1.1" 200 6658 "http://gsc-ltd.net/shopdetail/1597143" "Mozilla/5.0 AppleWebKit/537.36 (KHTML, like Gecko; compatible; ClaudeBot/1.0; +claudebot@anthropic.com)"
216.73.216.55 - - [06/Jul/2025:09:43:36 -0400] "GET /wp-content/themes/twentyseventeen-child/js/wow.js HTTP/1.1" 200 6658 "http://gsc-ltd.net/shopdetail/24405165" "Mozilla/5.0 AppleWebKit/537.36 (KHTML, like Gecko; compatible; ClaudeBot/1.0; +claudebot@anthropic.com)"
216.73.216.55 - - [06/Jul/2025:09:43:36 -0400] "GET /wp-content/themes/twentyseventeen-child/js/wow.js HTTP/1.1" 200 6658 "http://gsc-ltd.net/shopdetail/5295243" "Mozilla/5.0 AppleWebKit/537.36 (KHTML, like Gecko; compatible; ClaudeBot/1.0; +claudebot@anthropic.com)"
216.73.216.55 - - [06/Jul/2025:09:43:36 -0400] "GET /wp-content/themes/twentyseventeen-child/js/jquery.min.js HTTP/1.1" 200 37000 "http://gsc-ltd.net/shopdetail/1597143" "Mozilla/5.0 AppleWebKit/537.36 (KHTML, like Gecko; compatible; ClaudeBot/1.0; +claudebot@anthropic.com)"
216.73.216.55 - - [06/Jul/2025:09:43:36 -0400] "GET /wp-content/themes/twentyseventeen-child/js/owl.carousel.min.js HTTP/1.1" 200 14164 "http://gsc-ltd.net/shopdetail/1597143" "Mozilla/5.0 AppleWebKit/537.36 (KHTML, like Gecko; compatible; ClaudeBot/1.0; +claudebot@anthropic.com)"
216.73.216.55 - - [06/Jul/2025:09:43:36 -0400] "GET /wp-content/themes/twentyseventeen-child/js/bootstrap.min.js HTTP/1.1" 200 13053 "http://gsc-ltd.net/shopdetail/1597143" "Mozilla/5.0 AppleWebKit/537.36 (KHTML, like Gecko; compatible; ClaudeBot/1.0; +claudebot@anthropic.com)"
66.249.79.71 - - [06/Jul/2025:09:47:43 -0400] "GET /shopdetail/1848109/ HTTP/1.1" 301 0 "-" "Mozilla/5.0 (Linux; Android 6.0.1; Nexus 5X Build/MMB29P) AppleWebKit/537.36 (KHTML, like Gecko) Chrome/137.0.7151.103 Mobile Safari/537.36 (compatible; Googlebot/2.1; +http://www.google.com/bot.html)"
66.249.79.173 - - [06/Jul/2025:09:47:49 -0400] "GET /shopdetail/1848109/ HTTP/1.1" 404 16654 "-" "Mozilla/5.0 (Linux; Android 6.0.1; Nexus 5X Build/MMB29P) AppleWebKit/537.36 (KHTML, like Gecko) Chrome/137.0.7151.103 Mobile Safari/537.36 (compatible; Googlebot/2.1; +http://www.google.com/bot.html)"
23.92.177.29 - - [06/Jul/2025:09:49:57 -0400] "POST /wp-cron.php?doing_wp_cron=1751809797.5257430076599121093750 HTTP/1.1" 200 0 "http://gsc-ltd.net/wp-cron.php?doing_wp_cron=1751809797.5257430076599121093750" "WordPress/6.1.1; https://gsc-ltd.net"
66.249.79.70 - - [06/Jul/2025:09:49:57 -0400] "GET /shopdetail/18097009/ HTTP/1.1" 301 0 "-" "Mozilla/5.0 (Linux; Android 6.0.1; Nexus 5X Build/MMB29P) AppleWebKit/537.36 (KHTML, like Gecko) Chrome/137.0.7151.103 Mobile Safari/537.36 (compatible; Googlebot/2.1; +http://www.google.com/bot.html)"
66.249.79.172 - - [06/Jul/2025:09:49:57 -0400] "GET /shopdetail/18097009/ HTTP/1.1" 404 16653 "-" "Mozilla/5.0 (Linux; Android 6.0.1; Nexus 5X Build/MMB29P) AppleWebKit/537.36 (KHTML, like Gecko) Chrome/137.0.7151.103 Mobile Safari/537.36 (compatible; Googlebot/2.1; +http://www.google.com/bot.html)"
66.249.79.71 - - [06/Jul/2025:09:51:25 -0400] "GET /shopdetail/14774176/ HTTP/1.1" 301 0 "-" "Mozilla/5.0 (Linux; Android 6.0.1; Nexus 5X Build/MMB29P) AppleWebKit/537.36 (KHTML, like Gecko) Chrome/137.0.7151.103 Mobile Safari/537.36 (compatible; Googlebot/2.1; +http://www.google.com/bot.html)"
66.249.79.173 - - [06/Jul/2025:09:51:25 -0400] "GET /shopdetail/14774176/ HTTP/1.1" 404 16654 "-" "Mozilla/5.0 (Linux; Android 6.0.1; Nexus 5X Build/MMB29P) AppleWebKit/537.36 (KHTML, like Gecko) Chrome/137.0.7151.103 Mobile Safari/537.36 (compatible; Googlebot/2.1; +http://www.google.com/bot.html)"
23.92.177.29 - - [06/Jul/2025:09:53:20 -0400] "POST /wp-cron.php?doing_wp_cron=1751810000.6602559089660644531250 HTTP/1.1" 200 0 "http://gsc-ltd.net/wp-cron.php?doing_wp_cron=1751810000.6602559089660644531250" "WordPress/6.1.1; https://gsc-ltd.net"
66.249.79.71 - - [06/Jul/2025:09:53:20 -0400] "GET /shopdetail/7641243/ HTTP/1.1" 301 0 "-" "Mozilla/5.0 (Linux; Android 6.0.1; Nexus 5X Build/MMB29P) AppleWebKit/537.36 (KHTML, like Gecko) Chrome/137.0.7151.103 Mobile Safari/537.36 (compatible; Googlebot/2.1; +http://www.google.com/bot.html)"
66.249.79.172 - - [06/Jul/2025:09:53:20 -0400] "GET /shopdetail/7641243/ HTTP/1.1" 404 16705 "-" "Mozilla/5.0 (Linux; Android 6.0.1; Nexus 5X Build/MMB29P) AppleWebKit/537.36 (KHTML, like Gecko) Chrome/137.0.7151.103 Mobile Safari/537.36 (compatible; Googlebot/2.1; +http://www.google.com/bot.html)"
66.249.79.71 - - [06/Jul/2025:09:56:14 -0400] "GET /shopdetail/7539410/ HTTP/1.1" 301 0 "-" "Mozilla/5.0 (Linux; Android 6.0.1; Nexus 5X Build/MMB29P) AppleWebKit/537.36 (KHTML, like Gecko) Chrome/137.0.7151.103 Mobile Safari/537.36 (compatible; Googlebot/2.1; +http://www.google.com/bot.html)"
216.73.216.55 - - [06/Jul/2025:09:56:37 -0400] "GET /shopdetail/21075798 HTTP/1.1" 404 18707 "-" "Mozilla/5.0 AppleWebKit/537.36 (KHTML, like Gecko; compatible; ClaudeBot/1.0; +claudebot@anthropic.com)"
216.73.216.55 - - [06/Jul/2025:09:56:37 -0400] "GET /shopdetail/1510443 HTTP/1.1" 404 18706 "-" "Mozilla/5.0 AppleWebKit/537.36 (KHTML, like Gecko; compatible; ClaudeBot/1.0; +claudebot@anthropic.com)"
216.73.216.55 - - [06/Jul/2025:09:56:37 -0400] "GET /shopdetail/7596109 HTTP/1.1" 404 18706 "-" "Mozilla/5.0 AppleWebKit/537.36 (KHTML, like Gecko; compatible; ClaudeBot/1.0; +claudebot@anthropic.com)"
216.73.216.55 - - [06/Jul/2025:09:56:37 -0400] "GET /wp-content/themes/twentyseventeen-child/js/jquery.min.js HTTP/1.1" 200 37000 "http://gsc-ltd.net/shopdetail/1510443" "Mozilla/5.0 AppleWebKit/537.36 (KHTML, like Gecko; compatible; ClaudeBot/1.0; +claudebot@anthropic.com)"
216.73.216.55 - - [06/Jul/2025:09:56:37 -0400] "GET /wp-content/themes/twentyseventeen-child/js/owl.carousel.min.js HTTP/1.1" 200 14164 "http://gsc-ltd.net/shopdetail/1510443" "Mozilla/5.0 AppleWebKit/537.36 (KHTML, like Gecko; compatible; ClaudeBot/1.0; +claudebot@anthropic.com)"
216.73.216.55 - - [06/Jul/2025:09:56:37 -0400] "GET /wp-content/themes/twentyseventeen-child/js/bootstrap.min.js HTTP/1.1" 200 13053 "http://gsc-ltd.net/shopdetail/1510443" "Mozilla/5.0 AppleWebKit/537.36 (KHTML, like Gecko; compatible; ClaudeBot/1.0; +claudebot@anthropic.com)"
