216.73.216.55 - - [06/Jul/2025:14:52:39 -0400] "GET /wp-content/themes/twentyseventeen-child/js/wow.js HTTP/1.1" 200 6658 "http://gsc-ltd.net/shopdetail/2597487" "Mozilla/5.0 AppleWebKit/537.36 (KHTML, like Gecko; compatible; ClaudeBot/1.0; +claudebot@anthropic.com)"
23.92.177.29 - - [06/Jul/2025:14:59:09 -0400] "POST /wp-cron.php?doing_wp_cron=1751828349.0080850124359130859375 HTTP/1.1" 200 0 "http://gsc-ltd.net/wp-cron.php?doing_wp_cron=1751828349.0080850124359130859375" "WordPress/6.1.1; https://gsc-ltd.net"
216.73.216.251 - - [06/Jul/2025:14:59:08 -0400] "GET /sitemap.xml HTTP/1.1" 302 0 "-" "Mozilla/5.0 AppleWebKit/537.36 (KHTML, like Gecko; compatible; ClaudeBot/1.0; +claudebot@anthropic.com)"
23.92.177.29 - - [06/Jul/2025:15:03:55 -0400] "POST /wp-cron.php?doing_wp_cron=1751828635.0295128822326660156250 HTTP/1.1" 200 0 "http://gsc-ltd.net/wp-cron.php?doing_wp_cron=1751828635.0295128822326660156250" "WordPress/6.1.1; https://gsc-ltd.net"
52.70.155.150 - - [06/Jul/2025:15:03:54 -0400] "POST /xmlrpc.php HTTP/1.1" 500 0 "-" "Mozilla/5.0 (X11; Ubuntu; Linux x86_64; rv:85.0) Gecko/20100101 Firefox/91.0"
216.73.216.55 - - [06/Jul/2025:15:07:04 -0400] "GET /shopdetail/23037998 HTTP/1.1" 404 18707 "-" "Mozilla/5.0 AppleWebKit/537.36 (KHTML, like Gecko; compatible; ClaudeBot/1.0; +claudebot@anthropic.com)"
216.73.216.55 - - [06/Jul/2025:15:07:04 -0400] "GET /shopdetail/12629165 HTTP/1.1" 404 18702 "-" "Mozilla/5.0 AppleWebKit/537.36 (KHTML, like Gecko; compatible; ClaudeBot/1.0; +claudebot@anthropic.com)"
216.73.216.55 - - [06/Jul/2025:15:07:04 -0400] "GET /shopdetail/7767932 HTTP/1.1" 404 18706 "-" "Mozilla/5.0 AppleWebKit/537.36 (KHTML, like Gecko; compatible; ClaudeBot/1.0; +claudebot@anthropic.com)"
216.73.216.55 - - [06/Jul/2025:15:07:04 -0400] "GET /wp-content/themes/twentyseventeen-child/js/jquery.min.js HTTP/1.1" 200 37000 "http://gsc-ltd.net/shopdetail/7767932" "Mozilla/5.0 AppleWebKit/537.36 (KHTML, like Gecko; compatible; ClaudeBot/1.0; +claudebot@anthropic.com)"
216.73.216.55 - - [06/Jul/2025:15:07:04 -0400] "GET /wp-content/themes/twentyseventeen-child/js/owl.carousel.min.js HTTP/1.1" 200 14164 "http://gsc-ltd.net/shopdetail/7767932" "Mozilla/5.0 AppleWebKit/537.36 (KHTML, like Gecko; compatible; ClaudeBot/1.0; +claudebot@anthropic.com)"
216.73.216.55 - - [06/Jul/2025:15:07:04 -0400] "GET /wp-content/themes/twentyseventeen-child/js/bootstrap.min.js HTTP/1.1" 200 13053 "http://gsc-ltd.net/shopdetail/7767932" "Mozilla/5.0 AppleWebKit/537.36 (KHTML, like Gecko; compatible; ClaudeBot/1.0; +claudebot@anthropic.com)"
216.73.216.55 - - [06/Jul/2025:15:07:04 -0400] "GET /wp-content/themes/twentyseventeen-child/js/bootstrap.min.js HTTP/1.1" 200 13053 "http://gsc-ltd.net/shopdetail/23037998" "Mozilla/5.0 AppleWebKit/537.36 (KHTML, like Gecko; compatible; ClaudeBot/1.0; +claudebot@anthropic.com)"
216.73.216.55 - - [06/Jul/2025:15:07:04 -0400] "GET /wp-content/themes/twentyseventeen-child/js/owl.carousel.min.js HTTP/1.1" 200 14164 "http://gsc-ltd.net/shopdetail/23037998" "Mozilla/5.0 AppleWebKit/537.36 (KHTML, like Gecko; compatible; ClaudeBot/1.0; +claudebot@anthropic.com)"
216.73.216.55 - - [06/Jul/2025:15:07:04 -0400] "GET /wp-content/themes/twentyseventeen-child/js/jquery.min.js HTTP/1.1" 200 37000 "http://gsc-ltd.net/shopdetail/23037998" "Mozilla/5.0 AppleWebKit/537.36 (KHTML, like Gecko; compatible; ClaudeBot/1.0; +claudebot@anthropic.com)"
216.73.216.55 - - [06/Jul/2025:15:07:04 -0400] "GET /wp-content/themes/twentyseventeen-child/js/jquery.min.js HTTP/1.1" 200 37000 "http://gsc-ltd.net/shopdetail/12629165" "Mozilla/5.0 AppleWebKit/537.36 (KHTML, like Gecko; compatible; ClaudeBot/1.0; +claudebot@anthropic.com)"
216.73.216.55 - - [06/Jul/2025:15:07:04 -0400] "GET /wp-content/themes/twentyseventeen-child/js/bootstrap.min.js HTTP/1.1" 200 13053 "http://gsc-ltd.net/shopdetail/12629165" "Mozilla/5.0 AppleWebKit/537.36 (KHTML, like Gecko; compatible; ClaudeBot/1.0; +claudebot@anthropic.com)"
216.73.216.55 - - [06/Jul/2025:15:07:04 -0400] "GET /wp-content/themes/twentyseventeen-child/js/owl.carousel.min.js HTTP/1.1" 200 14164 "http://gsc-ltd.net/shopdetail/12629165" "Mozilla/5.0 AppleWebKit/537.36 (KHTML, like Gecko; compatible; ClaudeBot/1.0; +claudebot@anthropic.com)"
216.73.216.55 - - [06/Jul/2025:15:07:04 -0400] "GET /wp-content/themes/twentyseventeen-child/js/jquery.waypoints.min.js HTTP/1.1" 200 5774 "http://gsc-ltd.net/shopdetail/23037998" "Mozilla/5.0 AppleWebKit/537.36 (KHTML, like Gecko; compatible; ClaudeBot/1.0; +claudebot@anthropic.com)"
216.73.216.55 - - [06/Jul/2025:15:07:04 -0400] "GET /wp-content/themes/twentyseventeen-child/js/jquery.waypoints.min.js HTTP/1.1" 200 5774 "http://gsc-ltd.net/shopdetail/7767932" "Mozilla/5.0 AppleWebKit/537.36 (KHTML, like Gecko; compatible; ClaudeBot/1.0; +claudebot@anthropic.com)"
216.73.216.55 - - [06/Jul/2025:15:07:04 -0400] "GET /wp-content/themes/twentyseventeen-child/js/jquery.waypoints.min.js HTTP/1.1" 200 5774 "http://gsc-ltd.net/shopdetail/12629165" "Mozilla/5.0 AppleWebKit/537.36 (KHTML, like Gecko; compatible; ClaudeBot/1.0; +claudebot@anthropic.com)"
216.73.216.55 - - [06/Jul/2025:15:07:04 -0400] "GET /wp-content/themes/twentyseventeen-child/js/jquery.countup.js HTTP/1.1" 200 4089 "http://gsc-ltd.net/shopdetail/23037998" "Mozilla/5.0 AppleWebKit/537.36 (KHTML, like Gecko; compatible; ClaudeBot/1.0; +claudebot@anthropic.com)"
216.73.216.55 - - [06/Jul/2025:15:07:04 -0400] "GET /wp-content/themes/twentyseventeen-child/js/jquery.countup.js HTTP/1.1" 200 4089 "http://gsc-ltd.net/shopdetail/7767932" "Mozilla/5.0 AppleWebKit/537.36 (KHTML, like Gecko; compatible; ClaudeBot/1.0; +claudebot@anthropic.com)"
216.73.216.55 - - [06/Jul/2025:15:07:04 -0400] "GET /wp-content/themes/twentyseventeen-child/js/jquery.countup.js HTTP/1.1" 200 4089 "http://gsc-ltd.net/shopdetail/12629165" "Mozilla/5.0 AppleWebKit/537.36 (KHTML, like Gecko; compatible; ClaudeBot/1.0; +claudebot@anthropic.com)"
216.73.216.55 - - [06/Jul/2025:15:07:04 -0400] "GET /wp-content/themes/twentyseventeen-child/js/wow.js HTTP/1.1" 200 6658 "http://gsc-ltd.net/shopdetail/7767932" "Mozilla/5.0 AppleWebKit/537.36 (KHTML, like Gecko; compatible; ClaudeBot/1.0; +claudebot@anthropic.com)"
216.73.216.55 - - [06/Jul/2025:15:07:04 -0400] "GET /wp-content/themes/twentyseventeen-child/js/wow.js HTTP/1.1" 200 6658 "http://gsc-ltd.net/shopdetail/23037998" "Mozilla/5.0 AppleWebKit/537.36 (KHTML, like Gecko; compatible; ClaudeBot/1.0; +claudebot@anthropic.com)"
216.73.216.55 - - [06/Jul/2025:15:07:04 -0400] "GET /wp-content/themes/twentyseventeen-child/js/wow.js HTTP/1.1" 200 6658 "http://gsc-ltd.net/shopdetail/12629165" "Mozilla/5.0 AppleWebKit/537.36 (KHTML, like Gecko; compatible; ClaudeBot/1.0; +claudebot@anthropic.com)"
216.73.216.55 - - [06/Jul/2025:15:21:07 -0400] "GET /robots.txt HTTP/1.1" 200 64 "-" "Mozilla/5.0 AppleWebKit/537.36 (KHTML, like Gecko; compatible; ClaudeBot/1.0; +claudebot@anthropic.com)"
23.92.177.29 - - [06/Jul/2025:15:21:07 -0400] "POST /wp-cron.php?doing_wp_cron=1751829667.9017488956451416015625 HTTP/1.1" 200 0 "http://gsc-ltd.net/wp-cron.php?doing_wp_cron=1751829667.9017488956451416015625" "WordPress/6.1.1; https://gsc-ltd.net"
216.73.216.55 - - [06/Jul/2025:15:21:07 -0400] "GET /shopdetail/22956254 HTTP/1.1" 404 18705 "-" "Mozilla/5.0 AppleWebKit/537.36 (KHTML, like Gecko; compatible; ClaudeBot/1.0; +claudebot@anthropic.com)"
216.73.216.55 - - [06/Jul/2025:15:21:07 -0400] "GET /shopdetail/14000054 HTTP/1.1" 404 18703 "-" "Mozilla/5.0 AppleWebKit/537.36 (KHTML, like Gecko; compatible; ClaudeBot/1.0; +claudebot@anthropic.com)"
216.73.216.55 - - [06/Jul/2025:15:21:07 -0400] "GET /shopdetail/11114932 HTTP/1.1" 404 18701 "-" "Mozilla/5.0 AppleWebKit/537.36 (KHTML, like Gecko; compatible; ClaudeBot/1.0; +claudebot@anthropic.com)"
216.73.216.55 - - [06/Jul/2025:15:21:07 -0400] "GET /wp-content/themes/twentyseventeen-child/js/jquery.waypoints.min.js HTTP/1.1" 200 5774 "http://gsc-ltd.net/shopdetail/22956254" "Mozilla/5.0 AppleWebKit/537.36 (KHTML, like Gecko; compatible; ClaudeBot/1.0; +claudebot@anthropic.com)"
216.73.216.55 - - [06/Jul/2025:15:21:07 -0400] "GET /wp-content/themes/twentyseventeen-child/js/jquery.min.js HTTP/1.1" 200 37000 "http://gsc-ltd.net/shopdetail/14000054" "Mozilla/5.0 AppleWebKit/537.36 (KHTML, like Gecko; compatible; ClaudeBot/1.0; +claudebot@anthropic.com)"
216.73.216.55 - - [06/Jul/2025:15:21:07 -0400] "GET /wp-content/themes/twentyseventeen-child/js/owl.carousel.min.js HTTP/1.1" 200 14164 "http://gsc-ltd.net/shopdetail/14000054" "Mozilla/5.0 AppleWebKit/537.36 (KHTML, like Gecko; compatible; ClaudeBot/1.0; +claudebot@anthropic.com)"
216.73.216.55 - - [06/Jul/2025:15:21:07 -0400] "GET /wp-content/themes/twentyseventeen-child/js/bootstrap.min.js HTTP/1.1" 200 13053 "http://gsc-ltd.net/shopdetail/22956254" "Mozilla/5.0 AppleWebKit/537.36 (KHTML, like Gecko; compatible; ClaudeBot/1.0; +claudebot@anthropic.com)"
216.73.216.55 - - [06/Jul/2025:15:21:07 -0400] "GET /wp-content/themes/twentyseventeen-child/js/owl.carousel.min.js HTTP/1.1" 200 14164 "http://gsc-ltd.net/shopdetail/22956254" "Mozilla/5.0 AppleWebKit/537.36 (KHTML, like Gecko; compatible; ClaudeBot/1.0; +claudebot@anthropic.com)"
216.73.216.55 - - [06/Jul/2025:15:21:07 -0400] "GET /wp-content/themes/twentyseventeen-child/js/jquery.min.js HTTP/1.1" 200 37000 "http://gsc-ltd.net/shopdetail/22956254" "Mozilla/5.0 AppleWebKit/537.36 (KHTML, like Gecko; compatible; ClaudeBot/1.0; +claudebot@anthropic.com)"
216.73.216.55 - - [06/Jul/2025:15:21:08 -0400] "GET /wp-content/themes/twentyseventeen-child/js/bootstrap.min.js HTTP/1.1" 200 13053 "http://gsc-ltd.net/shopdetail/14000054" "Mozilla/5.0 AppleWebKit/537.36 (KHTML, like Gecko; compatible; ClaudeBot/1.0; +claudebot@anthropic.com)"
216.73.216.55 - - [06/Jul/2025:15:21:08 -0400] "GET /wp-content/themes/twentyseventeen-child/js/jquery.min.js HTTP/1.1" 200 37000 "http://gsc-ltd.net/shopdetail/11114932" "Mozilla/5.0 AppleWebKit/537.36 (KHTML, like Gecko; compatible; ClaudeBot/1.0; +claudebot@anthropic.com)"
216.73.216.55 - - [06/Jul/2025:15:21:08 -0400] "GET /wp-content/themes/twentyseventeen-child/js/owl.carousel.min.js HTTP/1.1" 200 14164 "http://gsc-ltd.net/shopdetail/11114932" "Mozilla/5.0 AppleWebKit/537.36 (KHTML, like Gecko; compatible; ClaudeBot/1.0; +claudebot@anthropic.com)"
216.73.216.55 - - [06/Jul/2025:15:21:08 -0400] "GET /wp-content/themes/twentyseventeen-child/js/bootstrap.min.js HTTP/1.1" 200 13053 "http://gsc-ltd.net/shopdetail/11114932" "Mozilla/5.0 AppleWebKit/537.36 (KHTML, like Gecko; compatible; ClaudeBot/1.0; +claudebot@anthropic.com)"
216.73.216.55 - - [06/Jul/2025:15:21:08 -0400] "GET /wp-content/themes/twentyseventeen-child/js/jquery.countup.js HTTP/1.1" 200 4089 "http://gsc-ltd.net/shopdetail/22956254" "Mozilla/5.0 AppleWebKit/537.36 (KHTML, like Gecko; compatible; ClaudeBot/1.0; +claudebot@anthropic.com)"
216.73.216.55 - - [06/Jul/2025:15:21:08 -0400] "GET /wp-content/themes/twentyseventeen-child/js/jquery.waypoints.min.js HTTP/1.1" 200 5774 "http://gsc-ltd.net/shopdetail/14000054" "Mozilla/5.0 AppleWebKit/537.36 (KHTML, like Gecko; compatible; ClaudeBot/1.0; +claudebot@anthropic.com)"
216.73.216.55 - - [06/Jul/2025:15:21:08 -0400] "GET /wp-content/themes/twentyseventeen-child/js/jquery.waypoints.min.js HTTP/1.1" 200 5774 "http://gsc-ltd.net/shopdetail/11114932" "Mozilla/5.0 AppleWebKit/537.36 (KHTML, like Gecko; compatible; ClaudeBot/1.0; +claudebot@anthropic.com)"
216.73.216.55 - - [06/Jul/2025:15:21:08 -0400] "GET /wp-content/themes/twentyseventeen-child/js/jquery.countup.js HTTP/1.1" 200 4089 "http://gsc-ltd.net/shopdetail/14000054" "Mozilla/5.0 AppleWebKit/537.36 (KHTML, like Gecko; compatible; ClaudeBot/1.0; +claudebot@anthropic.com)"
216.73.216.55 - - [06/Jul/2025:15:21:08 -0400] "GET /wp-content/themes/twentyseventeen-child/js/jquery.countup.js HTTP/1.1" 200 4089 "http://gsc-ltd.net/shopdetail/11114932" "Mozilla/5.0 AppleWebKit/537.36 (KHTML, like Gecko; compatible; ClaudeBot/1.0; +claudebot@anthropic.com)"
216.73.216.55 - - [06/Jul/2025:15:21:08 -0400] "GET /wp-content/themes/twentyseventeen-child/js/wow.js HTTP/1.1" 200 6658 "http://gsc-ltd.net/shopdetail/22956254" "Mozilla/5.0 AppleWebKit/537.36 (KHTML, like Gecko; compatible; ClaudeBot/1.0; +claudebot@anthropic.com)"
216.73.216.55 - - [06/Jul/2025:15:21:08 -0400] "GET /wp-content/themes/twentyseventeen-child/js/wow.js HTTP/1.1" 200 6658 "http://gsc-ltd.net/shopdetail/14000054" "Mozilla/5.0 AppleWebKit/537.36 (KHTML, like Gecko; compatible; ClaudeBot/1.0; +claudebot@anthropic.com)"
216.73.216.55 - - [06/Jul/2025:15:21:08 -0400] "GET /wp-content/themes/twentyseventeen-child/js/wow.js HTTP/1.1" 200 6658 "http://gsc-ltd.net/shopdetail/11114932" "Mozilla/5.0 AppleWebKit/537.36 (KHTML, like Gecko; compatible; ClaudeBot/1.0; +claudebot@anthropic.com)"
66.249.64.165 - - [06/Jul/2025:15:21:42 -0400] "GET /shopdetail/4057621/ HTTP/1.1" 301 0 "-" "Mozilla/5.0 (Linux; Android 6.0.1; Nexus 5X Build/MMB29P) AppleWebKit/537.36 (KHTML, like Gecko) Chrome/137.0.7151.103 Mobile Safari/537.36 (compatible; Googlebot/2.1; +http://www.google.com/bot.html)"
66.249.64.164 - - [06/Jul/2025:15:21:47 -0400] "GET /shopdetail/14939032/ HTTP/1.1" 301 0 "-" "Mozilla/5.0 (Linux; Android 6.0.1; Nexus 5X Build/MMB29P) AppleWebKit/537.36 (KHTML, like Gecko) Chrome/137.0.7151.103 Mobile Safari/537.36 (compatible; Googlebot/2.1; +http://www.google.com/bot.html)"
66.249.64.41 - - [06/Jul/2025:15:22:12 -0400] "GET /shopdetail/4057621/ HTTP/1.1" 404 16645 "-" "Mozilla/5.0 (Linux; Android 6.0.1; Nexus 5X Build/MMB29P) AppleWebKit/537.36 (KHTML, like Gecko) Chrome/137.0.7151.103 Mobile Safari/537.36 (compatible; Googlebot/2.1; +http://www.google.com/bot.html)"
66.249.64.42 - - [06/Jul/2025:15:22:17 -0400] "GET /shopdetail/14939032/ HTTP/1.1" 404 16655 "-" "Mozilla/5.0 (Linux; Android 6.0.1; Nexus 5X Build/MMB29P) AppleWebKit/537.36 (KHTML, like Gecko) Chrome/137.0.7151.103 Mobile Safari/537.36 (compatible; Googlebot/2.1; +http://www.google.com/bot.html)"
66.249.64.163 - - [06/Jul/2025:15:22:41 -0400] "GET /shopdetail/15479754/ HTTP/1.1" 301 0 "-" "Mozilla/5.0 (Linux; Android 6.0.1; Nexus 5X Build/MMB29P) AppleWebKit/537.36 (KHTML, like Gecko) Chrome/137.0.7151.103 Mobile Safari/537.36 (compatible; Googlebot/2.1; +http://www.google.com/bot.html)"
66.249.64.41 - - [06/Jul/2025:15:22:52 -0400] "GET /shopdetail/15479754/ HTTP/1.1" 404 16714 "-" "Mozilla/5.0 (Linux; Android 6.0.1; Nexus 5X Build/MMB29P) AppleWebKit/537.36 (KHTML, like Gecko) Chrome/137.0.7151.103 Mobile Safari/537.36 (compatible; Googlebot/2.1; +http://www.google.com/bot.html)"
23.92.177.29 - - [06/Jul/2025:15:23:54 -0400] "POST /wp-cron.php?doing_wp_cron=1751829834.3566169738769531250000 HTTP/1.1" 200 0 "http://gsc-ltd.net/wp-cron.php?doing_wp_cron=1751829834.3566169738769531250000" "WordPress/6.1.1; https://gsc-ltd.net"
66.249.64.164 - - [06/Jul/2025:15:23:54 -0400] "GET /shopdetail/19212210/ HTTP/1.1" 301 0 "-" "Mozilla/5.0 (Linux; Android 6.0.1; Nexus 5X Build/MMB29P) AppleWebKit/537.36 (KHTML, like Gecko) Chrome/137.0.7151.103 Mobile Safari/537.36 (compatible; Googlebot/2.1; +http://www.google.com/bot.html)"
66.249.64.42 - - [06/Jul/2025:15:23:56 -0400] "GET /shopdetail/19212210/ HTTP/1.1" 404 16654 "-" "Mozilla/5.0 (Linux; Android 6.0.1; Nexus 5X Build/MMB29P) AppleWebKit/537.36 (KHTML, like Gecko) Chrome/137.0.7151.103 Mobile Safari/537.36 (compatible; Googlebot/2.1; +http://www.google.com/bot.html)"
66.249.64.165 - - [06/Jul/2025:15:24:21 -0400] "GET /shopdetail/15057387/ HTTP/1.1" 301 0 "-" "Mozilla/5.0 (Linux; Android 6.0.1; Nexus 5X Build/MMB29P) AppleWebKit/537.36 (KHTML, like Gecko) Chrome/137.0.7151.103 Mobile Safari/537.36 (compatible; Googlebot/2.1; +http://www.google.com/bot.html)"
66.249.64.41 - - [06/Jul/2025:15:24:23 -0400] "GET /shopdetail/15057387/ HTTP/1.1" 404 16768 "-" "Mozilla/5.0 (Linux; Android 6.0.1; Nexus 5X Build/MMB29P) AppleWebKit/537.36 (KHTML, like Gecko) Chrome/137.0.7151.103 Mobile Safari/537.36 (compatible; Googlebot/2.1; +http://www.google.com/bot.html)"
66.249.64.163 - - [06/Jul/2025:15:24:57 -0400] "GET /shopdetail/14477832/ HTTP/1.1" 301 0 "-" "Mozilla/5.0 (Linux; Android 6.0.1; Nexus 5X Build/MMB29P) AppleWebKit/537.36 (KHTML, like Gecko) Chrome/137.0.7151.103 Mobile Safari/537.36 (compatible; Googlebot/2.1; +http://www.google.com/bot.html)"
66.249.64.41 - - [06/Jul/2025:15:25:01 -0400] "GET /shopdetail/14477832/ HTTP/1.1" 404 16768 "-" "Mozilla/5.0 (Linux; Android 6.0.1; Nexus 5X Build/MMB29P) AppleWebKit/537.36 (KHTML, like Gecko) Chrome/137.0.7151.103 Mobile Safari/537.36 (compatible; Googlebot/2.1; +http://www.google.com/bot.html)"
66.249.64.164 - - [06/Jul/2025:15:27:53 -0400] "GET /shopdetail/14840487/ HTTP/1.1" 301 0 "-" "Mozilla/5.0 (Linux; Android 6.0.1; Nexus 5X Build/MMB29P) AppleWebKit/537.36 (KHTML, like Gecko) Chrome/137.0.7151.103 Mobile Safari/537.36 (compatible; Googlebot/2.1; +http://www.google.com/bot.html)"
23.92.177.29 - - [06/Jul/2025:15:28:47 -0400] "POST /wp-cron.php?doing_wp_cron=1751830127.6897509098052978515625 HTTP/1.1" 200 0 "http://gsc-ltd.net/wp-cron.php?doing_wp_cron=1751830127.6897509098052978515625" "WordPress/6.1.1; https://gsc-ltd.net"
66.249.64.43 - - [06/Jul/2025:15:28:47 -0400] "GET /shopdetail/14840487/ HTTP/1.1" 404 16779 "-" "Mozilla/5.0 (Linux; Android 6.0.1; Nexus 5X Build/MMB29P) AppleWebKit/537.36 (KHTML, like Gecko) Chrome/137.0.7151.103 Mobile Safari/537.36 (compatible; Googlebot/2.1; +http://www.google.com/bot.html)"
66.249.64.163 - - [06/Jul/2025:15:29:51 -0400] "GET /shopdetail/14406598/ HTTP/1.1" 301 0 "-" "Mozilla/5.0 (Linux; Android 6.0.1; Nexus 5X Build/MMB29P) AppleWebKit/537.36 (KHTML, like Gecko) Chrome/137.0.7151.103 Mobile Safari/537.36 (compatible; Googlebot/2.1; +http://www.google.com/bot.html)"
66.249.64.43 - - [06/Jul/2025:15:30:16 -0400] "GET /shopdetail/14406598/ HTTP/1.1" 404 16654 "-" "Mozilla/5.0 (Linux; Android 6.0.1; Nexus 5X Build/MMB29P) AppleWebKit/537.36 (KHTML, like Gecko) Chrome/137.0.7151.103 Mobile Safari/537.36 (compatible; Googlebot/2.1; +http://www.google.com/bot.html)"
66.249.64.164 - - [06/Jul/2025:15:30:27 -0400] "GET /shopdetail/13992276/ HTTP/1.1" 301 0 "-" "Mozilla/5.0 (Linux; Android 6.0.1; Nexus 5X Build/MMB29P) AppleWebKit/537.36 (KHTML, like Gecko) Chrome/137.0.7151.103 Mobile Safari/537.36 (compatible; Googlebot/2.1; +http://www.google.com/bot.html)"
23.92.177.29 - - [06/Jul/2025:15:34:33 -0400] "POST /wp-cron.php?doing_wp_cron=1751830473.0750560760498046875000 HTTP/1.1" 200 0 "http://gsc-ltd.net/wp-cron.php?doing_wp_cron=1751830473.0750560760498046875000" "WordPress/6.1.1; https://gsc-ltd.net"
54.36.148.162 - - [06/Jul/2025:15:34:33 -0400] "GET /sitemap.xml HTTP/1.1" 302 0 "-" "Mozilla/5.0 (compatible; AhrefsBot/7.0; +http://ahrefs.com/robot/)"
66.249.64.43 - - [06/Jul/2025:15:35:31 -0400] "GET /shopdetail/13992276/ HTTP/1.1" 404 16653 "-" "Mozilla/5.0 (Linux; Android 6.0.1; Nexus 5X Build/MMB29P) AppleWebKit/537.36 (KHTML, like Gecko) Chrome/137.0.7151.103 Mobile Safari/537.36 (compatible; Googlebot/2.1; +http://www.google.com/bot.html)"
216.73.216.55 - - [06/Jul/2025:15:35:45 -0400] "GET /shopdetail/564032 HTTP/1.1" 404 18707 "-" "Mozilla/5.0 AppleWebKit/537.36 (KHTML, like Gecko; compatible; ClaudeBot/1.0; +claudebot@anthropic.com)"
216.73.216.55 - - [06/Jul/2025:15:35:45 -0400] "GET /shopdetail/18158643 HTTP/1.1" 404 18706 "-" "Mozilla/5.0 AppleWebKit/537.36 (KHTML, like Gecko; compatible; ClaudeBot/1.0; +claudebot@anthropic.com)"
216.73.216.55 - - [06/Jul/2025:15:35:45 -0400] "GET /shopdetail/740465 HTTP/1.1" 404 18706 "-" "Mozilla/5.0 AppleWebKit/537.36 (KHTML, like Gecko; compatible; ClaudeBot/1.0; +claudebot@anthropic.com)"
216.73.216.55 - - [06/Jul/2025:15:35:45 -0400] "GET /wp-content/themes/twentyseventeen-child/js/jquery.min.js HTTP/1.1" 200 37000 "http://gsc-ltd.net/shopdetail/18158643" "Mozilla/5.0 AppleWebKit/537.36 (KHTML, like Gecko; compatible; ClaudeBot/1.0; +claudebot@anthropic.com)"
216.73.216.55 - - [06/Jul/2025:15:35:45 -0400] "GET /wp-content/themes/twentyseventeen-child/js/owl.carousel.min.js HTTP/1.1" 200 14164 "http://gsc-ltd.net/shopdetail/18158643" "Mozilla/5.0 AppleWebKit/537.36 (KHTML, like Gecko; compatible; ClaudeBot/1.0; +claudebot@anthropic.com)"
216.73.216.55 - - [06/Jul/2025:15:35:45 -0400] "GET /wp-content/themes/twentyseventeen-child/js/bootstrap.min.js HTTP/1.1" 200 13053 "http://gsc-ltd.net/shopdetail/18158643" "Mozilla/5.0 AppleWebKit/537.36 (KHTML, like Gecko; compatible; ClaudeBot/1.0; +claudebot@anthropic.com)"
216.73.216.55 - - [06/Jul/2025:15:35:45 -0400] "GET /wp-content/themes/twentyseventeen-child/js/jquery.min.js HTTP/1.1" 200 37000 "http://gsc-ltd.net/shopdetail/564032" "Mozilla/5.0 AppleWebKit/537.36 (KHTML, like Gecko; compatible; ClaudeBot/1.0; +claudebot@anthropic.com)"
216.73.216.55 - - [06/Jul/2025:15:35:45 -0400] "GET /wp-content/themes/twentyseventeen-child/js/bootstrap.min.js HTTP/1.1" 200 13053 "http://gsc-ltd.net/shopdetail/564032" "Mozilla/5.0 AppleWebKit/537.36 (KHTML, like Gecko; compatible; ClaudeBot/1.0; +claudebot@anthropic.com)"
216.73.216.55 - - [06/Jul/2025:15:35:45 -0400] "GET /wp-content/themes/twentyseventeen-child/js/owl.carousel.min.js HTTP/1.1" 200 14164 "http://gsc-ltd.net/shopdetail/564032" "Mozilla/5.0 AppleWebKit/537.36 (KHTML, like Gecko; compatible; ClaudeBot/1.0; +claudebot@anthropic.com)"
216.73.216.55 - - [06/Jul/2025:15:35:45 -0400] "GET /wp-content/themes/twentyseventeen-child/js/jquery.min.js HTTP/1.1" 200 37000 "http://gsc-ltd.net/shopdetail/740465" "Mozilla/5.0 AppleWebKit/537.36 (KHTML, like Gecko; compatible; ClaudeBot/1.0; +claudebot@anthropic.com)"
216.73.216.55 - - [06/Jul/2025:15:35:45 -0400] "GET /wp-content/themes/twentyseventeen-child/js/bootstrap.min.js HTTP/1.1" 200 13053 "http://gsc-ltd.net/shopdetail/740465" "Mozilla/5.0 AppleWebKit/537.36 (KHTML, like Gecko; compatible; ClaudeBot/1.0; +claudebot@anthropic.com)"
216.73.216.55 - - [06/Jul/2025:15:35:45 -0400] "GET /wp-content/themes/twentyseventeen-child/js/owl.carousel.min.js HTTP/1.1" 200 14164 "http://gsc-ltd.net/shopdetail/740465" "Mozilla/5.0 AppleWebKit/537.36 (KHTML, like Gecko; compatible; ClaudeBot/1.0; +claudebot@anthropic.com)"
216.73.216.55 - - [06/Jul/2025:15:35:45 -0400] "GET /wp-content/themes/twentyseventeen-child/js/jquery.waypoints.min.js HTTP/1.1" 200 5774 "http://gsc-ltd.net/shopdetail/564032" "Mozilla/5.0 AppleWebKit/537.36 (KHTML, like Gecko; compatible; ClaudeBot/1.0; +claudebot@anthropic.com)"
216.73.216.55 - - [06/Jul/2025:15:35:45 -0400] "GET /wp-content/themes/twentyseventeen-child/js/jquery.countup.js HTTP/1.1" 200 4089 "http://gsc-ltd.net/shopdetail/564032" "Mozilla/5.0 AppleWebKit/537.36 (KHTML, like Gecko; compatible; ClaudeBot/1.0; +claudebot@anthropic.com)"
216.73.216.55 - - [06/Jul/2025:15:35:45 -0400] "GET /wp-content/themes/twentyseventeen-child/js/jquery.waypoints.min.js HTTP/1.1" 200 5774 "http://gsc-ltd.net/shopdetail/18158643" "Mozilla/5.0 AppleWebKit/537.36 (KHTML, like Gecko; compatible; ClaudeBot/1.0; +claudebot@anthropic.com)"
216.73.216.55 - - [06/Jul/2025:15:35:45 -0400] "GET /wp-content/themes/twentyseventeen-child/js/jquery.waypoints.min.js HTTP/1.1" 200 5774 "http://gsc-ltd.net/shopdetail/740465" "Mozilla/5.0 AppleWebKit/537.36 (KHTML, like Gecko; compatible; ClaudeBot/1.0; +claudebot@anthropic.com)"
216.73.216.55 - - [06/Jul/2025:15:35:45 -0400] "GET /wp-content/themes/twentyseventeen-child/js/jquery.countup.js HTTP/1.1" 200 4089 "http://gsc-ltd.net/shopdetail/18158643" "Mozilla/5.0 AppleWebKit/537.36 (KHTML, like Gecko; compatible; ClaudeBot/1.0; +claudebot@anthropic.com)"
216.73.216.55 - - [06/Jul/2025:15:35:45 -0400] "GET /wp-content/themes/twentyseventeen-child/js/jquery.countup.js HTTP/1.1" 200 4089 "http://gsc-ltd.net/shopdetail/740465" "Mozilla/5.0 AppleWebKit/537.36 (KHTML, like Gecko; compatible; ClaudeBot/1.0; +claudebot@anthropic.com)"
216.73.216.55 - - [06/Jul/2025:15:35:45 -0400] "GET /wp-content/themes/twentyseventeen-child/js/wow.js HTTP/1.1" 200 6658 "http://gsc-ltd.net/shopdetail/18158643" "Mozilla/5.0 AppleWebKit/537.36 (KHTML, like Gecko; compatible; ClaudeBot/1.0; +claudebot@anthropic.com)"
216.73.216.55 - - [06/Jul/2025:15:35:45 -0400] "GET /wp-content/themes/twentyseventeen-child/js/wow.js HTTP/1.1" 200 6658 "http://gsc-ltd.net/shopdetail/564032" "Mozilla/5.0 AppleWebKit/537.36 (KHTML, like Gecko; compatible; ClaudeBot/1.0; +claudebot@anthropic.com)"
216.73.216.55 - - [06/Jul/2025:15:35:45 -0400] "GET /wp-content/themes/twentyseventeen-child/js/wow.js HTTP/1.1" 200 6658 "http://gsc-ltd.net/shopdetail/740465" "Mozilla/5.0 AppleWebKit/537.36 (KHTML, like Gecko; compatible; ClaudeBot/1.0; +claudebot@anthropic.com)"
23.92.177.29 - - [06/Jul/2025:15:41:08 -0400] "POST /wp-cron.php?doing_wp_cron=1751830868.8155620098114013671875 HTTP/1.1" 200 0 "http://gsc-ltd.net/wp-cron.php?doing_wp_cron=1751830868.8155620098114013671875" "WordPress/6.1.1; https://gsc-ltd.net"
66.249.64.165 - - [06/Jul/2025:15:41:08 -0400] "GET /shopdetail/15927465/ HTTP/1.1" 301 0 "-" "Mozilla/5.0 (Linux; Android 6.0.1; Nexus 5X Build/MMB29P) AppleWebKit/537.36 (KHTML, like Gecko) Chrome/137.0.7151.103 Mobile Safari/537.36 (compatible; Googlebot/2.1; +http://www.google.com/bot.html)"
66.249.64.165 - - [06/Jul/2025:15:41:12 -0400] "GET /shopdetail/11319687/ HTTP/1.1" 301 0 "-" "Mozilla/5.0 (Linux; Android 6.0.1; Nexus 5X Build/MMB29P) AppleWebKit/537.36 (KHTML, like Gecko) Chrome/137.0.7151.103 Mobile Safari/537.36 (compatible; Googlebot/2.1; +http://www.google.com/bot.html)"
66.249.64.163 - - [06/Jul/2025:15:41:13 -0400] "GET /shopdetail/19254798/ HTTP/1.1" 301 0 "-" "Mozilla/5.0 (Linux; Android 6.0.1; Nexus 5X Build/MMB29P) AppleWebKit/537.36 (KHTML, like Gecko) Chrome/137.0.7151.103 Mobile Safari/537.36 (compatible; Googlebot/2.1; +http://www.google.com/bot.html)"
23.92.177.29 - - [06/Jul/2025:15:45:10 -0400] "POST /wp-cron.php?doing_wp_cron=1751831110.9220321178436279296875 HTTP/1.1" 200 0 "http://gsc-ltd.net/wp-cron.php?doing_wp_cron=1751831110.9220321178436279296875" "WordPress/6.1.1; https://gsc-ltd.net"
66.249.64.43 - - [06/Jul/2025:15:45:10 -0400] "GET /shopdetail/15927465/ HTTP/1.1" 404 16655 "-" "Mozilla/5.0 (Linux; Android 6.0.1; Nexus 5X Build/MMB29P) AppleWebKit/537.36 (KHTML, like Gecko) Chrome/137.0.7151.103 Mobile Safari/537.36 (compatible; Googlebot/2.1; +http://www.google.com/bot.html)"
66.249.64.43 - - [06/Jul/2025:15:45:14 -0400] "GET /shopdetail/11319687/ HTTP/1.1" 404 16651 "-" "Mozilla/5.0 (Linux; Android 6.0.1; Nexus 5X Build/MMB29P) AppleWebKit/537.36 (KHTML, like Gecko) Chrome/137.0.7151.103 Mobile Safari/537.36 (compatible; Googlebot/2.1; +http://www.google.com/bot.html)"
66.249.64.41 - - [06/Jul/2025:15:45:15 -0400] "GET /shopdetail/19254798/ HTTP/1.1" 404 16779 "-" "Mozilla/5.0 (Linux; Android 6.0.1; Nexus 5X Build/MMB29P) AppleWebKit/537.36 (KHTML, like Gecko) Chrome/137.0.7151.103 Mobile Safari/537.36 (compatible; Googlebot/2.1; +http://www.google.com/bot.html)"
161.97.121.224 - - [06/Jul/2025:15:46:07 -0400] "GET /.env HTTP/1.1" 404 18706 "-" "Mozilla/5.0 (X11; Linux x86_64) AppleWebKit/537.36 (KHTML, like Gecko) Chrome/81.0.4044.129 Safari/537.36"
161.97.121.224 - - [06/Jul/2025:15:46:08 -0400] "POST / HTTP/1.1" 200 23057 "-" "Mozilla/5.0 (X11; Linux x86_64) AppleWebKit/537.36 (KHTML, like Gecko) Chrome/81.0.4044.129 Safari/537.36"
161.97.121.224 - - [06/Jul/2025:15:46:08 -0400] "GET /.env HTTP/1.1" 404 18706 "-" "Mozilla/5.0 (X11; Linux x86_64) AppleWebKit/537.36 (KHTML, like Gecko) Chrome/81.0.4044.129 Safari/537.36"
161.97.121.224 - - [06/Jul/2025:15:46:09 -0400] "GET /sendgrid/.env HTTP/1.1" 404 18702 "-" "Mozilla/5.0 (X11; Linux x86_64) AppleWebKit/537.36 (KHTML, like Gecko) Chrome/81.0.4044.129 Safari/537.36"
161.97.121.224 - - [06/Jul/2025:15:46:09 -0400] "POST / HTTP/1.1" 200 23042 "-" "Mozilla/5.0 (X11; Linux x86_64) AppleWebKit/537.36 (KHTML, like Gecko) Chrome/81.0.4044.129 Safari/537.36"
161.97.121.224 - - [06/Jul/2025:15:46:09 -0400] "POST / HTTP/1.1" 200 23061 "-" "Mozilla/5.0 (X11; Linux x86_64) AppleWebKit/537.36 (KHTML, like Gecko) Chrome/81.0.4044.129 Safari/537.36"
161.97.121.224 - - [06/Jul/2025:15:46:09 -0400] "GET /sendgrid/.env HTTP/1.1" 404 18699 "-" "Mozilla/5.0 (X11; Linux x86_64) AppleWebKit/537.36 (KHTML, like Gecko) Chrome/81.0.4044.129 Safari/537.36"
161.97.121.224 - - [06/Jul/2025:15:46:10 -0400] "POST / HTTP/1.1" 200 23042 "-" "Mozilla/5.0 (X11; Linux x86_64) AppleWebKit/537.36 (KHTML, like Gecko) Chrome/81.0.4044.129 Safari/537.36"
23.92.177.29 - - [06/Jul/2025:15:48:37 -0400] "POST /wp-cron.php?doing_wp_cron=1751831317.1513679027557373046875 HTTP/1.1" 200 0 "http://gsc-ltd.net/wp-cron.php?doing_wp_cron=1751831317.1513679027557373046875" "WordPress/6.1.1; https://gsc-ltd.net"
66.249.64.163 - - [06/Jul/2025:15:48:37 -0400] "GET /shopdetail/14766165/ HTTP/1.1" 301 0 "-" "Mozilla/5.0 (Linux; Android 6.0.1; Nexus 5X Build/MMB29P) AppleWebKit/537.36 (KHTML, like Gecko) Chrome/137.0.7151.103 Mobile Safari/537.36 (compatible; Googlebot/2.1; +http://www.google.com/bot.html)"
216.73.216.55 - - [06/Jul/2025:15:48:56 -0400] "GET /shopdetail/10331776 HTTP/1.1" 404 19067 "-" "Mozilla/5.0 AppleWebKit/537.36 (KHTML, like Gecko; compatible; ClaudeBot/1.0; +claudebot@anthropic.com)"
216.73.216.55 - - [06/Jul/2025:15:48:56 -0400] "GET /shopdetail/9558843 HTTP/1.1" 404 18706 "-" "Mozilla/5.0 AppleWebKit/537.36 (KHTML, like Gecko; compatible; ClaudeBot/1.0; +claudebot@anthropic.com)"
216.73.216.55 - - [06/Jul/2025:15:48:56 -0400] "GET /shopdetail/12743832 HTTP/1.1" 404 18707 "-" "Mozilla/5.0 AppleWebKit/537.36 (KHTML, like Gecko; compatible; ClaudeBot/1.0; +claudebot@anthropic.com)"
216.73.216.55 - - [06/Jul/2025:15:48:56 -0400] "GET /wp-content/themes/twentyseventeen-child/js/jquery.waypoints.min.js HTTP/1.1" 200 5774 "http://gsc-ltd.net/shopdetail/10331776" "Mozilla/5.0 AppleWebKit/537.36 (KHTML, like Gecko; compatible; ClaudeBot/1.0; +claudebot@anthropic.com)"
216.73.216.55 - - [06/Jul/2025:15:48:56 -0400] "GET /wp-content/themes/twentyseventeen-child/js/jquery.min.js HTTP/1.1" 200 37000 "http://gsc-ltd.net/shopdetail/10331776" "Mozilla/5.0 AppleWebKit/537.36 (KHTML, like Gecko; compatible; ClaudeBot/1.0; +claudebot@anthropic.com)"
216.73.216.55 - - [06/Jul/2025:15:48:56 -0400] "GET /wp-content/themes/twentyseventeen-child/js/owl.carousel.min.js HTTP/1.1" 200 14164 "http://gsc-ltd.net/shopdetail/10331776" "Mozilla/5.0 AppleWebKit/537.36 (KHTML, like Gecko; compatible; ClaudeBot/1.0; +claudebot@anthropic.com)"
216.73.216.55 - - [06/Jul/2025:15:48:56 -0400] "GET /wp-content/themes/twentyseventeen-child/js/bootstrap.min.js HTTP/1.1" 200 13053 "http://gsc-ltd.net/shopdetail/10331776" "Mozilla/5.0 AppleWebKit/537.36 (KHTML, like Gecko; compatible; ClaudeBot/1.0; +claudebot@anthropic.com)"
216.73.216.55 - - [06/Jul/2025:15:48:56 -0400] "GET /wp-content/themes/twentyseventeen-child/js/jquery.min.js HTTP/1.1" 200 37000 "http://gsc-ltd.net/shopdetail/9558843" "Mozilla/5.0 AppleWebKit/537.36 (KHTML, like Gecko; compatible; ClaudeBot/1.0; +claudebot@anthropic.com)"
216.73.216.55 - - [06/Jul/2025:15:48:56 -0400] "GET /wp-content/themes/twentyseventeen-child/js/owl.carousel.min.js HTTP/1.1" 200 14164 "http://gsc-ltd.net/shopdetail/9558843" "Mozilla/5.0 AppleWebKit/537.36 (KHTML, like Gecko; compatible; ClaudeBot/1.0; +claudebot@anthropic.com)"
216.73.216.55 - - [06/Jul/2025:15:48:56 -0400] "GET /wp-content/themes/twentyseventeen-child/js/bootstrap.min.js HTTP/1.1" 200 13053 "http://gsc-ltd.net/shopdetail/9558843" "Mozilla/5.0 AppleWebKit/537.36 (KHTML, like Gecko; compatible; ClaudeBot/1.0; +claudebot@anthropic.com)"
216.73.216.55 - - [06/Jul/2025:15:48:56 -0400] "GET /wp-content/themes/twentyseventeen-child/js/jquery.min.js HTTP/1.1" 200 37000 "http://gsc-ltd.net/shopdetail/12743832" "Mozilla/5.0 AppleWebKit/537.36 (KHTML, like Gecko; compatible; ClaudeBot/1.0; +claudebot@anthropic.com)"
216.73.216.55 - - [06/Jul/2025:15:48:56 -0400] "GET /wp-content/themes/twentyseventeen-child/js/owl.carousel.min.js HTTP/1.1" 200 14164 "http://gsc-ltd.net/shopdetail/12743832" "Mozilla/5.0 AppleWebKit/537.36 (KHTML, like Gecko; compatible; ClaudeBot/1.0; +claudebot@anthropic.com)"
216.73.216.55 - - [06/Jul/2025:15:48:56 -0400] "GET /wp-content/themes/twentyseventeen-child/js/bootstrap.min.js HTTP/1.1" 200 13053 "http://gsc-ltd.net/shopdetail/12743832" "Mozilla/5.0 AppleWebKit/537.36 (KHTML, like Gecko; compatible; ClaudeBot/1.0; +claudebot@anthropic.com)"
216.73.216.55 - - [06/Jul/2025:15:48:56 -0400] "GET /wp-content/themes/twentyseventeen-child/js/jquery.countup.js HTTP/1.1" 200 4089 "http://gsc-ltd.net/shopdetail/10331776" "Mozilla/5.0 AppleWebKit/537.36 (KHTML, like Gecko; compatible; ClaudeBot/1.0; +claudebot@anthropic.com)"
216.73.216.55 - - [06/Jul/2025:15:48:56 -0400] "GET /wp-content/themes/twentyseventeen-child/js/jquery.waypoints.min.js HTTP/1.1" 200 5774 "http://gsc-ltd.net/shopdetail/9558843" "Mozilla/5.0 AppleWebKit/537.36 (KHTML, like Gecko; compatible; ClaudeBot/1.0; +claudebot@anthropic.com)"
216.73.216.55 - - [06/Jul/2025:15:48:56 -0400] "GET /wp-content/themes/twentyseventeen-child/js/jquery.waypoints.min.js HTTP/1.1" 200 5774 "http://gsc-ltd.net/shopdetail/12743832" "Mozilla/5.0 AppleWebKit/537.36 (KHTML, like Gecko; compatible; ClaudeBot/1.0; +claudebot@anthropic.com)"
216.73.216.55 - - [06/Jul/2025:15:48:56 -0400] "GET /wp-content/themes/twentyseventeen-child/js/jquery.countup.js HTTP/1.1" 200 4089 "http://gsc-ltd.net/shopdetail/9558843" "Mozilla/5.0 AppleWebKit/537.36 (KHTML, like Gecko; compatible; ClaudeBot/1.0; +claudebot@anthropic.com)"
216.73.216.55 - - [06/Jul/2025:15:48:56 -0400] "GET /wp-content/themes/twentyseventeen-child/js/wow.js HTTP/1.1" 200 6658 "http://gsc-ltd.net/shopdetail/10331776" "Mozilla/5.0 AppleWebKit/537.36 (KHTML, like Gecko; compatible; ClaudeBot/1.0; +claudebot@anthropic.com)"
216.73.216.55 - - [06/Jul/2025:15:48:56 -0400] "GET /wp-content/themes/twentyseventeen-child/js/jquery.countup.js HTTP/1.1" 200 4089 "http://gsc-ltd.net/shopdetail/12743832" "Mozilla/5.0 AppleWebKit/537.36 (KHTML, like Gecko; compatible; ClaudeBot/1.0; +claudebot@anthropic.com)"
216.73.216.55 - - [06/Jul/2025:15:48:56 -0400] "GET /wp-content/themes/twentyseventeen-child/js/wow.js HTTP/1.1" 200 6658 "http://gsc-ltd.net/shopdetail/9558843" "Mozilla/5.0 AppleWebKit/537.36 (KHTML, like Gecko; compatible; ClaudeBot/1.0; +claudebot@anthropic.com)"
216.73.216.55 - - [06/Jul/2025:15:48:56 -0400] "GET /wp-content/themes/twentyseventeen-child/js/wow.js HTTP/1.1" 200 6658 "http://gsc-ltd.net/shopdetail/12743832" "Mozilla/5.0 AppleWebKit/537.36 (KHTML, like Gecko; compatible; ClaudeBot/1.0; +claudebot@anthropic.com)"
66.249.64.165 - - [06/Jul/2025:15:51:35 -0400] "GET /shopdetail/11039776/ HTTP/1.1" 301 0 "-" "Mozilla/5.0 (Linux; Android 6.0.1; Nexus 5X Build/MMB29P) AppleWebKit/537.36 (KHTML, like Gecko) Chrome/137.0.7151.103 Mobile Safari/537.36 (compatible; Googlebot/2.1; +http://www.google.com/bot.html)"
66.249.64.43 - - [06/Jul/2025:15:52:32 -0400] "GET /shopdetail/14766165/ HTTP/1.1" 404 16778 "-" "Mozilla/5.0 (Linux; Android 6.0.1; Nexus 5X Build/MMB29P) AppleWebKit/537.36 (KHTML, like Gecko) Chrome/137.0.7151.103 Mobile Safari/537.36 (compatible; Googlebot/2.1; +http://www.google.com/bot.html)"
23.92.177.29 - - [06/Jul/2025:15:58:23 -0400] "POST /wp-cron.php?doing_wp_cron=1751831903.4159500598907470703125 HTTP/1.1" 200 0 "http://gsc-ltd.net/wp-cron.php?doing_wp_cron=1751831903.4159500598907470703125" "WordPress/6.1.1; https://gsc-ltd.net"
66.249.64.42 - - [06/Jul/2025:15:58:23 -0400] "GET /shopdetail/11039776/ HTTP/1.1" 404 16654 "-" "Mozilla/5.0 (Linux; Android 6.0.1; Nexus 5X Build/MMB29P) AppleWebKit/537.36 (KHTML, like Gecko) Chrome/137.0.7151.103 Mobile Safari/537.36 (compatible; Googlebot/2.1; +http://www.google.com/bot.html)"
66.249.64.163 - - [06/Jul/2025:16:00:16 -0400] "GET /shopdetail/11483587/ HTTP/1.1" 301 0 "-" "Mozilla/5.0 (Linux; Android 6.0.1; Nexus 5X Build/MMB29P) AppleWebKit/537.36 (KHTML, like Gecko) Chrome/137.0.7151.103 Mobile Safari/537.36 (compatible; Googlebot/2.1; +http://www.google.com/bot.html)"
66.249.64.43 - - [06/Jul/2025:16:00:51 -0400] "GET /shopdetail/11483587/ HTTP/1.1" 404 16654 "-" "Mozilla/5.0 (Linux; Android 6.0.1; Nexus 5X Build/MMB29P) AppleWebKit/537.36 (KHTML, like Gecko) Chrome/137.0.7151.103 Mobile Safari/537.36 (compatible; Googlebot/2.1; +http://www.google.com/bot.html)"
66.249.64.163 - - [06/Jul/2025:16:01:45 -0400] "GET /shopdetail/19102365/ HTTP/1.1" 301 0 "-" "Mozilla/5.0 (Linux; Android 6.0.1; Nexus 5X Build/MMB29P) AppleWebKit/537.36 (KHTML, like Gecko) Chrome/137.0.7151.103 Mobile Safari/537.36 (compatible; Googlebot/2.1; +http://www.google.com/bot.html)"
66.249.64.163 - - [06/Jul/2025:16:01:52 -0400] "GET /shopdetail/11847654/ HTTP/1.1" 301 0 "-" "Mozilla/5.0 (Linux; Android 6.0.1; Nexus 5X Build/MMB29P) AppleWebKit/537.36 (KHTML, like Gecko) Chrome/137.0.7151.103 Mobile Safari/537.36 (compatible; Googlebot/2.1; +http://www.google.com/bot.html)"
66.249.64.165 - - [06/Jul/2025:16:02:13 -0400] "GET /shopdetail/10183121/ HTTP/1.1" 301 0 "-" "Mozilla/5.0 (Linux; Android 6.0.1; Nexus 5X Build/MMB29P) AppleWebKit/537.36 (KHTML, like Gecko) Chrome/137.0.7151.103 Mobile Safari/537.36 (compatible; Googlebot/2.1; +http://www.google.com/bot.html)"
66.249.64.164 - - [06/Jul/2025:16:02:29 -0400] "GET /shopdetail/10604598/ HTTP/1.1" 301 0 "-" "Mozilla/5.0 (Linux; Android 6.0.1; Nexus 5X Build/MMB29P) AppleWebKit/537.36 (KHTML, like Gecko) Chrome/137.0.7151.103 Mobile Safari/537.36 (compatible; Googlebot/2.1; +http://www.google.com/bot.html)"
66.249.64.42 - - [06/Jul/2025:16:02:30 -0400] "GET /shopdetail/19102365/ HTTP/1.1" 404 16655 "-" "Mozilla/5.0 (Linux; Android 6.0.1; Nexus 5X Build/MMB29P) AppleWebKit/537.36 (KHTML, like Gecko) Chrome/137.0.7151.103 Mobile Safari/537.36 (compatible; Googlebot/2.1; +http://www.google.com/bot.html)"
66.249.64.43 - - [06/Jul/2025:16:02:33 -0400] "GET /shopdetail/11847654/ HTTP/1.1" 404 16655 "-" "Mozilla/5.0 (Linux; Android 6.0.1; Nexus 5X Build/MMB29P) AppleWebKit/537.36 (KHTML, like Gecko) Chrome/137.0.7151.103 Mobile Safari/537.36 (compatible; Googlebot/2.1; +http://www.google.com/bot.html)"
66.249.64.163 - - [06/Jul/2025:16:02:36 -0400] "GET /shopdetail/11617887/ HTTP/1.1" 301 0 "-" "Mozilla/5.0 (Linux; Android 6.0.1; Nexus 5X Build/MMB29P) AppleWebKit/537.36 (KHTML, like Gecko) Chrome/137.0.7151.103 Mobile Safari/537.36 (compatible; Googlebot/2.1; +http://www.google.com/bot.html)"
66.249.64.41 - - [06/Jul/2025:16:02:42 -0400] "GET /shopdetail/10183121/ HTTP/1.1" 404 16655 "-" "Mozilla/5.0 (Linux; Android 6.0.1; Nexus 5X Build/MMB29P) AppleWebKit/537.36 (KHTML, like Gecko) Chrome/137.0.7151.103 Mobile Safari/537.36 (compatible; Googlebot/2.1; +http://www.google.com/bot.html)"
66.249.64.163 - - [06/Jul/2025:16:02:48 -0400] "GET /shopdetail/14553710/ HTTP/1.1" 301 0 "-" "Mozilla/5.0 (Linux; Android 6.0.1; Nexus 5X Build/MMB29P) AppleWebKit/537.36 (KHTML, like Gecko) Chrome/137.0.7151.103 Mobile Safari/537.36 (compatible; Googlebot/2.1; +http://www.google.com/bot.html)"
66.249.64.41 - - [06/Jul/2025:16:02:49 -0400] "GET /shopdetail/10604598/ HTTP/1.1" 404 16654 "-" "Mozilla/5.0 (Linux; Android 6.0.1; Nexus 5X Build/MMB29P) AppleWebKit/537.36 (KHTML, like Gecko) Chrome/137.0.7151.103 Mobile Safari/537.36 (compatible; Googlebot/2.1; +http://www.google.com/bot.html)"
66.249.64.41 - - [06/Jul/2025:16:02:54 -0400] "GET /shopdetail/11617887/ HTTP/1.1" 404 16654 "-" "Mozilla/5.0 (Linux; Android 6.0.1; Nexus 5X Build/MMB29P) AppleWebKit/537.36 (KHTML, like Gecko) Chrome/137.0.7151.103 Mobile Safari/537.36 (compatible; Googlebot/2.1; +http://www.google.com/bot.html)"
23.92.177.29 - - [06/Jul/2025:16:03:01 -0400] "POST /wp-cron.php?doing_wp_cron=1751832181.5555040836334228515625 HTTP/1.1" 200 0 "http://gsc-ltd.net/wp-cron.php?doing_wp_cron=1751832181.5555040836334228515625" "WordPress/6.1.1; https://gsc-ltd.net"
66.249.64.165 - - [06/Jul/2025:16:03:01 -0400] "GET /shopdetail/14984210/ HTTP/1.1" 301 0 "-" "Mozilla/5.0 (Linux; Android 6.0.1; Nexus 5X Build/MMB29P) AppleWebKit/537.36 (KHTML, like Gecko) Chrome/137.0.7151.103 Mobile Safari/537.36 (compatible; Googlebot/2.1; +http://www.google.com/bot.html)"
66.249.64.41 - - [06/Jul/2025:16:03:10 -0400] "GET /shopdetail/14553710/ HTTP/1.1" 404 16657 "-" "Mozilla/5.0 (Linux; Android 6.0.1; Nexus 5X Build/MMB29P) AppleWebKit/537.36 (KHTML, like Gecko) Chrome/137.0.7151.103 Mobile Safari/537.36 (compatible; Googlebot/2.1; +http://www.google.com/bot.html)"
66.249.64.163 - - [06/Jul/2025:16:03:15 -0400] "GET /shopdetail/12566065/ HTTP/1.1" 301 0 "-" "Mozilla/5.0 (Linux; Android 6.0.1; Nexus 5X Build/MMB29P) AppleWebKit/537.36 (KHTML, like Gecko) Chrome/137.0.7151.103 Mobile Safari/537.36 (compatible; Googlebot/2.1; +http://www.google.com/bot.html)"
66.249.64.42 - - [06/Jul/2025:16:03:22 -0400] "GET /shopdetail/14984210/ HTTP/1.1" 404 16768 "-" "Mozilla/5.0 (Linux; Android 6.0.1; Nexus 5X Build/MMB29P) AppleWebKit/537.36 (KHTML, like Gecko) Chrome/137.0.7151.103 Mobile Safari/537.36 (compatible; Googlebot/2.1; +http://www.google.com/bot.html)"
216.73.216.55 - - [06/Jul/2025:16:03:29 -0400] "GET /shopdetail/21377987 HTTP/1.1" 404 18706 "-" "Mozilla/5.0 AppleWebKit/537.36 (KHTML, like Gecko; compatible; ClaudeBot/1.0; +claudebot@anthropic.com)"
216.73.216.55 - - [06/Jul/2025:16:03:29 -0400] "GET /wp-content/themes/twentyseventeen-child/js/jquery.waypoints.min.js HTTP/1.1" 200 5774 "http://gsc-ltd.net/shopdetail/21377987" "Mozilla/5.0 AppleWebKit/537.36 (KHTML, like Gecko; compatible; ClaudeBot/1.0; +claudebot@anthropic.com)"
216.73.216.55 - - [06/Jul/2025:16:03:29 -0400] "GET /shopdetail/13738954 HTTP/1.1" 404 18703 "-" "Mozilla/5.0 AppleWebKit/537.36 (KHTML, like Gecko; compatible; ClaudeBot/1.0; +claudebot@anthropic.com)"
216.73.216.55 - - [06/Jul/2025:16:03:29 -0400] "GET /shopdetail/596776 HTTP/1.1" 404 18702 "-" "Mozilla/5.0 AppleWebKit/537.36 (KHTML, like Gecko; compatible; ClaudeBot/1.0; +claudebot@anthropic.com)"
216.73.216.55 - - [06/Jul/2025:16:03:29 -0400] "GET /wp-content/themes/twentyseventeen-child/js/jquery.countup.js HTTP/1.1" 200 4089 "http://gsc-ltd.net/shopdetail/21377987" "Mozilla/5.0 AppleWebKit/537.36 (KHTML, like Gecko; compatible; ClaudeBot/1.0; +claudebot@anthropic.com)"
216.73.216.55 - - [06/Jul/2025:16:03:29 -0400] "GET /wp-content/themes/twentyseventeen-child/js/wow.js HTTP/1.1" 200 6658 "http://gsc-ltd.net/shopdetail/21377987" "Mozilla/5.0 AppleWebKit/537.36 (KHTML, like Gecko; compatible; ClaudeBot/1.0; +claudebot@anthropic.com)"
216.73.216.55 - - [06/Jul/2025:16:03:29 -0400] "GET /wp-content/themes/twentyseventeen-child/js/jquery.min.js HTTP/1.1" 200 37000 "http://gsc-ltd.net/shopdetail/596776" "Mozilla/5.0 AppleWebKit/537.36 (KHTML, like Gecko; compatible; ClaudeBot/1.0; +claudebot@anthropic.com)"
216.73.216.55 - - [06/Jul/2025:16:03:29 -0400] "GET /wp-content/themes/twentyseventeen-child/js/owl.carousel.min.js HTTP/1.1" 200 14164 "http://gsc-ltd.net/shopdetail/596776" "Mozilla/5.0 AppleWebKit/537.36 (KHTML, like Gecko; compatible; ClaudeBot/1.0; +claudebot@anthropic.com)"
216.73.216.55 - - [06/Jul/2025:16:03:29 -0400] "GET /wp-content/themes/twentyseventeen-child/js/bootstrap.min.js HTTP/1.1" 200 13053 "http://gsc-ltd.net/shopdetail/596776" "Mozilla/5.0 AppleWebKit/537.36 (KHTML, like Gecko; compatible; ClaudeBot/1.0; +claudebot@anthropic.com)"
216.73.216.55 - - [06/Jul/2025:16:03:29 -0400] "GET /wp-content/themes/twentyseventeen-child/js/jquery.min.js HTTP/1.1" 200 37000 "http://gsc-ltd.net/shopdetail/13738954" "Mozilla/5.0 AppleWebKit/537.36 (KHTML, like Gecko; compatible; ClaudeBot/1.0; +claudebot@anthropic.com)"
216.73.216.55 - - [06/Jul/2025:16:03:29 -0400] "GET /wp-content/themes/twentyseventeen-child/js/bootstrap.min.js HTTP/1.1" 200 13053 "http://gsc-ltd.net/shopdetail/13738954" "Mozilla/5.0 AppleWebKit/537.36 (KHTML, like Gecko; compatible; ClaudeBot/1.0; +claudebot@anthropic.com)"
216.73.216.55 - - [06/Jul/2025:16:03:29 -0400] "GET /wp-content/themes/twentyseventeen-child/js/owl.carousel.min.js HTTP/1.1" 200 14164 "http://gsc-ltd.net/shopdetail/13738954" "Mozilla/5.0 AppleWebKit/537.36 (KHTML, like Gecko; compatible; ClaudeBot/1.0; +claudebot@anthropic.com)"
216.73.216.55 - - [06/Jul/2025:16:03:29 -0400] "GET /wp-content/themes/twentyseventeen-child/js/wow.js HTTP/1.1" 200 6658 "http://gsc-ltd.net/shopdetail/596776" "Mozilla/5.0 AppleWebKit/537.36 (KHTML, like Gecko; compatible; ClaudeBot/1.0; +claudebot@anthropic.com)"
216.73.216.55 - - [06/Jul/2025:16:03:29 -0400] "GET /wp-content/themes/twentyseventeen-child/js/jquery.countup.js HTTP/1.1" 200 4089 "http://gsc-ltd.net/shopdetail/596776" "Mozilla/5.0 AppleWebKit/537.36 (KHTML, like Gecko; compatible; ClaudeBot/1.0; +claudebot@anthropic.com)"
216.73.216.55 - - [06/Jul/2025:16:03:29 -0400] "GET /wp-content/themes/twentyseventeen-child/js/jquery.countup.js HTTP/1.1" 200 4089 "http://gsc-ltd.net/shopdetail/13738954" "Mozilla/5.0 AppleWebKit/537.36 (KHTML, like Gecko; compatible; ClaudeBot/1.0; +claudebot@anthropic.com)"
216.73.216.55 - - [06/Jul/2025:16:03:29 -0400] "GET /wp-content/themes/twentyseventeen-child/js/wow.js HTTP/1.1" 200 6658 "http://gsc-ltd.net/shopdetail/13738954" "Mozilla/5.0 AppleWebKit/537.36 (KHTML, like Gecko; compatible; ClaudeBot/1.0; +claudebot@anthropic.com)"
216.73.216.55 - - [06/Jul/2025:16:03:30 -0400] "GET /wp-content/themes/twentyseventeen-child/js/jquery.min.js HTTP/1.1" 200 37000 "http://gsc-ltd.net/shopdetail/21377987" "Mozilla/5.0 AppleWebKit/537.36 (KHTML, like Gecko; compatible; ClaudeBot/1.0; +claudebot@anthropic.com)"
216.73.216.55 - - [06/Jul/2025:16:03:30 -0400] "GET /wp-content/themes/twentyseventeen-child/js/owl.carousel.min.js HTTP/1.1" 200 14164 "http://gsc-ltd.net/shopdetail/21377987" "Mozilla/5.0 AppleWebKit/537.36 (KHTML, like Gecko; compatible; ClaudeBot/1.0; +claudebot@anthropic.com)"
216.73.216.55 - - [06/Jul/2025:16:03:30 -0400] "GET /wp-content/themes/twentyseventeen-child/js/bootstrap.min.js HTTP/1.1" 200 13053 "http://gsc-ltd.net/shopdetail/21377987" "Mozilla/5.0 AppleWebKit/537.36 (KHTML, like Gecko; compatible; ClaudeBot/1.0; +claudebot@anthropic.com)"
66.249.64.41 - - [06/Jul/2025:16:03:35 -0400] "GET /shopdetail/12566065/ HTTP/1.1" 404 16656 "-" "Mozilla/5.0 (Linux; Android 6.0.1; Nexus 5X Build/MMB29P) AppleWebKit/537.36 (KHTML, like Gecko) Chrome/137.0.7151.103 Mobile Safari/537.36 (compatible; Googlebot/2.1; +http://www.google.com/bot.html)"
66.249.64.163 - - [06/Jul/2025:16:03:38 -0400] "GET /shopdetail/12438898/ HTTP/1.1" 301 0 "-" "Mozilla/5.0 (Linux; Android 6.0.1; Nexus 5X Build/MMB29P) AppleWebKit/537.36 (KHTML, like Gecko) Chrome/137.0.7151.103 Mobile Safari/537.36 (compatible; Googlebot/2.1; +http://www.google.com/bot.html)"
66.249.64.163 - - [06/Jul/2025:16:03:39 -0400] "GET /shopdetail/10818687/ HTTP/1.1" 301 0 "-" "Mozilla/5.0 (Linux; Android 6.0.1; Nexus 5X Build/MMB29P) AppleWebKit/537.36 (KHTML, like Gecko) Chrome/137.0.7151.103 Mobile Safari/537.36 (compatible; Googlebot/2.1; +http://www.google.com/bot.html)"
66.249.64.163 - - [06/Jul/2025:16:03:47 -0400] "GET /shopdetail/11105821/ HTTP/1.1" 301 0 "-" "Mozilla/5.0 (Linux; Android 6.0.1; Nexus 5X Build/MMB29P) AppleWebKit/537.36 (KHTML, like Gecko) Chrome/137.0.7151.103 Mobile Safari/537.36 (compatible; Googlebot/2.1; +http://www.google.com/bot.html)"
66.249.64.163 - - [06/Jul/2025:16:03:49 -0400] "GET /shopdetail/12279354/ HTTP/1.1" 301 0 "-" "Mozilla/5.0 (Linux; Android 6.0.1; Nexus 5X Build/MMB29P) AppleWebKit/537.36 (KHTML, like Gecko) Chrome/137.0.7151.103 Mobile Safari/537.36 (compatible; Googlebot/2.1; +http://www.google.com/bot.html)"
66.249.64.41 - - [06/Jul/2025:16:03:57 -0400] "GET /shopdetail/12438898/ HTTP/1.1" 404 16655 "-" "Mozilla/5.0 (Linux; Android 6.0.1; Nexus 5X Build/MMB29P) AppleWebKit/537.36 (KHTML, like Gecko) Chrome/137.0.7151.103 Mobile Safari/537.36 (compatible; Googlebot/2.1; +http://www.google.com/bot.html)"
66.249.64.41 - - [06/Jul/2025:16:03:57 -0400] "GET /shopdetail/10818687/ HTTP/1.1" 404 16653 "-" "Mozilla/5.0 (Linux; Android 6.0.1; Nexus 5X Build/MMB29P) AppleWebKit/537.36 (KHTML, like Gecko) Chrome/137.0.7151.103 Mobile Safari/537.36 (compatible; Googlebot/2.1; +http://www.google.com/bot.html)"
66.249.64.165 - - [06/Jul/2025:16:04:02 -0400] "GET /shopdetail/12245710/ HTTP/1.1" 301 0 "-" "Mozilla/5.0 (Linux; Android 6.0.1; Nexus 5X Build/MMB29P) AppleWebKit/537.36 (KHTML, like Gecko) Chrome/137.0.7151.103 Mobile Safari/537.36 (compatible; Googlebot/2.1; +http://www.google.com/bot.html)"
66.249.64.43 - - [06/Jul/2025:16:04:06 -0400] "GET /shopdetail/11105821/ HTTP/1.1" 404 16655 "-" "Mozilla/5.0 (Linux; Android 6.0.1; Nexus 5X Build/MMB29P) AppleWebKit/537.36 (KHTML, like Gecko) Chrome/137.0.7151.103 Mobile Safari/537.36 (compatible; Googlebot/2.1; +http://www.google.com/bot.html)"
66.249.64.41 - - [06/Jul/2025:16:04:07 -0400] "GET /shopdetail/12279354/ HTTP/1.1" 404 16655 "-" "Mozilla/5.0 (Linux; Android 6.0.1; Nexus 5X Build/MMB29P) AppleWebKit/537.36 (KHTML, like Gecko) Chrome/137.0.7151.103 Mobile Safari/537.36 (compatible; Googlebot/2.1; +http://www.google.com/bot.html)"
66.249.64.163 - - [06/Jul/2025:16:04:11 -0400] "GET /shopdetail/13332543/ HTTP/1.1" 301 0 "-" "Mozilla/5.0 (Linux; Android 6.0.1; Nexus 5X Build/MMB29P) AppleWebKit/537.36 (KHTML, like Gecko) Chrome/137.0.7151.103 Mobile Safari/537.36 (compatible; Googlebot/2.1; +http://www.google.com/bot.html)"
66.249.64.42 - - [06/Jul/2025:16:04:15 -0400] "GET /shopdetail/12245710/ HTTP/1.1" 404 16654 "-" "Mozilla/5.0 (Linux; Android 6.0.1; Nexus 5X Build/MMB29P) AppleWebKit/537.36 (KHTML, like Gecko) Chrome/137.0.7151.103 Mobile Safari/537.36 (compatible; Googlebot/2.1; +http://www.google.com/bot.html)"
