66.249.74.164 - - [06/Jul/2025:10:28:05 -0400] "GET /product/edit/76096164 HTTP/1.1" 404 16654 "-" "Mozilla/5.0 (Linux; Android 6.0.1; Nexus 5X Build/MMB29P) AppleWebKit/537.36 (KHTML, like Gecko) Chrome/137.0.7151.103 Mobile Safari/537.36 (compatible; Googlebot/2.1; +http://www.google.com/bot.html)"
66.249.79.70 - - [06/Jul/2025:10:31:01 -0400] "GET /shopdetail/18195565/ HTTP/1.1" 301 0 "-" "Mozilla/5.0 (Linux; Android 6.0.1; Nexus 5X Build/MMB29P) AppleWebKit/537.36 (KHTML, like Gecko) Chrome/137.0.7151.103 Mobile Safari/537.36 (compatible; Googlebot/2.1; +http://www.google.com/bot.html)"
66.249.79.160 - - [06/Jul/2025:10:31:02 -0400] "GET /shopdetail/18195565/ HTTP/1.1" 404 16655 "-" "Mozilla/5.0 (Linux; Android 6.0.1; Nexus 5X Build/MMB29P) AppleWebKit/537.36 (KHTML, like Gecko) Chrome/137.0.7151.103 Mobile Safari/537.36 (compatible; Googlebot/2.1; +http://www.google.com/bot.html)"
66.249.79.173 - - [06/Jul/2025:10:31:20 -0400] "GET /shopdetail/12824643/ HTTP/1.1" 404 16647 "-" "Mozilla/5.0 (Linux; Android 6.0.1; Nexus 5X Build/MMB29P) AppleWebKit/537.36 (KHTML, like Gecko) Chrome/137.0.7151.103 Mobile Safari/537.36 (compatible; Googlebot/2.1; +http://www.google.com/bot.html)"
66.249.79.70 - - [06/Jul/2025:10:32:24 -0400] "GET /shopdetail/19998910/ HTTP/1.1" 301 0 "-" "Mozilla/5.0 (Linux; Android 6.0.1; Nexus 5X Build/MMB29P) AppleWebKit/537.36 (KHTML, like Gecko) Chrome/137.0.7151.103 Mobile Safari/537.36 (compatible; Googlebot/2.1; +http://www.google.com/bot.html)"
66.249.79.160 - - [06/Jul/2025:10:32:44 -0400] "GET /shopdetail/19998910/ HTTP/1.1" 404 16654 "-" "Mozilla/5.0 (Linux; Android 6.0.1; Nexus 5X Build/MMB29P) AppleWebKit/537.36 (KHTML, like Gecko) Chrome/137.0.7151.103 Mobile Safari/537.36 (compatible; Googlebot/2.1; +http://www.google.com/bot.html)"
23.92.177.29 - - [06/Jul/2025:10:34:02 -0400] "POST /wp-cron.php?doing_wp_cron=1751812442.8566560745239257812500 HTTP/1.1" 200 0 "http://gsc-ltd.net/wp-cron.php?doing_wp_cron=1751812442.8566560745239257812500" "WordPress/6.1.1; https://gsc-ltd.net"
66.249.79.71 - - [06/Jul/2025:10:34:02 -0400] "GET /shopdetail/12533565/ HTTP/1.1" 301 0 "-" "Mozilla/5.0 (Linux; Android 6.0.1; Nexus 5X Build/MMB29P) AppleWebKit/537.36 (KHTML, like Gecko) Chrome/137.0.7151.103 Mobile Safari/537.36 (compatible; Googlebot/2.1; +http://www.google.com/bot.html)"
66.249.79.172 - - [06/Jul/2025:10:34:03 -0400] "GET /shopdetail/12533565/ HTTP/1.1" 404 16771 "-" "Mozilla/5.0 (Linux; Android 6.0.1; Nexus 5X Build/MMB29P) AppleWebKit/537.36 (KHTML, like Gecko) Chrome/137.0.7151.103 Mobile Safari/537.36 (compatible; Googlebot/2.1; +http://www.google.com/bot.html)"
66.249.79.71 - - [06/Jul/2025:10:35:54 -0400] "GET /shopdetail/19502098/ HTTP/1.1" 301 0 "-" "Mozilla/5.0 (Linux; Android 6.0.1; Nexus 5X Build/MMB29P) AppleWebKit/537.36 (KHTML, like Gecko) Chrome/137.0.7151.103 Mobile Safari/537.36 (compatible; Googlebot/2.1; +http://www.google.com/bot.html)"
66.249.79.160 - - [06/Jul/2025:10:35:54 -0400] "GET /shopdetail/19502098/ HTTP/1.1" 404 16656 "-" "Mozilla/5.0 (Linux; Android 6.0.1; Nexus 5X Build/MMB29P) AppleWebKit/537.36 (KHTML, like Gecko) Chrome/137.0.7151.103 Mobile Safari/537.36 (compatible; Googlebot/2.1; +http://www.google.com/bot.html)"
51.222.253.1 - - [06/Jul/2025:10:36:00 -0400] "GET /sitemap.xml HTTP/1.1" 302 0 "-" "Mozilla/5.0 (compatible; AhrefsBot/7.0; +http://ahrefs.com/robot/)"
216.73.216.55 - - [06/Jul/2025:10:37:22 -0400] "GET /robots.txt HTTP/1.1" 200 64 "-" "Mozilla/5.0 AppleWebKit/537.36 (KHTML, like Gecko; compatible; ClaudeBot/1.0; +claudebot@anthropic.com)"
216.73.216.55 - - [06/Jul/2025:10:37:22 -0400] "GET /shopdetail/18599932 HTTP/1.1" 404 18706 "-" "Mozilla/5.0 AppleWebKit/537.36 (KHTML, like Gecko; compatible; ClaudeBot/1.0; +claudebot@anthropic.com)"
216.73.216.55 - - [06/Jul/2025:10:37:22 -0400] "GET /wp-content/themes/twentyseventeen-child/js/jquery.waypoints.min.js HTTP/1.1" 200 5774 "http://gsc-ltd.net/shopdetail/18599932" "Mozilla/5.0 AppleWebKit/537.36 (KHTML, like Gecko; compatible; ClaudeBot/1.0; +claudebot@anthropic.com)"
216.73.216.55 - - [06/Jul/2025:10:37:22 -0400] "GET /wp-content/themes/twentyseventeen-child/js/jquery.min.js HTTP/1.1" 200 37000 "http://gsc-ltd.net/shopdetail/18599932" "Mozilla/5.0 AppleWebKit/537.36 (KHTML, like Gecko; compatible; ClaudeBot/1.0; +claudebot@anthropic.com)"
216.73.216.55 - - [06/Jul/2025:10:37:22 -0400] "GET /wp-content/themes/twentyseventeen-child/js/owl.carousel.min.js HTTP/1.1" 200 14164 "http://gsc-ltd.net/shopdetail/18599932" "Mozilla/5.0 AppleWebKit/537.36 (KHTML, like Gecko; compatible; ClaudeBot/1.0; +claudebot@anthropic.com)"
216.73.216.55 - - [06/Jul/2025:10:37:22 -0400] "GET /wp-content/themes/twentyseventeen-child/js/bootstrap.min.js HTTP/1.1" 200 13053 "http://gsc-ltd.net/shopdetail/18599932" "Mozilla/5.0 AppleWebKit/537.36 (KHTML, like Gecko; compatible; ClaudeBot/1.0; +claudebot@anthropic.com)"
216.73.216.55 - - [06/Jul/2025:10:37:22 -0400] "GET /wp-content/themes/twentyseventeen-child/js/jquery.countup.js HTTP/1.1" 200 4089 "http://gsc-ltd.net/shopdetail/18599932" "Mozilla/5.0 AppleWebKit/537.36 (KHTML, like Gecko; compatible; ClaudeBot/1.0; +claudebot@anthropic.com)"
216.73.216.55 - - [06/Jul/2025:10:37:22 -0400] "GET /wp-content/themes/twentyseventeen-child/js/wow.js HTTP/1.1" 200 6658 "http://gsc-ltd.net/shopdetail/18599932" "Mozilla/5.0 AppleWebKit/537.36 (KHTML, like Gecko; compatible; ClaudeBot/1.0; +claudebot@anthropic.com)"
216.73.216.55 - - [06/Jul/2025:10:37:22 -0400] "GET /shopdetail/22613921 HTTP/1.1" 404 19068 "-" "Mozilla/5.0 AppleWebKit/537.36 (KHTML, like Gecko; compatible; ClaudeBot/1.0; +claudebot@anthropic.com)"
216.73.216.55 - - [06/Jul/2025:10:37:22 -0400] "GET /shopdetail/17630187 HTTP/1.1" 404 19074 "-" "Mozilla/5.0 AppleWebKit/537.36 (KHTML, like Gecko; compatible; ClaudeBot/1.0; +claudebot@anthropic.com)"
216.73.216.55 - - [06/Jul/2025:10:37:22 -0400] "GET /wp-content/themes/twentyseventeen-child/js/jquery.min.js HTTP/1.1" 200 37000 "http://gsc-ltd.net/shopdetail/22613921" "Mozilla/5.0 AppleWebKit/537.36 (KHTML, like Gecko; compatible; ClaudeBot/1.0; +claudebot@anthropic.com)"
216.73.216.55 - - [06/Jul/2025:10:37:22 -0400] "GET /wp-content/themes/twentyseventeen-child/js/owl.carousel.min.js HTTP/1.1" 200 14164 "http://gsc-ltd.net/shopdetail/22613921" "Mozilla/5.0 AppleWebKit/537.36 (KHTML, like Gecko; compatible; ClaudeBot/1.0; +claudebot@anthropic.com)"
216.73.216.55 - - [06/Jul/2025:10:37:22 -0400] "GET /wp-content/themes/twentyseventeen-child/js/bootstrap.min.js HTTP/1.1" 200 13053 "http://gsc-ltd.net/shopdetail/22613921" "Mozilla/5.0 AppleWebKit/537.36 (KHTML, like Gecko; compatible; ClaudeBot/1.0; +claudebot@anthropic.com)"
216.73.216.55 - - [06/Jul/2025:10:37:22 -0400] "GET /wp-content/themes/twentyseventeen-child/js/jquery.min.js HTTP/1.1" 200 37000 "http://gsc-ltd.net/shopdetail/17630187" "Mozilla/5.0 AppleWebKit/537.36 (KHTML, like Gecko; compatible; ClaudeBot/1.0; +claudebot@anthropic.com)"
216.73.216.55 - - [06/Jul/2025:10:37:22 -0400] "GET /wp-content/themes/twentyseventeen-child/js/owl.carousel.min.js HTTP/1.1" 200 14164 "http://gsc-ltd.net/shopdetail/17630187" "Mozilla/5.0 AppleWebKit/537.36 (KHTML, like Gecko; compatible; ClaudeBot/1.0; +claudebot@anthropic.com)"
216.73.216.55 - - [06/Jul/2025:10:37:22 -0400] "GET /wp-content/themes/twentyseventeen-child/js/bootstrap.min.js HTTP/1.1" 200 13053 "http://gsc-ltd.net/shopdetail/17630187" "Mozilla/5.0 AppleWebKit/537.36 (KHTML, like Gecko; compatible; ClaudeBot/1.0; +claudebot@anthropic.com)"
216.73.216.55 - - [06/Jul/2025:10:37:22 -0400] "GET /wp-content/themes/twentyseventeen-child/js/wow.js HTTP/1.1" 200 6658 "http://gsc-ltd.net/shopdetail/17630187" "Mozilla/5.0 AppleWebKit/537.36 (KHTML, like Gecko; compatible; ClaudeBot/1.0; +claudebot@anthropic.com)"
216.73.216.55 - - [06/Jul/2025:10:37:22 -0400] "GET /wp-content/themes/twentyseventeen-child/js/wow.js HTTP/1.1" 200 6658 "http://gsc-ltd.net/shopdetail/22613921" "Mozilla/5.0 AppleWebKit/537.36 (KHTML, like Gecko; compatible; ClaudeBot/1.0; +claudebot@anthropic.com)"
23.92.177.29 - - [06/Jul/2025:10:43:33 -0400] "POST /wp-cron.php?doing_wp_cron=1751813013.1996591091156005859375 HTTP/1.1" 200 0 "http://gsc-ltd.net/wp-cron.php?doing_wp_cron=1751813013.1996591091156005859375" "WordPress/6.1.1; https://gsc-ltd.net"
66.249.79.172 - - [06/Jul/2025:10:43:33 -0400] "GET /shopdetail/14341409/ HTTP/1.1" 404 16655 "-" "Mozilla/5.0 (Linux; Android 6.0.1; Nexus 5X Build/MMB29P) AppleWebKit/537.36 (KHTML, like Gecko) Chrome/137.0.7151.103 Mobile Safari/537.36 (compatible; Googlebot/2.1; +http://www.google.com/bot.html)"
66.249.79.71 - - [06/Jul/2025:10:43:35 -0400] "GET /shopdetail/12671221/ HTTP/1.1" 301 0 "-" "Mozilla/5.0 (Linux; Android 6.0.1; Nexus 5X Build/MMB29P) AppleWebKit/537.36 (KHTML, like Gecko) Chrome/137.0.7151.103 Mobile Safari/537.36 (compatible; Googlebot/2.1; +http://www.google.com/bot.html)"
66.249.79.172 - - [06/Jul/2025:10:43:41 -0400] "GET /shopdetail/12671221/ HTTP/1.1" 404 16655 "-" "Mozilla/5.0 (Linux; Android 6.0.1; Nexus 5X Build/MMB29P) AppleWebKit/537.36 (KHTML, like Gecko) Chrome/137.0.7151.103 Mobile Safari/537.36 (compatible; Googlebot/2.1; +http://www.google.com/bot.html)"
66.249.79.71 - - [06/Jul/2025:10:43:51 -0400] "GET /shopdetail/18318009/ HTTP/1.1" 301 0 "-" "Mozilla/5.0 (Linux; Android 6.0.1; Nexus 5X Build/MMB29P) AppleWebKit/537.36 (KHTML, like Gecko) Chrome/137.0.7151.103 Mobile Safari/537.36 (compatible; Googlebot/2.1; +http://www.google.com/bot.html)"
66.249.79.172 - - [06/Jul/2025:10:43:54 -0400] "GET /shopdetail/18318009/ HTTP/1.1" 404 16654 "-" "Mozilla/5.0 (Linux; Android 6.0.1; Nexus 5X Build/MMB29P) AppleWebKit/537.36 (KHTML, like Gecko) Chrome/137.0.7151.103 Mobile Safari/537.36 (compatible; Googlebot/2.1; +http://www.google.com/bot.html)"
216.73.216.55 - - [06/Jul/2025:10:51:43 -0400] "GET /shopdetail/15288809 HTTP/1.1" 404 19068 "-" "Mozilla/5.0 AppleWebKit/537.36 (KHTML, like Gecko; compatible; ClaudeBot/1.0; +claudebot@anthropic.com)"
216.73.216.55 - - [06/Jul/2025:10:51:43 -0400] "GET /shopdetail/9955254 HTTP/1.1" 404 19068 "-" "Mozilla/5.0 AppleWebKit/537.36 (KHTML, like Gecko; compatible; ClaudeBot/1.0; +claudebot@anthropic.com)"
216.73.216.55 - - [06/Jul/2025:10:51:44 -0400] "GET /wp-content/themes/twentyseventeen-child/js/jquery.min.js HTTP/1.1" 200 37000 "http://gsc-ltd.net/shopdetail/9955254" "Mozilla/5.0 AppleWebKit/537.36 (KHTML, like Gecko; compatible; ClaudeBot/1.0; +claudebot@anthropic.com)"
216.73.216.55 - - [06/Jul/2025:10:51:44 -0400] "GET /wp-content/themes/twentyseventeen-child/js/bootstrap.min.js HTTP/1.1" 200 13053 "http://gsc-ltd.net/shopdetail/9955254" "Mozilla/5.0 AppleWebKit/537.36 (KHTML, like Gecko; compatible; ClaudeBot/1.0; +claudebot@anthropic.com)"
216.73.216.55 - - [06/Jul/2025:10:51:44 -0400] "GET /wp-content/themes/twentyseventeen-child/js/owl.carousel.min.js HTTP/1.1" 200 14164 "http://gsc-ltd.net/shopdetail/9955254" "Mozilla/5.0 AppleWebKit/537.36 (KHTML, like Gecko; compatible; ClaudeBot/1.0; +claudebot@anthropic.com)"
216.73.216.55 - - [06/Jul/2025:10:51:44 -0400] "GET /wp-content/themes/twentyseventeen-child/js/bootstrap.min.js HTTP/1.1" 200 13053 "http://gsc-ltd.net/shopdetail/15288809" "Mozilla/5.0 AppleWebKit/537.36 (KHTML, like Gecko; compatible; ClaudeBot/1.0; +claudebot@anthropic.com)"
216.73.216.55 - - [06/Jul/2025:10:51:44 -0400] "GET /wp-content/themes/twentyseventeen-child/js/jquery.min.js HTTP/1.1" 200 37000 "http://gsc-ltd.net/shopdetail/15288809" "Mozilla/5.0 AppleWebKit/537.36 (KHTML, like Gecko; compatible; ClaudeBot/1.0; +claudebot@anthropic.com)"
216.73.216.55 - - [06/Jul/2025:10:51:44 -0400] "GET /wp-content/themes/twentyseventeen-child/js/owl.carousel.min.js HTTP/1.1" 200 14164 "http://gsc-ltd.net/shopdetail/15288809" "Mozilla/5.0 AppleWebKit/537.36 (KHTML, like Gecko; compatible; ClaudeBot/1.0; +claudebot@anthropic.com)"
216.73.216.55 - - [06/Jul/2025:10:51:44 -0400] "GET /wp-content/themes/twentyseventeen-child/js/jquery.waypoints.min.js HTTP/1.1" 200 5774 "http://gsc-ltd.net/shopdetail/15288809" "Mozilla/5.0 AppleWebKit/537.36 (KHTML, like Gecko; compatible; ClaudeBot/1.0; +claudebot@anthropic.com)"
216.73.216.55 - - [06/Jul/2025:10:51:44 -0400] "GET /wp-content/themes/twentyseventeen-child/js/jquery.countup.js HTTP/1.1" 200 4089 "http://gsc-ltd.net/shopdetail/15288809" "Mozilla/5.0 AppleWebKit/537.36 (KHTML, like Gecko; compatible; ClaudeBot/1.0; +claudebot@anthropic.com)"
216.73.216.55 - - [06/Jul/2025:10:51:44 -0400] "GET /wp-content/themes/twentyseventeen-child/js/jquery.waypoints.min.js HTTP/1.1" 200 5774 "http://gsc-ltd.net/shopdetail/9955254" "Mozilla/5.0 AppleWebKit/537.36 (KHTML, like Gecko; compatible; ClaudeBot/1.0; +claudebot@anthropic.com)"
216.73.216.55 - - [06/Jul/2025:10:51:44 -0400] "GET /wp-content/themes/twentyseventeen-child/js/jquery.countup.js HTTP/1.1" 200 4089 "http://gsc-ltd.net/shopdetail/9955254" "Mozilla/5.0 AppleWebKit/537.36 (KHTML, like Gecko; compatible; ClaudeBot/1.0; +claudebot@anthropic.com)"
216.73.216.55 - - [06/Jul/2025:10:51:44 -0400] "GET /wp-content/themes/twentyseventeen-child/js/wow.js HTTP/1.1" 200 6658 "http://gsc-ltd.net/shopdetail/9955254" "Mozilla/5.0 AppleWebKit/537.36 (KHTML, like Gecko; compatible; ClaudeBot/1.0; +claudebot@anthropic.com)"
216.73.216.55 - - [06/Jul/2025:10:51:44 -0400] "GET /wp-content/themes/twentyseventeen-child/js/wow.js HTTP/1.1" 200 6658 "http://gsc-ltd.net/shopdetail/15288809" "Mozilla/5.0 AppleWebKit/537.36 (KHTML, like Gecko; compatible; ClaudeBot/1.0; +claudebot@anthropic.com)"
23.92.177.29 - - [06/Jul/2025:10:51:44 -0400] "POST /wp-cron.php?doing_wp_cron=1751813503.7614901065826416015625 HTTP/1.1" 200 0 "http://gsc-ltd.net/wp-cron.php?doing_wp_cron=1751813503.7614901065826416015625" "WordPress/6.1.1; https://gsc-ltd.net"
216.73.216.55 - - [06/Jul/2025:10:51:43 -0400] "GET /shopdetail/6948354 HTTP/1.1" 404 18706 "-" "Mozilla/5.0 AppleWebKit/537.36 (KHTML, like Gecko; compatible; ClaudeBot/1.0; +claudebot@anthropic.com)"
23.92.177.29 - - [06/Jul/2025:10:54:55 -0400] "POST /wp-cron.php?doing_wp_cron=1751813695.3936619758605957031250 HTTP/1.1" 200 0 "http://gsc-ltd.net/wp-cron.php?doing_wp_cron=1751813695.3936619758605957031250" "WordPress/6.1.1; https://gsc-ltd.net"
66.249.79.70 - - [06/Jul/2025:10:54:55 -0400] "GET /shopdetail/6237754/ HTTP/1.1" 301 0 "-" "Mozilla/5.0 (Linux; Android 6.0.1; Nexus 5X Build/MMB29P) AppleWebKit/537.36 (KHTML, like Gecko) Chrome/137.0.7151.103 Mobile Safari/537.36 (compatible; Googlebot/2.1; +http://www.google.com/bot.html)"
66.249.79.71 - - [06/Jul/2025:10:54:58 -0400] "GET /shopdetail/7238954/ HTTP/1.1" 301 0 "-" "Mozilla/5.0 (Linux; Android 6.0.1; Nexus 5X Build/MMB29P) AppleWebKit/537.36 (KHTML, like Gecko) Chrome/137.0.7151.103 Mobile Safari/537.36 (compatible; Googlebot/2.1; +http://www.google.com/bot.html)"
66.249.79.173 - - [06/Jul/2025:10:55:09 -0400] "GET /shopdetail/6237754/ HTTP/1.1" 404 16654 "-" "Mozilla/5.0 (Linux; Android 6.0.1; Nexus 5X Build/MMB29P) AppleWebKit/537.36 (KHTML, like Gecko) Chrome/137.0.7151.103 Mobile Safari/537.36 (compatible; Googlebot/2.1; +http://www.google.com/bot.html)"
66.249.79.173 - - [06/Jul/2025:10:55:12 -0400] "GET /shopdetail/7238954/ HTTP/1.1" 404 16654 "-" "Mozilla/5.0 (Linux; Android 6.0.1; Nexus 5X Build/MMB29P) AppleWebKit/537.36 (KHTML, like Gecko) Chrome/137.0.7151.103 Mobile Safari/537.36 (compatible; Googlebot/2.1; +http://www.google.com/bot.html)"
66.249.79.70 - - [06/Jul/2025:10:55:13 -0400] "GET /shopdetail/7463932/ HTTP/1.1" 301 0 "-" "Mozilla/5.0 (Linux; Android 6.0.1; Nexus 5X Build/MMB29P) AppleWebKit/537.36 (KHTML, like Gecko) Chrome/137.0.7151.103 Mobile Safari/537.36 (compatible; Googlebot/2.1; +http://www.google.com/bot.html)"
66.249.79.71 - - [06/Jul/2025:10:55:16 -0400] "GET /shopdetail/6859643/ HTTP/1.1" 301 0 "-" "Mozilla/5.0 (Linux; Android 6.0.1; Nexus 5X Build/MMB29P) AppleWebKit/537.36 (KHTML, like Gecko) Chrome/137.0.7151.103 Mobile Safari/537.36 (compatible; Googlebot/2.1; +http://www.google.com/bot.html)"
66.249.79.70 - - [06/Jul/2025:10:55:23 -0400] "GET /shopdetail/3706009/ HTTP/1.1" 301 0 "-" "Mozilla/5.0 (Linux; Android 6.0.1; Nexus 5X Build/MMB29P) AppleWebKit/537.36 (KHTML, like Gecko) Chrome/137.0.7151.103 Mobile Safari/537.36 (compatible; Googlebot/2.1; +http://www.google.com/bot.html)"
66.249.79.172 - - [06/Jul/2025:10:55:24 -0400] "GET /shopdetail/7463932/ HTTP/1.1" 404 16653 "-" "Mozilla/5.0 (Linux; Android 6.0.1; Nexus 5X Build/MMB29P) AppleWebKit/537.36 (KHTML, like Gecko) Chrome/137.0.7151.103 Mobile Safari/537.36 (compatible; Googlebot/2.1; +http://www.google.com/bot.html)"
66.249.79.173 - - [06/Jul/2025:10:55:27 -0400] "GET /shopdetail/6859643/ HTTP/1.1" 404 16655 "-" "Mozilla/5.0 (Linux; Android 6.0.1; Nexus 5X Build/MMB29P) AppleWebKit/537.36 (KHTML, like Gecko) Chrome/137.0.7151.103 Mobile Safari/537.36 (compatible; Googlebot/2.1; +http://www.google.com/bot.html)"
66.249.79.70 - - [06/Jul/2025:10:55:28 -0400] "GET /zhHant/product/surugaya/79753547?campaign_uid=f64d716db5e979ed2f947dbaf4296895b951ae7f HTTP/1.1" 301 0 "-" "Mozilla/5.0 (Linux; Android 6.0.1; Nexus 5X Build/MMB29P) AppleWebKit/537.36 (KHTML, like Gecko) Chrome/137.0.7151.103 Mobile Safari/537.36 (compatible; Googlebot/2.1; +http://www.google.com/bot.html)"
66.249.79.172 - - [06/Jul/2025:10:55:29 -0400] "GET /shopdetail/3706009/ HTTP/1.1" 404 16654 "-" "Mozilla/5.0 (Linux; Android 6.0.1; Nexus 5X Build/MMB29P) AppleWebKit/537.36 (KHTML, like Gecko) Chrome/137.0.7151.103 Mobile Safari/537.36 (compatible; Googlebot/2.1; +http://www.google.com/bot.html)"
66.249.79.172 - - [06/Jul/2025:10:55:35 -0400] "GET /zhHant/product/surugaya/79753547?campaign_uid=f64d716db5e979ed2f947dbaf4296895b951ae7f HTTP/1.1" 404 16655 "-" "Mozilla/5.0 (Linux; Android 6.0.1; Nexus 5X Build/MMB29P) AppleWebKit/537.36 (KHTML, like Gecko) Chrome/137.0.7151.103 Mobile Safari/537.36 (compatible; Googlebot/2.1; +http://www.google.com/bot.html)"
66.249.79.70 - - [06/Jul/2025:10:55:38 -0400] "GET /zhHant/product/surugaya/19407821?campaign_uid=f64d716db5e979ed2f947dbaf4296895b951ae7f HTTP/1.1" 301 0 "-" "Mozilla/5.0 (Linux; Android 6.0.1; Nexus 5X Build/MMB29P) AppleWebKit/537.36 (KHTML, like Gecko) Chrome/137.0.7151.103 Mobile Safari/537.36 (compatible; Googlebot/2.1; +http://www.google.com/bot.html)"
66.249.79.172 - - [06/Jul/2025:10:55:41 -0400] "GET /zhHant/product/surugaya/19407821?campaign_uid=f64d716db5e979ed2f947dbaf4296895b951ae7f HTTP/1.1" 404 16654 "-" "Mozilla/5.0 (Linux; Android 6.0.1; Nexus 5X Build/MMB29P) AppleWebKit/537.36 (KHTML, like Gecko) Chrome/137.0.7151.103 Mobile Safari/537.36 (compatible; Googlebot/2.1; +http://www.google.com/bot.html)"
23.92.177.29 - - [06/Jul/2025:11:04:05 -0400] "POST /wp-cron.php?doing_wp_cron=1751814245.5302560329437255859375 HTTP/1.1" 200 0 "http://gsc-ltd.net/wp-cron.php?doing_wp_cron=1751814245.5302560329437255859375" "WordPress/6.1.1; https://gsc-ltd.net"
135.125.183.119 - - [06/Jul/2025:11:04:05 -0400] "POST /xmlrpc.php HTTP/1.1" 500 0 "-" "Mozilla/5.0 (X11; Ubuntu; Linux x86_64; rv:85.0) Gecko/20100101 Firefox/91.0"
216.73.216.55 - - [06/Jul/2025:11:04:56 -0400] "GET /shopdetail/23933487 HTTP/1.1" 404 18707 "-" "Mozilla/5.0 AppleWebKit/537.36 (KHTML, like Gecko; compatible; ClaudeBot/1.0; +claudebot@anthropic.com)"
216.73.216.55 - - [06/Jul/2025:11:04:56 -0400] "GET /shopdetail/12605065 HTTP/1.1" 404 18706 "-" "Mozilla/5.0 AppleWebKit/537.36 (KHTML, like Gecko; compatible; ClaudeBot/1.0; +claudebot@anthropic.com)"
216.73.216.55 - - [06/Jul/2025:11:04:56 -0400] "GET /shopdetail/10092821 HTTP/1.1" 404 18706 "-" "Mozilla/5.0 AppleWebKit/537.36 (KHTML, like Gecko; compatible; ClaudeBot/1.0; +claudebot@anthropic.com)"
216.73.216.55 - - [06/Jul/2025:11:04:56 -0400] "GET /wp-content/themes/twentyseventeen-child/js/jquery.min.js HTTP/1.1" 200 37000 "http://gsc-ltd.net/shopdetail/23933487" "Mozilla/5.0 AppleWebKit/537.36 (KHTML, like Gecko; compatible; ClaudeBot/1.0; +claudebot@anthropic.com)"
216.73.216.55 - - [06/Jul/2025:11:04:56 -0400] "GET /wp-content/themes/twentyseventeen-child/js/owl.carousel.min.js HTTP/1.1" 200 14164 "http://gsc-ltd.net/shopdetail/23933487" "Mozilla/5.0 AppleWebKit/537.36 (KHTML, like Gecko; compatible; ClaudeBot/1.0; +claudebot@anthropic.com)"
216.73.216.55 - - [06/Jul/2025:11:04:56 -0400] "GET /wp-content/themes/twentyseventeen-child/js/bootstrap.min.js HTTP/1.1" 200 13053 "http://gsc-ltd.net/shopdetail/23933487" "Mozilla/5.0 AppleWebKit/537.36 (KHTML, like Gecko; compatible; ClaudeBot/1.0; +claudebot@anthropic.com)"
216.73.216.55 - - [06/Jul/2025:11:04:56 -0400] "GET /wp-content/themes/twentyseventeen-child/js/jquery.min.js HTTP/1.1" 200 37000 "http://gsc-ltd.net/shopdetail/10092821" "Mozilla/5.0 AppleWebKit/537.36 (KHTML, like Gecko; compatible; ClaudeBot/1.0; +claudebot@anthropic.com)"
216.73.216.55 - - [06/Jul/2025:11:04:56 -0400] "GET /wp-content/themes/twentyseventeen-child/js/bootstrap.min.js HTTP/1.1" 200 13053 "http://gsc-ltd.net/shopdetail/10092821" "Mozilla/5.0 AppleWebKit/537.36 (KHTML, like Gecko; compatible; ClaudeBot/1.0; +claudebot@anthropic.com)"
216.73.216.55 - - [06/Jul/2025:11:04:56 -0400] "GET /wp-content/themes/twentyseventeen-child/js/owl.carousel.min.js HTTP/1.1" 200 14164 "http://gsc-ltd.net/shopdetail/10092821" "Mozilla/5.0 AppleWebKit/537.36 (KHTML, like Gecko; compatible; ClaudeBot/1.0; +claudebot@anthropic.com)"
216.73.216.55 - - [06/Jul/2025:11:04:56 -0400] "GET /wp-content/themes/twentyseventeen-child/js/owl.carousel.min.js HTTP/1.1" 200 14164 "http://gsc-ltd.net/shopdetail/12605065" "Mozilla/5.0 AppleWebKit/537.36 (KHTML, like Gecko; compatible; ClaudeBot/1.0; +claudebot@anthropic.com)"
216.73.216.55 - - [06/Jul/2025:11:04:56 -0400] "GET /wp-content/themes/twentyseventeen-child/js/jquery.min.js HTTP/1.1" 200 37000 "http://gsc-ltd.net/shopdetail/12605065" "Mozilla/5.0 AppleWebKit/537.36 (KHTML, like Gecko; compatible; ClaudeBot/1.0; +claudebot@anthropic.com)"
216.73.216.55 - - [06/Jul/2025:11:04:56 -0400] "GET /wp-content/themes/twentyseventeen-child/js/bootstrap.min.js HTTP/1.1" 200 13053 "http://gsc-ltd.net/shopdetail/12605065" "Mozilla/5.0 AppleWebKit/537.36 (KHTML, like Gecko; compatible; ClaudeBot/1.0; +claudebot@anthropic.com)"
216.73.216.55 - - [06/Jul/2025:11:04:56 -0400] "GET /wp-content/themes/twentyseventeen-child/js/jquery.waypoints.min.js HTTP/1.1" 200 5774 "http://gsc-ltd.net/shopdetail/10092821" "Mozilla/5.0 AppleWebKit/537.36 (KHTML, like Gecko; compatible; ClaudeBot/1.0; +claudebot@anthropic.com)"
216.73.216.55 - - [06/Jul/2025:11:04:56 -0400] "GET /wp-content/themes/twentyseventeen-child/js/jquery.waypoints.min.js HTTP/1.1" 200 5774 "http://gsc-ltd.net/shopdetail/23933487" "Mozilla/5.0 AppleWebKit/537.36 (KHTML, like Gecko; compatible; ClaudeBot/1.0; +claudebot@anthropic.com)"
216.73.216.55 - - [06/Jul/2025:11:04:56 -0400] "GET /wp-content/themes/twentyseventeen-child/js/jquery.waypoints.min.js HTTP/1.1" 200 5774 "http://gsc-ltd.net/shopdetail/12605065" "Mozilla/5.0 AppleWebKit/537.36 (KHTML, like Gecko; compatible; ClaudeBot/1.0; +claudebot@anthropic.com)"
216.73.216.55 - - [06/Jul/2025:11:04:57 -0400] "GET /wp-content/themes/twentyseventeen-child/js/jquery.countup.js HTTP/1.1" 200 4089 "http://gsc-ltd.net/shopdetail/10092821" "Mozilla/5.0 AppleWebKit/537.36 (KHTML, like Gecko; compatible; ClaudeBot/1.0; +claudebot@anthropic.com)"
216.73.216.55 - - [06/Jul/2025:11:04:57 -0400] "GET /wp-content/themes/twentyseventeen-child/js/jquery.countup.js HTTP/1.1" 200 4089 "http://gsc-ltd.net/shopdetail/23933487" "Mozilla/5.0 AppleWebKit/537.36 (KHTML, like Gecko; compatible; ClaudeBot/1.0; +claudebot@anthropic.com)"
216.73.216.55 - - [06/Jul/2025:11:04:57 -0400] "GET /wp-content/themes/twentyseventeen-child/js/jquery.countup.js HTTP/1.1" 200 4089 "http://gsc-ltd.net/shopdetail/12605065" "Mozilla/5.0 AppleWebKit/537.36 (KHTML, like Gecko; compatible; ClaudeBot/1.0; +claudebot@anthropic.com)"
216.73.216.55 - - [06/Jul/2025:11:04:57 -0400] "GET /wp-content/themes/twentyseventeen-child/js/wow.js HTTP/1.1" 200 6658 "http://gsc-ltd.net/shopdetail/23933487" "Mozilla/5.0 AppleWebKit/537.36 (KHTML, like Gecko; compatible; ClaudeBot/1.0; +claudebot@anthropic.com)"
216.73.216.55 - - [06/Jul/2025:11:04:57 -0400] "GET /wp-content/themes/twentyseventeen-child/js/wow.js HTTP/1.1" 200 6658 "http://gsc-ltd.net/shopdetail/10092821" "Mozilla/5.0 AppleWebKit/537.36 (KHTML, like Gecko; compatible; ClaudeBot/1.0; +claudebot@anthropic.com)"
216.73.216.55 - - [06/Jul/2025:11:04:57 -0400] "GET /wp-content/themes/twentyseventeen-child/js/wow.js HTTP/1.1" 200 6658 "http://gsc-ltd.net/shopdetail/12605065" "Mozilla/5.0 AppleWebKit/537.36 (KHTML, like Gecko; compatible; ClaudeBot/1.0; +claudebot@anthropic.com)"
23.92.177.29 - - [06/Jul/2025:11:12:07 -0400] "POST /wp-cron.php?doing_wp_cron=1751814727.2955939769744873046875 HTTP/1.1" 200 0 "http://gsc-ltd.net/wp-cron.php?doing_wp_cron=1751814727.2955939769744873046875" "WordPress/6.1.1; https://gsc-ltd.net"
66.249.79.72 - - [06/Jul/2025:11:12:07 -0400] "GET /shopdetail/7171687/ HTTP/1.1" 301 0 "-" "Mozilla/5.0 (Linux; Android 6.0.1; Nexus 5X Build/MMB29P) AppleWebKit/537.36 (KHTML, like Gecko) Chrome/137.0.7151.103 Mobile Safari/537.36 (compatible; Googlebot/2.1; +http://www.google.com/bot.html)"
66.249.79.173 - - [06/Jul/2025:11:12:25 -0400] "GET /shopdetail/7171687/ HTTP/1.1" 404 16646 "-" "Mozilla/5.0 (Linux; Android 6.0.1; Nexus 5X Build/MMB29P) AppleWebKit/537.36 (KHTML, like Gecko) Chrome/137.0.7151.103 Mobile Safari/537.36 (compatible; Googlebot/2.1; +http://www.google.com/bot.html)"
23.92.177.29 - - [06/Jul/2025:11:17:23 -0400] "POST /wp-cron.php?doing_wp_cron=1751815043.5234689712524414062500 HTTP/1.1" 200 0 "http://gsc-ltd.net/wp-cron.php?doing_wp_cron=1751815043.5234689712524414062500" "WordPress/6.1.1; https://gsc-ltd.net"
222.79.104.23 - - [06/Jul/2025:11:17:23 -0400] "GET / HTTP/1.1" 301 0 "-" "Mozilla/5.0 (iPhone; CPU iPhone OS 13_2_3 like Mac OS X) AppleWebKit/605.1.15 (KHTML, like Gecko) Version/13.0.3 Mobile/15E148 Safari/604.1"
23.92.177.29 - - [06/Jul/2025:11:18:07 -0400] "POST /wp-cron.php?doing_wp_cron=1751815087.2682969570159912109375 HTTP/1.1" 200 0 "http://gsc-ltd.net/wp-cron.php?doing_wp_cron=1751815087.2682969570159912109375" "WordPress/6.1.1; https://gsc-ltd.net"
66.249.79.70 - - [06/Jul/2025:11:18:07 -0400] "GET /shopdetail/13343821/ HTTP/1.1" 301 0 "-" "Mozilla/5.0 (Linux; Android 6.0.1; Nexus 5X Build/MMB29P) AppleWebKit/537.36 (KHTML, like Gecko) Chrome/137.0.7151.103 Mobile Safari/537.36 (compatible; Googlebot/2.1; +http://www.google.com/bot.html)"
66.249.79.172 - - [06/Jul/2025:11:18:07 -0400] "GET /shopdetail/13343821/ HTTP/1.1" 404 16653 "-" "Mozilla/5.0 (Linux; Android 6.0.1; Nexus 5X Build/MMB29P) AppleWebKit/537.36 (KHTML, like Gecko) Chrome/137.0.7151.103 Mobile Safari/537.36 (compatible; Googlebot/2.1; +http://www.google.com/bot.html)"
66.249.79.70 - - [06/Jul/2025:11:18:52 -0400] "GET /shopdetail/11521121/ HTTP/1.1" 301 0 "-" "Mozilla/5.0 (Linux; Android 6.0.1; Nexus 5X Build/MMB29P) AppleWebKit/537.36 (KHTML, like Gecko) Chrome/137.0.7151.103 Mobile Safari/537.36 (compatible; Googlebot/2.1; +http://www.google.com/bot.html)"
66.249.79.70 - - [06/Jul/2025:11:18:52 -0400] "GET /shopdetail/21493310/ HTTP/1.1" 301 0 "-" "Mozilla/5.0 (Linux; Android 6.0.1; Nexus 5X Build/MMB29P) AppleWebKit/537.36 (KHTML, like Gecko) Chrome/137.0.7151.103 Mobile Safari/537.36 (compatible; Googlebot/2.1; +http://www.google.com/bot.html)"
66.249.79.70 - - [06/Jul/2025:11:18:55 -0400] "GET /shopdetail/18983965/ HTTP/1.1" 301 0 "-" "Mozilla/5.0 (Linux; Android 6.0.1; Nexus 5X Build/MMB29P) AppleWebKit/537.36 (KHTML, like Gecko) Chrome/137.0.7151.103 Mobile Safari/537.36 (compatible; Googlebot/2.1; +http://www.google.com/bot.html)"
66.249.79.70 - - [06/Jul/2025:11:18:56 -0400] "GET /shopdetail/19684887/ HTTP/1.1" 301 0 "-" "Mozilla/5.0 (Linux; Android 6.0.1; Nexus 5X Build/MMB29P) AppleWebKit/537.36 (KHTML, like Gecko) Chrome/137.0.7151.103 Mobile Safari/537.36 (compatible; Googlebot/2.1; +http://www.google.com/bot.html)"
66.249.79.71 - - [06/Jul/2025:11:19:03 -0400] "GET /shopdetail/21493376/ HTTP/1.1" 301 0 "-" "Mozilla/5.0 (Linux; Android 6.0.1; Nexus 5X Build/MMB29P) AppleWebKit/537.36 (KHTML, like Gecko) Chrome/137.0.7151.103 Mobile Safari/537.36 (compatible; Googlebot/2.1; +http://www.google.com/bot.html)"
66.249.79.160 - - [06/Jul/2025:11:19:04 -0400] "GET /shopdetail/11521121/ HTTP/1.1" 404 16653 "-" "Mozilla/5.0 (Linux; Android 6.0.1; Nexus 5X Build/MMB29P) AppleWebKit/537.36 (KHTML, like Gecko) Chrome/137.0.7151.103 Mobile Safari/537.36 (compatible; Googlebot/2.1; +http://www.google.com/bot.html)"
66.249.79.72 - - [06/Jul/2025:11:19:05 -0400] "GET /shopdetail/19017521/ HTTP/1.1" 301 0 "-" "Mozilla/5.0 (Linux; Android 6.0.1; Nexus 5X Build/MMB29P) AppleWebKit/537.36 (KHTML, like Gecko) Chrome/137.0.7151.103 Mobile Safari/537.36 (compatible; Googlebot/2.1; +http://www.google.com/bot.html)"
216.73.216.55 - - [06/Jul/2025:11:19:05 -0400] "GET /shopdetail/11642465 HTTP/1.1" 404 18706 "-" "Mozilla/5.0 AppleWebKit/537.36 (KHTML, like Gecko; compatible; ClaudeBot/1.0; +claudebot@anthropic.com)"
216.73.216.55 - - [06/Jul/2025:11:19:05 -0400] "GET /shopdetail/9552976 HTTP/1.1" 404 18705 "-" "Mozilla/5.0 AppleWebKit/537.36 (KHTML, like Gecko; compatible; ClaudeBot/1.0; +claudebot@anthropic.com)"
216.73.216.55 - - [06/Jul/2025:11:19:05 -0400] "GET /shopdetail/13544254 HTTP/1.1" 404 18702 "-" "Mozilla/5.0 AppleWebKit/537.36 (KHTML, like Gecko; compatible; ClaudeBot/1.0; +claudebot@anthropic.com)"
216.73.216.55 - - [06/Jul/2025:11:19:06 -0400] "GET /wp-content/themes/twentyseventeen-child/js/jquery.min.js HTTP/1.1" 200 37000 "http://gsc-ltd.net/shopdetail/9552976" "Mozilla/5.0 AppleWebKit/537.36 (KHTML, like Gecko; compatible; ClaudeBot/1.0; +claudebot@anthropic.com)"
216.73.216.55 - - [06/Jul/2025:11:19:06 -0400] "GET /wp-content/themes/twentyseventeen-child/js/bootstrap.min.js HTTP/1.1" 200 13053 "http://gsc-ltd.net/shopdetail/9552976" "Mozilla/5.0 AppleWebKit/537.36 (KHTML, like Gecko; compatible; ClaudeBot/1.0; +claudebot@anthropic.com)"
216.73.216.55 - - [06/Jul/2025:11:19:06 -0400] "GET /wp-content/themes/twentyseventeen-child/js/owl.carousel.min.js HTTP/1.1" 200 14164 "http://gsc-ltd.net/shopdetail/11642465" "Mozilla/5.0 AppleWebKit/537.36 (KHTML, like Gecko; compatible; ClaudeBot/1.0; +claudebot@anthropic.com)"
216.73.216.55 - - [06/Jul/2025:11:19:06 -0400] "GET /wp-content/themes/twentyseventeen-child/js/bootstrap.min.js HTTP/1.1" 200 13053 "http://gsc-ltd.net/shopdetail/11642465" "Mozilla/5.0 AppleWebKit/537.36 (KHTML, like Gecko; compatible; ClaudeBot/1.0; +claudebot@anthropic.com)"
216.73.216.55 - - [06/Jul/2025:11:19:06 -0400] "GET /wp-content/themes/twentyseventeen-child/js/jquery.min.js HTTP/1.1" 200 37000 "http://gsc-ltd.net/shopdetail/11642465" "Mozilla/5.0 AppleWebKit/537.36 (KHTML, like Gecko; compatible; ClaudeBot/1.0; +claudebot@anthropic.com)"
216.73.216.55 - - [06/Jul/2025:11:19:06 -0400] "GET /wp-content/themes/twentyseventeen-child/js/owl.carousel.min.js HTTP/1.1" 200 14164 "http://gsc-ltd.net/shopdetail/9552976" "Mozilla/5.0 AppleWebKit/537.36 (KHTML, like Gecko; compatible; ClaudeBot/1.0; +claudebot@anthropic.com)"
216.73.216.55 - - [06/Jul/2025:11:19:06 -0400] "GET /wp-content/themes/twentyseventeen-child/js/jquery.min.js HTTP/1.1" 200 37000 "http://gsc-ltd.net/shopdetail/13544254" "Mozilla/5.0 AppleWebKit/537.36 (KHTML, like Gecko; compatible; ClaudeBot/1.0; +claudebot@anthropic.com)"
216.73.216.55 - - [06/Jul/2025:11:19:06 -0400] "GET /wp-content/themes/twentyseventeen-child/js/bootstrap.min.js HTTP/1.1" 200 13053 "http://gsc-ltd.net/shopdetail/13544254" "Mozilla/5.0 AppleWebKit/537.36 (KHTML, like Gecko; compatible; ClaudeBot/1.0; +claudebot@anthropic.com)"
216.73.216.55 - - [06/Jul/2025:11:19:06 -0400] "GET /wp-content/themes/twentyseventeen-child/js/owl.carousel.min.js HTTP/1.1" 200 14164 "http://gsc-ltd.net/shopdetail/13544254" "Mozilla/5.0 AppleWebKit/537.36 (KHTML, like Gecko; compatible; ClaudeBot/1.0; +claudebot@anthropic.com)"
216.73.216.55 - - [06/Jul/2025:11:19:06 -0400] "GET /wp-content/themes/twentyseventeen-child/js/jquery.waypoints.min.js HTTP/1.1" 200 5774 "http://gsc-ltd.net/shopdetail/11642465" "Mozilla/5.0 AppleWebKit/537.36 (KHTML, like Gecko; compatible; ClaudeBot/1.0; +claudebot@anthropic.com)"
216.73.216.55 - - [06/Jul/2025:11:19:06 -0400] "GET /wp-content/themes/twentyseventeen-child/js/jquery.waypoints.min.js HTTP/1.1" 200 5774 "http://gsc-ltd.net/shopdetail/9552976" "Mozilla/5.0 AppleWebKit/537.36 (KHTML, like Gecko; compatible; ClaudeBot/1.0; +claudebot@anthropic.com)"
66.249.79.160 - - [06/Jul/2025:11:19:06 -0400] "GET /shopdetail/21493310/ HTTP/1.1" 404 16654 "-" "Mozilla/5.0 (Linux; Android 6.0.1; Nexus 5X Build/MMB29P) AppleWebKit/537.36 (KHTML, like Gecko) Chrome/137.0.7151.103 Mobile Safari/537.36 (compatible; Googlebot/2.1; +http://www.google.com/bot.html)"
216.73.216.55 - - [06/Jul/2025:11:19:06 -0400] "GET /wp-content/themes/twentyseventeen-child/js/jquery.countup.js HTTP/1.1" 200 4089 "http://gsc-ltd.net/shopdetail/11642465" "Mozilla/5.0 AppleWebKit/537.36 (KHTML, like Gecko; compatible; ClaudeBot/1.0; +claudebot@anthropic.com)"
216.73.216.55 - - [06/Jul/2025:11:19:06 -0400] "GET /wp-content/themes/twentyseventeen-child/js/jquery.countup.js HTTP/1.1" 200 4089 "http://gsc-ltd.net/shopdetail/9552976" "Mozilla/5.0 AppleWebKit/537.36 (KHTML, like Gecko; compatible; ClaudeBot/1.0; +claudebot@anthropic.com)"
216.73.216.55 - - [06/Jul/2025:11:19:06 -0400] "GET /wp-content/themes/twentyseventeen-child/js/jquery.waypoints.min.js HTTP/1.1" 200 5774 "http://gsc-ltd.net/shopdetail/13544254" "Mozilla/5.0 AppleWebKit/537.36 (KHTML, like Gecko; compatible; ClaudeBot/1.0; +claudebot@anthropic.com)"
216.73.216.55 - - [06/Jul/2025:11:19:06 -0400] "GET /wp-content/themes/twentyseventeen-child/js/jquery.countup.js HTTP/1.1" 200 4089 "http://gsc-ltd.net/shopdetail/13544254" "Mozilla/5.0 AppleWebKit/537.36 (KHTML, like Gecko; compatible; ClaudeBot/1.0; +claudebot@anthropic.com)"
216.73.216.55 - - [06/Jul/2025:11:19:06 -0400] "GET /wp-content/themes/twentyseventeen-child/js/wow.js HTTP/1.1" 200 6658 "http://gsc-ltd.net/shopdetail/9552976" "Mozilla/5.0 AppleWebKit/537.36 (KHTML, like Gecko; compatible; ClaudeBot/1.0; +claudebot@anthropic.com)"
216.73.216.55 - - [06/Jul/2025:11:19:06 -0400] "GET /wp-content/themes/twentyseventeen-child/js/wow.js HTTP/1.1" 200 6658 "http://gsc-ltd.net/shopdetail/11642465" "Mozilla/5.0 AppleWebKit/537.36 (KHTML, like Gecko; compatible; ClaudeBot/1.0; +claudebot@anthropic.com)"
216.73.216.55 - - [06/Jul/2025:11:19:06 -0400] "GET /wp-content/themes/twentyseventeen-child/js/wow.js HTTP/1.1" 200 6658 "http://gsc-ltd.net/shopdetail/13544254" "Mozilla/5.0 AppleWebKit/537.36 (KHTML, like Gecko; compatible; ClaudeBot/1.0; +claudebot@anthropic.com)"
66.249.79.172 - - [06/Jul/2025:11:19:09 -0400] "GET /shopdetail/18983965/ HTTP/1.1" 404 16654 "-" "Mozilla/5.0 (Linux; Android 6.0.1; Nexus 5X Build/MMB29P) AppleWebKit/537.36 (KHTML, like Gecko) Chrome/137.0.7151.103 Mobile Safari/537.36 (compatible; Googlebot/2.1; +http://www.google.com/bot.html)"
66.249.79.173 - - [06/Jul/2025:11:19:10 -0400] "GET /shopdetail/19684887/ HTTP/1.1" 404 16655 "-" "Mozilla/5.0 (Linux; Android 6.0.1; Nexus 5X Build/MMB29P) AppleWebKit/537.36 (KHTML, like Gecko) Chrome/137.0.7151.103 Mobile Safari/537.36 (compatible; Googlebot/2.1; +http://www.google.com/bot.html)"
66.249.79.70 - - [06/Jul/2025:11:19:11 -0400] "GET /shopdetail/18228432/ HTTP/1.1" 301 0 "-" "Mozilla/5.0 (Linux; Android 6.0.1; Nexus 5X Build/MMB29P) AppleWebKit/537.36 (KHTML, like Gecko) Chrome/137.0.7151.103 Mobile Safari/537.36 (compatible; Googlebot/2.1; +http://www.google.com/bot.html)"
66.249.79.172 - - [06/Jul/2025:11:19:14 -0400] "GET /shopdetail/21493376/ HTTP/1.1" 404 16655 "-" "Mozilla/5.0 (Linux; Android 6.0.1; Nexus 5X Build/MMB29P) AppleWebKit/537.36 (KHTML, like Gecko) Chrome/137.0.7151.103 Mobile Safari/537.36 (compatible; Googlebot/2.1; +http://www.google.com/bot.html)"
66.249.79.172 - - [06/Jul/2025:11:19:17 -0400] "GET /shopdetail/19017521/ HTTP/1.1" 404 16770 "-" "Mozilla/5.0 (Linux; Android 6.0.1; Nexus 5X Build/MMB29P) AppleWebKit/537.36 (KHTML, like Gecko) Chrome/137.0.7151.103 Mobile Safari/537.36 (compatible; Googlebot/2.1; +http://www.google.com/bot.html)"
66.249.79.70 - - [06/Jul/2025:11:19:18 -0400] "GET /shopdetail/18149732/ HTTP/1.1" 301 0 "-" "Mozilla/5.0 (Linux; Android 6.0.1; Nexus 5X Build/MMB29P) AppleWebKit/537.36 (KHTML, like Gecko) Chrome/137.0.7151.103 Mobile Safari/537.36 (compatible; Googlebot/2.1; +http://www.google.com/bot.html)"
66.249.79.172 - - [06/Jul/2025:11:19:19 -0400] "GET /shopdetail/18228432/ HTTP/1.1" 404 16655 "-" "Mozilla/5.0 (Linux; Android 6.0.1; Nexus 5X Build/MMB29P) AppleWebKit/537.36 (KHTML, like Gecko) Chrome/137.0.7151.103 Mobile Safari/537.36 (compatible; Googlebot/2.1; +http://www.google.com/bot.html)"
66.249.79.70 - - [06/Jul/2025:11:19:21 -0400] "GET /shopdetail/18413209/ HTTP/1.1" 301 0 "-" "Mozilla/5.0 (Linux; Android 6.0.1; Nexus 5X Build/MMB29P) AppleWebKit/537.36 (KHTML, like Gecko) Chrome/137.0.7151.103 Mobile Safari/537.36 (compatible; Googlebot/2.1; +http://www.google.com/bot.html)"
66.249.79.172 - - [06/Jul/2025:11:19:21 -0400] "GET /shopdetail/18149732/ HTTP/1.1" 404 16654 "-" "Mozilla/5.0 (Linux; Android 6.0.1; Nexus 5X Build/MMB29P) AppleWebKit/537.36 (KHTML, like Gecko) Chrome/137.0.7151.103 Mobile Safari/537.36 (compatible; Googlebot/2.1; +http://www.google.com/bot.html)"
66.249.79.172 - - [06/Jul/2025:11:19:22 -0400] "GET /shopdetail/18413209/ HTTP/1.1" 404 16655 "-" "Mozilla/5.0 (Linux; Android 6.0.1; Nexus 5X Build/MMB29P) AppleWebKit/537.36 (KHTML, like Gecko) Chrome/137.0.7151.103 Mobile Safari/537.36 (compatible; Googlebot/2.1; +http://www.google.com/bot.html)"
66.249.79.70 - - [06/Jul/2025:11:19:24 -0400] "GET /shopdetail/19186287/ HTTP/1.1" 301 0 "-" "Mozilla/5.0 (Linux; Android 6.0.1; Nexus 5X Build/MMB29P) AppleWebKit/537.36 (KHTML, like Gecko) Chrome/137.0.7151.103 Mobile Safari/537.36 (compatible; Googlebot/2.1; +http://www.google.com/bot.html)"
66.249.79.172 - - [06/Jul/2025:11:19:25 -0400] "GET /shopdetail/19186287/ HTTP/1.1" 404 16768 "-" "Mozilla/5.0 (Linux; Android 6.0.1; Nexus 5X Build/MMB29P) AppleWebKit/537.36 (KHTML, like Gecko) Chrome/137.0.7151.103 Mobile Safari/537.36 (compatible; Googlebot/2.1; +http://www.google.com/bot.html)"
66.249.79.72 - - [06/Jul/2025:11:20:19 -0400] "GET /shopdetail/17502987/ HTTP/1.1" 301 0 "-" "Mozilla/5.0 (Linux; Android 6.0.1; Nexus 5X Build/MMB29P) AppleWebKit/537.36 (KHTML, like Gecko) Chrome/137.0.7151.103 Mobile Safari/537.36 (compatible; Googlebot/2.1; +http://www.google.com/bot.html)"
66.249.79.72 - - [06/Jul/2025:11:20:19 -0400] "GET /shopdetail/17650787/ HTTP/1.1" 301 0 "-" "Mozilla/5.0 (Linux; Android 6.0.1; Nexus 5X Build/MMB29P) AppleWebKit/537.36 (KHTML, like Gecko) Chrome/137.0.7151.103 Mobile Safari/537.36 (compatible; Googlebot/2.1; +http://www.google.com/bot.html)"
66.249.79.71 - - [06/Jul/2025:11:20:21 -0400] "GET /shopdetail/21479098/ HTTP/1.1" 301 0 "-" "Mozilla/5.0 (Linux; Android 6.0.1; Nexus 5X Build/MMB29P) AppleWebKit/537.36 (KHTML, like Gecko) Chrome/137.0.7151.103 Mobile Safari/537.36 (compatible; Googlebot/2.1; +http://www.google.com/bot.html)"
66.249.79.70 - - [06/Jul/2025:11:20:22 -0400] "GET /shopdetail/20540732/ HTTP/1.1" 301 0 "-" "Mozilla/5.0 (Linux; Android 6.0.1; Nexus 5X Build/MMB29P) AppleWebKit/537.36 (KHTML, like Gecko) Chrome/137.0.7151.103 Mobile Safari/537.36 (compatible; Googlebot/2.1; +http://www.google.com/bot.html)"
66.249.79.71 - - [06/Jul/2025:11:20:24 -0400] "GET /shopdetail/14252332/ HTTP/1.1" 301 0 "-" "Mozilla/5.0 (Linux; Android 6.0.1; Nexus 5X Build/MMB29P) AppleWebKit/537.36 (KHTML, like Gecko) Chrome/137.0.7151.103 Mobile Safari/537.36 (compatible; Googlebot/2.1; +http://www.google.com/bot.html)"
66.249.79.173 - - [06/Jul/2025:11:20:30 -0400] "GET /shopdetail/17502987/ HTTP/1.1" 404 16768 "-" "Mozilla/5.0 (Linux; Android 6.0.1; Nexus 5X Build/MMB29P) AppleWebKit/537.36 (KHTML, like Gecko) Chrome/137.0.7151.103 Mobile Safari/537.36 (compatible; Googlebot/2.1; +http://www.google.com/bot.html)"
66.249.79.172 - - [06/Jul/2025:11:20:30 -0400] "GET /shopdetail/17650787/ HTTP/1.1" 404 16654 "-" "Mozilla/5.0 (Linux; Android 6.0.1; Nexus 5X Build/MMB29P) AppleWebKit/537.36 (KHTML, like Gecko) Chrome/137.0.7151.103 Mobile Safari/537.36 (compatible; Googlebot/2.1; +http://www.google.com/bot.html)"
66.249.79.70 - - [06/Jul/2025:11:20:39 -0400] "GET /shopdetail/12457165/ HTTP/1.1" 301 0 "-" "Mozilla/5.0 (Linux; Android 6.0.1; Nexus 5X Build/MMB29P) AppleWebKit/537.36 (KHTML, like Gecko) Chrome/137.0.7151.103 Mobile Safari/537.36 (compatible; Googlebot/2.1; +http://www.google.com/bot.html)"
66.249.79.173 - - [06/Jul/2025:11:20:40 -0400] "GET /shopdetail/21479098/ HTTP/1.1" 404 16655 "-" "Mozilla/5.0 (Linux; Android 6.0.1; Nexus 5X Build/MMB29P) AppleWebKit/537.36 (KHTML, like Gecko) Chrome/137.0.7151.103 Mobile Safari/537.36 (compatible; Googlebot/2.1; +http://www.google.com/bot.html)"
66.249.79.173 - - [06/Jul/2025:11:20:40 -0400] "GET /shopdetail/20540732/ HTTP/1.1" 404 16771 "-" "Mozilla/5.0 (Linux; Android 6.0.1; Nexus 5X Build/MMB29P) AppleWebKit/537.36 (KHTML, like Gecko) Chrome/137.0.7151.103 Mobile Safari/537.36 (compatible; Googlebot/2.1; +http://www.google.com/bot.html)"
66.249.79.70 - - [06/Jul/2025:11:20:41 -0400] "GET /shopdetail/3229243/ HTTP/1.1" 301 0 "-" "Mozilla/5.0 (Linux; Android 6.0.1; Nexus 5X Build/MMB29P) AppleWebKit/537.36 (KHTML, like Gecko) Chrome/137.0.7151.103 Mobile Safari/537.36 (compatible; Googlebot/2.1; +http://www.google.com/bot.html)"
66.249.79.172 - - [06/Jul/2025:11:20:42 -0400] "GET /shopdetail/14252332/ HTTP/1.1" 404 16653 "-" "Mozilla/5.0 (Linux; Android 6.0.1; Nexus 5X Build/MMB29P) AppleWebKit/537.36 (KHTML, like Gecko) Chrome/137.0.7151.103 Mobile Safari/537.36 (compatible; Googlebot/2.1; +http://www.google.com/bot.html)"
66.249.79.70 - - [06/Jul/2025:11:20:45 -0400] "GET /zhHant/product/surugaya/76482708?campaign_uid=f64d716db5e979ed2f947dbaf4296895b951ae7f HTTP/1.1" 301 0 "-" "Mozilla/5.0 (Linux; Android 6.0.1; Nexus 5X Build/MMB29P) AppleWebKit/537.36 (KHTML, like Gecko) Chrome/137.0.7151.103 Mobile Safari/537.36 (compatible; Googlebot/2.1; +http://www.google.com/bot.html)"
66.249.79.172 - - [06/Jul/2025:11:20:48 -0400] "GET /shopdetail/12457165/ HTTP/1.1" 404 16654 "-" "Mozilla/5.0 (Linux; Android 6.0.1; Nexus 5X Build/MMB29P) AppleWebKit/537.36 (KHTML, like Gecko) Chrome/137.0.7151.103 Mobile Safari/537.36 (compatible; Googlebot/2.1; +http://www.google.com/bot.html)"
66.249.79.172 - - [06/Jul/2025:11:21:09 -0400] "GET /shopdetail/3229243/ HTTP/1.1" 404 16768 "-" "Mozilla/5.0 (Linux; Android 6.0.1; Nexus 5X Build/MMB29P) AppleWebKit/537.36 (KHTML, like Gecko) Chrome/137.0.7151.103 Mobile Safari/537.36 (compatible; Googlebot/2.1; +http://www.google.com/bot.html)"
66.249.79.173 - - [06/Jul/2025:11:21:22 -0400] "GET /zhHant/product/surugaya/76482708?campaign_uid=f64d716db5e979ed2f947dbaf4296895b951ae7f HTTP/1.1" 404 16769 "-" "Mozilla/5.0 (Linux; Android 6.0.1; Nexus 5X Build/MMB29P) AppleWebKit/537.36 (KHTML, like Gecko) Chrome/137.0.7151.103 Mobile Safari/537.36 (compatible; Googlebot/2.1; +http://www.google.com/bot.html)"
23.92.177.29 - - [06/Jul/2025:11:24:23 -0400] "POST /wp-cron.php?doing_wp_cron=1751815463.0087070465087890625000 HTTP/1.1" 200 0 "http://gsc-ltd.net/wp-cron.php?doing_wp_cron=1751815463.0087070465087890625000" "WordPress/6.1.1; https://gsc-ltd.net"
66.249.79.72 - - [06/Jul/2025:11:24:22 -0400] "GET /shopdetail/13661498/ HTTP/1.1" 301 0 "-" "Mozilla/5.0 (Linux; Android 6.0.1; Nexus 5X Build/MMB29P) AppleWebKit/537.36 (KHTML, like Gecko) Chrome/137.0.7151.103 Mobile Safari/537.36 (compatible; Googlebot/2.1; +http://www.google.com/bot.html)"
66.249.79.172 - - [06/Jul/2025:11:24:35 -0400] "GET /shopdetail/13661498/ HTTP/1.1" 404 16655 "-" "Mozilla/5.0 (Linux; Android 6.0.1; Nexus 5X Build/MMB29P) AppleWebKit/537.36 (KHTML, like Gecko) Chrome/137.0.7151.103 Mobile Safari/537.36 (compatible; Googlebot/2.1; +http://www.google.com/bot.html)"
66.249.79.71 - - [06/Jul/2025:11:27:54 -0400] "GET /shopdetail/23545787/ HTTP/1.1" 301 0 "-" "Mozilla/5.0 (Linux; Android 6.0.1; Nexus 5X Build/MMB29P) AppleWebKit/537.36 (KHTML, like Gecko) Chrome/137.0.7151.103 Mobile Safari/537.36 (compatible; Googlebot/2.1; +http://www.google.com/bot.html)"
23.92.177.29 - - [06/Jul/2025:11:28:04 -0400] "POST /wp-cron.php?doing_wp_cron=1751815684.3042390346527099609375 HTTP/1.1" 200 0 "http://gsc-ltd.net/wp-cron.php?doing_wp_cron=1751815684.3042390346527099609375" "WordPress/6.1.1; https://gsc-ltd.net"
66.249.79.173 - - [06/Jul/2025:11:28:04 -0400] "GET /shopdetail/23545787/ HTTP/1.1" 404 16655 "-" "Mozilla/5.0 (Linux; Android 6.0.1; Nexus 5X Build/MMB29P) AppleWebKit/537.36 (KHTML, like Gecko) Chrome/137.0.7151.103 Mobile Safari/537.36 (compatible; Googlebot/2.1; +http://www.google.com/bot.html)"
66.249.79.72 - - [06/Jul/2025:11:29:23 -0400] "GET /shopdetail/20135265/ HTTP/1.1" 301 0 "-" "Mozilla/5.0 (Linux; Android 6.0.1; Nexus 5X Build/MMB29P) AppleWebKit/537.36 (KHTML, like Gecko) Chrome/137.0.7151.103 Mobile Safari/537.36 (compatible; Googlebot/2.1; +http://www.google.com/bot.html)"
66.249.79.160 - - [06/Jul/2025:11:29:30 -0400] "GET /shopdetail/20135265/ HTTP/1.1" 404 16654 "-" "Mozilla/5.0 (Linux; Android 6.0.1; Nexus 5X Build/MMB29P) AppleWebKit/537.36 (KHTML, like Gecko) Chrome/137.0.7151.103 Mobile Safari/537.36 (compatible; Googlebot/2.1; +http://www.google.com/bot.html)"
216.73.216.55 - - [06/Jul/2025:11:32:52 -0400] "GET /shopdetail/2316009 HTTP/1.1" 404 18702 "-" "Mozilla/5.0 AppleWebKit/537.36 (KHTML, like Gecko; compatible; ClaudeBot/1.0; +claudebot@anthropic.com)"
216.73.216.55 - - [06/Jul/2025:11:32:52 -0400] "GET /shopdetail/602976 HTTP/1.1" 404 19065 "-" "Mozilla/5.0 AppleWebKit/537.36 (KHTML, like Gecko; compatible; ClaudeBot/1.0; +claudebot@anthropic.com)"
216.73.216.55 - - [06/Jul/2025:11:32:52 -0400] "GET /shopdetail/11056521 HTTP/1.1" 404 18707 "-" "Mozilla/5.0 AppleWebKit/537.36 (KHTML, like Gecko; compatible; ClaudeBot/1.0; +claudebot@anthropic.com)"
216.73.216.55 - - [06/Jul/2025:11:32:52 -0400] "GET /wp-content/themes/twentyseventeen-child/js/owl.carousel.min.js HTTP/1.1" 200 14164 "http://gsc-ltd.net/shopdetail/2316009" "Mozilla/5.0 AppleWebKit/537.36 (KHTML, like Gecko; compatible; ClaudeBot/1.0; +claudebot@anthropic.com)"
216.73.216.55 - - [06/Jul/2025:11:32:52 -0400] "GET /wp-content/themes/twentyseventeen-child/js/bootstrap.min.js HTTP/1.1" 200 13053 "http://gsc-ltd.net/shopdetail/2316009" "Mozilla/5.0 AppleWebKit/537.36 (KHTML, like Gecko; compatible; ClaudeBot/1.0; +claudebot@anthropic.com)"
216.73.216.55 - - [06/Jul/2025:11:32:52 -0400] "GET /wp-content/themes/twentyseventeen-child/js/jquery.min.js HTTP/1.1" 200 37000 "http://gsc-ltd.net/shopdetail/602976" "Mozilla/5.0 AppleWebKit/537.36 (KHTML, like Gecko; compatible; ClaudeBot/1.0; +claudebot@anthropic.com)"
216.73.216.55 - - [06/Jul/2025:11:32:52 -0400] "GET /wp-content/themes/twentyseventeen-child/js/jquery.min.js HTTP/1.1" 200 37000 "http://gsc-ltd.net/shopdetail/2316009" "Mozilla/5.0 AppleWebKit/537.36 (KHTML, like Gecko; compatible; ClaudeBot/1.0; +claudebot@anthropic.com)"
216.73.216.55 - - [06/Jul/2025:11:32:52 -0400] "GET /wp-content/themes/twentyseventeen-child/js/jquery.waypoints.min.js HTTP/1.1" 200 5774 "http://gsc-ltd.net/shopdetail/2316009" "Mozilla/5.0 AppleWebKit/537.36 (KHTML, like Gecko; compatible; ClaudeBot/1.0; +claudebot@anthropic.com)"
216.73.216.55 - - [06/Jul/2025:11:32:52 -0400] "GET /wp-content/themes/twentyseventeen-child/js/jquery.min.js HTTP/1.1" 200 37000 "http://gsc-ltd.net/shopdetail/11056521" "Mozilla/5.0 AppleWebKit/537.36 (KHTML, like Gecko; compatible; ClaudeBot/1.0; +claudebot@anthropic.com)"
216.73.216.55 - - [06/Jul/2025:11:32:52 -0400] "GET /wp-content/themes/twentyseventeen-child/js/bootstrap.min.js HTTP/1.1" 200 13053 "http://gsc-ltd.net/shopdetail/602976" "Mozilla/5.0 AppleWebKit/537.36 (KHTML, like Gecko; compatible; ClaudeBot/1.0; +claudebot@anthropic.com)"
216.73.216.55 - - [06/Jul/2025:11:32:52 -0400] "GET /wp-content/themes/twentyseventeen-child/js/owl.carousel.min.js HTTP/1.1" 200 14164 "http://gsc-ltd.net/shopdetail/602976" "Mozilla/5.0 AppleWebKit/537.36 (KHTML, like Gecko; compatible; ClaudeBot/1.0; +claudebot@anthropic.com)"
216.73.216.55 - - [06/Jul/2025:11:32:52 -0400] "GET /wp-content/themes/twentyseventeen-child/js/owl.carousel.min.js HTTP/1.1" 200 14164 "http://gsc-ltd.net/shopdetail/11056521" "Mozilla/5.0 AppleWebKit/537.36 (KHTML, like Gecko; compatible; ClaudeBot/1.0; +claudebot@anthropic.com)"
216.73.216.55 - - [06/Jul/2025:11:32:52 -0400] "GET /wp-content/themes/twentyseventeen-child/js/bootstrap.min.js HTTP/1.1" 200 13053 "http://gsc-ltd.net/shopdetail/11056521" "Mozilla/5.0 AppleWebKit/537.36 (KHTML, like Gecko; compatible; ClaudeBot/1.0; +claudebot@anthropic.com)"
216.73.216.55 - - [06/Jul/2025:11:32:52 -0400] "GET /wp-content/themes/twentyseventeen-child/js/jquery.waypoints.min.js HTTP/1.1" 200 5774 "http://gsc-ltd.net/shopdetail/602976" "Mozilla/5.0 AppleWebKit/537.36 (KHTML, like Gecko; compatible; ClaudeBot/1.0; +claudebot@anthropic.com)"
216.73.216.55 - - [06/Jul/2025:11:32:52 -0400] "GET /wp-content/themes/twentyseventeen-child/js/jquery.waypoints.min.js HTTP/1.1" 200 5774 "http://gsc-ltd.net/shopdetail/11056521" "Mozilla/5.0 AppleWebKit/537.36 (KHTML, like Gecko; compatible; ClaudeBot/1.0; +claudebot@anthropic.com)"
216.73.216.55 - - [06/Jul/2025:11:32:52 -0400] "GET /wp-content/themes/twentyseventeen-child/js/jquery.countup.js HTTP/1.1" 200 4089 "http://gsc-ltd.net/shopdetail/2316009" "Mozilla/5.0 AppleWebKit/537.36 (KHTML, like Gecko; compatible; ClaudeBot/1.0; +claudebot@anthropic.com)"
