216.73.216.55 - - [06/Jul/2025:11:32:52 -0400] "GET /wp-content/themes/twentyseventeen-child/js/jquery.countup.js HTTP/1.1" 200 4089 "http://gsc-ltd.net/shopdetail/602976" "Mozilla/5.0 AppleWebKit/537.36 (KHTML, like Gecko; compatible; ClaudeBot/1.0; +claudebot@anthropic.com)"
216.73.216.55 - - [06/Jul/2025:11:32:52 -0400] "GET /wp-content/themes/twentyseventeen-child/js/jquery.countup.js HTTP/1.1" 200 4089 "http://gsc-ltd.net/shopdetail/11056521" "Mozilla/5.0 AppleWebKit/537.36 (KHTML, like Gecko; compatible; ClaudeBot/1.0; +claudebot@anthropic.com)"
216.73.216.55 - - [06/Jul/2025:11:32:52 -0400] "GET /wp-content/themes/twentyseventeen-child/js/wow.js HTTP/1.1" 200 6658 "http://gsc-ltd.net/shopdetail/2316009" "Mozilla/5.0 AppleWebKit/537.36 (KHTML, like Gecko; compatible; ClaudeBot/1.0; +claudebot@anthropic.com)"
216.73.216.55 - - [06/Jul/2025:11:32:52 -0400] "GET /wp-content/themes/twentyseventeen-child/js/wow.js HTTP/1.1" 200 6658 "http://gsc-ltd.net/shopdetail/602976" "Mozilla/5.0 AppleWebKit/537.36 (KHTML, like Gecko; compatible; ClaudeBot/1.0; +claudebot@anthropic.com)"
216.73.216.55 - - [06/Jul/2025:11:32:52 -0400] "GET /wp-content/themes/twentyseventeen-child/js/wow.js HTTP/1.1" 200 6658 "http://gsc-ltd.net/shopdetail/11056521" "Mozilla/5.0 AppleWebKit/537.36 (KHTML, like Gecko; compatible; ClaudeBot/1.0; +claudebot@anthropic.com)"
23.92.177.29 - - [06/Jul/2025:11:35:18 -0400] "POST /wp-cron.php?doing_wp_cron=1751816118.5268740653991699218750 HTTP/1.1" 200 0 "http://gsc-ltd.net/wp-cron.php?doing_wp_cron=1751816118.5268740653991699218750" "WordPress/6.1.1; https://gsc-ltd.net"
66.249.79.72 - - [06/Jul/2025:11:35:18 -0400] "GET /shopdetail/19263209/ HTTP/1.1" 301 0 "-" "Mozilla/5.0 (Linux; Android 6.0.1; Nexus 5X Build/MMB29P) AppleWebKit/537.36 (KHTML, like Gecko) Chrome/137.0.7151.103 Mobile Safari/537.36 (compatible; Googlebot/2.1; +http://www.google.com/bot.html)"
66.249.79.160 - - [06/Jul/2025:11:35:18 -0400] "GET /shopdetail/19263209/ HTTP/1.1" 404 16767 "-" "Mozilla/5.0 (Linux; Android 6.0.1; Nexus 5X Build/MMB29P) AppleWebKit/537.36 (KHTML, like Gecko) Chrome/137.0.7151.103 Mobile Safari/537.36 (compatible; Googlebot/2.1; +http://www.google.com/bot.html)"
23.92.177.29 - - [06/Jul/2025:11:40:50 -0400] "POST /wp-cron.php?doing_wp_cron=1751816450.2413690090179443359375 HTTP/1.1" 200 0 "http://gsc-ltd.net/wp-cron.php?doing_wp_cron=1751816450.2413690090179443359375" "WordPress/6.1.1; https://gsc-ltd.net"
47.82.60.16 - - [06/Jul/2025:11:40:50 -0400] "GET /shopdetail/8898910/ HTTP/1.1" 301 0 "http://www.gsc-ltd.net/shopdetail/8898910/" "Mozilla/5.0 (Windows NT 10.0; Win64; x64) AppleWebKit/537.36 (KHTML, like Gecko) Chrome/114.0.0.0 Safari/537.36 Edg/114.0.1823.43"
47.82.60.16 - - [06/Jul/2025:11:40:50 -0400] "GET /shopdetail/8898910/ HTTP/1.1" 404 19067 "http://www.gsc-ltd.net/shopdetail/8898910/" "Mozilla/5.0 (Windows NT 10.0; Win64; x64) AppleWebKit/537.36 (KHTML, like Gecko) Chrome/114.0.0.0 Safari/537.36 Edg/114.0.1823.43"
23.92.177.29 - - [06/Jul/2025:11:43:14 -0400] "POST /wp-cron.php?doing_wp_cron=1751816594.2871708869934082031250 HTTP/1.1" 200 0 "http://gsc-ltd.net/wp-cron.php?doing_wp_cron=1751816594.2871708869934082031250" "WordPress/6.1.1; https://gsc-ltd.net"
3.108.170.197 - - [06/Jul/2025:11:43:14 -0400] "POST /xmlrpc.php HTTP/1.1" 500 0 "-" "Mozilla/5.0 (X11; Ubuntu; Linux x86_64; rv:85.0) Gecko/20100101 Firefox/91.0"
66.249.79.70 - - [06/Jul/2025:11:43:29 -0400] "GET /shopdetail/9910476/ HTTP/1.1" 301 0 "-" "Mozilla/5.0 (Linux; Android 6.0.1; Nexus 5X Build/MMB29P) AppleWebKit/537.36 (KHTML, like Gecko) Chrome/137.0.7151.103 Mobile Safari/537.36 (compatible; Googlebot/2.1; +http://www.google.com/bot.html)"
66.249.79.172 - - [06/Jul/2025:11:43:30 -0400] "GET /shopdetail/9910476/ HTTP/1.1" 404 16769 "-" "Mozilla/5.0 (Linux; Android 6.0.1; Nexus 5X Build/MMB29P) AppleWebKit/537.36 (KHTML, like Gecko) Chrome/137.0.7151.103 Mobile Safari/537.36 (compatible; Googlebot/2.1; +http://www.google.com/bot.html)"
66.249.79.72 - - [06/Jul/2025:11:47:07 -0400] "GET /shopdetail/19983121/ HTTP/1.1" 301 0 "-" "Mozilla/5.0 (Linux; Android 6.0.1; Nexus 5X Build/MMB29P) AppleWebKit/537.36 (KHTML, like Gecko) Chrome/137.0.7151.103 Mobile Safari/537.36 (compatible; Googlebot/2.1; +http://www.google.com/bot.html)"
216.73.216.55 - - [06/Jul/2025:11:47:07 -0400] "GET /robots.txt HTTP/1.1" 200 64 "-" "Mozilla/5.0 AppleWebKit/537.36 (KHTML, like Gecko; compatible; ClaudeBot/1.0; +claudebot@anthropic.com)"
216.73.216.55 - - [06/Jul/2025:11:47:07 -0400] "GET /shopdetail/15324010 HTTP/1.1" 404 19065 "-" "Mozilla/5.0 AppleWebKit/537.36 (KHTML, like Gecko; compatible; ClaudeBot/1.0; +claudebot@anthropic.com)"
216.73.216.55 - - [06/Jul/2025:11:47:07 -0400] "GET /shopdetail/16015598 HTTP/1.1" 404 18706 "-" "Mozilla/5.0 AppleWebKit/537.36 (KHTML, like Gecko; compatible; ClaudeBot/1.0; +claudebot@anthropic.com)"
216.73.216.55 - - [06/Jul/2025:11:47:07 -0400] "GET /wp-content/themes/twentyseventeen-child/js/jquery.waypoints.min.js HTTP/1.1" 200 5774 "http://gsc-ltd.net/shopdetail/15324010" "Mozilla/5.0 AppleWebKit/537.36 (KHTML, like Gecko; compatible; ClaudeBot/1.0; +claudebot@anthropic.com)"
216.73.216.55 - - [06/Jul/2025:11:47:07 -0400] "GET /wp-content/themes/twentyseventeen-child/js/bootstrap.min.js HTTP/1.1" 200 13053 "http://gsc-ltd.net/shopdetail/15324010" "Mozilla/5.0 AppleWebKit/537.36 (KHTML, like Gecko; compatible; ClaudeBot/1.0; +claudebot@anthropic.com)"
216.73.216.55 - - [06/Jul/2025:11:47:07 -0400] "GET /wp-content/themes/twentyseventeen-child/js/owl.carousel.min.js HTTP/1.1" 200 14164 "http://gsc-ltd.net/shopdetail/15324010" "Mozilla/5.0 AppleWebKit/537.36 (KHTML, like Gecko; compatible; ClaudeBot/1.0; +claudebot@anthropic.com)"
216.73.216.55 - - [06/Jul/2025:11:47:07 -0400] "GET /wp-content/themes/twentyseventeen-child/js/jquery.min.js HTTP/1.1" 200 37000 "http://gsc-ltd.net/shopdetail/15324010" "Mozilla/5.0 AppleWebKit/537.36 (KHTML, like Gecko; compatible; ClaudeBot/1.0; +claudebot@anthropic.com)"
66.249.79.173 - - [06/Jul/2025:11:47:07 -0400] "GET /shopdetail/19983121/ HTTP/1.1" 404 16778 "-" "Mozilla/5.0 (Linux; Android 6.0.1; Nexus 5X Build/MMB29P) AppleWebKit/537.36 (KHTML, like Gecko) Chrome/137.0.7151.103 Mobile Safari/537.36 (compatible; Googlebot/2.1; +http://www.google.com/bot.html)"
216.73.216.55 - - [06/Jul/2025:11:47:07 -0400] "GET /shopdetail/2737887 HTTP/1.1" 404 18706 "-" "Mozilla/5.0 AppleWebKit/537.36 (KHTML, like Gecko; compatible; ClaudeBot/1.0; +claudebot@anthropic.com)"
216.73.216.55 - - [06/Jul/2025:11:47:07 -0400] "GET /wp-content/themes/twentyseventeen-child/js/jquery.countup.js HTTP/1.1" 200 4089 "http://gsc-ltd.net/shopdetail/15324010" "Mozilla/5.0 AppleWebKit/537.36 (KHTML, like Gecko; compatible; ClaudeBot/1.0; +claudebot@anthropic.com)"
216.73.216.55 - - [06/Jul/2025:11:47:07 -0400] "GET /wp-content/themes/twentyseventeen-child/js/jquery.min.js HTTP/1.1" 200 37000 "http://gsc-ltd.net/shopdetail/16015598" "Mozilla/5.0 AppleWebKit/537.36 (KHTML, like Gecko; compatible; ClaudeBot/1.0; +claudebot@anthropic.com)"
216.73.216.55 - - [06/Jul/2025:11:47:07 -0400] "GET /wp-content/themes/twentyseventeen-child/js/owl.carousel.min.js HTTP/1.1" 200 14164 "http://gsc-ltd.net/shopdetail/16015598" "Mozilla/5.0 AppleWebKit/537.36 (KHTML, like Gecko; compatible; ClaudeBot/1.0; +claudebot@anthropic.com)"
216.73.216.55 - - [06/Jul/2025:11:47:07 -0400] "GET /wp-content/themes/twentyseventeen-child/js/bootstrap.min.js HTTP/1.1" 200 13053 "http://gsc-ltd.net/shopdetail/16015598" "Mozilla/5.0 AppleWebKit/537.36 (KHTML, like Gecko; compatible; ClaudeBot/1.0; +claudebot@anthropic.com)"
216.73.216.55 - - [06/Jul/2025:11:47:07 -0400] "GET /wp-content/themes/twentyseventeen-child/js/jquery.min.js HTTP/1.1" 200 37000 "http://gsc-ltd.net/shopdetail/2737887" "Mozilla/5.0 AppleWebKit/537.36 (KHTML, like Gecko; compatible; ClaudeBot/1.0; +claudebot@anthropic.com)"
216.73.216.55 - - [06/Jul/2025:11:47:07 -0400] "GET /wp-content/themes/twentyseventeen-child/js/jquery.waypoints.min.js HTTP/1.1" 200 5774 "http://gsc-ltd.net/shopdetail/16015598" "Mozilla/5.0 AppleWebKit/537.36 (KHTML, like Gecko; compatible; ClaudeBot/1.0; +claudebot@anthropic.com)"
216.73.216.55 - - [06/Jul/2025:11:47:07 -0400] "GET /wp-content/themes/twentyseventeen-child/js/owl.carousel.min.js HTTP/1.1" 200 14164 "http://gsc-ltd.net/shopdetail/2737887" "Mozilla/5.0 AppleWebKit/537.36 (KHTML, like Gecko; compatible; ClaudeBot/1.0; +claudebot@anthropic.com)"
216.73.216.55 - - [06/Jul/2025:11:47:07 -0400] "GET /wp-content/themes/twentyseventeen-child/js/bootstrap.min.js HTTP/1.1" 200 13053 "http://gsc-ltd.net/shopdetail/2737887" "Mozilla/5.0 AppleWebKit/537.36 (KHTML, like Gecko; compatible; ClaudeBot/1.0; +claudebot@anthropic.com)"
216.73.216.55 - - [06/Jul/2025:11:47:07 -0400] "GET /wp-content/themes/twentyseventeen-child/js/jquery.countup.js HTTP/1.1" 200 4089 "http://gsc-ltd.net/shopdetail/16015598" "Mozilla/5.0 AppleWebKit/537.36 (KHTML, like Gecko; compatible; ClaudeBot/1.0; +claudebot@anthropic.com)"
216.73.216.55 - - [06/Jul/2025:11:47:07 -0400] "GET /wp-content/themes/twentyseventeen-child/js/wow.js HTTP/1.1" 200 6658 "http://gsc-ltd.net/shopdetail/15324010" "Mozilla/5.0 AppleWebKit/537.36 (KHTML, like Gecko; compatible; ClaudeBot/1.0; +claudebot@anthropic.com)"
216.73.216.55 - - [06/Jul/2025:11:47:07 -0400] "GET /wp-content/themes/twentyseventeen-child/js/jquery.countup.js HTTP/1.1" 200 4089 "http://gsc-ltd.net/shopdetail/2737887" "Mozilla/5.0 AppleWebKit/537.36 (KHTML, like Gecko; compatible; ClaudeBot/1.0; +claudebot@anthropic.com)"
216.73.216.55 - - [06/Jul/2025:11:47:07 -0400] "GET /wp-content/themes/twentyseventeen-child/js/wow.js HTTP/1.1" 200 6658 "http://gsc-ltd.net/shopdetail/2737887" "Mozilla/5.0 AppleWebKit/537.36 (KHTML, like Gecko; compatible; ClaudeBot/1.0; +claudebot@anthropic.com)"
216.73.216.55 - - [06/Jul/2025:11:47:07 -0400] "GET /wp-content/themes/twentyseventeen-child/js/wow.js HTTP/1.1" 200 6658 "http://gsc-ltd.net/shopdetail/16015598" "Mozilla/5.0 AppleWebKit/537.36 (KHTML, like Gecko; compatible; ClaudeBot/1.0; +claudebot@anthropic.com)"
23.92.177.29 - - [06/Jul/2025:11:55:25 -0400] "POST /wp-cron.php?doing_wp_cron=1751817325.2082519531250000000000 HTTP/1.1" 200 0 "http://gsc-ltd.net/wp-cron.php?doing_wp_cron=1751817325.2082519531250000000000" "WordPress/6.1.1; https://gsc-ltd.net"
66.249.79.71 - - [06/Jul/2025:11:55:25 -0400] "GET /shopdetail/9976132/ HTTP/1.1" 301 0 "-" "Mozilla/5.0 (Linux; Android 6.0.1; Nexus 5X Build/MMB29P) AppleWebKit/537.36 (KHTML, like Gecko) Chrome/137.0.7151.103 Mobile Safari/537.36 (compatible; Googlebot/2.1; +http://www.google.com/bot.html)"
66.249.79.173 - - [06/Jul/2025:11:55:25 -0400] "GET /shopdetail/9976132/ HTTP/1.1" 404 16655 "-" "Mozilla/5.0 (Linux; Android 6.0.1; Nexus 5X Build/MMB29P) AppleWebKit/537.36 (KHTML, like Gecko) Chrome/137.0.7151.103 Mobile Safari/537.36 (compatible; Googlebot/2.1; +http://www.google.com/bot.html)"
23.92.177.29 - - [06/Jul/2025:11:59:16 -0400] "POST /wp-cron.php?doing_wp_cron=1751817556.3079319000244140625000 HTTP/1.1" 200 0 "http://gsc-ltd.net/wp-cron.php?doing_wp_cron=1751817556.3079319000244140625000" "WordPress/6.1.1; https://gsc-ltd.net"
66.249.79.72 - - [06/Jul/2025:11:59:16 -0400] "GET /shopdetail/8067087/ HTTP/1.1" 301 0 "-" "Mozilla/5.0 (Linux; Android 6.0.1; Nexus 5X Build/MMB29P) AppleWebKit/537.36 (KHTML, like Gecko) Chrome/137.0.7151.103 Mobile Safari/537.36 (compatible; Googlebot/2.1; +http://www.google.com/bot.html)"
66.249.79.172 - - [06/Jul/2025:11:59:16 -0400] "GET /shopdetail/8067087/ HTTP/1.1" 404 16655 "-" "Mozilla/5.0 (Linux; Android 6.0.1; Nexus 5X Build/MMB29P) AppleWebKit/537.36 (KHTML, like Gecko) Chrome/137.0.7151.103 Mobile Safari/537.36 (compatible; Googlebot/2.1; +http://www.google.com/bot.html)"
216.73.216.55 - - [06/Jul/2025:12:00:13 -0400] "GET /shopdetail/12880121 HTTP/1.1" 404 18702 "-" "Mozilla/5.0 AppleWebKit/537.36 (KHTML, like Gecko; compatible; ClaudeBot/1.0; +claudebot@anthropic.com)"
216.73.216.55 - - [06/Jul/2025:12:00:13 -0400] "GET /shopdetail/15059565 HTTP/1.1" 404 18708 "-" "Mozilla/5.0 AppleWebKit/537.36 (KHTML, like Gecko; compatible; ClaudeBot/1.0; +claudebot@anthropic.com)"
216.73.216.55 - - [06/Jul/2025:12:00:13 -0400] "GET /shopdetail/946643 HTTP/1.1" 404 18705 "-" "Mozilla/5.0 AppleWebKit/537.36 (KHTML, like Gecko; compatible; ClaudeBot/1.0; +claudebot@anthropic.com)"
216.73.216.55 - - [06/Jul/2025:12:00:14 -0400] "GET /wp-content/themes/twentyseventeen-child/js/jquery.min.js HTTP/1.1" 200 37000 "http://gsc-ltd.net/shopdetail/15059565" "Mozilla/5.0 AppleWebKit/537.36 (KHTML, like Gecko; compatible; ClaudeBot/1.0; +claudebot@anthropic.com)"
216.73.216.55 - - [06/Jul/2025:12:00:14 -0400] "GET /wp-content/themes/twentyseventeen-child/js/owl.carousel.min.js HTTP/1.1" 200 14164 "http://gsc-ltd.net/shopdetail/15059565" "Mozilla/5.0 AppleWebKit/537.36 (KHTML, like Gecko; compatible; ClaudeBot/1.0; +claudebot@anthropic.com)"
216.73.216.55 - - [06/Jul/2025:12:00:14 -0400] "GET /wp-content/themes/twentyseventeen-child/js/bootstrap.min.js HTTP/1.1" 200 13053 "http://gsc-ltd.net/shopdetail/15059565" "Mozilla/5.0 AppleWebKit/537.36 (KHTML, like Gecko; compatible; ClaudeBot/1.0; +claudebot@anthropic.com)"
216.73.216.55 - - [06/Jul/2025:12:00:14 -0400] "GET /wp-content/themes/twentyseventeen-child/js/jquery.min.js HTTP/1.1" 200 37000 "http://gsc-ltd.net/shopdetail/12880121" "Mozilla/5.0 AppleWebKit/537.36 (KHTML, like Gecko; compatible; ClaudeBot/1.0; +claudebot@anthropic.com)"
216.73.216.55 - - [06/Jul/2025:12:00:14 -0400] "GET /wp-content/themes/twentyseventeen-child/js/bootstrap.min.js HTTP/1.1" 200 13053 "http://gsc-ltd.net/shopdetail/12880121" "Mozilla/5.0 AppleWebKit/537.36 (KHTML, like Gecko; compatible; ClaudeBot/1.0; +claudebot@anthropic.com)"
216.73.216.55 - - [06/Jul/2025:12:00:14 -0400] "GET /wp-content/themes/twentyseventeen-child/js/owl.carousel.min.js HTTP/1.1" 200 14164 "http://gsc-ltd.net/shopdetail/12880121" "Mozilla/5.0 AppleWebKit/537.36 (KHTML, like Gecko; compatible; ClaudeBot/1.0; +claudebot@anthropic.com)"
216.73.216.55 - - [06/Jul/2025:12:00:14 -0400] "GET /wp-content/themes/twentyseventeen-child/js/jquery.min.js HTTP/1.1" 200 37000 "http://gsc-ltd.net/shopdetail/946643" "Mozilla/5.0 AppleWebKit/537.36 (KHTML, like Gecko; compatible; ClaudeBot/1.0; +claudebot@anthropic.com)"
216.73.216.55 - - [06/Jul/2025:12:00:14 -0400] "GET /wp-content/themes/twentyseventeen-child/js/owl.carousel.min.js HTTP/1.1" 200 14164 "http://gsc-ltd.net/shopdetail/946643" "Mozilla/5.0 AppleWebKit/537.36 (KHTML, like Gecko; compatible; ClaudeBot/1.0; +claudebot@anthropic.com)"
216.73.216.55 - - [06/Jul/2025:12:00:14 -0400] "GET /wp-content/themes/twentyseventeen-child/js/bootstrap.min.js HTTP/1.1" 200 13053 "http://gsc-ltd.net/shopdetail/946643" "Mozilla/5.0 AppleWebKit/537.36 (KHTML, like Gecko; compatible; ClaudeBot/1.0; +claudebot@anthropic.com)"
216.73.216.55 - - [06/Jul/2025:12:00:14 -0400] "GET /wp-content/themes/twentyseventeen-child/js/jquery.waypoints.min.js HTTP/1.1" 200 5774 "http://gsc-ltd.net/shopdetail/15059565" "Mozilla/5.0 AppleWebKit/537.36 (KHTML, like Gecko; compatible; ClaudeBot/1.0; +claudebot@anthropic.com)"
216.73.216.55 - - [06/Jul/2025:12:00:14 -0400] "GET /wp-content/themes/twentyseventeen-child/js/jquery.countup.js HTTP/1.1" 200 4089 "http://gsc-ltd.net/shopdetail/15059565" "Mozilla/5.0 AppleWebKit/537.36 (KHTML, like Gecko; compatible; ClaudeBot/1.0; +claudebot@anthropic.com)"
216.73.216.55 - - [06/Jul/2025:12:00:14 -0400] "GET /wp-content/themes/twentyseventeen-child/js/jquery.waypoints.min.js HTTP/1.1" 200 5774 "http://gsc-ltd.net/shopdetail/12880121" "Mozilla/5.0 AppleWebKit/537.36 (KHTML, like Gecko; compatible; ClaudeBot/1.0; +claudebot@anthropic.com)"
216.73.216.55 - - [06/Jul/2025:12:00:14 -0400] "GET /wp-content/themes/twentyseventeen-child/js/jquery.countup.js HTTP/1.1" 200 4089 "http://gsc-ltd.net/shopdetail/12880121" "Mozilla/5.0 AppleWebKit/537.36 (KHTML, like Gecko; compatible; ClaudeBot/1.0; +claudebot@anthropic.com)"
216.73.216.55 - - [06/Jul/2025:12:00:14 -0400] "GET /wp-content/themes/twentyseventeen-child/js/jquery.waypoints.min.js HTTP/1.1" 200 5774 "http://gsc-ltd.net/shopdetail/946643" "Mozilla/5.0 AppleWebKit/537.36 (KHTML, like Gecko; compatible; ClaudeBot/1.0; +claudebot@anthropic.com)"
216.73.216.55 - - [06/Jul/2025:12:00:14 -0400] "GET /wp-content/themes/twentyseventeen-child/js/jquery.countup.js HTTP/1.1" 200 4089 "http://gsc-ltd.net/shopdetail/946643" "Mozilla/5.0 AppleWebKit/537.36 (KHTML, like Gecko; compatible; ClaudeBot/1.0; +claudebot@anthropic.com)"
216.73.216.55 - - [06/Jul/2025:12:00:14 -0400] "GET /wp-content/themes/twentyseventeen-child/js/wow.js HTTP/1.1" 200 6658 "http://gsc-ltd.net/shopdetail/15059565" "Mozilla/5.0 AppleWebKit/537.36 (KHTML, like Gecko; compatible; ClaudeBot/1.0; +claudebot@anthropic.com)"
216.73.216.55 - - [06/Jul/2025:12:00:14 -0400] "GET /wp-content/themes/twentyseventeen-child/js/wow.js HTTP/1.1" 200 6658 "http://gsc-ltd.net/shopdetail/12880121" "Mozilla/5.0 AppleWebKit/537.36 (KHTML, like Gecko; compatible; ClaudeBot/1.0; +claudebot@anthropic.com)"
216.73.216.55 - - [06/Jul/2025:12:00:14 -0400] "GET /wp-content/themes/twentyseventeen-child/js/wow.js HTTP/1.1" 200 6658 "http://gsc-ltd.net/shopdetail/946643" "Mozilla/5.0 AppleWebKit/537.36 (KHTML, like Gecko; compatible; ClaudeBot/1.0; +claudebot@anthropic.com)"
23.92.177.29 - - [06/Jul/2025:12:04:41 -0400] "POST /wp-cron.php?doing_wp_cron=1751817881.6010301113128662109375 HTTP/1.1" 200 0 "http://gsc-ltd.net/wp-cron.php?doing_wp_cron=1751817881.6010301113128662109375" "WordPress/6.1.1; https://gsc-ltd.net"
66.249.79.72 - - [06/Jul/2025:12:04:41 -0400] "GET /shopdetail/18115443/ HTTP/1.1" 301 0 "-" "Mozilla/5.0 (Linux; Android 6.0.1; Nexus 5X Build/MMB29P) AppleWebKit/537.36 (KHTML, like Gecko) Chrome/137.0.7151.103 Mobile Safari/537.36 (compatible; Googlebot/2.1; +http://www.google.com/bot.html)"
66.249.79.160 - - [06/Jul/2025:12:04:41 -0400] "GET /shopdetail/18115443/ HTTP/1.1" 404 16655 "-" "Mozilla/5.0 (Linux; Android 6.0.1; Nexus 5X Build/MMB29P) AppleWebKit/537.36 (KHTML, like Gecko) Chrome/137.0.7151.103 Mobile Safari/537.36 (compatible; Googlebot/2.1; +http://www.google.com/bot.html)"
66.249.79.72 - - [06/Jul/2025:12:06:26 -0400] "GET /shopdetail/14563032/ HTTP/1.1" 301 0 "-" "Mozilla/5.0 (Linux; Android 6.0.1; Nexus 5X Build/MMB29P) AppleWebKit/537.36 (KHTML, like Gecko) Chrome/137.0.7151.103 Mobile Safari/537.36 (compatible; Googlebot/2.1; +http://www.google.com/bot.html)"
66.249.79.172 - - [06/Jul/2025:12:06:27 -0400] "GET /shopdetail/14563032/ HTTP/1.1" 404 16653 "-" "Mozilla/5.0 (Linux; Android 6.0.1; Nexus 5X Build/MMB29P) AppleWebKit/537.36 (KHTML, like Gecko) Chrome/137.0.7151.103 Mobile Safari/537.36 (compatible; Googlebot/2.1; +http://www.google.com/bot.html)"
66.249.79.71 - - [06/Jul/2025:12:06:32 -0400] "GET /shopdetail/13438665/ HTTP/1.1" 301 0 "-" "Mozilla/5.0 (Linux; Android 6.0.1; Nexus 5X Build/MMB29P) AppleWebKit/537.36 (KHTML, like Gecko) Chrome/137.0.7151.103 Mobile Safari/537.36 (compatible; Googlebot/2.1; +http://www.google.com/bot.html)"
66.249.79.173 - - [06/Jul/2025:12:06:32 -0400] "GET /shopdetail/13438665/ HTTP/1.1" 404 16656 "-" "Mozilla/5.0 (Linux; Android 6.0.1; Nexus 5X Build/MMB29P) AppleWebKit/537.36 (KHTML, like Gecko) Chrome/137.0.7151.103 Mobile Safari/537.36 (compatible; Googlebot/2.1; +http://www.google.com/bot.html)"
66.249.79.70 - - [06/Jul/2025:12:06:34 -0400] "GET /shopdetail/11115121/ HTTP/1.1" 301 0 "-" "Mozilla/5.0 (Linux; Android 6.0.1; Nexus 5X Build/MMB29P) AppleWebKit/537.36 (KHTML, like Gecko) Chrome/137.0.7151.103 Mobile Safari/537.36 (compatible; Googlebot/2.1; +http://www.google.com/bot.html)"
66.249.79.172 - - [06/Jul/2025:12:06:35 -0400] "GET /shopdetail/11115121/ HTTP/1.1" 404 16655 "-" "Mozilla/5.0 (Linux; Android 6.0.1; Nexus 5X Build/MMB29P) AppleWebKit/537.36 (KHTML, like Gecko) Chrome/137.0.7151.103 Mobile Safari/537.36 (compatible; Googlebot/2.1; +http://www.google.com/bot.html)"
66.249.79.70 - - [06/Jul/2025:12:06:37 -0400] "GET /shopdetail/13360210/ HTTP/1.1" 301 0 "-" "Mozilla/5.0 (Linux; Android 6.0.1; Nexus 5X Build/MMB29P) AppleWebKit/537.36 (KHTML, like Gecko) Chrome/137.0.7151.103 Mobile Safari/537.36 (compatible; Googlebot/2.1; +http://www.google.com/bot.html)"
66.249.79.172 - - [06/Jul/2025:12:06:37 -0400] "GET /shopdetail/13360210/ HTTP/1.1" 404 16655 "-" "Mozilla/5.0 (Linux; Android 6.0.1; Nexus 5X Build/MMB29P) AppleWebKit/537.36 (KHTML, like Gecko) Chrome/137.0.7151.103 Mobile Safari/537.36 (compatible; Googlebot/2.1; +http://www.google.com/bot.html)"
66.249.79.70 - - [06/Jul/2025:12:06:43 -0400] "GET /shopdetail/16773043/ HTTP/1.1" 301 0 "-" "Mozilla/5.0 (Linux; Android 6.0.1; Nexus 5X Build/MMB29P) AppleWebKit/537.36 (KHTML, like Gecko) Chrome/137.0.7151.103 Mobile Safari/537.36 (compatible; Googlebot/2.1; +http://www.google.com/bot.html)"
66.249.79.172 - - [06/Jul/2025:12:06:43 -0400] "GET /shopdetail/16773043/ HTTP/1.1" 404 16654 "-" "Mozilla/5.0 (Linux; Android 6.0.1; Nexus 5X Build/MMB29P) AppleWebKit/537.36 (KHTML, like Gecko) Chrome/137.0.7151.103 Mobile Safari/537.36 (compatible; Googlebot/2.1; +http://www.google.com/bot.html)"
66.249.79.70 - - [06/Jul/2025:12:06:46 -0400] "GET /shopdetail/24670921/ HTTP/1.1" 301 0 "-" "Mozilla/5.0 (Linux; Android 6.0.1; Nexus 5X Build/MMB29P) AppleWebKit/537.36 (KHTML, like Gecko) Chrome/137.0.7151.103 Mobile Safari/537.36 (compatible; Googlebot/2.1; +http://www.google.com/bot.html)"
66.249.79.172 - - [06/Jul/2025:12:06:47 -0400] "GET /shopdetail/24670921/ HTTP/1.1" 404 16655 "-" "Mozilla/5.0 (Linux; Android 6.0.1; Nexus 5X Build/MMB29P) AppleWebKit/537.36 (KHTML, like Gecko) Chrome/137.0.7151.103 Mobile Safari/537.36 (compatible; Googlebot/2.1; +http://www.google.com/bot.html)"
66.249.79.72 - - [06/Jul/2025:12:07:28 -0400] "GET /product/edit/59740264 HTTP/1.1" 301 0 "-" "Mozilla/5.0 (Linux; Android 6.0.1; Nexus 5X Build/MMB29P) AppleWebKit/537.36 (KHTML, like Gecko) Chrome/137.0.7151.103 Mobile Safari/537.36 (compatible; Googlebot/2.1; +http://www.google.com/bot.html)"
66.249.79.160 - - [06/Jul/2025:12:07:31 -0400] "GET /product/edit/59740264 HTTP/1.1" 404 16653 "-" "Mozilla/5.0 (Linux; Android 6.0.1; Nexus 5X Build/MMB29P) AppleWebKit/537.36 (KHTML, like Gecko) Chrome/137.0.7151.103 Mobile Safari/537.36 (compatible; Googlebot/2.1; +http://www.google.com/bot.html)"
23.92.177.29 - - [06/Jul/2025:12:13:58 -0400] "POST /wp-cron.php?doing_wp_cron=1751818438.5439538955688476562500 HTTP/1.1" 200 0 "http://gsc-ltd.net/wp-cron.php?doing_wp_cron=1751818438.5439538955688476562500" "WordPress/6.1.1; https://gsc-ltd.net"
216.73.216.55 - - [06/Jul/2025:12:13:58 -0400] "GET /shopdetail/6868598 HTTP/1.1" 404 18702 "-" "Mozilla/5.0 AppleWebKit/537.36 (KHTML, like Gecko; compatible; ClaudeBot/1.0; +claudebot@anthropic.com)"
216.73.216.55 - - [06/Jul/2025:12:13:58 -0400] "GET /shopdetail/21179565 HTTP/1.1" 404 18734 "-" "Mozilla/5.0 AppleWebKit/537.36 (KHTML, like Gecko; compatible; ClaudeBot/1.0; +claudebot@anthropic.com)"
216.73.216.55 - - [06/Jul/2025:12:13:58 -0400] "GET /shopdetail/19977343 HTTP/1.1" 404 18706 "-" "Mozilla/5.0 AppleWebKit/537.36 (KHTML, like Gecko; compatible; ClaudeBot/1.0; +claudebot@anthropic.com)"
216.73.216.55 - - [06/Jul/2025:12:13:58 -0400] "GET /wp-content/themes/twentyseventeen-child/js/jquery.waypoints.min.js HTTP/1.1" 200 5774 "http://gsc-ltd.net/shopdetail/19977343" "Mozilla/5.0 AppleWebKit/537.36 (KHTML, like Gecko; compatible; ClaudeBot/1.0; +claudebot@anthropic.com)"
216.73.216.55 - - [06/Jul/2025:12:13:58 -0400] "GET /wp-content/themes/twentyseventeen-child/js/jquery.min.js HTTP/1.1" 200 37000 "http://gsc-ltd.net/shopdetail/21179565" "Mozilla/5.0 AppleWebKit/537.36 (KHTML, like Gecko; compatible; ClaudeBot/1.0; +claudebot@anthropic.com)"
216.73.216.55 - - [06/Jul/2025:12:13:58 -0400] "GET /wp-content/themes/twentyseventeen-child/js/bootstrap.min.js HTTP/1.1" 200 13053 "http://gsc-ltd.net/shopdetail/21179565" "Mozilla/5.0 AppleWebKit/537.36 (KHTML, like Gecko; compatible; ClaudeBot/1.0; +claudebot@anthropic.com)"
216.73.216.55 - - [06/Jul/2025:12:13:58 -0400] "GET /wp-content/themes/twentyseventeen-child/js/jquery.min.js HTTP/1.1" 200 37000 "http://gsc-ltd.net/shopdetail/19977343" "Mozilla/5.0 AppleWebKit/537.36 (KHTML, like Gecko; compatible; ClaudeBot/1.0; +claudebot@anthropic.com)"
216.73.216.55 - - [06/Jul/2025:12:13:58 -0400] "GET /wp-content/themes/twentyseventeen-child/js/bootstrap.min.js HTTP/1.1" 200 13053 "http://gsc-ltd.net/shopdetail/19977343" "Mozilla/5.0 AppleWebKit/537.36 (KHTML, like Gecko; compatible; ClaudeBot/1.0; +claudebot@anthropic.com)"
216.73.216.55 - - [06/Jul/2025:12:13:58 -0400] "GET /wp-content/themes/twentyseventeen-child/js/owl.carousel.min.js HTTP/1.1" 200 14164 "http://gsc-ltd.net/shopdetail/19977343" "Mozilla/5.0 AppleWebKit/537.36 (KHTML, like Gecko; compatible; ClaudeBot/1.0; +claudebot@anthropic.com)"
216.73.216.55 - - [06/Jul/2025:12:13:58 -0400] "GET /wp-content/themes/twentyseventeen-child/js/owl.carousel.min.js HTTP/1.1" 200 14164 "http://gsc-ltd.net/shopdetail/21179565" "Mozilla/5.0 AppleWebKit/537.36 (KHTML, like Gecko; compatible; ClaudeBot/1.0; +claudebot@anthropic.com)"
216.73.216.55 - - [06/Jul/2025:12:13:58 -0400] "GET /wp-content/themes/twentyseventeen-child/js/jquery.min.js HTTP/1.1" 200 37000 "http://gsc-ltd.net/shopdetail/6868598" "Mozilla/5.0 AppleWebKit/537.36 (KHTML, like Gecko; compatible; ClaudeBot/1.0; +claudebot@anthropic.com)"
216.73.216.55 - - [06/Jul/2025:12:13:58 -0400] "GET /wp-content/themes/twentyseventeen-child/js/bootstrap.min.js HTTP/1.1" 200 13053 "http://gsc-ltd.net/shopdetail/6868598" "Mozilla/5.0 AppleWebKit/537.36 (KHTML, like Gecko; compatible; ClaudeBot/1.0; +claudebot@anthropic.com)"
216.73.216.55 - - [06/Jul/2025:12:13:58 -0400] "GET /wp-content/themes/twentyseventeen-child/js/owl.carousel.min.js HTTP/1.1" 200 14164 "http://gsc-ltd.net/shopdetail/6868598" "Mozilla/5.0 AppleWebKit/537.36 (KHTML, like Gecko; compatible; ClaudeBot/1.0; +claudebot@anthropic.com)"
216.73.216.55 - - [06/Jul/2025:12:13:58 -0400] "GET /wp-content/themes/twentyseventeen-child/js/jquery.waypoints.min.js HTTP/1.1" 200 5774 "http://gsc-ltd.net/shopdetail/21179565" "Mozilla/5.0 AppleWebKit/537.36 (KHTML, like Gecko; compatible; ClaudeBot/1.0; +claudebot@anthropic.com)"
216.73.216.55 - - [06/Jul/2025:12:13:58 -0400] "GET /wp-content/themes/twentyseventeen-child/js/jquery.waypoints.min.js HTTP/1.1" 200 5774 "http://gsc-ltd.net/shopdetail/6868598" "Mozilla/5.0 AppleWebKit/537.36 (KHTML, like Gecko; compatible; ClaudeBot/1.0; +claudebot@anthropic.com)"
216.73.216.55 - - [06/Jul/2025:12:13:58 -0400] "GET /wp-content/themes/twentyseventeen-child/js/jquery.countup.js HTTP/1.1" 200 4089 "http://gsc-ltd.net/shopdetail/19977343" "Mozilla/5.0 AppleWebKit/537.36 (KHTML, like Gecko; compatible; ClaudeBot/1.0; +claudebot@anthropic.com)"
216.73.216.55 - - [06/Jul/2025:12:13:58 -0400] "GET /wp-content/themes/twentyseventeen-child/js/jquery.countup.js HTTP/1.1" 200 4089 "http://gsc-ltd.net/shopdetail/21179565" "Mozilla/5.0 AppleWebKit/537.36 (KHTML, like Gecko; compatible; ClaudeBot/1.0; +claudebot@anthropic.com)"
216.73.216.55 - - [06/Jul/2025:12:13:58 -0400] "GET /wp-content/themes/twentyseventeen-child/js/jquery.countup.js HTTP/1.1" 200 4089 "http://gsc-ltd.net/shopdetail/6868598" "Mozilla/5.0 AppleWebKit/537.36 (KHTML, like Gecko; compatible; ClaudeBot/1.0; +claudebot@anthropic.com)"
216.73.216.55 - - [06/Jul/2025:12:13:58 -0400] "GET /wp-content/themes/twentyseventeen-child/js/wow.js HTTP/1.1" 200 6658 "http://gsc-ltd.net/shopdetail/19977343" "Mozilla/5.0 AppleWebKit/537.36 (KHTML, like Gecko; compatible; ClaudeBot/1.0; +claudebot@anthropic.com)"
216.73.216.55 - - [06/Jul/2025:12:13:58 -0400] "GET /wp-content/themes/twentyseventeen-child/js/wow.js HTTP/1.1" 200 6658 "http://gsc-ltd.net/shopdetail/21179565" "Mozilla/5.0 AppleWebKit/537.36 (KHTML, like Gecko; compatible; ClaudeBot/1.0; +claudebot@anthropic.com)"
216.73.216.55 - - [06/Jul/2025:12:13:58 -0400] "GET /wp-content/themes/twentyseventeen-child/js/wow.js HTTP/1.1" 200 6658 "http://gsc-ltd.net/shopdetail/6868598" "Mozilla/5.0 AppleWebKit/537.36 (KHTML, like Gecko; compatible; ClaudeBot/1.0; +claudebot@anthropic.com)"
66.249.79.70 - - [06/Jul/2025:12:16:43 -0400] "GET /shopdetail/19278932/ HTTP/1.1" 301 0 "-" "Mozilla/5.0 (Linux; Android 6.0.1; Nexus 5X Build/MMB29P) AppleWebKit/537.36 (KHTML, like Gecko) Chrome/137.0.7151.103 Mobile Safari/537.36 (compatible; Googlebot/2.1; +http://www.google.com/bot.html)"
66.249.79.160 - - [06/Jul/2025:12:16:44 -0400] "GET /shopdetail/19278932/ HTTP/1.1" 404 16654 "-" "Mozilla/5.0 (Linux; Android 6.0.1; Nexus 5X Build/MMB29P) AppleWebKit/537.36 (KHTML, like Gecko) Chrome/137.0.7151.103 Mobile Safari/537.36 (compatible; Googlebot/2.1; +http://www.google.com/bot.html)"
23.92.177.29 - - [06/Jul/2025:12:18:26 -0400] "POST /wp-cron.php?doing_wp_cron=1751818706.6741409301757812500000 HTTP/1.1" 200 0 "http://gsc-ltd.net/wp-cron.php?doing_wp_cron=1751818706.6741409301757812500000" "WordPress/6.1.1; https://gsc-ltd.net"
193.19.109.50 - - [06/Jul/2025:12:18:26 -0400] "GET /.env HTTP/1.1" 404 18705 "-" "Mozilla/5.0 (Macintosh; Intel Mac OS X 10.15; rv:77.0) Gecko/20100101 Firefox/77.0"
173.239.254.196 - - [06/Jul/2025:12:18:27 -0400] "GET /wp-content/ HTTP/1.1" 200 0 "-" "Mozilla/5.0 (Macintosh; Intel Mac OS X 10.15; rv:77.0) Gecko/20100101 Firefox/77.0"
66.249.79.72 - - [06/Jul/2025:12:19:23 -0400] "GET /shopdetail/18371609/ HTTP/1.1" 301 0 "-" "Mozilla/5.0 (Linux; Android 6.0.1; Nexus 5X Build/MMB29P) AppleWebKit/537.36 (KHTML, like Gecko) Chrome/137.0.7151.103 Mobile Safari/537.36 (compatible; Googlebot/2.1; +http://www.google.com/bot.html)"
66.249.79.173 - - [06/Jul/2025:12:19:23 -0400] "GET /shopdetail/18371609/ HTTP/1.1" 404 16654 "-" "Mozilla/5.0 (Linux; Android 6.0.1; Nexus 5X Build/MMB29P) AppleWebKit/537.36 (KHTML, like Gecko) Chrome/137.0.7151.103 Mobile Safari/537.36 (compatible; Googlebot/2.1; +http://www.google.com/bot.html)"
66.249.79.70 - - [06/Jul/2025:12:22:08 -0400] "GET /shopdetail/6982921/ HTTP/1.1" 301 0 "-" "Mozilla/5.0 (Linux; Android 6.0.1; Nexus 5X Build/MMB29P) AppleWebKit/537.36 (KHTML, like Gecko) Chrome/137.0.7151.103 Mobile Safari/537.36 (compatible; Googlebot/2.1; +http://www.google.com/bot.html)"
66.249.79.173 - - [06/Jul/2025:12:22:09 -0400] "GET /shopdetail/6982921/ HTTP/1.1" 404 16654 "-" "Mozilla/5.0 (Linux; Android 6.0.1; Nexus 5X Build/MMB29P) AppleWebKit/537.36 (KHTML, like Gecko) Chrome/137.0.7151.103 Mobile Safari/537.36 (compatible; Googlebot/2.1; +http://www.google.com/bot.html)"
66.249.79.70 - - [06/Jul/2025:12:22:18 -0400] "GET /shopdetail/13578310/ HTTP/1.1" 301 0 "-" "Mozilla/5.0 (Linux; Android 6.0.1; Nexus 5X Build/MMB29P) AppleWebKit/537.36 (KHTML, like Gecko) Chrome/137.0.7151.103 Mobile Safari/537.36 (compatible; Googlebot/2.1; +http://www.google.com/bot.html)"
66.249.79.172 - - [06/Jul/2025:12:22:18 -0400] "GET /shopdetail/13578310/ HTTP/1.1" 404 16768 "-" "Mozilla/5.0 (Linux; Android 6.0.1; Nexus 5X Build/MMB29P) AppleWebKit/537.36 (KHTML, like Gecko) Chrome/137.0.7151.103 Mobile Safari/537.36 (compatible; Googlebot/2.1; +http://www.google.com/bot.html)"
66.249.79.70 - - [06/Jul/2025:12:22:30 -0400] "GET /shopdetail/13109409/ HTTP/1.1" 301 0 "-" "Mozilla/5.0 (Linux; Android 6.0.1; Nexus 5X Build/MMB29P) AppleWebKit/537.36 (KHTML, like Gecko) Chrome/137.0.7151.103 Mobile Safari/537.36 (compatible; Googlebot/2.1; +http://www.google.com/bot.html)"
66.249.79.172 - - [06/Jul/2025:12:22:30 -0400] "GET /shopdetail/13109409/ HTTP/1.1" 404 16655 "-" "Mozilla/5.0 (Linux; Android 6.0.1; Nexus 5X Build/MMB29P) AppleWebKit/537.36 (KHTML, like Gecko) Chrome/137.0.7151.103 Mobile Safari/537.36 (compatible; Googlebot/2.1; +http://www.google.com/bot.html)"
66.249.79.70 - - [06/Jul/2025:12:22:39 -0400] "GET /shopdetail/13506710/ HTTP/1.1" 301 0 "-" "Mozilla/5.0 (Linux; Android 6.0.1; Nexus 5X Build/MMB29P) AppleWebKit/537.36 (KHTML, like Gecko) Chrome/137.0.7151.103 Mobile Safari/537.36 (compatible; Googlebot/2.1; +http://www.google.com/bot.html)"
66.249.79.172 - - [06/Jul/2025:12:22:39 -0400] "GET /shopdetail/13506710/ HTTP/1.1" 404 16654 "-" "Mozilla/5.0 (Linux; Android 6.0.1; Nexus 5X Build/MMB29P) AppleWebKit/537.36 (KHTML, like Gecko) Chrome/137.0.7151.103 Mobile Safari/537.36 (compatible; Googlebot/2.1; +http://www.google.com/bot.html)"
66.249.79.70 - - [06/Jul/2025:12:22:49 -0400] "GET /shopdetail/13982287/ HTTP/1.1" 301 0 "-" "Mozilla/5.0 (Linux; Android 6.0.1; Nexus 5X Build/MMB29P) AppleWebKit/537.36 (KHTML, like Gecko) Chrome/137.0.7151.103 Mobile Safari/537.36 (compatible; Googlebot/2.1; +http://www.google.com/bot.html)"
66.249.79.172 - - [06/Jul/2025:12:22:49 -0400] "GET /shopdetail/13982287/ HTTP/1.1" 404 16654 "-" "Mozilla/5.0 (Linux; Android 6.0.1; Nexus 5X Build/MMB29P) AppleWebKit/537.36 (KHTML, like Gecko) Chrome/137.0.7151.103 Mobile Safari/537.36 (compatible; Googlebot/2.1; +http://www.google.com/bot.html)"
66.249.79.70 - - [06/Jul/2025:12:22:52 -0400] "GET /shopdetail/12736009/ HTTP/1.1" 301 0 "-" "Mozilla/5.0 (Linux; Android 6.0.1; Nexus 5X Build/MMB29P) AppleWebKit/537.36 (KHTML, like Gecko) Chrome/137.0.7151.103 Mobile Safari/537.36 (compatible; Googlebot/2.1; +http://www.google.com/bot.html)"
66.249.79.172 - - [06/Jul/2025:12:22:52 -0400] "GET /shopdetail/12736009/ HTTP/1.1" 404 16769 "-" "Mozilla/5.0 (Linux; Android 6.0.1; Nexus 5X Build/MMB29P) AppleWebKit/537.36 (KHTML, like Gecko) Chrome/137.0.7151.103 Mobile Safari/537.36 (compatible; Googlebot/2.1; +http://www.google.com/bot.html)"
66.249.79.70 - - [06/Jul/2025:12:22:55 -0400] "GET /shopdetail/12497310/ HTTP/1.1" 301 0 "-" "Mozilla/5.0 (Linux; Android 6.0.1; Nexus 5X Build/MMB29P) AppleWebKit/537.36 (KHTML, like Gecko) Chrome/137.0.7151.103 Mobile Safari/537.36 (compatible; Googlebot/2.1; +http://www.google.com/bot.html)"
66.249.79.172 - - [06/Jul/2025:12:22:55 -0400] "GET /shopdetail/12497310/ HTTP/1.1" 404 16654 "-" "Mozilla/5.0 (Linux; Android 6.0.1; Nexus 5X Build/MMB29P) AppleWebKit/537.36 (KHTML, like Gecko) Chrome/137.0.7151.103 Mobile Safari/537.36 (compatible; Googlebot/2.1; +http://www.google.com/bot.html)"
23.92.177.29 - - [06/Jul/2025:12:23:05 -0400] "POST /wp-cron.php?doing_wp_cron=1751818985.7922599315643310546875 HTTP/1.1" 200 0 "http://gsc-ltd.net/wp-cron.php?doing_wp_cron=1751818985.7922599315643310546875" "WordPress/6.1.1; https://gsc-ltd.net"
66.249.79.72 - - [06/Jul/2025:12:23:05 -0400] "GET /shopdetail/13787743/ HTTP/1.1" 301 0 "-" "Mozilla/5.0 (Linux; Android 6.0.1; Nexus 5X Build/MMB29P) AppleWebKit/537.36 (KHTML, like Gecko) Chrome/137.0.7151.103 Mobile Safari/537.36 (compatible; Googlebot/2.1; +http://www.google.com/bot.html)"
66.249.79.172 - - [06/Jul/2025:12:23:07 -0400] "GET /shopdetail/13787743/ HTTP/1.1" 404 16768 "-" "Mozilla/5.0 (Linux; Android 6.0.1; Nexus 5X Build/MMB29P) AppleWebKit/537.36 (KHTML, like Gecko) Chrome/137.0.7151.103 Mobile Safari/537.36 (compatible; Googlebot/2.1; +http://www.google.com/bot.html)"
66.249.79.70 - - [06/Jul/2025:12:23:07 -0400] "GET /shopdetail/12915054/ HTTP/1.1" 301 0 "-" "Mozilla/5.0 (Linux; Android 6.0.1; Nexus 5X Build/MMB29P) AppleWebKit/537.36 (KHTML, like Gecko) Chrome/137.0.7151.103 Mobile Safari/537.36 (compatible; Googlebot/2.1; +http://www.google.com/bot.html)"
66.249.79.160 - - [06/Jul/2025:12:23:08 -0400] "GET /shopdetail/12915054/ HTTP/1.1" 404 16653 "-" "Mozilla/5.0 (Linux; Android 6.0.1; Nexus 5X Build/MMB29P) AppleWebKit/537.36 (KHTML, like Gecko) Chrome/137.0.7151.103 Mobile Safari/537.36 (compatible; Googlebot/2.1; +http://www.google.com/bot.html)"
66.249.79.71 - - [06/Jul/2025:12:23:11 -0400] "GET /shopdetail/6980932/ HTTP/1.1" 301 0 "-" "Mozilla/5.0 (Linux; Android 6.0.1; Nexus 5X Build/MMB29P) AppleWebKit/537.36 (KHTML, like Gecko) Chrome/137.0.7151.103 Mobile Safari/537.36 (compatible; Googlebot/2.1; +http://www.google.com/bot.html)"
66.249.79.172 - - [06/Jul/2025:12:23:11 -0400] "GET /shopdetail/6980932/ HTTP/1.1" 404 16654 "-" "Mozilla/5.0 (Linux; Android 6.0.1; Nexus 5X Build/MMB29P) AppleWebKit/537.36 (KHTML, like Gecko) Chrome/137.0.7151.103 Mobile Safari/537.36 (compatible; Googlebot/2.1; +http://www.google.com/bot.html)"
66.249.79.70 - - [06/Jul/2025:12:23:16 -0400] "GET /shopdetail/13424554/ HTTP/1.1" 301 0 "-" "Mozilla/5.0 (Linux; Android 6.0.1; Nexus 5X Build/MMB29P) AppleWebKit/537.36 (KHTML, like Gecko) Chrome/137.0.7151.103 Mobile Safari/537.36 (compatible; Googlebot/2.1; +http://www.google.com/bot.html)"
66.249.79.172 - - [06/Jul/2025:12:23:17 -0400] "GET /shopdetail/13424554/ HTTP/1.1" 404 16767 "-" "Mozilla/5.0 (Linux; Android 6.0.1; Nexus 5X Build/MMB29P) AppleWebKit/537.36 (KHTML, like Gecko) Chrome/137.0.7151.103 Mobile Safari/537.36 (compatible; Googlebot/2.1; +http://www.google.com/bot.html)"
66.249.79.70 - - [06/Jul/2025:12:23:22 -0400] "GET /shopdetail/12622732/ HTTP/1.1" 301 0 "-" "Mozilla/5.0 (Linux; Android 6.0.1; Nexus 5X Build/MMB29P) AppleWebKit/537.36 (KHTML, like Gecko) Chrome/137.0.7151.103 Mobile Safari/537.36 (compatible; Googlebot/2.1; +http://www.google.com/bot.html)"
66.249.79.172 - - [06/Jul/2025:12:23:22 -0400] "GET /shopdetail/12622732/ HTTP/1.1" 404 16767 "-" "Mozilla/5.0 (Linux; Android 6.0.1; Nexus 5X Build/MMB29P) AppleWebKit/537.36 (KHTML, like Gecko) Chrome/137.0.7151.103 Mobile Safari/537.36 (compatible; Googlebot/2.1; +http://www.google.com/bot.html)"
66.249.79.70 - - [06/Jul/2025:12:23:27 -0400] "GET /shopdetail/15070887/ HTTP/1.1" 301 0 "-" "Mozilla/5.0 (Linux; Android 6.0.1; Nexus 5X Build/MMB29P) AppleWebKit/537.36 (KHTML, like Gecko) Chrome/137.0.7151.103 Mobile Safari/537.36 (compatible; Googlebot/2.1; +http://www.google.com/bot.html)"
66.249.79.172 - - [06/Jul/2025:12:23:28 -0400] "GET /shopdetail/15070887/ HTTP/1.1" 404 16770 "-" "Mozilla/5.0 (Linux; Android 6.0.1; Nexus 5X Build/MMB29P) AppleWebKit/537.36 (KHTML, like Gecko) Chrome/137.0.7151.103 Mobile Safari/537.36 (compatible; Googlebot/2.1; +http://www.google.com/bot.html)"
66.249.79.70 - - [06/Jul/2025:12:23:48 -0400] "GET /shopdetail/14328921/ HTTP/1.1" 301 0 "-" "Mozilla/5.0 (Linux; Android 6.0.1; Nexus 5X Build/MMB29P) AppleWebKit/537.36 (KHTML, like Gecko) Chrome/137.0.7151.103 Mobile Safari/537.36 (compatible; Googlebot/2.1; +http://www.google.com/bot.html)"
66.249.79.172 - - [06/Jul/2025:12:23:48 -0400] "GET /shopdetail/14328921/ HTTP/1.1" 404 16770 "-" "Mozilla/5.0 (Linux; Android 6.0.1; Nexus 5X Build/MMB29P) AppleWebKit/537.36 (KHTML, like Gecko) Chrome/137.0.7151.103 Mobile Safari/537.36 (compatible; Googlebot/2.1; +http://www.google.com/bot.html)"
23.92.177.29 - - [06/Jul/2025:12:28:30 -0400] "POST /wp-cron.php?doing_wp_cron=1751819310.3428730964660644531250 HTTP/1.1" 200 0 "http://gsc-ltd.net/wp-cron.php?doing_wp_cron=1751819310.3428730964660644531250" "WordPress/6.1.1; https://gsc-ltd.net"
216.73.216.55 - - [06/Jul/2025:12:28:30 -0400] "GET /shopdetail/22998921 HTTP/1.1" 404 18705 "-" "Mozilla/5.0 AppleWebKit/537.36 (KHTML, like Gecko; compatible; ClaudeBot/1.0; +claudebot@anthropic.com)"
216.73.216.55 - - [06/Jul/2025:12:28:30 -0400] "GET /shopdetail/8566209 HTTP/1.1" 404 18704 "-" "Mozilla/5.0 AppleWebKit/537.36 (KHTML, like Gecko; compatible; ClaudeBot/1.0; +claudebot@anthropic.com)"
216.73.216.55 - - [06/Jul/2025:12:28:30 -0400] "GET /shopdetail/3555621 HTTP/1.1" 404 18705 "-" "Mozilla/5.0 AppleWebKit/537.36 (KHTML, like Gecko; compatible; ClaudeBot/1.0; +claudebot@anthropic.com)"
216.73.216.55 - - [06/Jul/2025:12:28:30 -0400] "GET /wp-content/themes/twentyseventeen-child/js/jquery.waypoints.min.js HTTP/1.1" 200 5774 "http://gsc-ltd.net/shopdetail/22998921" "Mozilla/5.0 AppleWebKit/537.36 (KHTML, like Gecko; compatible; ClaudeBot/1.0; +claudebot@anthropic.com)"
216.73.216.55 - - [06/Jul/2025:12:28:30 -0400] "GET /wp-content/themes/twentyseventeen-child/js/jquery.countup.js HTTP/1.1" 200 4089 "http://gsc-ltd.net/shopdetail/22998921" "Mozilla/5.0 AppleWebKit/537.36 (KHTML, like Gecko; compatible; ClaudeBot/1.0; +claudebot@anthropic.com)"
216.73.216.55 - - [06/Jul/2025:12:28:30 -0400] "GET /wp-content/themes/twentyseventeen-child/js/jquery.min.js HTTP/1.1" 200 37000 "http://gsc-ltd.net/shopdetail/22998921" "Mozilla/5.0 AppleWebKit/537.36 (KHTML, like Gecko; compatible; ClaudeBot/1.0; +claudebot@anthropic.com)"
216.73.216.55 - - [06/Jul/2025:12:28:30 -0400] "GET /wp-content/themes/twentyseventeen-child/js/owl.carousel.min.js HTTP/1.1" 200 14164 "http://gsc-ltd.net/shopdetail/22998921" "Mozilla/5.0 AppleWebKit/537.36 (KHTML, like Gecko; compatible; ClaudeBot/1.0; +claudebot@anthropic.com)"
216.73.216.55 - - [06/Jul/2025:12:28:30 -0400] "GET /wp-content/themes/twentyseventeen-child/js/bootstrap.min.js HTTP/1.1" 200 13053 "http://gsc-ltd.net/shopdetail/22998921" "Mozilla/5.0 AppleWebKit/537.36 (KHTML, like Gecko; compatible; ClaudeBot/1.0; +claudebot@anthropic.com)"
216.73.216.55 - - [06/Jul/2025:12:28:30 -0400] "GET /wp-content/themes/twentyseventeen-child/js/jquery.min.js HTTP/1.1" 200 37000 "http://gsc-ltd.net/shopdetail/8566209" "Mozilla/5.0 AppleWebKit/537.36 (KHTML, like Gecko; compatible; ClaudeBot/1.0; +claudebot@anthropic.com)"
216.73.216.55 - - [06/Jul/2025:12:28:30 -0400] "GET /wp-content/themes/twentyseventeen-child/js/owl.carousel.min.js HTTP/1.1" 200 14164 "http://gsc-ltd.net/shopdetail/8566209" "Mozilla/5.0 AppleWebKit/537.36 (KHTML, like Gecko; compatible; ClaudeBot/1.0; +claudebot@anthropic.com)"
216.73.216.55 - - [06/Jul/2025:12:28:30 -0400] "GET /wp-content/themes/twentyseventeen-child/js/bootstrap.min.js HTTP/1.1" 200 13053 "http://gsc-ltd.net/shopdetail/8566209" "Mozilla/5.0 AppleWebKit/537.36 (KHTML, like Gecko; compatible; ClaudeBot/1.0; +claudebot@anthropic.com)"
216.73.216.55 - - [06/Jul/2025:12:28:30 -0400] "GET /wp-content/themes/twentyseventeen-child/js/jquery.min.js HTTP/1.1" 200 37000 "http://gsc-ltd.net/shopdetail/3555621" "Mozilla/5.0 AppleWebKit/537.36 (KHTML, like Gecko; compatible; ClaudeBot/1.0; +claudebot@anthropic.com)"
216.73.216.55 - - [06/Jul/2025:12:28:30 -0400] "GET /wp-content/themes/twentyseventeen-child/js/bootstrap.min.js HTTP/1.1" 200 13053 "http://gsc-ltd.net/shopdetail/3555621" "Mozilla/5.0 AppleWebKit/537.36 (KHTML, like Gecko; compatible; ClaudeBot/1.0; +claudebot@anthropic.com)"
216.73.216.55 - - [06/Jul/2025:12:28:30 -0400] "GET /wp-content/themes/twentyseventeen-child/js/jquery.waypoints.min.js HTTP/1.1" 200 5774 "http://gsc-ltd.net/shopdetail/8566209" "Mozilla/5.0 AppleWebKit/537.36 (KHTML, like Gecko; compatible; ClaudeBot/1.0; +claudebot@anthropic.com)"
216.73.216.55 - - [06/Jul/2025:12:28:30 -0400] "GET /wp-content/themes/twentyseventeen-child/js/owl.carousel.min.js HTTP/1.1" 200 14164 "http://gsc-ltd.net/shopdetail/3555621" "Mozilla/5.0 AppleWebKit/537.36 (KHTML, like Gecko; compatible; ClaudeBot/1.0; +claudebot@anthropic.com)"
216.73.216.55 - - [06/Jul/2025:12:28:30 -0400] "GET /wp-content/themes/twentyseventeen-child/js/jquery.waypoints.min.js HTTP/1.1" 200 5774 "http://gsc-ltd.net/shopdetail/3555621" "Mozilla/5.0 AppleWebKit/537.36 (KHTML, like Gecko; compatible; ClaudeBot/1.0; +claudebot@anthropic.com)"
216.73.216.55 - - [06/Jul/2025:12:28:30 -0400] "GET /wp-content/themes/twentyseventeen-child/js/jquery.countup.js HTTP/1.1" 200 4089 "http://gsc-ltd.net/shopdetail/8566209" "Mozilla/5.0 AppleWebKit/537.36 (KHTML, like Gecko; compatible; ClaudeBot/1.0; +claudebot@anthropic.com)"
216.73.216.55 - - [06/Jul/2025:12:28:30 -0400] "GET /wp-content/themes/twentyseventeen-child/js/wow.js HTTP/1.1" 200 6658 "http://gsc-ltd.net/shopdetail/22998921" "Mozilla/5.0 AppleWebKit/537.36 (KHTML, like Gecko; compatible; ClaudeBot/1.0; +claudebot@anthropic.com)"
216.73.216.55 - - [06/Jul/2025:12:28:30 -0400] "GET /wp-content/themes/twentyseventeen-child/js/jquery.countup.js HTTP/1.1" 200 4089 "http://gsc-ltd.net/shopdetail/3555621" "Mozilla/5.0 AppleWebKit/537.36 (KHTML, like Gecko; compatible; ClaudeBot/1.0; +claudebot@anthropic.com)"
216.73.216.55 - - [06/Jul/2025:12:28:30 -0400] "GET /wp-content/themes/twentyseventeen-child/js/wow.js HTTP/1.1" 200 6658 "http://gsc-ltd.net/shopdetail/3555621" "Mozilla/5.0 AppleWebKit/537.36 (KHTML, like Gecko; compatible; ClaudeBot/1.0; +claudebot@anthropic.com)"
216.73.216.55 - - [06/Jul/2025:12:28:30 -0400] "GET /wp-content/themes/twentyseventeen-child/js/wow.js HTTP/1.1" 200 6658 "http://gsc-ltd.net/shopdetail/8566209" "Mozilla/5.0 AppleWebKit/537.36 (KHTML, like Gecko; compatible; ClaudeBot/1.0; +claudebot@anthropic.com)"
216.73.216.251 - - [06/Jul/2025:12:28:36 -0400] "GET /robots.txt HTTP/1.1" 200 64 "-" "Mozilla/5.0 AppleWebKit/537.36 (KHTML, like Gecko; compatible; ClaudeBot/1.0; +claudebot@anthropic.com)"
216.73.216.251 - - [06/Jul/2025:12:28:36 -0400] "GET /sitemap.xml HTTP/1.1" 302 0 "-" "Mozilla/5.0 AppleWebKit/537.36 (KHTML, like Gecko; compatible; ClaudeBot/1.0; +claudebot@anthropic.com)"
66.249.79.70 - - [06/Jul/2025:12:31:27 -0400] "GET /shopdetail/11859187/ HTTP/1.1" 301 0 "-" "Mozilla/5.0 (Linux; Android 6.0.1; Nexus 5X Build/MMB29P) AppleWebKit/537.36 (KHTML, like Gecko) Chrome/137.0.7151.103 Mobile Safari/537.36 (compatible; Googlebot/2.1; +http://www.google.com/bot.html)"
66.249.79.160 - - [06/Jul/2025:12:31:28 -0400] "GET /shopdetail/11859187/ HTTP/1.1" 404 16654 "-" "Mozilla/5.0 (Linux; Android 6.0.1; Nexus 5X Build/MMB29P) AppleWebKit/537.36 (KHTML, like Gecko) Chrome/137.0.7151.103 Mobile Safari/537.36 (compatible; Googlebot/2.1; +http://www.google.com/bot.html)"
66.249.79.71 - - [06/Jul/2025:12:32:56 -0400] "GET /shopdetail/15253354/ HTTP/1.1" 301 0 "-" "Mozilla/5.0 (Linux; Android 6.0.1; Nexus 5X Build/MMB29P) AppleWebKit/537.36 (KHTML, like Gecko) Chrome/137.0.7151.103 Mobile Safari/537.36 (compatible; Googlebot/2.1; +http://www.google.com/bot.html)"
66.249.79.173 - - [06/Jul/2025:12:32:56 -0400] "GET /shopdetail/15253354/ HTTP/1.1" 404 16653 "-" "Mozilla/5.0 (Linux; Android 6.0.1; Nexus 5X Build/MMB29P) AppleWebKit/537.36 (KHTML, like Gecko) Chrome/137.0.7151.103 Mobile Safari/537.36 (compatible; Googlebot/2.1; +http://www.google.com/bot.html)"
23.92.177.29 - - [06/Jul/2025:12:38:24 -0400] "POST /wp-cron.php?doing_wp_cron=1751819904.2580380439758300781250 HTTP/1.1" 200 0 "http://gsc-ltd.net/wp-cron.php?doing_wp_cron=1751819904.2580380439758300781250" "WordPress/6.1.1; https://gsc-ltd.net"
66.249.79.70 - - [06/Jul/2025:12:38:24 -0400] "GET /shopdetail/13973898/ HTTP/1.1" 301 0 "-" "Mozilla/5.0 (Linux; Android 6.0.1; Nexus 5X Build/MMB29P) AppleWebKit/537.36 (KHTML, like Gecko) Chrome/137.0.7151.103 Mobile Safari/537.36 (compatible; Googlebot/2.1; +http://www.google.com/bot.html)"
66.249.79.173 - - [06/Jul/2025:12:38:24 -0400] "GET /shopdetail/13973898/ HTTP/1.1" 404 16655 "-" "Mozilla/5.0 (Linux; Android 6.0.1; Nexus 5X Build/MMB29P) AppleWebKit/537.36 (KHTML, like Gecko) Chrome/137.0.7151.103 Mobile Safari/537.36 (compatible; Googlebot/2.1; +http://www.google.com/bot.html)"
66.249.79.72 - - [06/Jul/2025:12:41:20 -0400] "GET /shopdetail/23449898/ HTTP/1.1" 301 0 "-" "Mozilla/5.0 (Linux; Android 6.0.1; Nexus 5X Build/MMB29P) AppleWebKit/537.36 (KHTML, like Gecko) Chrome/137.0.7151.103 Mobile Safari/537.36 (compatible; Googlebot/2.1; +http://www.google.com/bot.html)"
66.249.79.160 - - [06/Jul/2025:12:41:20 -0400] "GET /shopdetail/23449898/ HTTP/1.1" 404 16655 "-" "Mozilla/5.0 (Linux; Android 6.0.1; Nexus 5X Build/MMB29P) AppleWebKit/537.36 (KHTML, like Gecko) Chrome/137.0.7151.103 Mobile Safari/537.36 (compatible; Googlebot/2.1; +http://www.google.com/bot.html)"
23.92.177.29 - - [06/Jul/2025:12:43:19 -0400] "POST /wp-cron.php?doing_wp_cron=1751820199.1587660312652587890625 HTTP/1.1" 200 0 "http://gsc-ltd.net/wp-cron.php?doing_wp_cron=1751820199.1587660312652587890625" "WordPress/6.1.1; https://gsc-ltd.net"
66.249.79.72 - - [06/Jul/2025:12:43:19 -0400] "GET /shopdetail/9677887/ HTTP/1.1" 301 0 "-" "Mozilla/5.0 (Linux; Android 6.0.1; Nexus 5X Build/MMB29P) AppleWebKit/537.36 (KHTML, like Gecko) Chrome/137.0.7151.103 Mobile Safari/537.36 (compatible; Googlebot/2.1; +http://www.google.com/bot.html)"
66.249.79.160 - - [06/Jul/2025:12:43:19 -0400] "GET /shopdetail/9677887/ HTTP/1.1" 404 16654 "-" "Mozilla/5.0 (Linux; Android 6.0.1; Nexus 5X Build/MMB29P) AppleWebKit/537.36 (KHTML, like Gecko) Chrome/137.0.7151.103 Mobile Safari/537.36 (compatible; Googlebot/2.1; +http://www.google.com/bot.html)"
216.73.216.55 - - [06/Jul/2025:12:43:42 -0400] "GET /shopdetail/6385565 HTTP/1.1" 404 18706 "-" "Mozilla/5.0 AppleWebKit/537.36 (KHTML, like Gecko; compatible; ClaudeBot/1.0; +claudebot@anthropic.com)"
216.73.216.55 - - [06/Jul/2025:12:43:42 -0400] "GET /shopdetail/4720476 HTTP/1.1" 404 18706 "-" "Mozilla/5.0 AppleWebKit/537.36 (KHTML, like Gecko; compatible; ClaudeBot/1.0; +claudebot@anthropic.com)"
216.73.216.55 - - [06/Jul/2025:12:43:42 -0400] "GET /shopdetail/14554543 HTTP/1.1" 404 18736 "-" "Mozilla/5.0 AppleWebKit/537.36 (KHTML, like Gecko; compatible; ClaudeBot/1.0; +claudebot@anthropic.com)"
216.73.216.55 - - [06/Jul/2025:12:43:42 -0400] "GET /wp-content/themes/twentyseventeen-child/js/jquery.min.js HTTP/1.1" 200 37000 "http://gsc-ltd.net/shopdetail/4720476" "Mozilla/5.0 AppleWebKit/537.36 (KHTML, like Gecko; compatible; ClaudeBot/1.0; +claudebot@anthropic.com)"
216.73.216.55 - - [06/Jul/2025:12:43:42 -0400] "GET /wp-content/themes/twentyseventeen-child/js/owl.carousel.min.js HTTP/1.1" 200 14164 "http://gsc-ltd.net/shopdetail/4720476" "Mozilla/5.0 AppleWebKit/537.36 (KHTML, like Gecko; compatible; ClaudeBot/1.0; +claudebot@anthropic.com)"
216.73.216.55 - - [06/Jul/2025:12:43:42 -0400] "GET /wp-content/themes/twentyseventeen-child/js/bootstrap.min.js HTTP/1.1" 200 13053 "http://gsc-ltd.net/shopdetail/4720476" "Mozilla/5.0 AppleWebKit/537.36 (KHTML, like Gecko; compatible; ClaudeBot/1.0; +claudebot@anthropic.com)"
