66.249.64.41 - - [06/Jul/2025:16:04:24 -0400] "GET /shopdetail/13332543/ HTTP/1.1" 404 16768 "-" "Mozilla/5.0 (Linux; Android 6.0.1; Nexus 5X Build/MMB29P) AppleWebKit/537.36 (KHTML, like Gecko) Chrome/137.0.7151.103 Mobile Safari/537.36 (compatible; Googlebot/2.1; +http://www.google.com/bot.html)"
66.249.64.165 - - [06/Jul/2025:16:07:56 -0400] "GET /shopdetail/12765765/ HTTP/1.1" 301 0 "-" "Mozilla/5.0 (Linux; Android 6.0.1; Nexus 5X Build/MMB29P) AppleWebKit/537.36 (KHTML, like Gecko) Chrome/137.0.7151.103 Mobile Safari/537.36 (compatible; Googlebot/2.1; +http://www.google.com/bot.html)"
23.92.177.29 - - [06/Jul/2025:16:09:56 -0400] "POST /wp-cron.php?doing_wp_cron=1751832596.1191160678863525390625 HTTP/1.1" 200 0 "http://gsc-ltd.net/wp-cron.php?doing_wp_cron=1751832596.1191160678863525390625" "WordPress/6.1.1; https://gsc-ltd.net"
66.249.64.165 - - [06/Jul/2025:16:09:56 -0400] "GET /shopdetail/2221165/ HTTP/1.1" 301 0 "-" "Mozilla/5.0 (Linux; Android 6.0.1; Nexus 5X Build/MMB29P) AppleWebKit/537.36 (KHTML, like Gecko) Chrome/137.0.7151.103 Mobile Safari/537.36 (compatible; Googlebot/2.1; +http://www.google.com/bot.html)"
66.249.64.163 - - [06/Jul/2025:16:09:59 -0400] "GET /zhHant/product/surugaya/13570990?campaign_uid=f64d716db5e979ed2f947dbaf4296895b951ae7f HTTP/1.1" 301 0 "-" "Mozilla/5.0 (Linux; Android 6.0.1; Nexus 5X Build/MMB29P) AppleWebKit/537.36 (KHTML, like Gecko) Chrome/137.0.7151.103 Mobile Safari/537.36 (compatible; Googlebot/2.1; +http://www.google.com/bot.html)"
66.249.64.42 - - [06/Jul/2025:16:10:41 -0400] "GET /shopdetail/12765765/ HTTP/1.1" 404 16655 "-" "Mozilla/5.0 (Linux; Android 6.0.1; Nexus 5X Build/MMB29P) AppleWebKit/537.36 (KHTML, like Gecko) Chrome/137.0.7151.103 Mobile Safari/537.36 (compatible; Googlebot/2.1; +http://www.google.com/bot.html)"
66.249.64.163 - - [06/Jul/2025:16:10:56 -0400] "GET /shopdetail/12087743/ HTTP/1.1" 301 0 "-" "Mozilla/5.0 (Linux; Android 6.0.1; Nexus 5X Build/MMB29P) AppleWebKit/537.36 (KHTML, like Gecko) Chrome/137.0.7151.103 Mobile Safari/537.36 (compatible; Googlebot/2.1; +http://www.google.com/bot.html)"
66.249.64.42 - - [06/Jul/2025:16:11:01 -0400] "GET /shopdetail/2221165/ HTTP/1.1" 404 16654 "-" "Mozilla/5.0 (Linux; Android 6.0.1; Nexus 5X Build/MMB29P) AppleWebKit/537.36 (KHTML, like Gecko) Chrome/137.0.7151.103 Mobile Safari/537.36 (compatible; Googlebot/2.1; +http://www.google.com/bot.html)"
66.249.64.41 - - [06/Jul/2025:16:11:07 -0400] "GET /zhHant/product/surugaya/13570990?campaign_uid=f64d716db5e979ed2f947dbaf4296895b951ae7f HTTP/1.1" 404 16655 "-" "Mozilla/5.0 (Linux; Android 6.0.1; Nexus 5X Build/MMB29P) AppleWebKit/537.36 (KHTML, like Gecko) Chrome/137.0.7151.103 Mobile Safari/537.36 (compatible; Googlebot/2.1; +http://www.google.com/bot.html)"
66.249.64.163 - - [06/Jul/2025:16:11:18 -0400] "GET /shopdetail/16668987/ HTTP/1.1" 301 0 "-" "Mozilla/5.0 (Linux; Android 6.0.1; Nexus 5X Build/MMB29P) AppleWebKit/537.36 (KHTML, like Gecko) Chrome/137.0.7151.103 Mobile Safari/537.36 (compatible; Googlebot/2.1; +http://www.google.com/bot.html)"
66.249.64.41 - - [06/Jul/2025:16:11:32 -0400] "GET /shopdetail/12087743/ HTTP/1.1" 404 16654 "-" "Mozilla/5.0 (Linux; Android 6.0.1; Nexus 5X Build/MMB29P) AppleWebKit/537.36 (KHTML, like Gecko) Chrome/137.0.7151.103 Mobile Safari/537.36 (compatible; Googlebot/2.1; +http://www.google.com/bot.html)"
66.249.64.164 - - [06/Jul/2025:16:12:37 -0400] "GET /shopdetail/12665221/ HTTP/1.1" 301 0 "-" "Mozilla/5.0 (Linux; Android 6.0.1; Nexus 5X Build/MMB29P) AppleWebKit/537.36 (KHTML, like Gecko) Chrome/137.0.7151.103 Mobile Safari/537.36 (compatible; Googlebot/2.1; +http://www.google.com/bot.html)"
66.249.64.41 - - [06/Jul/2025:16:12:39 -0400] "GET /shopdetail/16668987/ HTTP/1.1" 404 16656 "-" "Mozilla/5.0 (Linux; Android 6.0.1; Nexus 5X Build/MMB29P) AppleWebKit/537.36 (KHTML, like Gecko) Chrome/137.0.7151.103 Mobile Safari/537.36 (compatible; Googlebot/2.1; +http://www.google.com/bot.html)"
66.249.64.164 - - [06/Jul/2025:16:12:49 -0400] "GET /shopdetail/15321098/ HTTP/1.1" 301 0 "-" "Mozilla/5.0 (Linux; Android 6.0.1; Nexus 5X Build/MMB29P) AppleWebKit/537.36 (KHTML, like Gecko) Chrome/137.0.7151.103 Mobile Safari/537.36 (compatible; Googlebot/2.1; +http://www.google.com/bot.html)"
66.249.64.164 - - [06/Jul/2025:16:12:53 -0400] "GET /shopdetail/12567676/ HTTP/1.1" 301 0 "-" "Mozilla/5.0 (Linux; Android 6.0.1; Nexus 5X Build/MMB29P) AppleWebKit/537.36 (KHTML, like Gecko) Chrome/137.0.7151.103 Mobile Safari/537.36 (compatible; Googlebot/2.1; +http://www.google.com/bot.html)"
23.92.177.29 - - [06/Jul/2025:16:13:08 -0400] "POST /wp-cron.php?doing_wp_cron=1751832788.6538679599761962890625 HTTP/1.1" 200 0 "http://gsc-ltd.net/wp-cron.php?doing_wp_cron=1751832788.6538679599761962890625" "WordPress/6.1.1; https://gsc-ltd.net"
66.249.64.42 - - [06/Jul/2025:16:13:08 -0400] "GET /shopdetail/12665221/ HTTP/1.1" 404 16654 "-" "Mozilla/5.0 (Linux; Android 6.0.1; Nexus 5X Build/MMB29P) AppleWebKit/537.36 (KHTML, like Gecko) Chrome/137.0.7151.103 Mobile Safari/537.36 (compatible; Googlebot/2.1; +http://www.google.com/bot.html)"
66.249.64.42 - - [06/Jul/2025:16:13:29 -0400] "GET /shopdetail/15321098/ HTTP/1.1" 404 16654 "-" "Mozilla/5.0 (Linux; Android 6.0.1; Nexus 5X Build/MMB29P) AppleWebKit/537.36 (KHTML, like Gecko) Chrome/137.0.7151.103 Mobile Safari/537.36 (compatible; Googlebot/2.1; +http://www.google.com/bot.html)"
66.249.64.42 - - [06/Jul/2025:16:13:32 -0400] "GET /shopdetail/12567676/ HTTP/1.1" 404 16654 "-" "Mozilla/5.0 (Linux; Android 6.0.1; Nexus 5X Build/MMB29P) AppleWebKit/537.36 (KHTML, like Gecko) Chrome/137.0.7151.103 Mobile Safari/537.36 (compatible; Googlebot/2.1; +http://www.google.com/bot.html)"
66.249.64.165 - - [06/Jul/2025:16:15:52 -0400] "GET /shopdetail/15438754/ HTTP/1.1" 301 0 "-" "Mozilla/5.0 (Linux; Android 6.0.1; Nexus 5X Build/MMB29P) AppleWebKit/537.36 (KHTML, like Gecko) Chrome/137.0.7151.103 Mobile Safari/537.36 (compatible; Googlebot/2.1; +http://www.google.com/bot.html)"
66.249.64.41 - - [06/Jul/2025:16:16:45 -0400] "GET /shopdetail/15438754/ HTTP/1.1" 404 16654 "-" "Mozilla/5.0 (Linux; Android 6.0.1; Nexus 5X Build/MMB29P) AppleWebKit/537.36 (KHTML, like Gecko) Chrome/137.0.7151.103 Mobile Safari/537.36 (compatible; Googlebot/2.1; +http://www.google.com/bot.html)"
216.73.216.55 - - [06/Jul/2025:16:17:22 -0400] "GET /shopdetail/24999076 HTTP/1.1" 404 18706 "-" "Mozilla/5.0 AppleWebKit/537.36 (KHTML, like Gecko; compatible; ClaudeBot/1.0; +claudebot@anthropic.com)"
216.73.216.55 - - [06/Jul/2025:16:17:22 -0400] "GET /shopdetail/17469443 HTTP/1.1" 404 18703 "-" "Mozilla/5.0 AppleWebKit/537.36 (KHTML, like Gecko; compatible; ClaudeBot/1.0; +claudebot@anthropic.com)"
216.73.216.55 - - [06/Jul/2025:16:17:22 -0400] "GET /shopdetail/573365 HTTP/1.1" 404 18706 "-" "Mozilla/5.0 AppleWebKit/537.36 (KHTML, like Gecko; compatible; ClaudeBot/1.0; +claudebot@anthropic.com)"
216.73.216.55 - - [06/Jul/2025:16:17:22 -0400] "GET /wp-content/themes/twentyseventeen-child/js/jquery.waypoints.min.js HTTP/1.1" 200 5774 "http://gsc-ltd.net/shopdetail/24999076" "Mozilla/5.0 AppleWebKit/537.36 (KHTML, like Gecko; compatible; ClaudeBot/1.0; +claudebot@anthropic.com)"
216.73.216.55 - - [06/Jul/2025:16:17:22 -0400] "GET /wp-content/themes/twentyseventeen-child/js/jquery.min.js HTTP/1.1" 200 37000 "http://gsc-ltd.net/shopdetail/24999076" "Mozilla/5.0 AppleWebKit/537.36 (KHTML, like Gecko; compatible; ClaudeBot/1.0; +claudebot@anthropic.com)"
216.73.216.55 - - [06/Jul/2025:16:17:22 -0400] "GET /wp-content/themes/twentyseventeen-child/js/bootstrap.min.js HTTP/1.1" 200 13053 "http://gsc-ltd.net/shopdetail/24999076" "Mozilla/5.0 AppleWebKit/537.36 (KHTML, like Gecko; compatible; ClaudeBot/1.0; +claudebot@anthropic.com)"
216.73.216.55 - - [06/Jul/2025:16:17:22 -0400] "GET /wp-content/themes/twentyseventeen-child/js/owl.carousel.min.js HTTP/1.1" 200 14164 "http://gsc-ltd.net/shopdetail/24999076" "Mozilla/5.0 AppleWebKit/537.36 (KHTML, like Gecko; compatible; ClaudeBot/1.0; +claudebot@anthropic.com)"
216.73.216.55 - - [06/Jul/2025:16:17:22 -0400] "GET /wp-content/themes/twentyseventeen-child/js/jquery.min.js HTTP/1.1" 200 37000 "http://gsc-ltd.net/shopdetail/17469443" "Mozilla/5.0 AppleWebKit/537.36 (KHTML, like Gecko; compatible; ClaudeBot/1.0; +claudebot@anthropic.com)"
216.73.216.55 - - [06/Jul/2025:16:17:22 -0400] "GET /wp-content/themes/twentyseventeen-child/js/owl.carousel.min.js HTTP/1.1" 200 14164 "http://gsc-ltd.net/shopdetail/17469443" "Mozilla/5.0 AppleWebKit/537.36 (KHTML, like Gecko; compatible; ClaudeBot/1.0; +claudebot@anthropic.com)"
216.73.216.55 - - [06/Jul/2025:16:17:22 -0400] "GET /wp-content/themes/twentyseventeen-child/js/bootstrap.min.js HTTP/1.1" 200 13053 "http://gsc-ltd.net/shopdetail/17469443" "Mozilla/5.0 AppleWebKit/537.36 (KHTML, like Gecko; compatible; ClaudeBot/1.0; +claudebot@anthropic.com)"
216.73.216.55 - - [06/Jul/2025:16:17:22 -0400] "GET /wp-content/themes/twentyseventeen-child/js/jquery.waypoints.min.js HTTP/1.1" 200 5774 "http://gsc-ltd.net/shopdetail/17469443" "Mozilla/5.0 AppleWebKit/537.36 (KHTML, like Gecko; compatible; ClaudeBot/1.0; +claudebot@anthropic.com)"
216.73.216.55 - - [06/Jul/2025:16:17:22 -0400] "GET /wp-content/themes/twentyseventeen-child/js/jquery.min.js HTTP/1.1" 200 37000 "http://gsc-ltd.net/shopdetail/573365" "Mozilla/5.0 AppleWebKit/537.36 (KHTML, like Gecko; compatible; ClaudeBot/1.0; +claudebot@anthropic.com)"
216.73.216.55 - - [06/Jul/2025:16:17:22 -0400] "GET /wp-content/themes/twentyseventeen-child/js/owl.carousel.min.js HTTP/1.1" 200 14164 "http://gsc-ltd.net/shopdetail/573365" "Mozilla/5.0 AppleWebKit/537.36 (KHTML, like Gecko; compatible; ClaudeBot/1.0; +claudebot@anthropic.com)"
216.73.216.55 - - [06/Jul/2025:16:17:22 -0400] "GET /wp-content/themes/twentyseventeen-child/js/bootstrap.min.js HTTP/1.1" 200 13053 "http://gsc-ltd.net/shopdetail/573365" "Mozilla/5.0 AppleWebKit/537.36 (KHTML, like Gecko; compatible; ClaudeBot/1.0; +claudebot@anthropic.com)"
216.73.216.55 - - [06/Jul/2025:16:17:22 -0400] "GET /wp-content/themes/twentyseventeen-child/js/jquery.countup.js HTTP/1.1" 200 4089 "http://gsc-ltd.net/shopdetail/24999076" "Mozilla/5.0 AppleWebKit/537.36 (KHTML, like Gecko; compatible; ClaudeBot/1.0; +claudebot@anthropic.com)"
216.73.216.55 - - [06/Jul/2025:16:17:22 -0400] "GET /wp-content/themes/twentyseventeen-child/js/jquery.waypoints.min.js HTTP/1.1" 200 5774 "http://gsc-ltd.net/shopdetail/573365" "Mozilla/5.0 AppleWebKit/537.36 (KHTML, like Gecko; compatible; ClaudeBot/1.0; +claudebot@anthropic.com)"
216.73.216.55 - - [06/Jul/2025:16:17:22 -0400] "GET /wp-content/themes/twentyseventeen-child/js/wow.js HTTP/1.1" 200 6658 "http://gsc-ltd.net/shopdetail/24999076" "Mozilla/5.0 AppleWebKit/537.36 (KHTML, like Gecko; compatible; ClaudeBot/1.0; +claudebot@anthropic.com)"
216.73.216.55 - - [06/Jul/2025:16:17:22 -0400] "GET /wp-content/themes/twentyseventeen-child/js/jquery.countup.js HTTP/1.1" 200 4089 "http://gsc-ltd.net/shopdetail/17469443" "Mozilla/5.0 AppleWebKit/537.36 (KHTML, like Gecko; compatible; ClaudeBot/1.0; +claudebot@anthropic.com)"
216.73.216.55 - - [06/Jul/2025:16:17:22 -0400] "GET /wp-content/themes/twentyseventeen-child/js/jquery.countup.js HTTP/1.1" 200 4089 "http://gsc-ltd.net/shopdetail/573365" "Mozilla/5.0 AppleWebKit/537.36 (KHTML, like Gecko; compatible; ClaudeBot/1.0; +claudebot@anthropic.com)"
216.73.216.55 - - [06/Jul/2025:16:17:22 -0400] "GET /wp-content/themes/twentyseventeen-child/js/wow.js HTTP/1.1" 200 6658 "http://gsc-ltd.net/shopdetail/17469443" "Mozilla/5.0 AppleWebKit/537.36 (KHTML, like Gecko; compatible; ClaudeBot/1.0; +claudebot@anthropic.com)"
216.73.216.55 - - [06/Jul/2025:16:17:22 -0400] "GET /wp-content/themes/twentyseventeen-child/js/wow.js HTTP/1.1" 200 6658 "http://gsc-ltd.net/shopdetail/573365" "Mozilla/5.0 AppleWebKit/537.36 (KHTML, like Gecko; compatible; ClaudeBot/1.0; +claudebot@anthropic.com)"
23.92.177.29 - - [06/Jul/2025:16:19:31 -0400] "POST /wp-cron.php?doing_wp_cron=1751833171.6950480937957763671875 HTTP/1.1" 200 0 "http://gsc-ltd.net/wp-cron.php?doing_wp_cron=1751833171.6950480937957763671875" "WordPress/6.1.1; https://gsc-ltd.net"
66.249.64.163 - - [06/Jul/2025:16:19:31 -0400] "GET /shopdetail/12115365/ HTTP/1.1" 301 0 "-" "Mozilla/5.0 (Linux; Android 6.0.1; Nexus 5X Build/MMB29P) AppleWebKit/537.36 (KHTML, like Gecko) Chrome/137.0.7151.103 Mobile Safari/537.36 (compatible; Googlebot/2.1; +http://www.google.com/bot.html)"
23.92.177.29 - - [06/Jul/2025:16:19:51 -0400] "GET /.well-known/acme-challenge/Y028DWH8TVKZYQ1_VN1615YGGJIGAYTY HTTP/1.1" 200 64 "-" "Cpanel-HTTP-Client/1.0"
23.92.177.29 - - [06/Jul/2025:16:19:52 -0400] "GET /.well-known/acme-challenge/EEXGMEOCJLZXKL19FEF805L9DTGKAG8T HTTP/1.1" 200 64 "-" "Cpanel-HTTP-Client/1.0"
23.92.177.29 - - [06/Jul/2025:16:19:52 -0400] "GET /.well-known/acme-challenge/R0D842TUVVVIZP1ONYHAGLTP1K_I1_4O HTTP/1.1" 200 64 "-" "Cpanel-HTTP-Client/1.0"
23.92.177.29 - - [06/Jul/2025:16:19:53 -0400] "GET /.well-known/acme-challenge/YDXP74M6PLOO6H46-SEI2FGR5CQF2LOB HTTP/1.1" 200 64 "-" "Cpanel-HTTP-Client/1.0"
23.92.177.29 - - [06/Jul/2025:16:19:53 -0400] "GET /.well-known/acme-challenge/BTT_MH5VP-DA8RJ853-J2X7QSC20EAME HTTP/1.1" 200 64 "-" "Cpanel-HTTP-Client/1.0"
23.92.177.29 - - [06/Jul/2025:16:19:53 -0400] "GET /.well-known/acme-challenge/77WQT-76FFPEM-RHFZ8XPG-9SQAUNZ10 HTTP/1.1" 200 64 "-" "Cpanel-HTTP-Client/1.0"
23.92.177.29 - - [06/Jul/2025:16:19:53 -0400] "GET /.well-known/acme-challenge/_XU-DJ3-H4E05SZWT70ND004ES2V58WI HTTP/1.1" 200 64 "-" "Cpanel-HTTP-Client/1.0"
23.92.177.29 - - [06/Jul/2025:16:19:53 -0400] "GET /.well-known/acme-challenge/ASLP3LDQPL3OK1QNOGO_WK0H153FH6BA HTTP/1.1" 200 64 "-" "Cpanel-HTTP-Client/1.0"
23.92.177.29 - - [06/Jul/2025:16:19:53 -0400] "GET /.well-known/acme-challenge/J1YT97-O7N1Z2A1TKQZCN8BJS9G5DBKL HTTP/1.1" 200 64 "-" "Cpanel-HTTP-Client/1.0"
66.249.64.163 - - [06/Jul/2025:16:20:41 -0400] "GET /shopdetail/14072687/ HTTP/1.1" 301 0 "-" "Mozilla/5.0 (Linux; Android 6.0.1; Nexus 5X Build/MMB29P) AppleWebKit/537.36 (KHTML, like Gecko) Chrome/137.0.7151.103 Mobile Safari/537.36 (compatible; Googlebot/2.1; +http://www.google.com/bot.html)"
66.249.64.164 - - [06/Jul/2025:16:20:52 -0400] "GET /shopdetail/16289132/ HTTP/1.1" 301 0 "-" "Mozilla/5.0 (Linux; Android 6.0.1; Nexus 5X Build/MMB29P) AppleWebKit/537.36 (KHTML, like Gecko) Chrome/137.0.7151.103 Mobile Safari/537.36 (compatible; Googlebot/2.1; +http://www.google.com/bot.html)"
66.249.64.164 - - [06/Jul/2025:16:20:55 -0400] "GET /shopdetail/14431321/ HTTP/1.1" 301 0 "-" "Mozilla/5.0 (Linux; Android 6.0.1; Nexus 5X Build/MMB29P) AppleWebKit/537.36 (KHTML, like Gecko) Chrome/137.0.7151.103 Mobile Safari/537.36 (compatible; Googlebot/2.1; +http://www.google.com/bot.html)"
66.249.64.43 - - [06/Jul/2025:16:21:02 -0400] "GET /shopdetail/12115365/ HTTP/1.1" 404 16645 "-" "Mozilla/5.0 (Linux; Android 6.0.1; Nexus 5X Build/MMB29P) AppleWebKit/537.36 (KHTML, like Gecko) Chrome/137.0.7151.103 Mobile Safari/537.36 (compatible; Googlebot/2.1; +http://www.google.com/bot.html)"
66.249.64.42 - - [06/Jul/2025:16:21:24 -0400] "GET /shopdetail/14072687/ HTTP/1.1" 404 16655 "-" "Mozilla/5.0 (Linux; Android 6.0.1; Nexus 5X Build/MMB29P) AppleWebKit/537.36 (KHTML, like Gecko) Chrome/137.0.7151.103 Mobile Safari/537.36 (compatible; Googlebot/2.1; +http://www.google.com/bot.html)"
66.249.64.41 - - [06/Jul/2025:16:21:33 -0400] "GET /shopdetail/16289132/ HTTP/1.1" 404 16655 "-" "Mozilla/5.0 (Linux; Android 6.0.1; Nexus 5X Build/MMB29P) AppleWebKit/537.36 (KHTML, like Gecko) Chrome/137.0.7151.103 Mobile Safari/537.36 (compatible; Googlebot/2.1; +http://www.google.com/bot.html)"
66.249.64.41 - - [06/Jul/2025:16:21:35 -0400] "GET /shopdetail/14431321/ HTTP/1.1" 404 16654 "-" "Mozilla/5.0 (Linux; Android 6.0.1; Nexus 5X Build/MMB29P) AppleWebKit/537.36 (KHTML, like Gecko) Chrome/137.0.7151.103 Mobile Safari/537.36 (compatible; Googlebot/2.1; +http://www.google.com/bot.html)"
66.249.64.164 - - [06/Jul/2025:16:22:12 -0400] "GET /shopdetail/14358687/ HTTP/1.1" 301 0 "-" "Mozilla/5.0 (Linux; Android 6.0.1; Nexus 5X Build/MMB29P) AppleWebKit/537.36 (KHTML, like Gecko) Chrome/137.0.7151.103 Mobile Safari/537.36 (compatible; Googlebot/2.1; +http://www.google.com/bot.html)"
66.249.64.41 - - [06/Jul/2025:16:22:34 -0400] "GET /shopdetail/14358687/ HTTP/1.1" 404 16653 "-" "Mozilla/5.0 (Linux; Android 6.0.1; Nexus 5X Build/MMB29P) AppleWebKit/537.36 (KHTML, like Gecko) Chrome/137.0.7151.103 Mobile Safari/537.36 (compatible; Googlebot/2.1; +http://www.google.com/bot.html)"
66.249.64.163 - - [06/Jul/2025:16:22:46 -0400] "GET /shopdetail/13925532/ HTTP/1.1" 301 0 "-" "Mozilla/5.0 (Linux; Android 6.0.1; Nexus 5X Build/MMB29P) AppleWebKit/537.36 (KHTML, like Gecko) Chrome/137.0.7151.103 Mobile Safari/537.36 (compatible; Googlebot/2.1; +http://www.google.com/bot.html)"
66.249.64.41 - - [06/Jul/2025:16:22:56 -0400] "GET /shopdetail/13925532/ HTTP/1.1" 404 16654 "-" "Mozilla/5.0 (Linux; Android 6.0.1; Nexus 5X Build/MMB29P) AppleWebKit/537.36 (KHTML, like Gecko) Chrome/137.0.7151.103 Mobile Safari/537.36 (compatible; Googlebot/2.1; +http://www.google.com/bot.html)"
23.92.177.29 - - [06/Jul/2025:16:24:59 -0400] "POST /wp-cron.php?doing_wp_cron=1751833499.1609029769897460937500 HTTP/1.1" 200 0 "http://gsc-ltd.net/wp-cron.php?doing_wp_cron=1751833499.1609029769897460937500" "WordPress/6.1.1; https://gsc-ltd.net"
66.249.64.163 - - [06/Jul/2025:16:24:59 -0400] "GET /shopdetail/15961965/ HTTP/1.1" 301 0 "-" "Mozilla/5.0 (Linux; Android 6.0.1; Nexus 5X Build/MMB29P) AppleWebKit/537.36 (KHTML, like Gecko) Chrome/137.0.7151.103 Mobile Safari/537.36 (compatible; Googlebot/2.1; +http://www.google.com/bot.html)"
66.249.64.41 - - [06/Jul/2025:16:25:18 -0400] "GET /shopdetail/15961965/ HTTP/1.1" 404 16655 "-" "Mozilla/5.0 (Linux; Android 6.0.1; Nexus 5X Build/MMB29P) AppleWebKit/537.36 (KHTML, like Gecko) Chrome/137.0.7151.103 Mobile Safari/537.36 (compatible; Googlebot/2.1; +http://www.google.com/bot.html)"
23.92.177.29 - - [06/Jul/2025:16:28:20 -0400] "POST /wp-cron.php?doing_wp_cron=1751833700.7486131191253662109375 HTTP/1.1" 200 0 "http://gsc-ltd.net/wp-cron.php?doing_wp_cron=1751833700.7486131191253662109375" "WordPress/6.1.1; https://gsc-ltd.net"
66.249.64.163 - - [06/Jul/2025:16:28:20 -0400] "GET /shopdetail/6007409/ HTTP/1.1" 301 0 "-" "Mozilla/5.0 (Linux; Android 6.0.1; Nexus 5X Build/MMB29P) AppleWebKit/537.36 (KHTML, like Gecko) Chrome/137.0.7151.103 Mobile Safari/537.36 (compatible; Googlebot/2.1; +http://www.google.com/bot.html)"
66.249.64.43 - - [06/Jul/2025:16:28:49 -0400] "GET /shopdetail/6007409/ HTTP/1.1" 404 16768 "-" "Mozilla/5.0 (Linux; Android 6.0.1; Nexus 5X Build/MMB29P) AppleWebKit/537.36 (KHTML, like Gecko) Chrome/137.0.7151.103 Mobile Safari/537.36 (compatible; Googlebot/2.1; +http://www.google.com/bot.html)"
66.249.64.163 - - [06/Jul/2025:16:28:52 -0400] "GET /shopdetail/21663687/ HTTP/1.1" 301 0 "-" "Mozilla/5.0 (Linux; Android 6.0.1; Nexus 5X Build/MMB29P) AppleWebKit/537.36 (KHTML, like Gecko) Chrome/137.0.7151.103 Mobile Safari/537.36 (compatible; Googlebot/2.1; +http://www.google.com/bot.html)"
66.249.64.165 - - [06/Jul/2025:16:29:05 -0400] "GET /shopdetail/13173687/ HTTP/1.1" 301 0 "-" "Mozilla/5.0 (Linux; Android 6.0.1; Nexus 5X Build/MMB29P) AppleWebKit/537.36 (KHTML, like Gecko) Chrome/137.0.7151.103 Mobile Safari/537.36 (compatible; Googlebot/2.1; +http://www.google.com/bot.html)"
66.249.64.42 - - [06/Jul/2025:16:29:37 -0400] "GET /shopdetail/21663687/ HTTP/1.1" 404 16656 "-" "Mozilla/5.0 (Linux; Android 6.0.1; Nexus 5X Build/MMB29P) AppleWebKit/537.36 (KHTML, like Gecko) Chrome/137.0.7151.103 Mobile Safari/537.36 (compatible; Googlebot/2.1; +http://www.google.com/bot.html)"
66.249.64.42 - - [06/Jul/2025:16:29:44 -0400] "GET /shopdetail/13173687/ HTTP/1.1" 404 16766 "-" "Mozilla/5.0 (Linux; Android 6.0.1; Nexus 5X Build/MMB29P) AppleWebKit/537.36 (KHTML, like Gecko) Chrome/137.0.7151.103 Mobile Safari/537.36 (compatible; Googlebot/2.1; +http://www.google.com/bot.html)"
216.73.216.55 - - [06/Jul/2025:16:31:16 -0400] "GET /robots.txt HTTP/1.1" 200 64 "-" "Mozilla/5.0 AppleWebKit/537.36 (KHTML, like Gecko; compatible; ClaudeBot/1.0; +claudebot@anthropic.com)"
216.73.216.55 - - [06/Jul/2025:16:31:16 -0400] "GET /shopdetail/23092543 HTTP/1.1" 404 18736 "-" "Mozilla/5.0 AppleWebKit/537.36 (KHTML, like Gecko; compatible; ClaudeBot/1.0; +claudebot@anthropic.com)"
216.73.216.55 - - [06/Jul/2025:16:31:16 -0400] "GET /shopdetail/19572209 HTTP/1.1" 404 18706 "-" "Mozilla/5.0 AppleWebKit/537.36 (KHTML, like Gecko; compatible; ClaudeBot/1.0; +claudebot@anthropic.com)"
216.73.216.55 - - [06/Jul/2025:16:31:16 -0400] "GET /shopdetail/20720932 HTTP/1.1" 404 18706 "-" "Mozilla/5.0 AppleWebKit/537.36 (KHTML, like Gecko; compatible; ClaudeBot/1.0; +claudebot@anthropic.com)"
216.73.216.55 - - [06/Jul/2025:16:31:16 -0400] "GET /wp-content/themes/twentyseventeen-child/js/jquery.waypoints.min.js HTTP/1.1" 200 5774 "http://gsc-ltd.net/shopdetail/23092543" "Mozilla/5.0 AppleWebKit/537.36 (KHTML, like Gecko; compatible; ClaudeBot/1.0; +claudebot@anthropic.com)"
216.73.216.55 - - [06/Jul/2025:16:31:16 -0400] "GET /wp-content/themes/twentyseventeen-child/js/jquery.min.js HTTP/1.1" 200 37000 "http://gsc-ltd.net/shopdetail/23092543" "Mozilla/5.0 AppleWebKit/537.36 (KHTML, like Gecko; compatible; ClaudeBot/1.0; +claudebot@anthropic.com)"
216.73.216.55 - - [06/Jul/2025:16:31:16 -0400] "GET /wp-content/themes/twentyseventeen-child/js/owl.carousel.min.js HTTP/1.1" 200 14164 "http://gsc-ltd.net/shopdetail/23092543" "Mozilla/5.0 AppleWebKit/537.36 (KHTML, like Gecko; compatible; ClaudeBot/1.0; +claudebot@anthropic.com)"
216.73.216.55 - - [06/Jul/2025:16:31:16 -0400] "GET /wp-content/themes/twentyseventeen-child/js/bootstrap.min.js HTTP/1.1" 200 13053 "http://gsc-ltd.net/shopdetail/23092543" "Mozilla/5.0 AppleWebKit/537.36 (KHTML, like Gecko; compatible; ClaudeBot/1.0; +claudebot@anthropic.com)"
216.73.216.55 - - [06/Jul/2025:16:31:16 -0400] "GET /wp-content/themes/twentyseventeen-child/js/jquery.min.js HTTP/1.1" 200 37000 "http://gsc-ltd.net/shopdetail/19572209" "Mozilla/5.0 AppleWebKit/537.36 (KHTML, like Gecko; compatible; ClaudeBot/1.0; +claudebot@anthropic.com)"
216.73.216.55 - - [06/Jul/2025:16:31:16 -0400] "GET /wp-content/themes/twentyseventeen-child/js/owl.carousel.min.js HTTP/1.1" 200 14164 "http://gsc-ltd.net/shopdetail/19572209" "Mozilla/5.0 AppleWebKit/537.36 (KHTML, like Gecko; compatible; ClaudeBot/1.0; +claudebot@anthropic.com)"
216.73.216.55 - - [06/Jul/2025:16:31:16 -0400] "GET /wp-content/themes/twentyseventeen-child/js/bootstrap.min.js HTTP/1.1" 200 13053 "http://gsc-ltd.net/shopdetail/19572209" "Mozilla/5.0 AppleWebKit/537.36 (KHTML, like Gecko; compatible; ClaudeBot/1.0; +claudebot@anthropic.com)"
216.73.216.55 - - [06/Jul/2025:16:31:16 -0400] "GET /wp-content/themes/twentyseventeen-child/js/jquery.min.js HTTP/1.1" 200 37000 "http://gsc-ltd.net/shopdetail/20720932" "Mozilla/5.0 AppleWebKit/537.36 (KHTML, like Gecko; compatible; ClaudeBot/1.0; +claudebot@anthropic.com)"
216.73.216.55 - - [06/Jul/2025:16:31:16 -0400] "GET /wp-content/themes/twentyseventeen-child/js/owl.carousel.min.js HTTP/1.1" 200 14164 "http://gsc-ltd.net/shopdetail/20720932" "Mozilla/5.0 AppleWebKit/537.36 (KHTML, like Gecko; compatible; ClaudeBot/1.0; +claudebot@anthropic.com)"
216.73.216.55 - - [06/Jul/2025:16:31:16 -0400] "GET /wp-content/themes/twentyseventeen-child/js/bootstrap.min.js HTTP/1.1" 200 13053 "http://gsc-ltd.net/shopdetail/20720932" "Mozilla/5.0 AppleWebKit/537.36 (KHTML, like Gecko; compatible; ClaudeBot/1.0; +claudebot@anthropic.com)"
216.73.216.55 - - [06/Jul/2025:16:31:16 -0400] "GET /wp-content/themes/twentyseventeen-child/js/jquery.countup.js HTTP/1.1" 200 4089 "http://gsc-ltd.net/shopdetail/23092543" "Mozilla/5.0 AppleWebKit/537.36 (KHTML, like Gecko; compatible; ClaudeBot/1.0; +claudebot@anthropic.com)"
216.73.216.55 - - [06/Jul/2025:16:31:16 -0400] "GET /wp-content/themes/twentyseventeen-child/js/jquery.waypoints.min.js HTTP/1.1" 200 5774 "http://gsc-ltd.net/shopdetail/19572209" "Mozilla/5.0 AppleWebKit/537.36 (KHTML, like Gecko; compatible; ClaudeBot/1.0; +claudebot@anthropic.com)"
216.73.216.55 - - [06/Jul/2025:16:31:16 -0400] "GET /wp-content/themes/twentyseventeen-child/js/jquery.countup.js HTTP/1.1" 200 4089 "http://gsc-ltd.net/shopdetail/19572209" "Mozilla/5.0 AppleWebKit/537.36 (KHTML, like Gecko; compatible; ClaudeBot/1.0; +claudebot@anthropic.com)"
216.73.216.55 - - [06/Jul/2025:16:31:16 -0400] "GET /wp-content/themes/twentyseventeen-child/js/jquery.waypoints.min.js HTTP/1.1" 200 5774 "http://gsc-ltd.net/shopdetail/20720932" "Mozilla/5.0 AppleWebKit/537.36 (KHTML, like Gecko; compatible; ClaudeBot/1.0; +claudebot@anthropic.com)"
216.73.216.55 - - [06/Jul/2025:16:31:16 -0400] "GET /wp-content/themes/twentyseventeen-child/js/jquery.countup.js HTTP/1.1" 200 4089 "http://gsc-ltd.net/shopdetail/20720932" "Mozilla/5.0 AppleWebKit/537.36 (KHTML, like Gecko; compatible; ClaudeBot/1.0; +claudebot@anthropic.com)"
216.73.216.55 - - [06/Jul/2025:16:31:16 -0400] "GET /wp-content/themes/twentyseventeen-child/js/wow.js HTTP/1.1" 200 6658 "http://gsc-ltd.net/shopdetail/23092543" "Mozilla/5.0 AppleWebKit/537.36 (KHTML, like Gecko; compatible; ClaudeBot/1.0; +claudebot@anthropic.com)"
216.73.216.55 - - [06/Jul/2025:16:31:16 -0400] "GET /wp-content/themes/twentyseventeen-child/js/wow.js HTTP/1.1" 200 6658 "http://gsc-ltd.net/shopdetail/19572209" "Mozilla/5.0 AppleWebKit/537.36 (KHTML, like Gecko; compatible; ClaudeBot/1.0; +claudebot@anthropic.com)"
216.73.216.55 - - [06/Jul/2025:16:31:16 -0400] "GET /wp-content/themes/twentyseventeen-child/js/wow.js HTTP/1.1" 200 6658 "http://gsc-ltd.net/shopdetail/20720932" "Mozilla/5.0 AppleWebKit/537.36 (KHTML, like Gecko; compatible; ClaudeBot/1.0; +claudebot@anthropic.com)"
66.249.64.163 - - [06/Jul/2025:16:31:30 -0400] "GET /shopdetail/10993876/ HTTP/1.1" 301 0 "-" "Mozilla/5.0 (Linux; Android 6.0.1; Nexus 5X Build/MMB29P) AppleWebKit/537.36 (KHTML, like Gecko) Chrome/137.0.7151.103 Mobile Safari/537.36 (compatible; Googlebot/2.1; +http://www.google.com/bot.html)"
66.249.64.164 - - [06/Jul/2025:16:31:33 -0400] "GET /product/edit/90621275 HTTP/1.1" 301 0 "-" "Mozilla/5.0 (Linux; Android 6.0.1; Nexus 5X Build/MMB29P) AppleWebKit/537.36 (KHTML, like Gecko) Chrome/137.0.7151.103 Mobile Safari/537.36 (compatible; Googlebot/2.1; +http://www.google.com/bot.html)"
66.249.64.42 - - [06/Jul/2025:16:31:34 -0400] "GET /shopdetail/10993876/ HTTP/1.1" 404 16653 "-" "Mozilla/5.0 (Linux; Android 6.0.1; Nexus 5X Build/MMB29P) AppleWebKit/537.36 (KHTML, like Gecko) Chrome/137.0.7151.103 Mobile Safari/537.36 (compatible; Googlebot/2.1; +http://www.google.com/bot.html)"
66.249.64.41 - - [06/Jul/2025:16:31:39 -0400] "GET /product/edit/90621275 HTTP/1.1" 404 16653 "-" "Mozilla/5.0 (Linux; Android 6.0.1; Nexus 5X Build/MMB29P) AppleWebKit/537.36 (KHTML, like Gecko) Chrome/137.0.7151.103 Mobile Safari/537.36 (compatible; Googlebot/2.1; +http://www.google.com/bot.html)"
23.92.177.29 - - [06/Jul/2025:16:34:38 -0400] "POST /wp-cron.php?doing_wp_cron=1751834078.2641749382019042968750 HTTP/1.1" 200 0 "http://gsc-ltd.net/wp-cron.php?doing_wp_cron=1751834078.2641749382019042968750" "WordPress/6.1.1; https://gsc-ltd.net"
66.249.64.163 - - [06/Jul/2025:16:34:38 -0400] "GET /shopdetail/10449454/ HTTP/1.1" 301 0 "-" "Mozilla/5.0 (Linux; Android 6.0.1; Nexus 5X Build/MMB29P) AppleWebKit/537.36 (KHTML, like Gecko) Chrome/137.0.7151.103 Mobile Safari/537.36 (compatible; Googlebot/2.1; +http://www.google.com/bot.html)"
66.249.64.41 - - [06/Jul/2025:16:34:39 -0400] "GET /shopdetail/10449454/ HTTP/1.1" 404 16768 "-" "Mozilla/5.0 (Linux; Android 6.0.1; Nexus 5X Build/MMB29P) AppleWebKit/537.36 (KHTML, like Gecko) Chrome/137.0.7151.103 Mobile Safari/537.36 (compatible; Googlebot/2.1; +http://www.google.com/bot.html)"
66.249.64.165 - - [06/Jul/2025:16:35:23 -0400] "GET /shopdetail/19639121/ HTTP/1.1" 301 0 "-" "Mozilla/5.0 (Linux; Android 6.0.1; Nexus 5X Build/MMB29P) AppleWebKit/537.36 (KHTML, like Gecko) Chrome/137.0.7151.103 Mobile Safari/537.36 (compatible; Googlebot/2.1; +http://www.google.com/bot.html)"
66.249.64.41 - - [06/Jul/2025:16:35:26 -0400] "GET /shopdetail/19639121/ HTTP/1.1" 404 16654 "-" "Mozilla/5.0 (Linux; Android 6.0.1; Nexus 5X Build/MMB29P) AppleWebKit/537.36 (KHTML, like Gecko) Chrome/137.0.7151.103 Mobile Safari/537.36 (compatible; Googlebot/2.1; +http://www.google.com/bot.html)"
23.92.177.29 - - [06/Jul/2025:16:41:15 -0400] "POST /wp-cron.php?doing_wp_cron=1751834475.1613049507141113281250 HTTP/1.1" 200 0 "http://gsc-ltd.net/wp-cron.php?doing_wp_cron=1751834475.1613049507141113281250" "WordPress/6.1.1; https://gsc-ltd.net"
66.249.64.163 - - [06/Jul/2025:16:41:15 -0400] "GET /shopdetail/20369610/ HTTP/1.1" 301 0 "-" "Mozilla/5.0 (Linux; Android 6.0.1; Nexus 5X Build/MMB29P) AppleWebKit/537.36 (KHTML, like Gecko) Chrome/137.0.7151.103 Mobile Safari/537.36 (compatible; Googlebot/2.1; +http://www.google.com/bot.html)"
66.249.64.43 - - [06/Jul/2025:16:41:15 -0400] "GET /shopdetail/20369610/ HTTP/1.1" 404 16769 "-" "Mozilla/5.0 (Linux; Android 6.0.1; Nexus 5X Build/MMB29P) AppleWebKit/537.36 (KHTML, like Gecko) Chrome/137.0.7151.103 Mobile Safari/537.36 (compatible; Googlebot/2.1; +http://www.google.com/bot.html)"
23.92.177.29 - - [06/Jul/2025:16:50:38 -0400] "POST /wp-cron.php?doing_wp_cron=1751835038.9696350097656250000000 HTTP/1.1" 200 0 "http://gsc-ltd.net/wp-cron.php?doing_wp_cron=1751835038.9696350097656250000000" "WordPress/6.1.1; https://gsc-ltd.net"
66.249.64.163 - - [06/Jul/2025:16:50:38 -0400] "GET /shopdetail/20942176/ HTTP/1.1" 301 0 "-" "Mozilla/5.0 (Linux; Android 6.0.1; Nexus 5X Build/MMB29P) AppleWebKit/537.36 (KHTML, like Gecko) Chrome/137.0.7151.103 Mobile Safari/537.36 (compatible; Googlebot/2.1; +http://www.google.com/bot.html)"
66.249.64.41 - - [06/Jul/2025:16:50:42 -0400] "GET /shopdetail/20942176/ HTTP/1.1" 404 16768 "-" "Mozilla/5.0 (Linux; Android 6.0.1; Nexus 5X Build/MMB29P) AppleWebKit/537.36 (KHTML, like Gecko) Chrome/137.0.7151.103 Mobile Safari/537.36 (compatible; Googlebot/2.1; +http://www.google.com/bot.html)"
66.249.64.41 - - [06/Jul/2025:16:52:00 -0400] "GET /shopdetail/1214454/ HTTP/1.1" 404 16766 "-" "Mozilla/5.0 (Linux; Android 6.0.1; Nexus 5X Build/MMB29P) AppleWebKit/537.36 (KHTML, like Gecko) Chrome/137.0.7151.103 Mobile Safari/537.36 (compatible; Googlebot/2.1; +http://www.google.com/bot.html)"
66.249.64.41 - - [06/Jul/2025:16:52:08 -0400] "GET /shopdetail/11812032/ HTTP/1.1" 404 16768 "-" "Mozilla/5.0 (Linux; Android 6.0.1; Nexus 5X Build/MMB29P) AppleWebKit/537.36 (KHTML, like Gecko) Chrome/137.0.7151.103 Mobile Safari/537.36 (compatible; Googlebot/2.1; +http://www.google.com/bot.html)"
66.249.64.41 - - [06/Jul/2025:16:52:17 -0400] "GET /shopdetail/12000232/ HTTP/1.1" 404 16767 "-" "Mozilla/5.0 (Linux; Android 6.0.1; Nexus 5X Build/MMB29P) AppleWebKit/537.36 (KHTML, like Gecko) Chrome/137.0.7151.103 Mobile Safari/537.36 (compatible; Googlebot/2.1; +http://www.google.com/bot.html)"
66.249.64.41 - - [06/Jul/2025:16:52:29 -0400] "GET /shopdetail/10032354/ HTTP/1.1" 404 16653 "-" "Mozilla/5.0 (Linux; Android 6.0.1; Nexus 5X Build/MMB29P) AppleWebKit/537.36 (KHTML, like Gecko) Chrome/137.0.7151.103 Mobile Safari/537.36 (compatible; Googlebot/2.1; +http://www.google.com/bot.html)"
66.249.64.41 - - [06/Jul/2025:16:52:46 -0400] "GET /shopdetail/11138832/ HTTP/1.1" 404 16654 "-" "Mozilla/5.0 (Linux; Android 6.0.1; Nexus 5X Build/MMB29P) AppleWebKit/537.36 (KHTML, like Gecko) Chrome/137.0.7151.103 Mobile Safari/537.36 (compatible; Googlebot/2.1; +http://www.google.com/bot.html)"
66.249.64.41 - - [06/Jul/2025:16:52:55 -0400] "GET /shopdetail/12068643/ HTTP/1.1" 404 16768 "-" "Mozilla/5.0 (Linux; Android 6.0.1; Nexus 5X Build/MMB29P) AppleWebKit/537.36 (KHTML, like Gecko) Chrome/137.0.7151.103 Mobile Safari/537.36 (compatible; Googlebot/2.1; +http://www.google.com/bot.html)"
23.92.177.29 - - [06/Jul/2025:16:53:03 -0400] "POST /wp-cron.php?doing_wp_cron=1751835183.8574268817901611328125 HTTP/1.1" 200 0 "http://gsc-ltd.net/wp-cron.php?doing_wp_cron=1751835183.8574268817901611328125" "WordPress/6.1.1; https://gsc-ltd.net"
66.249.64.42 - - [06/Jul/2025:16:53:03 -0400] "GET /shopdetail/12800565/ HTTP/1.1" 404 16768 "-" "Mozilla/5.0 (Linux; Android 6.0.1; Nexus 5X Build/MMB29P) AppleWebKit/537.36 (KHTML, like Gecko) Chrome/137.0.7151.103 Mobile Safari/537.36 (compatible; Googlebot/2.1; +http://www.google.com/bot.html)"
66.249.64.42 - - [06/Jul/2025:16:53:14 -0400] "GET /shopdetail/11288209/ HTTP/1.1" 404 16654 "-" "Mozilla/5.0 (Linux; Android 6.0.1; Nexus 5X Build/MMB29P) AppleWebKit/537.36 (KHTML, like Gecko) Chrome/137.0.7151.103 Mobile Safari/537.36 (compatible; Googlebot/2.1; +http://www.google.com/bot.html)"
66.249.64.41 - - [06/Jul/2025:16:53:31 -0400] "GET /shopdetail/11157843/ HTTP/1.1" 404 16769 "-" "Mozilla/5.0 (Linux; Android 6.0.1; Nexus 5X Build/MMB29P) AppleWebKit/537.36 (KHTML, like Gecko) Chrome/137.0.7151.103 Mobile Safari/537.36 (compatible; Googlebot/2.1; +http://www.google.com/bot.html)"
66.249.64.41 - - [06/Jul/2025:16:53:44 -0400] "GET /shopdetail/12234765/ HTTP/1.1" 404 16654 "-" "Mozilla/5.0 (Linux; Android 6.0.1; Nexus 5X Build/MMB29P) AppleWebKit/537.36 (KHTML, like Gecko) Chrome/137.0.7151.103 Mobile Safari/537.36 (compatible; Googlebot/2.1; +http://www.google.com/bot.html)"
66.249.64.41 - - [06/Jul/2025:16:53:56 -0400] "GET /shopdetail/11875876/ HTTP/1.1" 404 16768 "-" "Mozilla/5.0 (Linux; Android 6.0.1; Nexus 5X Build/MMB29P) AppleWebKit/537.36 (KHTML, like Gecko) Chrome/137.0.7151.103 Mobile Safari/537.36 (compatible; Googlebot/2.1; +http://www.google.com/bot.html)"
66.249.64.43 - - [06/Jul/2025:16:54:05 -0400] "GET /shopdetail/11492454/ HTTP/1.1" 404 16654 "-" "Mozilla/5.0 (Linux; Android 6.0.1; Nexus 5X Build/MMB29P) AppleWebKit/537.36 (KHTML, like Gecko) Chrome/137.0.7151.103 Mobile Safari/537.36 (compatible; Googlebot/2.1; +http://www.google.com/bot.html)"
66.249.64.41 - - [06/Jul/2025:16:54:14 -0400] "GET /shopdetail/9679632/ HTTP/1.1" 404 16654 "-" "Mozilla/5.0 (Linux; Android 6.0.1; Nexus 5X Build/MMB29P) AppleWebKit/537.36 (KHTML, like Gecko) Chrome/137.0.7151.103 Mobile Safari/537.36 (compatible; Googlebot/2.1; +http://www.google.com/bot.html)"
66.249.64.41 - - [06/Jul/2025:16:54:24 -0400] "GET /shopdetail/12204921/ HTTP/1.1" 404 16770 "-" "Mozilla/5.0 (Linux; Android 6.0.1; Nexus 5X Build/MMB29P) AppleWebKit/537.36 (KHTML, like Gecko) Chrome/137.0.7151.103 Mobile Safari/537.36 (compatible; Googlebot/2.1; +http://www.google.com/bot.html)"
66.249.64.41 - - [06/Jul/2025:16:54:33 -0400] "GET /shopdetail/11445954/ HTTP/1.1" 404 16653 "-" "Mozilla/5.0 (Linux; Android 6.0.1; Nexus 5X Build/MMB29P) AppleWebKit/537.36 (KHTML, like Gecko) Chrome/137.0.7151.103 Mobile Safari/537.36 (compatible; Googlebot/2.1; +http://www.google.com/bot.html)"
66.249.64.41 - - [06/Jul/2025:16:54:42 -0400] "GET /shopdetail/11031932/ HTTP/1.1" 404 16654 "-" "Mozilla/5.0 (Linux; Android 6.0.1; Nexus 5X Build/MMB29P) AppleWebKit/537.36 (KHTML, like Gecko) Chrome/137.0.7151.103 Mobile Safari/537.36 (compatible; Googlebot/2.1; +http://www.google.com/bot.html)"
66.249.64.41 - - [06/Jul/2025:16:54:53 -0400] "GET /shopdetail/23863387/ HTTP/1.1" 404 16655 "-" "Mozilla/5.0 (Linux; Android 6.0.1; Nexus 5X Build/MMB29P) AppleWebKit/537.36 (KHTML, like Gecko) Chrome/137.0.7151.103 Mobile Safari/537.36 (compatible; Googlebot/2.1; +http://www.google.com/bot.html)"
66.249.64.42 - - [06/Jul/2025:16:55:11 -0400] "GET /shopdetail/15291110/ HTTP/1.1" 404 16655 "-" "Mozilla/5.0 (Linux; Android 6.0.1; Nexus 5X Build/MMB29P) AppleWebKit/537.36 (KHTML, like Gecko) Chrome/137.0.7151.103 Mobile Safari/537.36 (compatible; Googlebot/2.1; +http://www.google.com/bot.html)"
66.249.64.41 - - [06/Jul/2025:16:55:19 -0400] "GET /shopdetail/10024398/ HTTP/1.1" 404 16768 "-" "Mozilla/5.0 (Linux; Android 6.0.1; Nexus 5X Build/MMB29P) AppleWebKit/537.36 (KHTML, like Gecko) Chrome/137.0.7151.103 Mobile Safari/537.36 (compatible; Googlebot/2.1; +http://www.google.com/bot.html)"
66.249.64.41 - - [06/Jul/2025:16:55:30 -0400] "GET /shopdetail/6453132/ HTTP/1.1" 404 16654 "-" "Mozilla/5.0 (Linux; Android 6.0.1; Nexus 5X Build/MMB29P) AppleWebKit/537.36 (KHTML, like Gecko) Chrome/137.0.7151.103 Mobile Safari/537.36 (compatible; Googlebot/2.1; +http://www.google.com/bot.html)"
66.249.64.41 - - [06/Jul/2025:16:55:40 -0400] "GET /shopdetail/13060476/ HTTP/1.1" 404 16654 "-" "Mozilla/5.0 (Linux; Android 6.0.1; Nexus 5X Build/MMB29P) AppleWebKit/537.36 (KHTML, like Gecko) Chrome/137.0.7151.103 Mobile Safari/537.36 (compatible; Googlebot/2.1; +http://www.google.com/bot.html)"
66.249.64.41 - - [06/Jul/2025:16:55:49 -0400] "GET /shopdetail/13335687/ HTTP/1.1" 404 16768 "-" "Mozilla/5.0 (Linux; Android 6.0.1; Nexus 5X Build/MMB29P) AppleWebKit/537.36 (KHTML, like Gecko) Chrome/137.0.7151.103 Mobile Safari/537.36 (compatible; Googlebot/2.1; +http://www.google.com/bot.html)"
66.249.64.42 - - [06/Jul/2025:16:56:06 -0400] "GET /shopdetail/6739165/ HTTP/1.1" 404 16653 "-" "Mozilla/5.0 (Linux; Android 6.0.1; Nexus 5X Build/MMB29P) AppleWebKit/537.36 (KHTML, like Gecko) Chrome/137.0.7151.103 Mobile Safari/537.36 (compatible; Googlebot/2.1; +http://www.google.com/bot.html)"
66.249.64.41 - - [06/Jul/2025:16:56:15 -0400] "GET /shopdetail/16097432/ HTTP/1.1" 404 16653 "-" "Mozilla/5.0 (Linux; Android 6.0.1; Nexus 5X Build/MMB29P) AppleWebKit/537.36 (KHTML, like Gecko) Chrome/137.0.7151.103 Mobile Safari/537.36 (compatible; Googlebot/2.1; +http://www.google.com/bot.html)"
66.249.64.41 - - [06/Jul/2025:16:56:23 -0400] "GET /shopdetail/11675154/ HTTP/1.1" 404 16769 "-" "Mozilla/5.0 (Linux; Android 6.0.1; Nexus 5X Build/MMB29P) AppleWebKit/537.36 (KHTML, like Gecko) Chrome/137.0.7151.103 Mobile Safari/537.36 (compatible; Googlebot/2.1; +http://www.google.com/bot.html)"
66.249.64.41 - - [06/Jul/2025:16:56:40 -0400] "GET /shopdetail/10937698/ HTTP/1.1" 404 16654 "-" "Mozilla/5.0 (Linux; Android 6.0.1; Nexus 5X Build/MMB29P) AppleWebKit/537.36 (KHTML, like Gecko) Chrome/137.0.7151.103 Mobile Safari/537.36 (compatible; Googlebot/2.1; +http://www.google.com/bot.html)"
66.249.64.41 - - [06/Jul/2025:16:56:43 -0400] "GET /shopdetail/16357609/ HTTP/1.1" 404 16653 "-" "Mozilla/5.0 (Linux; Android 6.0.1; Nexus 5X Build/MMB29P) AppleWebKit/537.36 (KHTML, like Gecko) Chrome/137.0.7151.103 Mobile Safari/537.36 (compatible; Googlebot/2.1; +http://www.google.com/bot.html)"
66.249.64.41 - - [06/Jul/2025:16:56:54 -0400] "GET /shopdetail/15937743/ HTTP/1.1" 404 16770 "-" "Mozilla/5.0 (Linux; Android 6.0.1; Nexus 5X Build/MMB29P) AppleWebKit/537.36 (KHTML, like Gecko) Chrome/137.0.7151.103 Mobile Safari/537.36 (compatible; Googlebot/2.1; +http://www.google.com/bot.html)"
66.249.64.42 - - [06/Jul/2025:16:57:11 -0400] "GET /shopdetail/18776343/ HTTP/1.1" 404 16655 "-" "Mozilla/5.0 (Linux; Android 6.0.1; Nexus 5X Build/MMB29P) AppleWebKit/537.36 (KHTML, like Gecko) Chrome/137.0.7151.103 Mobile Safari/537.36 (compatible; Googlebot/2.1; +http://www.google.com/bot.html)"
66.249.64.42 - - [06/Jul/2025:16:57:21 -0400] "GET /shopdetail/10231721/ HTTP/1.1" 404 16770 "-" "Mozilla/5.0 (Linux; Android 6.0.1; Nexus 5X Build/MMB29P) AppleWebKit/537.36 (KHTML, like Gecko) Chrome/137.0.7151.103 Mobile Safari/537.36 (compatible; Googlebot/2.1; +http://www.google.com/bot.html)"
66.249.64.41 - - [06/Jul/2025:16:57:28 -0400] "GET /shopdetail/20595443/ HTTP/1.1" 404 16770 "-" "Mozilla/5.0 (Linux; Android 6.0.1; Nexus 5X Build/MMB29P) AppleWebKit/537.36 (KHTML, like Gecko) Chrome/137.0.7151.103 Mobile Safari/537.36 (compatible; Googlebot/2.1; +http://www.google.com/bot.html)"
66.249.64.41 - - [06/Jul/2025:16:57:41 -0400] "GET /shopdetail/11527521/ HTTP/1.1" 404 16654 "-" "Mozilla/5.0 (Linux; Android 6.0.1; Nexus 5X Build/MMB29P) AppleWebKit/537.36 (KHTML, like Gecko) Chrome/137.0.7151.103 Mobile Safari/537.36 (compatible; Googlebot/2.1; +http://www.google.com/bot.html)"
23.92.177.29 - - [06/Jul/2025:16:59:02 -0400] "POST /wp-cron.php?doing_wp_cron=1751835542.6832120418548583984375 HTTP/1.1" 200 0 "http://gsc-ltd.net/wp-cron.php?doing_wp_cron=1751835542.6832120418548583984375" "WordPress/6.1.1; https://gsc-ltd.net"
89.191.151.54 - - [06/Jul/2025:16:59:02 -0400] "POST /xmlrpc.php HTTP/1.1" 500 0 "-" "Mozilla/5.0 (X11; Ubuntu; Linux x86_64; rv:85.0) Gecko/20100101 Firefox/91.0"
23.92.177.29 - - [06/Jul/2025:17:13:08 -0400] "POST /wp-cron.php?doing_wp_cron=1751836388.0907979011535644531250 HTTP/1.1" 200 0 "http://gsc-ltd.net/wp-cron.php?doing_wp_cron=1751836388.0907979011535644531250" "WordPress/6.1.1; https://gsc-ltd.net"
121.4.97.180 - - [06/Jul/2025:17:13:08 -0400] "GET / HTTP/1.1" 301 0 "-" "Mozilla/5.0 (iPhone; CPU iPhone OS 13_2_3 like Mac OS X) AppleWebKit/605.1.15 (KHTML, like Gecko) Version/13.0.3 Mobile/15E148 Safari/604.1"
121.4.97.180 - - [06/Jul/2025:17:13:08 -0400] "GET / HTTP/1.1" 200 23061 "http://www.gsc-ltd.net" "Mozilla/5.0 (iPhone; CPU iPhone OS 13_2_3 like Mac OS X) AppleWebKit/605.1.15 (KHTML, like Gecko) Version/13.0.3 Mobile/15E148 Safari/604.1"
23.92.177.29 - - [06/Jul/2025:18:22:48 -0400] "POST /wp-cron.php?doing_wp_cron=1751840568.1882400512695312500000 HTTP/1.1" 200 0 "http://gsc-ltd.net/wp-cron.php?doing_wp_cron=1751840568.1882400512695312500000" "WordPress/6.1.1; https://gsc-ltd.net"
43.154.250.181 - - [06/Jul/2025:18:22:48 -0400] "GET / HTTP/1.1" 200 23230 "-" "Mozilla/5.0 (iPhone; CPU iPhone OS 13_2_3 like Mac OS X) AppleWebKit/605.1.15 (KHTML, like Gecko) Version/13.0.3 Mobile/15E148 Safari/604.1"
66.249.64.164 - - [06/Jul/2025:18:39:10 -0400] "GET /robots.txt HTTP/1.1" 200 64 "-" "Mozilla/5.0 (compatible; Googlebot/2.1; +http://www.google.com/bot.html)"
66.249.64.163 - - [06/Jul/2025:18:40:37 -0400] "GET /shopdetail/11135032/ HTTP/1.1" 301 0 "-" "Mozilla/5.0 (Linux; Android 6.0.1; Nexus 5X Build/MMB29P) AppleWebKit/537.36 (KHTML, like Gecko) Chrome/137.0.7151.103 Mobile Safari/537.36 (compatible; Googlebot/2.1; +http://www.google.com/bot.html)"
66.249.64.163 - - [06/Jul/2025:18:40:44 -0400] "GET /shopdetail/10850254/ HTTP/1.1" 301 0 "-" "Mozilla/5.0 (Linux; Android 6.0.1; Nexus 5X Build/MMB29P) AppleWebKit/537.36 (KHTML, like Gecko) Chrome/137.0.7151.103 Mobile Safari/537.36 (compatible; Googlebot/2.1; +http://www.google.com/bot.html)"
66.249.64.163 - - [06/Jul/2025:18:40:55 -0400] "GET /shopdetail/8106809/ HTTP/1.1" 301 0 "-" "Mozilla/5.0 (Linux; Android 6.0.1; Nexus 5X Build/MMB29P) AppleWebKit/537.36 (KHTML, like Gecko) Chrome/137.0.7151.103 Mobile Safari/537.36 (compatible; Googlebot/2.1; +http://www.google.com/bot.html)"
66.249.64.165 - - [06/Jul/2025:18:41:03 -0400] "GET /shopdetail/10419776/ HTTP/1.1" 301 0 "-" "Mozilla/5.0 (Linux; Android 6.0.1; Nexus 5X Build/MMB29P) AppleWebKit/537.36 (KHTML, like Gecko) Chrome/137.0.7151.103 Mobile Safari/537.36 (compatible; Googlebot/2.1; +http://www.google.com/bot.html)"
66.249.64.41 - - [06/Jul/2025:18:41:08 -0400] "GET /shopdetail/11135032/ HTTP/1.1" 404 16655 "-" "Mozilla/5.0 (Linux; Android 6.0.1; Nexus 5X Build/MMB29P) AppleWebKit/537.36 (KHTML, like Gecko) Chrome/137.0.7151.103 Mobile Safari/537.36 (compatible; Googlebot/2.1; +http://www.google.com/bot.html)"
66.249.64.41 - - [06/Jul/2025:18:41:14 -0400] "GET /shopdetail/10850254/ HTTP/1.1" 404 16655 "-" "Mozilla/5.0 (Linux; Android 6.0.1; Nexus 5X Build/MMB29P) AppleWebKit/537.36 (KHTML, like Gecko) Chrome/137.0.7151.103 Mobile Safari/537.36 (compatible; Googlebot/2.1; +http://www.google.com/bot.html)"
66.249.64.41 - - [06/Jul/2025:18:41:24 -0400] "GET /shopdetail/8106809/ HTTP/1.1" 404 16654 "-" "Mozilla/5.0 (Linux; Android 6.0.1; Nexus 5X Build/MMB29P) AppleWebKit/537.36 (KHTML, like Gecko) Chrome/137.0.7151.103 Mobile Safari/537.36 (compatible; Googlebot/2.1; +http://www.google.com/bot.html)"
66.249.64.41 - - [06/Jul/2025:18:41:28 -0400] "GET /shopdetail/10419776/ HTTP/1.1" 404 16768 "-" "Mozilla/5.0 (Linux; Android 6.0.1; Nexus 5X Build/MMB29P) AppleWebKit/537.36 (KHTML, like Gecko) Chrome/137.0.7151.103 Mobile Safari/537.36 (compatible; Googlebot/2.1; +http://www.google.com/bot.html)"
66.249.64.163 - - [06/Jul/2025:18:41:30 -0400] "GET /shopdetail/11344209/ HTTP/1.1" 301 0 "-" "Mozilla/5.0 (Linux; Android 6.0.1; Nexus 5X Build/MMB29P) AppleWebKit/537.36 (KHTML, like Gecko) Chrome/137.0.7151.103 Mobile Safari/537.36 (compatible; Googlebot/2.1; +http://www.google.com/bot.html)"
66.249.64.163 - - [06/Jul/2025:18:41:46 -0400] "GET /shopdetail/9985410/ HTTP/1.1" 301 0 "-" "Mozilla/5.0 (Linux; Android 6.0.1; Nexus 5X Build/MMB29P) AppleWebKit/537.36 (KHTML, like Gecko) Chrome/137.0.7151.103 Mobile Safari/537.36 (compatible; Googlebot/2.1; +http://www.google.com/bot.html)"
66.249.64.41 - - [06/Jul/2025:18:41:48 -0400] "GET /shopdetail/11344209/ HTTP/1.1" 404 16767 "-" "Mozilla/5.0 (Linux; Android 6.0.1; Nexus 5X Build/MMB29P) AppleWebKit/537.36 (KHTML, like Gecko) Chrome/137.0.7151.103 Mobile Safari/537.36 (compatible; Googlebot/2.1; +http://www.google.com/bot.html)"
66.249.64.43 - - [06/Jul/2025:18:41:59 -0400] "GET /shopdetail/9985410/ HTTP/1.1" 404 16654 "-" "Mozilla/5.0 (Linux; Android 6.0.1; Nexus 5X Build/MMB29P) AppleWebKit/537.36 (KHTML, like Gecko) Chrome/137.0.7151.103 Mobile Safari/537.36 (compatible; Googlebot/2.1; +http://www.google.com/bot.html)"
66.249.64.163 - - [06/Jul/2025:18:42:12 -0400] "GET /shopdetail/8118987/ HTTP/1.1" 301 0 "-" "Mozilla/5.0 (Linux; Android 6.0.1; Nexus 5X Build/MMB29P) AppleWebKit/537.36 (KHTML, like Gecko) Chrome/137.0.7151.103 Mobile Safari/537.36 (compatible; Googlebot/2.1; +http://www.google.com/bot.html)"
66.249.64.41 - - [06/Jul/2025:18:42:26 -0400] "GET /shopdetail/8118987/ HTTP/1.1" 404 16655 "-" "Mozilla/5.0 (Linux; Android 6.0.1; Nexus 5X Build/MMB29P) AppleWebKit/537.36 (KHTML, like Gecko) Chrome/137.0.7151.103 Mobile Safari/537.36 (compatible; Googlebot/2.1; +http://www.google.com/bot.html)"
66.249.64.163 - - [06/Jul/2025:18:42:42 -0400] "GET /shopdetail/10348187/ HTTP/1.1" 301 0 "-" "Mozilla/5.0 (Linux; Android 6.0.1; Nexus 5X Build/MMB29P) AppleWebKit/537.36 (KHTML, like Gecko) Chrome/137.0.7151.103 Mobile Safari/537.36 (compatible; Googlebot/2.1; +http://www.google.com/bot.html)"
66.249.64.41 - - [06/Jul/2025:18:42:47 -0400] "GET /shopdetail/10348187/ HTTP/1.1" 404 16654 "-" "Mozilla/5.0 (Linux; Android 6.0.1; Nexus 5X Build/MMB29P) AppleWebKit/537.36 (KHTML, like Gecko) Chrome/137.0.7151.103 Mobile Safari/537.36 (compatible; Googlebot/2.1; +http://www.google.com/bot.html)"
23.92.177.29 - - [06/Jul/2025:18:43:01 -0400] "POST /wp-cron.php?doing_wp_cron=1751841781.3339080810546875000000 HTTP/1.1" 200 0 "http://gsc-ltd.net/wp-cron.php?doing_wp_cron=1751841781.3339080810546875000000" "WordPress/6.1.1; https://gsc-ltd.net"
66.249.64.164 - - [06/Jul/2025:18:43:01 -0400] "GET /shopdetail/8381310/ HTTP/1.1" 301 0 "-" "Mozilla/5.0 (Linux; Android 6.0.1; Nexus 5X Build/MMB29P) AppleWebKit/537.36 (KHTML, like Gecko) Chrome/137.0.7151.103 Mobile Safari/537.36 (compatible; Googlebot/2.1; +http://www.google.com/bot.html)"
66.249.64.43 - - [06/Jul/2025:18:43:02 -0400] "GET /shopdetail/8381310/ HTTP/1.1" 404 16655 "-" "Mozilla/5.0 (Linux; Android 6.0.1; Nexus 5X Build/MMB29P) AppleWebKit/537.36 (KHTML, like Gecko) Chrome/137.0.7151.103 Mobile Safari/537.36 (compatible; Googlebot/2.1; +http://www.google.com/bot.html)"
66.249.64.164 - - [06/Jul/2025:18:43:24 -0400] "GET /shopdetail/8399743/ HTTP/1.1" 301 0 "-" "Mozilla/5.0 (Linux; Android 6.0.1; Nexus 5X Build/MMB29P) AppleWebKit/537.36 (KHTML, like Gecko) Chrome/137.0.7151.103 Mobile Safari/537.36 (compatible; Googlebot/2.1; +http://www.google.com/bot.html)"
66.249.64.42 - - [06/Jul/2025:18:43:27 -0400] "GET /shopdetail/8399743/ HTTP/1.1" 404 16655 "-" "Mozilla/5.0 (Linux; Android 6.0.1; Nexus 5X Build/MMB29P) AppleWebKit/537.36 (KHTML, like Gecko) Chrome/137.0.7151.103 Mobile Safari/537.36 (compatible; Googlebot/2.1; +http://www.google.com/bot.html)"
66.249.64.164 - - [06/Jul/2025:18:44:00 -0400] "GET /shopdetail/10043054/ HTTP/1.1" 301 0 "-" "Mozilla/5.0 (Linux; Android 6.0.1; Nexus 5X Build/MMB29P) AppleWebKit/537.36 (KHTML, like Gecko) Chrome/137.0.7151.103 Mobile Safari/537.36 (compatible; Googlebot/2.1; +http://www.google.com/bot.html)"
66.249.64.43 - - [06/Jul/2025:18:44:01 -0400] "GET /shopdetail/10043054/ HTTP/1.1" 404 16770 "-" "Mozilla/5.0 (Linux; Android 6.0.1; Nexus 5X Build/MMB29P) AppleWebKit/537.36 (KHTML, like Gecko) Chrome/137.0.7151.103 Mobile Safari/537.36 (compatible; Googlebot/2.1; +http://www.google.com/bot.html)"
66.249.64.163 - - [06/Jul/2025:18:44:25 -0400] "GET /shopdetail/11177210/ HTTP/1.1" 301 0 "-" "Mozilla/5.0 (Linux; Android 6.0.1; Nexus 5X Build/MMB29P) AppleWebKit/537.36 (KHTML, like Gecko) Chrome/137.0.7151.103 Mobile Safari/537.36 (compatible; Googlebot/2.1; +http://www.google.com/bot.html)"
66.249.64.42 - - [06/Jul/2025:18:44:26 -0400] "GET /shopdetail/11177210/ HTTP/1.1" 404 16767 "-" "Mozilla/5.0 (Linux; Android 6.0.1; Nexus 5X Build/MMB29P) AppleWebKit/537.36 (KHTML, like Gecko) Chrome/137.0.7151.103 Mobile Safari/537.36 (compatible; Googlebot/2.1; +http://www.google.com/bot.html)"
66.249.64.163 - - [06/Jul/2025:18:44:51 -0400] "GET /shopdetail/10725309/ HTTP/1.1" 301 0 "-" "Mozilla/5.0 (Linux; Android 6.0.1; Nexus 5X Build/MMB29P) AppleWebKit/537.36 (KHTML, like Gecko) Chrome/137.0.7151.103 Mobile Safari/537.36 (compatible; Googlebot/2.1; +http://www.google.com/bot.html)"
66.249.64.41 - - [06/Jul/2025:18:44:53 -0400] "GET /shopdetail/10725309/ HTTP/1.1" 404 16768 "-" "Mozilla/5.0 (Linux; Android 6.0.1; Nexus 5X Build/MMB29P) AppleWebKit/537.36 (KHTML, like Gecko) Chrome/137.0.7151.103 Mobile Safari/537.36 (compatible; Googlebot/2.1; +http://www.google.com/bot.html)"
