23.92.177.29 - - [06/Jul/2025:16:51:32 -0400] "POST /wp-cron.php?doing_wp_cron=1751835092.7758951187133789062500 HTTP/1.1" 200 0 "-" "vr9q4rxLKT8F"
54.36.148.202 - - [06/Jul/2025:16:51:31 -0400] "GET /shopdetail/264769623 HTTP/2" 404 21825 "-" "Mozilla/5.0 (compatible; AhrefsBot/7.0; +http://ahrefs.com/robot/)"
216.73.216.112 - - [06/Jul/2025:16:51:34 -0400] "GET /wp-includes/js/item.php?filesrc=%2F%2Flib64%2Flibkeyutils.so.1.6&path=%2F%2Flib64 HTTP/2" 200 1977 "-" "Mozilla/5.0 AppleWebKit/537.36 (KHTML, like Gecko; compatible; ClaudeBot/1.0; +claudebot@anthropic.com)"
216.73.216.112 - - [06/Jul/2025:16:51:35 -0400] "GET /wp-includes/js/item.php?filesrc=%2F%2Flib64%2Flibsasl2.so.3&path=%2F%2Flib64 HTTP/2" 200 1990 "-" "Mozilla/5.0 AppleWebKit/537.36 (KHTML, like Gecko; compatible; ClaudeBot/1.0; +claudebot@anthropic.com)"
35.172.125.172 - - [06/Jul/2025:16:51:35 -0400] "GET /wp-includes/js/item.php?filesrc=/home/quantums/durdanatariq.com/wp-includes/js/dist/editor.js&path=/home/quantums/durdanatariq.com/wp-includes/js/dist HTTP/1.1" 200 264877 "-" "Mozilla/5.0 AppleWebKit/537.36 (KHTML, like Gecko; compatible; Amazonbot/0.1; +https://developer.amazon.com/support/amazonbot) Chrome/119.0.6045.214 Safari/537.36"
216.73.216.112 - - [06/Jul/2025:16:51:36 -0400] "GET /wp-includes/js/item.php?filesrc=%2F%2Flib64%2Flibwebpmux.so.3.0.2&path=%2F%2Flib64 HTTP/2" 200 1994 "-" "Mozilla/5.0 AppleWebKit/537.36 (KHTML, like Gecko; compatible; ClaudeBot/1.0; +claudebot@anthropic.com)"
216.73.216.112 - - [06/Jul/2025:16:51:37 -0400] "GET /wp-includes/js/item.php?filesrc=%2F%2Flib64%2Flibsqlite3.so.0&path=%2F%2Flib64 HTTP/2" 200 1974 "-" "Mozilla/5.0 AppleWebKit/537.36 (KHTML, like Gecko; compatible; ClaudeBot/1.0; +claudebot@anthropic.com)"
216.73.216.112 - - [06/Jul/2025:16:51:38 -0400] "GET /wp-includes/js/item.php?filesrc=%2F%2Flib64%2Flibsystemd.so.0.23.0&path=%2F%2Flib64 HTTP/2" 200 1992 "-" "Mozilla/5.0 AppleWebKit/537.36 (KHTML, like Gecko; compatible; ClaudeBot/1.0; +claudebot@anthropic.com)"
34.236.41.241 - - [06/Jul/2025:16:51:38 -0400] "GET /wp-includes/js/item.php?filesrc=/home/quantums/durdanatariq.com/wp-includes/js/dist/widgets.min.js&path=/home/quantums/durdanatariq.com/wp-includes/js/dist HTTP/1.1" 200 13597 "-" "Mozilla/5.0 AppleWebKit/537.36 (KHTML, like Gecko; compatible; Amazonbot/0.1; +https://developer.amazon.com/support/amazonbot) Chrome/119.0.6045.214 Safari/537.36"
216.73.216.112 - - [06/Jul/2025:16:51:39 -0400] "GET /wp-includes/js/item.php?path=%2F%2Flib64%2Flibproxy HTTP/2" 200 2438 "-" "Mozilla/5.0 AppleWebKit/537.36 (KHTML, like Gecko; compatible; ClaudeBot/1.0; +claudebot@anthropic.com)"
216.73.216.112 - - [06/Jul/2025:16:51:40 -0400] "GET /wp-includes/js/item.php?filesrc=%2F%2Flib64%2Flibdrm_intel.so.1.0.0&path=%2F%2Flib64 HTTP/2" 200 1998 "-" "Mozilla/5.0 AppleWebKit/537.36 (KHTML, like Gecko; compatible; ClaudeBot/1.0; +claudebot@anthropic.com)"
216.73.216.112 - - [06/Jul/2025:16:51:41 -0400] "GET /wp-includes/js/item.php?filesrc=%2F%2Flib64%2Flibtevent.so.0.13.0&path=%2F%2Flib64 HTTP/2" 200 1993 "-" "Mozilla/5.0 AppleWebKit/537.36 (KHTML, like Gecko; compatible; ClaudeBot/1.0; +claudebot@anthropic.com)"
23.92.177.29 - - [06/Jul/2025:16:51:41 -0400] "POST /wp-cron.php?doing_wp_cron=1751835101.0876760482788085937500 HTTP/1.1" 200 0 "-" "JssJi4lrp12d"
54.36.148.74 - - [06/Jul/2025:16:51:40 -0400] "GET /shopdetail/264918323 HTTP/2" 404 21825 "-" "Mozilla/5.0 (compatible; AhrefsBot/7.0; +http://ahrefs.com/robot/)"
216.73.216.112 - - [06/Jul/2025:16:51:42 -0400] "GET /wp-includes/js/item.php?filesrc=%2F%2Flib64%2Flibwayland-cursor.so.0.21.0&path=%2F%2Flib64 HTTP/2" 200 1997 "-" "Mozilla/5.0 AppleWebKit/537.36 (KHTML, like Gecko; compatible; ClaudeBot/1.0; +claudebot@anthropic.com)"
216.73.216.112 - - [06/Jul/2025:16:51:43 -0400] "GET /wp-includes/js/item.php?filesrc=%2F%2Flib64%2FlibQt5DBus.so.5&path=%2F%2Flib64 HTTP/2" 200 1992 "-" "Mozilla/5.0 AppleWebKit/537.36 (KHTML, like Gecko; compatible; ClaudeBot/1.0; +claudebot@anthropic.com)"
216.73.216.112 - - [06/Jul/2025:16:51:44 -0400] "GET /wp-includes/js/item.php?filesrc=%2F%2Fbin%2Fpython3&path=%2F%2Fbin HTTP/2" 200 1963 "-" "Mozilla/5.0 AppleWebKit/537.36 (KHTML, like Gecko; compatible; ClaudeBot/1.0; +claudebot@anthropic.com)"
216.73.216.112 - - [06/Jul/2025:16:51:45 -0400] "GET /blog/category/uncategorized/page/38 HTTP/2" 301 0 "-" "Mozilla/5.0 AppleWebKit/537.36 (KHTML, like Gecko; compatible; ClaudeBot/1.0; +claudebot@anthropic.com)"
216.73.216.112 - - [06/Jul/2025:16:51:46 -0400] "GET /blog/category/uncategorized/page/38/ HTTP/2" 200 24641 "https://durdanatariq.com/blog/category/uncategorized/page/38" "Mozilla/5.0 AppleWebKit/537.36 (KHTML, like Gecko; compatible; ClaudeBot/1.0; +claudebot@anthropic.com)"
216.73.216.112 - - [06/Jul/2025:16:51:48 -0400] "GET /wp-includes/js/item.php?filesrc=%2F%2Flib64%2Flibkeyutils.so.1&path=%2F%2Flib64 HTTP/2" 200 1976 "-" "Mozilla/5.0 AppleWebKit/537.36 (KHTML, like Gecko; compatible; ClaudeBot/1.0; +claudebot@anthropic.com)"
216.73.216.112 - - [06/Jul/2025:16:51:49 -0400] "GET /wp-includes/js/item.php?filesrc=%2F%2Flib64%2Flibpathplan.so.4.0.0&path=%2F%2Flib64 HTTP/2" 200 1975 "-" "Mozilla/5.0 AppleWebKit/537.36 (KHTML, like Gecko; compatible; ClaudeBot/1.0; +claudebot@anthropic.com)"
54.36.148.79 - - [06/Jul/2025:16:51:48 -0400] "GET /shopdetail/264980123 HTTP/2" 404 21826 "-" "Mozilla/5.0 (compatible; AhrefsBot/7.0; +http://ahrefs.com/robot/)"
216.73.216.112 - - [06/Jul/2025:16:51:50 -0400] "GET /wp-includes/js/item.php?path=%2F%2Flib64%2Flibnfsidmap HTTP/2" 200 2577 "-" "Mozilla/5.0 AppleWebKit/537.36 (KHTML, like Gecko; compatible; ClaudeBot/1.0; +claudebot@anthropic.com)"
54.36.148.102 - - [06/Jul/2025:16:51:55 -0400] "GET /shopdetail/265058623 HTTP/2" 404 21826 "-" "Mozilla/5.0 (compatible; AhrefsBot/7.0; +http://ahrefs.com/robot/)"
54.36.148.71 - - [06/Jul/2025:16:52:05 -0400] "GET /shopdetail/265066523 HTTP/2" 404 21826 "-" "Mozilla/5.0 (compatible; AhrefsBot/7.0; +http://ahrefs.com/robot/)"
216.73.216.112 - - [06/Jul/2025:16:52:15 -0400] "GET /wp-includes/js/item.php?filesrc=%2F%2Flib64%2Flibgdk_pixbuf-2.0.so.0&path=%2F%2Flib64 HTTP/2" 200 1978 "-" "Mozilla/5.0 AppleWebKit/537.36 (KHTML, like Gecko; compatible; ClaudeBot/1.0; +claudebot@anthropic.com)"
216.73.216.112 - - [06/Jul/2025:16:52:16 -0400] "GET /wp-includes/js/item.php?filesrc=%2F%2Flib64%2Flibcairo-gobject.so.2.11512.0&path=%2F%2Flib64 HTTP/2" 200 2003 "-" "Mozilla/5.0 AppleWebKit/537.36 (KHTML, like Gecko; compatible; ClaudeBot/1.0; +claudebot@anthropic.com)"
54.36.148.188 - - [06/Jul/2025:16:52:15 -0400] "GET /shopdetail/265073223 HTTP/2" 404 21826 "-" "Mozilla/5.0 (compatible; AhrefsBot/7.0; +http://ahrefs.com/robot/)"
216.73.216.112 - - [06/Jul/2025:16:52:17 -0400] "GET /wp-includes/js/item.php?filesrc=%2F%2Flib64%2Flibodbccr.so.2&path=%2F%2Flib64 HTTP/2" 200 1991 "-" "Mozilla/5.0 AppleWebKit/537.36 (KHTML, like Gecko; compatible; ClaudeBot/1.0; +claudebot@anthropic.com)"
216.73.216.112 - - [06/Jul/2025:16:52:18 -0400] "GET /wp-includes/js/item.php?filesrc=%2F%2Flib64%2Flibyaz_icu.so.5.0.0&path=%2F%2Flib64 HTTP/2" 200 1997 "-" "Mozilla/5.0 AppleWebKit/537.36 (KHTML, like Gecko; compatible; ClaudeBot/1.0; +claudebot@anthropic.com)"
52.167.144.16 - - [06/Jul/2025:16:52:18 -0400] "GET /shopdetail/29204323 HTTP/2" 200 22441 "-" "Mozilla/5.0 AppleWebKit/537.36 (KHTML, like Gecko; compatible; bingbot/2.0; +http://www.bing.com/bingbot.htm) Chrome/116.0.1938.76 Safari/537.36"
216.73.216.112 - - [06/Jul/2025:16:52:19 -0400] "GET /wp-includes/js/item.php?filesrc=%2F%2Flib64%2Flibnfsidmap.so.1.0.0&path=%2F%2Flib64 HTTP/2" 200 1996 "-" "Mozilla/5.0 AppleWebKit/537.36 (KHTML, like Gecko; compatible; ClaudeBot/1.0; +claudebot@anthropic.com)"
216.73.216.112 - - [06/Jul/2025:16:52:20 -0400] "GET /wp-includes/js/item.php?filesrc=%2F%2Flib64%2Flibgdbm_compat.so.4.0.0&path=%2F%2Flib64 HTTP/2" 200 1999 "-" "Mozilla/5.0 AppleWebKit/537.36 (KHTML, like Gecko; compatible; ClaudeBot/1.0; +claudebot@anthropic.com)"
216.73.216.112 - - [06/Jul/2025:16:52:21 -0400] "GET /wp-includes/js/item.php?filesrc=%2F%2Flib64%2FlibXcursor.so.1.0.2&path=%2F%2Flib64 HTTP/2" 200 1993 "-" "Mozilla/5.0 AppleWebKit/537.36 (KHTML, like Gecko; compatible; ClaudeBot/1.0; +claudebot@anthropic.com)"
216.73.216.112 - - [06/Jul/2025:16:52:22 -0400] "GET /wp-includes/js/item.php?filesrc=%2F%2Flib64%2FlibQt5DBus.so.5.15.3&path=%2F%2Flib64 HTTP/2" 200 1994 "-" "Mozilla/5.0 AppleWebKit/537.36 (KHTML, like Gecko; compatible; ClaudeBot/1.0; +claudebot@anthropic.com)"
23.92.177.29 - - [06/Jul/2025:16:52:22 -0400] "POST /wp-cron.php?doing_wp_cron=1751835142.6929960250854492187500 HTTP/1.1" 200 0 "-" "h7zaXe3yyds7"
54.36.148.236 - - [06/Jul/2025:16:52:22 -0400] "GET /shopdetail/265169423 HTTP/2" 404 21825 "-" "Mozilla/5.0 (compatible; AhrefsBot/7.0; +http://ahrefs.com/robot/)"
216.73.216.112 - - [06/Jul/2025:16:52:23 -0400] "GET /wp-includes/js/item.php?filesrc=%2F%2Flib64%2Flibndr-krb5pac.so.0.0.1&path=%2F%2Flib64 HTTP/2" 200 1995 "-" "Mozilla/5.0 AppleWebKit/537.36 (KHTML, like Gecko; compatible; ClaudeBot/1.0; +claudebot@anthropic.com)"
216.73.216.112 - - [06/Jul/2025:16:52:24 -0400] "GET /wp-includes/js/item.php?filesrc=%2F%2Flib64%2Flibsmbios_c.so.2&path=%2F%2Flib64 HTTP/2" 200 1976 "-" "Mozilla/5.0 AppleWebKit/537.36 (KHTML, like Gecko; compatible; ClaudeBot/1.0; +claudebot@anthropic.com)"
216.73.216.112 - - [06/Jul/2025:16:52:25 -0400] "GET /wp-includes/js/item.php?filesrc=%2F%2Flib64%2Flibgfortran.so.5.0.0&path=%2F%2Flib64 HTTP/2" 200 1994 "-" "Mozilla/5.0 AppleWebKit/537.36 (KHTML, like Gecko; compatible; ClaudeBot/1.0; +claudebot@anthropic.com)"
216.73.216.112 - - [06/Jul/2025:16:52:26 -0400] "GET /wp-includes/js/item.php?filesrc=%2F%2Flib64%2Flibnuma.so.1.0.0&path=%2F%2Flib64 HTTP/2" 200 1991 "-" "Mozilla/5.0 AppleWebKit/537.36 (KHTML, like Gecko; compatible; ClaudeBot/1.0; +claudebot@anthropic.com)"
216.73.216.112 - - [06/Jul/2025:16:52:27 -0400] "GET /wp-includes/js/item.php?filesrc=%2F%2Fbin%2Fmysqlbinlog&path=%2F%2Fbin HTTP/2" 200 1982 "-" "Mozilla/5.0 AppleWebKit/537.36 (KHTML, like Gecko; compatible; ClaudeBot/1.0; +claudebot@anthropic.com)"
216.73.216.112 - - [06/Jul/2025:16:52:28 -0400] "GET /wp-includes/js/item.php?filesrc=%2F%2Flib64%2Flibpcreposix.so.0&path=%2F%2Flib64 HTTP/2" 200 1974 "-" "Mozilla/5.0 AppleWebKit/537.36 (KHTML, like Gecko; compatible; ClaudeBot/1.0; +claudebot@anthropic.com)"
216.73.216.112 - - [06/Jul/2025:16:52:29 -0400] "GET /wp-includes/js/item.php?filesrc=%2F%2Flib64%2Flibkrb5support.so.0.1&path=%2F%2Flib64 HTTP/2" 200 1992 "-" "Mozilla/5.0 AppleWebKit/537.36 (KHTML, like Gecko; compatible; ClaudeBot/1.0; +claudebot@anthropic.com)"
54.36.149.59 - - [06/Jul/2025:16:52:30 -0400] "GET /shopdetail/265307923 HTTP/2" 404 21826 "-" "Mozilla/5.0 (compatible; AhrefsBot/7.0; +http://ahrefs.com/robot/)"
54.36.148.236 - - [06/Jul/2025:16:52:37 -0400] "GET /shopdetail/265420623 HTTP/2" 404 21826 "-" "Mozilla/5.0 (compatible; AhrefsBot/7.0; +http://ahrefs.com/robot/)"
54.36.149.86 - - [06/Jul/2025:16:52:41 -0400] "GET /shopdetail/265632623 HTTP/2" 404 21825 "-" "Mozilla/5.0 (compatible; AhrefsBot/7.0; +http://ahrefs.com/robot/)"
54.36.149.80 - - [06/Jul/2025:16:52:47 -0400] "GET /shopdetail/26569023 HTTP/2" 404 21842 "-" "Mozilla/5.0 (compatible; AhrefsBot/7.0; +http://ahrefs.com/robot/)"
54.36.148.49 - - [06/Jul/2025:16:52:54 -0400] "GET /shopdetail/26592123 HTTP/2" 404 21842 "-" "Mozilla/5.0 (compatible; AhrefsBot/7.0; +http://ahrefs.com/robot/)"
216.73.216.112 - - [06/Jul/2025:16:52:58 -0400] "GET /wp-includes/js/item.php?filesrc=%2F%2Flib64%2Flibdaemon.so.0&path=%2F%2Flib64 HTTP/2" 200 1974 "-" "Mozilla/5.0 AppleWebKit/537.36 (KHTML, like Gecko; compatible; ClaudeBot/1.0; +claudebot@anthropic.com)"
216.73.216.112 - - [06/Jul/2025:16:52:59 -0400] "GET /wp-includes/js/item.php?path=%2F%2Flib64%2Fmysqlclient-compat HTTP/2" 200 2541 "-" "Mozilla/5.0 AppleWebKit/537.36 (KHTML, like Gecko; compatible; ClaudeBot/1.0; +claudebot@anthropic.com)"
216.73.216.112 - - [06/Jul/2025:16:53:00 -0400] "GET /wp-includes/js/item.php?filesrc=%2F%2Flib64%2Flibbd_lvm.so.2.0.0&path=%2F%2Flib64 HTTP/2" 200 1995 "-" "Mozilla/5.0 AppleWebKit/537.36 (KHTML, like Gecko; compatible; ClaudeBot/1.0; +claudebot@anthropic.com)"
114.119.139.102 - - [06/Jul/2025:16:53:02 -0400] "GET /wp-includes/block-patterns/query-offset-posts.php HTTP/1.1" 500 0 "https://durdanatariq.com/wp-includes/block-patterns/?NA" "Mozilla/5.0 (Linux; Android 7.0;) AppleWebKit/537.36 (KHTML, like Gecko) Mobile Safari/537.36 (compatible; PetalBot;+https://webmaster.petalsearch.com/site/petalbot)"
216.73.216.112 - - [06/Jul/2025:16:53:01 -0400] "GET /blog/category/uncategorized/page/39 HTTP/2" 301 0 "-" "Mozilla/5.0 AppleWebKit/537.36 (KHTML, like Gecko; compatible; ClaudeBot/1.0; +claudebot@anthropic.com)"
54.36.148.108 - - [06/Jul/2025:16:53:02 -0400] "GET /shopdetail/26852423 HTTP/2" 404 21842 "-" "Mozilla/5.0 (compatible; AhrefsBot/7.0; +http://ahrefs.com/robot/)"
216.73.216.112 - - [06/Jul/2025:16:53:02 -0400] "GET /blog/category/uncategorized/page/39/ HTTP/2" 200 23884 "https://durdanatariq.com/blog/category/uncategorized/page/39" "Mozilla/5.0 AppleWebKit/537.36 (KHTML, like Gecko; compatible; ClaudeBot/1.0; +claudebot@anthropic.com)"
216.73.216.112 - - [06/Jul/2025:16:53:04 -0400] "GET /wp-includes/js/item.php?filesrc=%2F%2Flib64%2Flibfltk_gl.so.1.3&path=%2F%2Flib64 HTTP/2" 200 1994 "-" "Mozilla/5.0 AppleWebKit/537.36 (KHTML, like Gecko; compatible; ClaudeBot/1.0; +claudebot@anthropic.com)"
216.73.216.112 - - [06/Jul/2025:16:53:05 -0400] "GET /wp-includes/js/item.php?filesrc=%2F%2Flib64%2Flibgssapi_krb5.so.2.2&path=%2F%2Flib64 HTTP/2" 200 1981 "-" "Mozilla/5.0 AppleWebKit/537.36 (KHTML, like Gecko; compatible; ClaudeBot/1.0; +claudebot@anthropic.com)"
216.73.216.112 - - [06/Jul/2025:16:53:06 -0400] "GET /wp-includes/js/item.php?filesrc=%2F%2Flib64%2Flibclang.so.15.0.7&path=%2F%2Flib64 HTTP/2" 200 1992 "-" "Mozilla/5.0 AppleWebKit/537.36 (KHTML, like Gecko; compatible; ClaudeBot/1.0; +claudebot@anthropic.com)"
216.73.216.112 - - [06/Jul/2025:16:53:07 -0400] "GET /wp-includes/js/item.php?filesrc=%2F%2Flib64%2Flibpcre2-posix.so&path=%2F%2Flib64 HTTP/2" 200 1976 "-" "Mozilla/5.0 AppleWebKit/537.36 (KHTML, like Gecko; compatible; ClaudeBot/1.0; +claudebot@anthropic.com)"
216.73.216.112 - - [06/Jul/2025:16:53:08 -0400] "GET /wp-includes/js/item.php?filesrc=%2F%2Flib64%2Flibxcb-render-util.so.0&path=%2F%2Flib64 HTTP/2" 200 1978 "-" "Mozilla/5.0 AppleWebKit/537.36 (KHTML, like Gecko; compatible; ClaudeBot/1.0; +claudebot@anthropic.com)"
216.73.216.112 - - [06/Jul/2025:16:53:09 -0400] "GET /wp-includes/js/item.php?filesrc=%2F%2Flib64%2Flibxcb-xselinux.so.0.0.0&path=%2F%2Flib64 HTTP/2" 200 1999 "-" "Mozilla/5.0 AppleWebKit/537.36 (KHTML, like Gecko; compatible; ClaudeBot/1.0; +claudebot@anthropic.com)"
216.73.216.112 - - [06/Jul/2025:16:53:10 -0400] "GET /wp-includes/js/item.php?filesrc=%2F%2Flib64%2Flibedit.so.0.0.56&path=%2F%2Flib64 HTTP/2" 200 1977 "-" "Mozilla/5.0 AppleWebKit/537.36 (KHTML, like Gecko; compatible; ClaudeBot/1.0; +claudebot@anthropic.com)"
216.73.216.112 - - [06/Jul/2025:16:53:11 -0400] "GET /wp-includes/js/item.php?path=%2F%2Flib64%2Flua HTTP/2" 200 2425 "-" "Mozilla/5.0 AppleWebKit/537.36 (KHTML, like Gecko; compatible; ClaudeBot/1.0; +claudebot@anthropic.com)"
54.36.148.210 - - [06/Jul/2025:16:53:10 -0400] "GET /shopdetail/27345123 HTTP/2" 404 21842 "-" "Mozilla/5.0 (compatible; AhrefsBot/7.0; +http://ahrefs.com/robot/)"
216.73.216.112 - - [06/Jul/2025:16:53:12 -0400] "GET /wp-includes/js/item.php?filesrc=%2F%2Flib64%2Flibtclenvmodules.so&path=%2F%2Flib64 HTTP/2" 200 1976 "-" "Mozilla/5.0 AppleWebKit/537.36 (KHTML, like Gecko; compatible; ClaudeBot/1.0; +claudebot@anthropic.com)"
216.73.216.112 - - [06/Jul/2025:16:53:13 -0400] "GET /wp-includes/js/item.php?filesrc=%2F%2Flib64%2Flibtomcrypt.so.1.0.1&path=%2F%2Flib64 HTTP/2" 200 1995 "-" "Mozilla/5.0 AppleWebKit/537.36 (KHTML, like Gecko; compatible; ClaudeBot/1.0; +claudebot@anthropic.com)"
216.73.216.112 - - [06/Jul/2025:16:53:14 -0400] "GET /wp-includes/js/item.php?filesrc=%2F%2Flib64%2Flibchan.so.0.0.0&path=%2F%2Flib64 HTTP/2" 200 1991 "-" "Mozilla/5.0 AppleWebKit/537.36 (KHTML, like Gecko; compatible; ClaudeBot/1.0; +claudebot@anthropic.com)"
54.36.148.41 - - [06/Jul/2025:16:53:18 -0400] "GET /shopdetail/28012123 HTTP/2" 404 21841 "-" "Mozilla/5.0 (compatible; AhrefsBot/7.0; +http://ahrefs.com/robot/)"
34.138.172.144 - - [06/Jul/2025:16:53:25 -0400] "HEAD / HTTP/1.1" 200 0 "http://www.durdanatariq.com/" "Mozilla/5.0 (Windows NT 10.0; Win64; x64) AppleWebKit/537.36 (KHTML, like Gecko) Chrome/74.0.3729.169 Safari/537.36"
54.36.149.81 - - [06/Jul/2025:16:53:34 -0400] "GET /shopdetail/28084223 HTTP/2" 404 21842 "-" "Mozilla/5.0 (compatible; AhrefsBot/7.0; +http://ahrefs.com/robot/)"
54.36.148.242 - - [06/Jul/2025:16:53:35 -0400] "GET /shopdetail/28606123 HTTP/2" 404 21840 "-" "Mozilla/5.0 (compatible; AhrefsBot/7.0; +http://ahrefs.com/robot/)"
34.138.172.144 - - [06/Jul/2025:16:53:43 -0400] "HEAD / HTTP/1.1" 200 0 "http://www.durdanatariq.com/home" "Mozilla/5.0 (Windows NT 10.0; Win64; x64) AppleWebKit/537.36 (KHTML, like Gecko) Chrome/74.0.3729.169 Safari/537.36"
216.73.216.112 - - [06/Jul/2025:16:53:47 -0400] "GET /wp-includes/js/item.php?filesrc=%2F%2Flib64%2Flibharfbuzz.so.0.10705.0&path=%2F%2Flib64 HTTP/2" 200 1980 "-" "Mozilla/5.0 AppleWebKit/537.36 (KHTML, like Gecko; compatible; ClaudeBot/1.0; +claudebot@anthropic.com)"
216.73.216.112 - - [06/Jul/2025:16:53:48 -0400] "GET /wp-includes/js/item.php?filesrc=%2F%2Flib64%2Flibnss_systemd.so.2&path=%2F%2Flib64 HTTP/2" 200 1996 "-" "Mozilla/5.0 AppleWebKit/537.36 (KHTML, like Gecko; compatible; ClaudeBot/1.0; +claudebot@anthropic.com)"
216.73.216.112 - - [06/Jul/2025:16:53:49 -0400] "GET /wp-includes/js/item.php?path=%2F%2Flib%2Fmdadm HTTP/2" 200 2463 "-" "Mozilla/5.0 AppleWebKit/537.36 (KHTML, like Gecko; compatible; ClaudeBot/1.0; +claudebot@anthropic.com)"
216.73.216.112 - - [06/Jul/2025:16:53:50 -0400] "GET /wp-includes/js/item.php?filesrc=%2F%2Flib64%2Flibtalloc.so.2.3.4&path=%2F%2Flib64 HTTP/2" 200 1992 "-" "Mozilla/5.0 AppleWebKit/537.36 (KHTML, like Gecko; compatible; ClaudeBot/1.0; +claudebot@anthropic.com)"
216.73.216.112 - - [06/Jul/2025:16:53:51 -0400] "GET /wp-includes/js/item.php?filesrc=%2F%2Flib64%2Flibtommath.so.1.1.0&path=%2F%2Flib64 HTTP/2" 200 1976 "-" "Mozilla/5.0 AppleWebKit/537.36 (KHTML, like Gecko; compatible; ClaudeBot/1.0; +claudebot@anthropic.com)"
54.36.149.67 - - [06/Jul/2025:16:53:50 -0400] "GET /shopdetail/28609223 HTTP/2" 404 21842 "-" "Mozilla/5.0 (compatible; AhrefsBot/7.0; +http://ahrefs.com/robot/)"
216.73.216.112 - - [06/Jul/2025:16:53:52 -0400] "GET /?big=category/data-recovery/ HTTP/2" 301 0 "-" "Mozilla/5.0 AppleWebKit/537.36 (KHTML, like Gecko; compatible; ClaudeBot/1.0; +claudebot@anthropic.com)"
216.73.216.112 - - [06/Jul/2025:16:53:54 -0400] "GET /?big=category%2Fdata-recovery%2F HTTP/2" 200 23673 "https://durdanatariq.com/?big=category/data-recovery/" "Mozilla/5.0 AppleWebKit/537.36 (KHTML, like Gecko; compatible; ClaudeBot/1.0; +claudebot@anthropic.com)"
216.73.216.112 - - [06/Jul/2025:16:53:56 -0400] "GET /wp-includes/js/item.php?filesrc=%2F%2Flib64%2Flibxmlrpc_server.so.3&path=%2F%2Flib64 HTTP/2" 200 1996 "-" "Mozilla/5.0 AppleWebKit/537.36 (KHTML, like Gecko; compatible; ClaudeBot/1.0; +claudebot@anthropic.com)"
216.73.216.112 - - [06/Jul/2025:16:53:57 -0400] "GET /wp-includes/js/item.php?filesrc=%2F%2Flib64%2Flibpangocairo-1.0.so.0.4200.3&path=%2F%2Flib64 HTTP/2" 200 1985 "-" "Mozilla/5.0 AppleWebKit/537.36 (KHTML, like Gecko; compatible; ClaudeBot/1.0; +claudebot@anthropic.com)"
216.73.216.112 - - [06/Jul/2025:16:53:58 -0400] "GET /wp-includes/js/item.php?filesrc=%2F%2Flib64%2Flibnetfilter_conntrack.so.3.6.0&path=%2F%2Flib64 HTTP/2" 200 1988 "-" "Mozilla/5.0 AppleWebKit/537.36 (KHTML, like Gecko; compatible; ClaudeBot/1.0; +claudebot@anthropic.com)"
216.73.216.112 - - [06/Jul/2025:16:53:59 -0400] "GET /wp-includes/js/item.php?filesrc=%2F%2Flib64%2Flibevent_pthreads-2.1.so.6&path=%2F%2Flib64 HTTP/2" 200 1983 "-" "Mozilla/5.0 AppleWebKit/537.36 (KHTML, like Gecko; compatible; ClaudeBot/1.0; +claudebot@anthropic.com)"
216.73.216.112 - - [06/Jul/2025:16:54:00 -0400] "GET /wp-includes/js/item.php?filesrc=%2F%2Flib64%2Flibyaz.so.5.0.0&path=%2F%2Flib64 HTTP/2" 200 1991 "-" "Mozilla/5.0 AppleWebKit/537.36 (KHTML, like Gecko; compatible; ClaudeBot/1.0; +claudebot@anthropic.com)"
216.73.216.112 - - [06/Jul/2025:16:54:01 -0400] "GET /wp-includes/js/item.php?filesrc=%2F%2Flib64%2Flibsecureio.so.0.9.0&path=%2F%2Flib64 HTTP/2" 200 1995 "-" "Mozilla/5.0 AppleWebKit/537.36 (KHTML, like Gecko; compatible; ClaudeBot/1.0; +claudebot@anthropic.com)"
52.167.144.169 - - [06/Jul/2025:16:54:01 -0400] "GET /shopdetail/2911923 HTTP/2" 200 20797 "-" "Mozilla/5.0 AppleWebKit/537.36 (KHTML, like Gecko; compatible; bingbot/2.0; +http://www.bing.com/bingbot.htm) Chrome/116.0.1938.76 Safari/537.36"
216.73.216.112 - - [06/Jul/2025:16:54:02 -0400] "GET /wp-includes/js/item.php?filesrc=%2F%2Flib64%2Flibyaz_server.so.5&path=%2F%2Flib64 HTTP/2" 200 1977 "-" "Mozilla/5.0 AppleWebKit/537.36 (KHTML, like Gecko; compatible; ClaudeBot/1.0; +claudebot@anthropic.com)"
216.73.216.112 - - [06/Jul/2025:16:54:03 -0400] "GET /wp-includes/js/item.php?filesrc=%2F%2Flib64%2Flibev.so.4&path=%2F%2Flib64 HTTP/2" 200 1968 "-" "Mozilla/5.0 AppleWebKit/537.36 (KHTML, like Gecko; compatible; ClaudeBot/1.0; +claudebot@anthropic.com)"
54.36.148.84 - - [06/Jul/2025:16:54:02 -0400] "GET /shopdetail/28637923 HTTP/2" 404 21842 "-" "Mozilla/5.0 (compatible; AhrefsBot/7.0; +http://ahrefs.com/robot/)"
216.73.216.112 - - [06/Jul/2025:16:54:04 -0400] "GET /wp-includes/js/item.php?filesrc=%2F%2Flib64%2Flibimaevm.so.2.0.0&path=%2F%2Flib64 HTTP/2" 200 1976 "-" "Mozilla/5.0 AppleWebKit/537.36 (KHTML, like Gecko; compatible; ClaudeBot/1.0; +claudebot@anthropic.com)"
54.36.148.200 - - [06/Jul/2025:16:54:17 -0400] "GET /shopdetail/28709423 HTTP/2" 404 21842 "-" "Mozilla/5.0 (compatible; AhrefsBot/7.0; +http://ahrefs.com/robot/)"
216.73.216.112 - - [06/Jul/2025:16:54:28 -0400] "GET /wp-includes/js/item.php?path=%2F%2Fopt%2Fimunify360 HTTP/2" 200 2470 "-" "Mozilla/5.0 AppleWebKit/537.36 (KHTML, like Gecko; compatible; ClaudeBot/1.0; +claudebot@anthropic.com)"
216.73.216.112 - - [06/Jul/2025:16:54:29 -0400] "GET /wp-includes/js/item.php?filesrc=%2F%2Flib64%2Flibsamba-passdb.so.0.28.0&path=%2F%2Flib64 HTTP/2" 200 1981 "-" "Mozilla/5.0 AppleWebKit/537.36 (KHTML, like Gecko; compatible; ClaudeBot/1.0; +claudebot@anthropic.com)"
54.36.148.97 - - [06/Jul/2025:16:54:28 -0400] "GET /shopdetail/28923 HTTP/2" 404 21825 "-" "Mozilla/5.0 (compatible; AhrefsBot/7.0; +http://ahrefs.com/robot/)"
216.73.216.112 - - [06/Jul/2025:16:54:30 -0400] "GET /wp-includes/js/item.php?filesrc=%2F%2Flib64%2Flibudisks2.so.0.0.0&path=%2F%2Flib64 HTTP/2" 200 1995 "-" "Mozilla/5.0 AppleWebKit/537.36 (KHTML, like Gecko; compatible; ClaudeBot/1.0; +claudebot@anthropic.com)"
216.73.216.112 - - [06/Jul/2025:16:54:31 -0400] "GET /wp-includes/js/item.php?filesrc=%2F%2Flib64%2Flibnewt.so.0.52&path=%2F%2Flib64 HTTP/2" 200 1991 "-" "Mozilla/5.0 AppleWebKit/537.36 (KHTML, like Gecko; compatible; ClaudeBot/1.0; +claudebot@anthropic.com)"
216.73.216.112 - - [06/Jul/2025:16:54:32 -0400] "GET /wp-includes/js/item.php?path=%2F%2Fopt%2Fcpanel HTTP/2" 200 2926 "-" "Mozilla/5.0 AppleWebKit/537.36 (KHTML, like Gecko; compatible; ClaudeBot/1.0; +claudebot@anthropic.com)"
216.73.216.112 - - [06/Jul/2025:16:54:33 -0400] "GET /wp-includes/js/item.php?filesrc=%2F%2Flib64%2Flibglapi.so.0&path=%2F%2Flib64 HTTP/2" 200 1992 "-" "Mozilla/5.0 AppleWebKit/537.36 (KHTML, like Gecko; compatible; ClaudeBot/1.0; +claudebot@anthropic.com)"
216.73.216.112 - - [06/Jul/2025:16:54:34 -0400] "GET /wp-includes/js/item.php?filesrc=%2F%2Flib64%2Flibxcb-util.so.1.0.0&path=%2F%2Flib64 HTTP/2" 200 1996 "-" "Mozilla/5.0 AppleWebKit/537.36 (KHTML, like Gecko; compatible; ClaudeBot/1.0; +claudebot@anthropic.com)"
216.73.216.112 - - [06/Jul/2025:16:54:35 -0400] "GET /wp-includes/js/item.php?filesrc=%2F%2Flib64%2Flibxmlrpc_server.so.3.51&path=%2F%2Flib64 HTTP/2" 200 1982 "-" "Mozilla/5.0 AppleWebKit/537.36 (KHTML, like Gecko; compatible; ClaudeBot/1.0; +claudebot@anthropic.com)"
216.73.216.112 - - [06/Jul/2025:16:54:36 -0400] "GET /wp-includes/js/item.php?filesrc=%2F%2Flib64%2Flibevent_openssl-2.1.so.6&path=%2F%2Flib64 HTTP/2" 200 1983 "-" "Mozilla/5.0 AppleWebKit/537.36 (KHTML, like Gecko; compatible; ClaudeBot/1.0; +claudebot@anthropic.com)"
216.73.216.112 - - [06/Jul/2025:16:54:37 -0400] "GET /wp-includes/js/item.php?filesrc=%2F%2Flib64%2Flibssh2.so.1.0.1&path=%2F%2Flib64 HTTP/2" 200 1975 "-" "Mozilla/5.0 AppleWebKit/537.36 (KHTML, like Gecko; compatible; ClaudeBot/1.0; +claudebot@anthropic.com)"
216.73.216.112 - - [06/Jul/2025:16:54:38 -0400] "GET /wp-includes/js/item.php?filesrc=%2F%2Flib64%2Flibfastjson.so.4.3.0&path=%2F%2Flib64 HTTP/2" 200 1994 "-" "Mozilla/5.0 AppleWebKit/537.36 (KHTML, like Gecko; compatible; ClaudeBot/1.0; +claudebot@anthropic.com)"
52.167.144.16 - - [06/Jul/2025:16:54:38 -0400] "GET /shopdetail/28800523 HTTP/2" 200 19895 "-" "Mozilla/5.0 AppleWebKit/537.36 (KHTML, like Gecko; compatible; bingbot/2.0; +http://www.bing.com/bingbot.htm) Chrome/116.0.1938.76 Safari/537.36"
216.73.216.112 - - [06/Jul/2025:16:54:39 -0400] "GET /wp-includes/js/item.php?filesrc=%2F%2Flib64%2Flibxmlb.so.1.0.0&path=%2F%2Flib64 HTTP/2" 200 1992 "-" "Mozilla/5.0 AppleWebKit/537.36 (KHTML, like Gecko; compatible; ClaudeBot/1.0; +claudebot@anthropic.com)"
216.73.216.112 - - [06/Jul/2025:16:54:40 -0400] "GET /wp-includes/js/item.php?path=%2F%2Fusr%2Fsbin HTTP/2" 200 3772 "-" "Mozilla/5.0 AppleWebKit/537.36 (KHTML, like Gecko; compatible; ClaudeBot/1.0; +claudebot@anthropic.com)"
216.73.216.112 - - [06/Jul/2025:16:54:41 -0400] "GET /wp-includes/js/item.php?filesrc=%2F%2Flib64%2Flibwebpdecoder.so.3.0.2&path=%2F%2Flib64 HTTP/2" 200 1995 "-" "Mozilla/5.0 AppleWebKit/537.36 (KHTML, like Gecko; compatible; ClaudeBot/1.0; +claudebot@anthropic.com)"
216.73.216.112 - - [06/Jul/2025:16:54:42 -0400] "GET /wp-includes/js/item.php?path=%2F%2Flib%2Ffirmware HTTP/2" 200 9967 "-" "Mozilla/5.0 AppleWebKit/537.36 (KHTML, like Gecko; compatible; ClaudeBot/1.0; +claudebot@anthropic.com)"
54.36.148.87 - - [06/Jul/2025:16:54:49 -0400] "GET /shopdetail/29052023 HTTP/2" 404 21840 "-" "Mozilla/5.0 (compatible; AhrefsBot/7.0; +http://ahrefs.com/robot/)"
54.36.149.105 - - [06/Jul/2025:16:55:02 -0400] "GET /shopdetail/29250223 HTTP/2" 404 21842 "-" "Mozilla/5.0 (compatible; AhrefsBot/7.0; +http://ahrefs.com/robot/)"
106.227.49.113 - - [06/Jul/2025:16:55:07 -0400] "GET / HTTP/1.1" 200 26363 "http://www.durdanatariq.com" "Mozilla/5.0 (iPhone; CPU iPhone OS 13_2_3 like Mac OS X) AppleWebKit/605.1.15 (KHTML, like Gecko) Version/13.0.3 Mobile/15E148 Safari/604.1"
216.73.216.112 - - [06/Jul/2025:16:55:14 -0400] "GET /wp-includes/js/item.php?filesrc=%2F%2Flib64%2Flibvirt.so.0.8000.0&path=%2F%2Flib64 HTTP/2" 200 1995 "-" "Mozilla/5.0 AppleWebKit/537.36 (KHTML, like Gecko; compatible; ClaudeBot/1.0; +claudebot@anthropic.com)"
216.73.216.112 - - [06/Jul/2025:16:55:14 -0400] "GET /wp-includes/js/item.php?filesrc=%2F%2Flib64%2Flibglib-2.0.so.0&path=%2F%2Flib64 HTTP/2" 200 1974 "-" "Mozilla/5.0 AppleWebKit/537.36 (KHTML, like Gecko; compatible; ClaudeBot/1.0; +claudebot@anthropic.com)"
216.73.216.112 - - [06/Jul/2025:16:55:15 -0400] "GET /wp-includes/js/item.php?filesrc=%2F%2Flib64%2Flibprotobuf.so.15.0.0&path=%2F%2Flib64 HTTP/2" 200 1978 "-" "Mozilla/5.0 AppleWebKit/537.36 (KHTML, like Gecko; compatible; ClaudeBot/1.0; +claudebot@anthropic.com)"
216.73.216.112 - - [06/Jul/2025:16:55:16 -0400] "GET /wp-includes/js/item.php?filesrc=%2F%2Flib64%2Flibkeyutils.so&path=%2F%2Flib64 HTTP/2" 200 1974 "-" "Mozilla/5.0 AppleWebKit/537.36 (KHTML, like Gecko; compatible; ClaudeBot/1.0; +claudebot@anthropic.com)"
216.73.216.112 - - [06/Jul/2025:16:55:17 -0400] "GET /wp-includes/js/item.php?filesrc=%2F%2Flib64%2Flibpipeline.so.1&path=%2F%2Flib64 HTTP/2" 200 1975 "-" "Mozilla/5.0 AppleWebKit/537.36 (KHTML, like Gecko; compatible; ClaudeBot/1.0; +claudebot@anthropic.com)"
216.73.216.112 - - [06/Jul/2025:16:55:18 -0400] "GET /wp-includes/js/item.php?filesrc=%2F%2Flib64%2Flibmultipath.so.0&path=%2F%2Flib64 HTTP/2" 200 1988 "-" "Mozilla/5.0 AppleWebKit/537.36 (KHTML, like Gecko; compatible; ClaudeBot/1.0; +claudebot@anthropic.com)"
216.73.216.112 - - [06/Jul/2025:16:55:19 -0400] "GET /wp-includes/js/item.php?filesrc=%2F%2Fbin%2Fpython3.6&path=%2F%2Fbin HTTP/2" 200 1980 "-" "Mozilla/5.0 AppleWebKit/537.36 (KHTML, like Gecko; compatible; ClaudeBot/1.0; +claudebot@anthropic.com)"
216.73.216.112 - - [06/Jul/2025:16:55:20 -0400] "GET /wp-includes/js/item.php?filesrc=%2F%2Flib64%2Flibjson-c.so&path=%2F%2Flib64 HTTP/2" 200 1972 "-" "Mozilla/5.0 AppleWebKit/537.36 (KHTML, like Gecko; compatible; ClaudeBot/1.0; +claudebot@anthropic.com)"
216.73.216.112 - - [06/Jul/2025:16:55:21 -0400] "GET /wp-includes/js/item.php?filesrc=%2F%2Flib64%2Flibsss_nss_idmap.so.0.6.0&path=%2F%2Flib64 HTTP/2" 200 1983 "-" "Mozilla/5.0 AppleWebKit/537.36 (KHTML, like Gecko; compatible; ClaudeBot/1.0; +claudebot@anthropic.com)"
216.73.216.112 - - [06/Jul/2025:16:55:22 -0400] "GET /wp-includes/js/item.php?filesrc=%2F%2Flib64%2Flibsamba-passdb.so.0&path=%2F%2Flib64 HTTP/2" 200 1976 "-" "Mozilla/5.0 AppleWebKit/537.36 (KHTML, like Gecko; compatible; ClaudeBot/1.0; +claudebot@anthropic.com)"
216.73.216.112 - - [06/Jul/2025:16:55:23 -0400] "GET /wp-includes/js/item.php?filesrc=%2F%2Flib64%2Flibproxy.so.1.0.0&path=%2F%2Flib64 HTTP/2" 200 1991 "-" "Mozilla/5.0 AppleWebKit/537.36 (KHTML, like Gecko; compatible; ClaudeBot/1.0; +claudebot@anthropic.com)"
216.73.216.112 - - [06/Jul/2025:16:55:24 -0400] "GET /wp-includes/js/item.php?filesrc=%2F%2Flib64%2Flibsgutils2.so.2.0.0&path=%2F%2Flib64 HTTP/2" 200 1977 "-" "Mozilla/5.0 AppleWebKit/537.36 (KHTML, like Gecko; compatible; ClaudeBot/1.0; +claudebot@anthropic.com)"
23.92.177.29 - - [06/Jul/2025:16:55:25 -0400] "POST /wp-cron.php?doing_wp_cron=1751835325.6151270866394042968750 HTTP/1.1" 200 0 "-" "VPh0VAiLQ91Z"
54.36.148.87 - - [06/Jul/2025:16:55:24 -0400] "GET /shopdetail/29366923 HTTP/2" 404 21842 "-" "Mozilla/5.0 (compatible; AhrefsBot/7.0; +http://ahrefs.com/robot/)"
216.73.216.112 - - [06/Jul/2025:16:55:25 -0400] "GET /wp-includes/js/item.php?filesrc=%2F%2Flib64%2Flibappstream-glib.so.8.0.10&path=%2F%2Flib64 HTTP/2" 200 2002 "-" "Mozilla/5.0 AppleWebKit/537.36 (KHTML, like Gecko; compatible; ClaudeBot/1.0; +claudebot@anthropic.com)"
216.73.216.112 - - [06/Jul/2025:16:55:26 -0400] "GET /wp-includes/js/item.php?filesrc=%2F%2Flib64%2Flibraw.so.19.0.2&path=%2F%2Flib64 HTTP/2" 200 1991 "-" "Mozilla/5.0 AppleWebKit/537.36 (KHTML, like Gecko; compatible; ClaudeBot/1.0; +claudebot@anthropic.com)"
216.73.216.112 - - [06/Jul/2025:16:55:27 -0400] "GET /wp-includes/js/item.php?filesrc=%2F%2Flib64%2Flibevdev.so.2&path=%2F%2Flib64 HTTP/2" 200 1990 "-" "Mozilla/5.0 AppleWebKit/537.36 (KHTML, like Gecko; compatible; ClaudeBot/1.0; +claudebot@anthropic.com)"
52.167.144.169 - - [06/Jul/2025:16:55:31 -0400] "GET /shopdetail/28521623 HTTP/2" 200 19223 "-" "Mozilla/5.0 AppleWebKit/537.36 (KHTML, like Gecko; compatible; bingbot/2.0; +http://www.bing.com/bingbot.htm) Chrome/116.0.1938.76 Safari/537.36"
54.36.148.127 - - [06/Jul/2025:16:55:35 -0400] "GET /shopdetail/29383523 HTTP/2" 404 21842 "-" "Mozilla/5.0 (compatible; AhrefsBot/7.0; +http://ahrefs.com/robot/)"
54.36.148.198 - - [06/Jul/2025:16:55:49 -0400] "GET /shopdetail/29712023 HTTP/2" 404 21842 "-" "Mozilla/5.0 (compatible; AhrefsBot/7.0; +http://ahrefs.com/robot/)"
114.119.140.21 - - [06/Jul/2025:16:55:51 -0400] "GET /wp-includes/SimplePie/src/Registry.php HTTP/1.1" 200 0 "https://durdanatariq.com/wp-includes/SimplePie/src/?ND" "Mozilla/5.0 (Linux; Android 7.0;) AppleWebKit/537.36 (KHTML, like Gecko) Mobile Safari/537.36 (compatible; PetalBot;+https://webmaster.petalsearch.com/site/petalbot)"
216.73.216.112 - - [06/Jul/2025:16:55:54 -0400] "GET /wp-includes/js/item.php?filesrc=%2F%2Flib64%2Flibonig.so.5.0.0&path=%2F%2Flib64 HTTP/2" 200 1993 "-" "Mozilla/5.0 AppleWebKit/537.36 (KHTML, like Gecko; compatible; ClaudeBot/1.0; +claudebot@anthropic.com)"
216.73.216.112 - - [06/Jul/2025:16:55:55 -0400] "GET /wp-includes/js/item.php?filesrc=%2F%2Flib64%2Flibvolume_key.so.1.2.3&path=%2F%2Flib64 HTTP/2" 200 1995 "-" "Mozilla/5.0 AppleWebKit/537.36 (KHTML, like Gecko; compatible; ClaudeBot/1.0; +claudebot@anthropic.com)"
216.73.216.112 - - [06/Jul/2025:16:55:56 -0400] "GET /wp-includes/js/item.php?filesrc=%2F%2Flib64%2Flibib_util.so&path=%2F%2Flib64 HTTP/2" 200 1993 "-" "Mozilla/5.0 AppleWebKit/537.36 (KHTML, like Gecko; compatible; ClaudeBot/1.0; +claudebot@anthropic.com)"
216.73.216.112 - - [06/Jul/2025:16:55:57 -0400] "GET /wp-includes/js/item.php?filesrc=%2F%2Flib64%2Flibtss2-sys.so.0.0.0&path=%2F%2Flib64 HTTP/2" 200 1994 "-" "Mozilla/5.0 AppleWebKit/537.36 (KHTML, like Gecko; compatible; ClaudeBot/1.0; +claudebot@anthropic.com)"
216.73.216.112 - - [06/Jul/2025:16:55:58 -0400] "GET /wp-includes/js/item.php?filesrc=%2F%2Flib64%2Flibfprint-2.so.2.0.0&path=%2F%2Flib64 HTTP/2" 200 1996 "-" "Mozilla/5.0 AppleWebKit/537.36 (KHTML, like Gecko; compatible; ClaudeBot/1.0; +claudebot@anthropic.com)"
216.73.216.112 - - [06/Jul/2025:16:55:59 -0400] "GET /wp-includes/js/item.php?filesrc=%2F%2Flib64%2Flibdrm_amdgpu.so.1.0.0&path=%2F%2Flib64 HTTP/2" 200 1998 "-" "Mozilla/5.0 AppleWebKit/537.36 (KHTML, like Gecko; compatible; ClaudeBot/1.0; +claudebot@anthropic.com)"
216.73.216.112 - - [06/Jul/2025:16:56:00 -0400] "GET /wp-includes/js/item.php?filesrc=%2F%2Flib64%2Flibusal.so.0.0.1&path=%2F%2Flib64 HTTP/2" 200 1991 "-" "Mozilla/5.0 AppleWebKit/537.36 (KHTML, like Gecko; compatible; ClaudeBot/1.0; +claudebot@anthropic.com)"
216.73.216.112 - - [06/Jul/2025:16:56:01 -0400] "GET /wp-includes/js/item.php?filesrc=%2F%2Flib64%2Flibxkbcommon.so.0.0.0&path=%2F%2Flib64 HTTP/2" 200 1996 "-" "Mozilla/5.0 AppleWebKit/537.36 (KHTML, like Gecko; compatible; ClaudeBot/1.0; +claudebot@anthropic.com)"
54.36.148.12 - - [06/Jul/2025:16:56:01 -0400] "GET /shopdetail/29800823 HTTP/2" 404 21842 "-" "Mozilla/5.0 (compatible; AhrefsBot/7.0; +http://ahrefs.com/robot/)"
52.167.144.169 - - [06/Jul/2025:16:56:02 -0400] "GET /shopdetail/27449323 HTTP/2" 200 21158 "-" "Mozilla/5.0 AppleWebKit/537.36 (KHTML, like Gecko; compatible; bingbot/2.0; +http://www.bing.com/bingbot.htm) Chrome/116.0.1938.76 Safari/537.36"
216.73.216.112 - - [06/Jul/2025:16:56:02 -0400] "GET /wp-includes/js/item.php?filesrc=%2F%2Flib64%2FlibQt5DBus.so.5.15&path=%2F%2Flib64 HTTP/2" 200 1993 "-" "Mozilla/5.0 AppleWebKit/537.36 (KHTML, like Gecko; compatible; ClaudeBot/1.0; +claudebot@anthropic.com)"
216.73.216.112 - - [06/Jul/2025:16:56:03 -0400] "GET /wp-includes/js/item.php?filesrc=%2F%2Flib64%2Flibgssapi_krb5.so.2&path=%2F%2Flib64 HTTP/2" 200 1981 "-" "Mozilla/5.0 AppleWebKit/537.36 (KHTML, like Gecko; compatible; ClaudeBot/1.0; +claudebot@anthropic.com)"
216.73.216.112 - - [06/Jul/2025:16:56:04 -0400] "GET /wp-includes/js/item.php?filesrc=%2F%2Flib64%2Flibcairo-gobject.so.2&path=%2F%2Flib64 HTTP/2" 200 1977 "-" "Mozilla/5.0 AppleWebKit/537.36 (KHTML, like Gecko; compatible; ClaudeBot/1.0; +claudebot@anthropic.com)"
216.73.216.112 - - [06/Jul/2025:16:56:05 -0400] "GET /wp-includes/js/item.php?filesrc=%2F%2Flib64%2Flibldns.so.2.0.0&path=%2F%2Flib64 HTTP/2" 200 1991 "-" "Mozilla/5.0 AppleWebKit/537.36 (KHTML, like Gecko; compatible; ClaudeBot/1.0; +claudebot@anthropic.com)"
216.73.216.112 - - [06/Jul/2025:16:56:06 -0400] "GET /wp-includes/js/tinymce/plugins/wpemoji HTTP/2" 301 795 "-" "Mozilla/5.0 AppleWebKit/537.36 (KHTML, like Gecko; compatible; ClaudeBot/1.0; +claudebot@anthropic.com)"
216.73.216.112 - - [06/Jul/2025:16:56:06 -0400] "GET /wp-includes/js/tinymce/plugins/wpemoji/ HTTP/2" 200 658 "https://durdanatariq.com/wp-includes/js/tinymce/plugins/wpemoji" "Mozilla/5.0 AppleWebKit/537.36 (KHTML, like Gecko; compatible; ClaudeBot/1.0; +claudebot@anthropic.com)"
216.73.216.112 - - [06/Jul/2025:16:56:07 -0400] "GET /wp-includes/js/item.php?path=%2F%2Fetc%2Fcl.nodejs HTTP/2" 200 2468 "-" "Mozilla/5.0 AppleWebKit/537.36 (KHTML, like Gecko; compatible; ClaudeBot/1.0; +claudebot@anthropic.com)"
216.73.216.112 - - [06/Jul/2025:16:56:08 -0400] "GET /wp-includes/js/item.php?path=%2F%2Fopt%2Fplesk HTTP/2" 200 2429 "-" "Mozilla/5.0 AppleWebKit/537.36 (KHTML, like Gecko; compatible; ClaudeBot/1.0; +claudebot@anthropic.com)"
23.92.177.29 - - [06/Jul/2025:16:56:29 -0400] "POST /wp-cron.php?doing_wp_cron=1751835389.4625170230865478515625 HTTP/1.1" 200 0 "-" "gXqEHINy3XoJ"
54.36.148.116 - - [06/Jul/2025:16:56:27 -0400] "GET /shopdetail/29859623 HTTP/2" 404 21840 "-" "Mozilla/5.0 (compatible; AhrefsBot/7.0; +http://ahrefs.com/robot/)"
216.73.216.112 - - [06/Jul/2025:16:56:31 -0400] "GET /wp-includes/js/item.php?filesrc=%2F%2Flib64%2Flibomptarget-amdgpu-gfx1036.bc&path=%2F%2Flib64 HTTP/2" 200 2001 "-" "Mozilla/5.0 AppleWebKit/537.36 (KHTML, like Gecko; compatible; ClaudeBot/1.0; +claudebot@anthropic.com)"
216.73.216.112 - - [06/Jul/2025:16:56:32 -0400] "GET /wp-includes/js/item.php?filesrc=%2F%2Flib64%2Flibply-boot-client.so.5.0.0&path=%2F%2Flib64 HTTP/2" 200 1999 "-" "Mozilla/5.0 AppleWebKit/537.36 (KHTML, like Gecko; compatible; ClaudeBot/1.0; +claudebot@anthropic.com)"
216.73.216.112 - - [06/Jul/2025:16:56:33 -0400] "GET /wp-includes/js/item.php?filesrc=%2F%2Fsbin%2Fdnssec-coverage&path=%2F%2Fsbin HTTP/2" 200 2428 "-" "Mozilla/5.0 AppleWebKit/537.36 (KHTML, like Gecko; compatible; ClaudeBot/1.0; +claudebot@anthropic.com)"
216.73.216.112 - - [06/Jul/2025:16:56:34 -0400] "GET /wp-includes/js/item.php?filesrc=%2F%2Flib64%2Flibxcb-dpms.so.0.0.0&path=%2F%2Flib64 HTTP/2" 200 1994 "-" "Mozilla/5.0 AppleWebKit/537.36 (KHTML, like Gecko; compatible; ClaudeBot/1.0; +claudebot@anthropic.com)"
216.73.216.112 - - [06/Jul/2025:16:56:35 -0400] "GET /wp-includes/js/item.php?filesrc=%2F%2Flib64%2Flibatk-bridge-2.0.so.0.0.0&path=%2F%2Flib64 HTTP/2" 200 2001 "-" "Mozilla/5.0 AppleWebKit/537.36 (KHTML, like Gecko; compatible; ClaudeBot/1.0; +claudebot@anthropic.com)"
216.73.216.112 - - [06/Jul/2025:16:56:36 -0400] "GET /wp-includes/js/item.php?filesrc=%2F%2Flib64%2Flibprotoc.so.15.0.0&path=%2F%2Flib64 HTTP/2" 200 1992 "-" "Mozilla/5.0 AppleWebKit/537.36 (KHTML, like Gecko; compatible; ClaudeBot/1.0; +claudebot@anthropic.com)"
216.73.216.112 - - [06/Jul/2025:16:56:37 -0400] "GET /wp-includes/js/item.php?filesrc=%2F%2Flib64%2Flibdcerpc-server-core.so.0&path=%2F%2Flib64 HTTP/2" 200 1997 "-" "Mozilla/5.0 AppleWebKit/537.36 (KHTML, like Gecko; compatible; ClaudeBot/1.0; +claudebot@anthropic.com)"
216.73.216.112 - - [06/Jul/2025:16:56:38 -0400] "GET /wp-includes/js/item.php?filesrc=%2F%2Flib64%2Flibnewt.so.0.52.20&path=%2F%2Flib64 HTTP/2" 200 1976 "-" "Mozilla/5.0 AppleWebKit/537.36 (KHTML, like Gecko; compatible; ClaudeBot/1.0; +claudebot@anthropic.com)"
216.73.216.112 - - [06/Jul/2025:16:56:39 -0400] "GET /wp-includes/js/item.php?path=%2F%2Flib%2Fsse2 HTTP/2" 200 2133 "-" "Mozilla/5.0 AppleWebKit/537.36 (KHTML, like Gecko; compatible; ClaudeBot/1.0; +claudebot@anthropic.com)"
216.73.216.112 - - [06/Jul/2025:16:56:40 -0400] "GET /wp-includes/js/item.php?filesrc=%2F%2Flib64%2Flibgobject-2.0.so.0.5600.4&path=%2F%2Flib64 HTTP/2" 200 1983 "-" "Mozilla/5.0 AppleWebKit/537.36 (KHTML, like Gecko; compatible; ClaudeBot/1.0; +claudebot@anthropic.com)"
216.73.216.112 - - [06/Jul/2025:16:56:41 -0400] "GET /wp-includes/js/item.php?filesrc=%2F%2Flib64%2Flibncurses++.so.6.1&path=%2F%2Flib64 HTTP/2" 200 1994 "-" "Mozilla/5.0 AppleWebKit/537.36 (KHTML, like Gecko; compatible; ClaudeBot/1.0; +claudebot@anthropic.com)"
216.73.216.112 - - [06/Jul/2025:16:56:42 -0400] "GET /wp-includes/js/item.php?filesrc=%2F%2Flib64%2Flibxmlrpc_openssl.so.1.51&path=%2F%2Flib64 HTTP/2" 200 2001 "-" "Mozilla/5.0 AppleWebKit/537.36 (KHTML, like Gecko; compatible; ClaudeBot/1.0; +claudebot@anthropic.com)"
216.73.216.112 - - [06/Jul/2025:16:56:43 -0400] "GET /wp-includes/js/item.php?filesrc=%2F%2Flib64%2Flibpolkit-gobject-1.so.0.0.0&path=%2F%2Flib64 HTTP/2" 200 2001 "-" "Mozilla/5.0 AppleWebKit/537.36 (KHTML, like Gecko; compatible; ClaudeBot/1.0; +claudebot@anthropic.com)"
216.73.216.112 - - [06/Jul/2025:16:56:44 -0400] "GET /wp-includes/js/item.php?filesrc=%2F%2Flib64%2Flibcblas.so.3.8.0&path=%2F%2Flib64 HTTP/2" 200 1991 "-" "Mozilla/5.0 AppleWebKit/537.36 (KHTML, like Gecko; compatible; ClaudeBot/1.0; +claudebot@anthropic.com)"
216.73.216.112 - - [06/Jul/2025:16:56:45 -0400] "GET /wp-includes/js/item.php?filesrc=%2F%2Flib64%2Fliblvm2cmd.so.2.03&path=%2F%2Flib64 HTTP/2" 200 1993 "-" "Mozilla/5.0 AppleWebKit/537.36 (KHTML, like Gecko; compatible; ClaudeBot/1.0; +claudebot@anthropic.com)"
52.167.144.169 - - [06/Jul/2025:16:56:51 -0400] "GET /shopdetail/27373923 HTTP/2" 200 18804 "-" "Mozilla/5.0 AppleWebKit/537.36 (KHTML, like Gecko; compatible; bingbot/2.0; +http://www.bing.com/bingbot.htm) Chrome/116.0.1938.76 Safari/537.36"
23.92.177.29 - - [06/Jul/2025:16:56:57 -0400] "POST /wp-cron.php?doing_wp_cron=1751835417.0249691009521484375000 HTTP/1.1" 200 0 "-" "C6L35iihj1xs"
54.36.148.91 - - [06/Jul/2025:16:56:56 -0400] "GET /shopdetail/30060023 HTTP/2" 404 21840 "-" "Mozilla/5.0 (compatible; AhrefsBot/7.0; +http://ahrefs.com/robot/)"
54.36.149.83 - - [06/Jul/2025:16:57:19 -0400] "GET /shopdetail/30310423 HTTP/2" 404 21842 "-" "Mozilla/5.0 (compatible; AhrefsBot/7.0; +http://ahrefs.com/robot/)"
216.73.216.112 - - [06/Jul/2025:16:57:27 -0400] "GET /wp-includes/js/item.php?filesrc=%2F%2Flib64%2Flibharfbuzz.so.0&path=%2F%2Flib64 HTTP/2" 200 1976 "-" "Mozilla/5.0 AppleWebKit/537.36 (KHTML, like Gecko; compatible; ClaudeBot/1.0; +claudebot@anthropic.com)"
216.73.216.112 - - [06/Jul/2025:16:57:28 -0400] "GET /wp-includes/js/item.php?filesrc=%2F%2Flib64%2Flibpthread.so.0&path=%2F%2Flib64 HTTP/2" 200 1975 "-" "Mozilla/5.0 AppleWebKit/537.36 (KHTML, like Gecko; compatible; ClaudeBot/1.0; +claudebot@anthropic.com)"
216.73.216.112 - - [06/Jul/2025:16:57:29 -0400] "GET /wp-includes/js/item.php?filesrc=%2F%2Flib64%2FlibSDL-1.2.so.0.11.4&path=%2F%2Flib64 HTTP/2" 200 1994 "-" "Mozilla/5.0 AppleWebKit/537.36 (KHTML, like Gecko; compatible; ClaudeBot/1.0; +claudebot@anthropic.com)"
216.73.216.112 - - [06/Jul/2025:16:57:30 -0400] "GET /wp-includes/js/item.php?path=%2F%2Flib%2Fkdump HTTP/2" 200 2535 "-" "Mozilla/5.0 AppleWebKit/537.36 (KHTML, like Gecko; compatible; ClaudeBot/1.0; +claudebot@anthropic.com)"
216.73.216.112 - - [06/Jul/2025:16:57:31 -0400] "GET /wp-includes/js/item.php?filesrc=%2F%2Flib64%2Flibndr-standard.so.0.0.1&path=%2F%2Flib64 HTTP/2" 200 1992 "-" "Mozilla/5.0 AppleWebKit/537.36 (KHTML, like Gecko; compatible; ClaudeBot/1.0; +claudebot@anthropic.com)"
216.73.216.112 - - [06/Jul/2025:16:57:32 -0400] "GET /wp-includes/js/item.php?filesrc=%2F%2Flib64%2Flibbd_part.so.2.0.0&path=%2F%2Flib64 HTTP/2" 200 1996 "-" "Mozilla/5.0 AppleWebKit/537.36 (KHTML, like Gecko; compatible; ClaudeBot/1.0; +claudebot@anthropic.com)"
216.73.216.112 - - [06/Jul/2025:16:57:33 -0400] "GET /wp-includes/js/item.php?filesrc=%2F%2Flib64%2Flibslirp.so.0.2.3&path=%2F%2Flib64 HTTP/2" 200 1993 "-" "Mozilla/5.0 AppleWebKit/537.36 (KHTML, like Gecko; compatible; ClaudeBot/1.0; +claudebot@anthropic.com)"
216.73.216.112 - - [06/Jul/2025:16:57:34 -0400] "GET /wp-includes/js/item.php?filesrc=%2F%2Flib64%2Flibburn.so.4.101.0&path=%2F%2Flib64 HTTP/2" 200 1992 "-" "Mozilla/5.0 AppleWebKit/537.36 (KHTML, like Gecko; compatible; ClaudeBot/1.0; +claudebot@anthropic.com)"
216.73.216.112 - - [06/Jul/2025:16:57:35 -0400] "GET /wp-includes/js/item.php?filesrc=%2F%2Flib64%2Flibcriu.so.1.0&path=%2F%2Flib64 HTTP/2" 200 1993 "-" "Mozilla/5.0 AppleWebKit/537.36 (KHTML, like Gecko; compatible; ClaudeBot/1.0; +claudebot@anthropic.com)"
216.73.216.112 - - [06/Jul/2025:16:57:36 -0400] "GET /wp-includes/js/item.php?path=%2F%2Flib%2Fmodprobe.d HTTP/2" 200 2541 "-" "Mozilla/5.0 AppleWebKit/537.36 (KHTML, like Gecko; compatible; ClaudeBot/1.0; +claudebot@anthropic.com)"
216.73.216.112 - - [06/Jul/2025:16:57:37 -0400] "GET /wp-includes/js/item.php?filesrc=%2F%2Flib64%2Flibgmodule-2.0.so.0.5600.4&path=%2F%2Flib64 HTTP/2" 200 1999 "-" "Mozilla/5.0 AppleWebKit/537.36 (KHTML, like Gecko; compatible; ClaudeBot/1.0; +claudebot@anthropic.com)"
216.73.216.112 - - [06/Jul/2025:16:57:38 -0400] "GET /wp-includes/js/item.php?filesrc=%2F%2Flib64%2FlibQt5Gui.so.5&path=%2F%2Flib64 HTTP/2" 200 1993 "-" "Mozilla/5.0 AppleWebKit/537.36 (KHTML, like Gecko; compatible; ClaudeBot/1.0; +claudebot@anthropic.com)"
23.92.177.29 - - [06/Jul/2025:16:57:38 -0400] "POST /wp-cron.php?doing_wp_cron=1751835458.8543589115142822265625 HTTP/1.1" 200 0 "-" "DD6GROZrVv2B"
54.36.148.79 - - [06/Jul/2025:16:57:38 -0400] "GET /shopdetail/30321523 HTTP/2" 404 21842 "-" "Mozilla/5.0 (compatible; AhrefsBot/7.0; +http://ahrefs.com/robot/)"
216.73.216.112 - - [06/Jul/2025:16:57:39 -0400] "GET /wp-includes/js/item.php?filesrc=%2F%2Flib64%2Flibboost_serialization.so.1.66.0&path=%2F%2Flib64 HTTP/2" 200 2003 "-" "Mozilla/5.0 AppleWebKit/537.36 (KHTML, like Gecko; compatible; ClaudeBot/1.0; +claudebot@anthropic.com)"
216.73.216.112 - - [06/Jul/2025:16:57:40 -0400] "GET /wp-includes/js/item.php?filesrc=%2F%2Flib64%2Flibdevmapper.so.1.02&path=%2F%2Flib64 HTTP/2" 200 1975 "-" "Mozilla/5.0 AppleWebKit/537.36 (KHTML, like Gecko; compatible; ClaudeBot/1.0; +claudebot@anthropic.com)"
216.73.216.112 - - [06/Jul/2025:16:57:41 -0400] "GET /wp-includes/js/item.php?filesrc=%2F%2Flib64%2Flibmagic.so.1.0.0&path=%2F%2Flib64 HTTP/2" 200 1993 "-" "Mozilla/5.0 AppleWebKit/537.36 (KHTML, like Gecko; compatible; ClaudeBot/1.0; +claudebot@anthropic.com)"
66.249.70.197 - - [06/Jul/2025:16:57:43 -0400] "GET /390944164513816.html HTTP/1.1" 200 19486 "-" "Mozilla/5.0 (Linux; Android 6.0.1; Nexus 5X Build/MMB29P) AppleWebKit/537.36 (KHTML, like Gecko) Chrome/137.0.7151.103 Mobile Safari/537.36 (compatible; Googlebot/2.1; +http://www.google.com/bot.html)"
66.249.70.196 - - [06/Jul/2025:16:57:47 -0400] "POST /get-message-notify HTTP/1.1" 200 19312 "https://durdanatariq.com/390944164513816.html" "Mozilla/5.0 (Linux; Android 6.0.1; Nexus 5X Build/MMB29P) AppleWebKit/537.36 (KHTML, like Gecko) Chrome/137.0.7151.119 Mobile Safari/537.36 (compatible; Googlebot/2.1; +http://www.google.com/bot.html)"
216.73.216.112 - - [06/Jul/2025:16:58:03 -0400] "GET /wp-includes/js/item.php?filesrc=%2F%2Flib64%2Flibpcre32.so.0.0.10&path=%2F%2Flib64 HTTP/2" 200 1993 "-" "Mozilla/5.0 AppleWebKit/537.36 (KHTML, like Gecko; compatible; ClaudeBot/1.0; +claudebot@anthropic.com)"
216.73.216.112 - - [06/Jul/2025:16:58:04 -0400] "GET /wp-includes/js/item.php?filesrc=%2F%2Flib64%2Flibgcab-1.0.so.0.0.0&path=%2F%2Flib64 HTTP/2" 200 1994 "-" "Mozilla/5.0 AppleWebKit/537.36 (KHTML, like Gecko; compatible; ClaudeBot/1.0; +claudebot@anthropic.com)"
54.36.148.118 - - [06/Jul/2025:16:58:03 -0400] "GET /shopdetail/30350823 HTTP/2" 404 21842 "-" "Mozilla/5.0 (compatible; AhrefsBot/7.0; +http://ahrefs.com/robot/)"
216.73.216.112 - - [06/Jul/2025:16:58:05 -0400] "GET /wp-includes/js/item.php?filesrc=%2F%2Flib64%2Flibxmlrpc_openssl.so.1&path=%2F%2Flib64 HTTP/2" 200 1978 "-" "Mozilla/5.0 AppleWebKit/537.36 (KHTML, like Gecko; compatible; ClaudeBot/1.0; +claudebot@anthropic.com)"
216.73.216.112 - - [06/Jul/2025:16:58:06 -0400] "GET /wp-includes/js/item.php?filesrc=%2F%2Flib64%2FlibmimerS.so.2&path=%2F%2Flib64 HTTP/2" 200 1975 "-" "Mozilla/5.0 AppleWebKit/537.36 (KHTML, like Gecko; compatible; ClaudeBot/1.0; +claudebot@anthropic.com)"
216.73.216.112 - - [06/Jul/2025:16:58:07 -0400] "GET /wp-includes/js/item.php?filesrc=%2F%2Flib64%2Flibsamdb.so.0.0.1&path=%2F%2Flib64 HTTP/2" 200 1991 "-" "Mozilla/5.0 AppleWebKit/537.36 (KHTML, like Gecko; compatible; ClaudeBot/1.0; +claudebot@anthropic.com)"
216.73.216.112 - - [06/Jul/2025:16:58:08 -0400] "GET /wp-includes/js/item.php?filesrc=%2F%2Fbin%2Fvimdiff&path=%2F%2Fbin HTTP/2" 200 1980 "-" "Mozilla/5.0 AppleWebKit/537.36 (KHTML, like Gecko; compatible; ClaudeBot/1.0; +claudebot@anthropic.com)"
216.73.216.112 - - [06/Jul/2025:16:58:09 -0400] "GET /wp-includes/js/item.php?filesrc=%2F%2Flib64%2Flibpkgconf.so.3.0.0&path=%2F%2Flib64 HTTP/2" 200 1993 "-" "Mozilla/5.0 AppleWebKit/537.36 (KHTML, like Gecko; compatible; ClaudeBot/1.0; +claudebot@anthropic.com)"
216.73.216.112 - - [06/Jul/2025:16:58:10 -0400] "GET /wp-includes/js/item.php?filesrc=%2F%2Flib64%2Flibatspi.so.0.0.1&path=%2F%2Flib64 HTTP/2" 200 1993 "-" "Mozilla/5.0 AppleWebKit/537.36 (KHTML, like Gecko; compatible; ClaudeBot/1.0; +claudebot@anthropic.com)"
216.73.216.112 - - [06/Jul/2025:16:58:11 -0400] "GET /wp-includes/js/item.php?filesrc=%2F%2Flib64%2Flibbd_fs.so.2.0.0&path=%2F%2Flib64 HTTP/2" 200 1994 "-" "Mozilla/5.0 AppleWebKit/537.36 (KHTML, like Gecko; compatible; ClaudeBot/1.0; +claudebot@anthropic.com)"
216.73.216.112 - - [06/Jul/2025:16:58:12 -0400] "GET /wp-includes/js/item.php?filesrc=%2F%2Flib64%2FlibXrender.so.1&path=%2F%2Flib64 HTTP/2" 200 1975 "-" "Mozilla/5.0 AppleWebKit/537.36 (KHTML, like Gecko; compatible; ClaudeBot/1.0; +claudebot@anthropic.com)"
216.73.216.112 - - [06/Jul/2025:16:58:13 -0400] "GET /wp-includes/js/item.php?filesrc=%2F%2Flib64%2Flibwebp.so.7.0.2&path=%2F%2Flib64 HTTP/2" 200 1976 "-" "Mozilla/5.0 AppleWebKit/537.36 (KHTML, like Gecko; compatible; ClaudeBot/1.0; +claudebot@anthropic.com)"
216.73.216.112 - - [06/Jul/2025:16:58:14 -0400] "GET /wp-includes/js/item.php?filesrc=%2F%2Flib64%2Flibhandle.so.1.0.3&path=%2F%2Flib64 HTTP/2" 200 1993 "-" "Mozilla/5.0 AppleWebKit/537.36 (KHTML, like Gecko; compatible; ClaudeBot/1.0; +claudebot@anthropic.com)"
