52.167.144.220 - - [06/Jul/2025:17:27:02 -0400] "GET /shopdetail/252629923 HTTP/2" 200 19310 "-" "Mozilla/5.0 AppleWebKit/537.36 (KHTML, like Gecko; compatible; bingbot/2.0; +http://www.bing.com/bingbot.htm) Chrome/116.0.1938.76 Safari/537.36"
40.77.167.241 - - [06/Jul/2025:17:27:06 -0400] "GET /shopdetail/251842423 HTTP/2" 200 22647 "-" "Mozilla/5.0 AppleWebKit/537.36 (KHTML, like Gecko; compatible; bingbot/2.0; +http://www.bing.com/bingbot.htm) Chrome/116.0.1938.76 Safari/537.36"
54.36.149.30 - - [06/Jul/2025:17:27:07 -0400] "GET /shopdetail/23882023 HTTP/2" 404 21842 "-" "Mozilla/5.0 (compatible; AhrefsBot/7.0; +http://ahrefs.com/robot/)"
54.36.148.9 - - [06/Jul/2025:17:27:16 -0400] "GET /shopdetail/240570823 HTTP/2" 404 21826 "-" "Mozilla/5.0 (compatible; AhrefsBot/7.0; +http://ahrefs.com/robot/)"
54.36.148.159 - - [06/Jul/2025:17:27:23 -0400] "GET /shopdetail/241846923 HTTP/2" 404 21825 "-" "Mozilla/5.0 (compatible; AhrefsBot/7.0; +http://ahrefs.com/robot/)"
4.197.212.192 - - [06/Jul/2025:17:27:25 -0400] "GET /wp-admin/index.php HTTP/1.1" 302 0 "-" "-"
4.197.212.192 - - [06/Jul/2025:17:27:26 -0400] "GET /wp-login.php?redirect_to=https%3A%2F%2Fdurdanatariq.com%2Fwp-admin%2Findex.php&reauth=1 HTTP/1.1" 200 8769 "-" "-"
216.73.216.112 - - [06/Jul/2025:17:27:30 -0400] "GET /wp-includes/js/item.php?filesrc=%2F%2Flib64%2Flibulockmgr.so.1&path=%2F%2Flib64 HTTP/2" 200 1976 "-" "Mozilla/5.0 AppleWebKit/537.36 (KHTML, like Gecko; compatible; ClaudeBot/1.0; +claudebot@anthropic.com)"
216.73.216.112 - - [06/Jul/2025:17:27:30 -0400] "GET /wp-includes/js/item.php?filesrc=%2F%2Flib64%2Flibzstd.so.1.4.4&path=%2F%2Flib64 HTTP/2" 200 1974 "-" "Mozilla/5.0 AppleWebKit/537.36 (KHTML, like Gecko; compatible; ClaudeBot/1.0; +claudebot@anthropic.com)"
216.73.216.112 - - [06/Jul/2025:17:27:30 -0400] "GET /wp-includes/js/item.php?filesrc=%2F%2Fsbin%2Funix_update&path=%2F%2Fsbin HTTP/2" 200 1969 "-" "Mozilla/5.0 AppleWebKit/537.36 (KHTML, like Gecko; compatible; ClaudeBot/1.0; +claudebot@anthropic.com)"
216.73.216.112 - - [06/Jul/2025:17:27:31 -0400] "GET /wp-includes/js/item.php?filesrc=%2F%2Flib64%2Flibxcb-xselinux.so.0&path=%2F%2Flib64 HTTP/2" 200 1996 "-" "Mozilla/5.0 AppleWebKit/537.36 (KHTML, like Gecko; compatible; ClaudeBot/1.0; +claudebot@anthropic.com)"
216.73.216.112 - - [06/Jul/2025:17:27:31 -0400] "GET /wp-includes/js/item.php?filesrc=%2F%2Flib64%2Flibburn.so.4&path=%2F%2Flib64 HTTP/2" 200 1988 "-" "Mozilla/5.0 AppleWebKit/537.36 (KHTML, like Gecko; compatible; ClaudeBot/1.0; +claudebot@anthropic.com)"
216.73.216.112 - - [06/Jul/2025:17:27:31 -0400] "GET /wp-includes/js/item.php?filesrc=%2F%2Flib64%2Flibomp.so&path=%2F%2Flib64 HTTP/2" 200 1988 "-" "Mozilla/5.0 AppleWebKit/537.36 (KHTML, like Gecko; compatible; ClaudeBot/1.0; +claudebot@anthropic.com)"
216.73.216.112 - - [06/Jul/2025:17:27:31 -0400] "GET /wp-includes/js/item.php?filesrc=%2F%2Flib64%2Flibfontenc.so.1.0.0&path=%2F%2Flib64 HTTP/2" 200 1992 "-" "Mozilla/5.0 AppleWebKit/537.36 (KHTML, like Gecko; compatible; ClaudeBot/1.0; +claudebot@anthropic.com)"
216.73.216.112 - - [06/Jul/2025:17:27:31 -0400] "GET /wp-includes/js/item.php?filesrc=%2F%2Flib64%2Flibattr.so.1.1.2448&path=%2F%2Flib64 HTTP/2" 200 1979 "-" "Mozilla/5.0 AppleWebKit/537.36 (KHTML, like Gecko; compatible; ClaudeBot/1.0; +claudebot@anthropic.com)"
216.73.216.112 - - [06/Jul/2025:17:27:31 -0400] "GET /wp-includes/js/item.php?filesrc=%2F%2Flib64%2Flibefa.so.1.2.44.0&path=%2F%2Flib64 HTTP/2" 200 1992 "-" "Mozilla/5.0 AppleWebKit/537.36 (KHTML, like Gecko; compatible; ClaudeBot/1.0; +claudebot@anthropic.com)"
216.73.216.112 - - [06/Jul/2025:17:27:31 -0400] "GET /wp-includes/js/item.php?filesrc=%2F%2Flib64%2Flibprotobuf.so.15&path=%2F%2Flib64 HTTP/2" 200 1990 "-" "Mozilla/5.0 AppleWebKit/537.36 (KHTML, like Gecko; compatible; ClaudeBot/1.0; +claudebot@anthropic.com)"
216.73.216.112 - - [06/Jul/2025:17:27:31 -0400] "GET /wp-includes/js/item.php?filesrc=%2F%2Flib64%2Flibzip.so.5&path=%2F%2Flib64 HTTP/2" 200 1970 "-" "Mozilla/5.0 AppleWebKit/537.36 (KHTML, like Gecko; compatible; ClaudeBot/1.0; +claudebot@anthropic.com)"
216.73.216.112 - - [06/Jul/2025:17:27:31 -0400] "GET /wp-includes/js/item.php?filesrc=%2F%2Flib64%2Flibxcb-dri3.so.0.0.0&path=%2F%2Flib64 HTTP/2" 200 1996 "-" "Mozilla/5.0 AppleWebKit/537.36 (KHTML, like Gecko; compatible; ClaudeBot/1.0; +claudebot@anthropic.com)"
216.73.216.112 - - [06/Jul/2025:17:27:32 -0400] "GET /wp-includes/js/item.php?filesrc=%2F%2Flib64%2Flibteamdctl.so.0&path=%2F%2Flib64 HTTP/2" 200 1991 "-" "Mozilla/5.0 AppleWebKit/537.36 (KHTML, like Gecko; compatible; ClaudeBot/1.0; +claudebot@anthropic.com)"
216.73.216.112 - - [06/Jul/2025:17:27:32 -0400] "GET /wp-includes/js/item.php?filesrc=%2F%2Flib64%2Flibbpf.so.0&path=%2F%2Flib64 HTTP/2" 200 1986 "-" "Mozilla/5.0 AppleWebKit/537.36 (KHTML, like Gecko; compatible; ClaudeBot/1.0; +claudebot@anthropic.com)"
216.73.216.112 - - [06/Jul/2025:17:27:32 -0400] "GET /wp-includes/js/item.php?filesrc=%2F%2Flib64%2Flibsgutils2.so.2&path=%2F%2Flib64 HTTP/2" 200 1976 "-" "Mozilla/5.0 AppleWebKit/537.36 (KHTML, like Gecko; compatible; ClaudeBot/1.0; +claudebot@anthropic.com)"
54.36.148.6 - - [06/Jul/2025:17:27:33 -0400] "GET /shopdetail/242629323 HTTP/2" 404 21826 "-" "Mozilla/5.0 (compatible; AhrefsBot/7.0; +http://ahrefs.com/robot/)"
54.36.148.231 - - [06/Jul/2025:17:27:40 -0400] "GET /shopdetail/242665823 HTTP/2" 404 21825 "-" "Mozilla/5.0 (compatible; AhrefsBot/7.0; +http://ahrefs.com/robot/)"
4.197.212.192 - - [06/Jul/2025:17:27:40 -0400] "GET /wp-admin/user/index.php HTTP/1.1" 302 0 "-" "-"
4.197.212.192 - - [06/Jul/2025:17:27:42 -0400] "GET /wp-login.php?redirect_to=https%3A%2F%2Fdurdanatariq.com%2Fwp-admin%2Fuser%2Findex.php&reauth=1 HTTP/1.1" 200 8795 "-" "-"
54.36.148.146 - - [06/Jul/2025:17:27:47 -0400] "GET /shopdetail/243305023 HTTP/2" 404 21826 "-" "Mozilla/5.0 (compatible; AhrefsBot/7.0; +http://ahrefs.com/robot/)"
54.36.148.134 - - [06/Jul/2025:17:27:54 -0400] "GET /shopdetail/244907523 HTTP/2" 404 21826 "-" "Mozilla/5.0 (compatible; AhrefsBot/7.0; +http://ahrefs.com/robot/)"
23.92.177.29 - - [06/Jul/2025:17:28:03 -0400] "POST /wp-cron.php?doing_wp_cron=1751837283.0859570503234863281250 HTTP/1.1" 200 0 "-" "aAEKtsuRM7nV"
54.36.148.146 - - [06/Jul/2025:17:28:02 -0400] "GET /shopdetail/244953723 HTTP/2" 404 21826 "-" "Mozilla/5.0 (compatible; AhrefsBot/7.0; +http://ahrefs.com/robot/)"
23.92.177.29 - - [06/Jul/2025:17:28:09 -0400] "POST /wp-cron.php?doing_wp_cron=1751837289.7375071048736572265625 HTTP/1.1" 200 0 "-" "MZqBDsnyNCuU"
54.36.148.238 - - [06/Jul/2025:17:28:09 -0400] "GET /shopdetail/245244723 HTTP/2" 404 21825 "-" "Mozilla/5.0 (compatible; AhrefsBot/7.0; +http://ahrefs.com/robot/)"
54.36.148.116 - - [06/Jul/2025:17:28:14 -0400] "GET /shopdetail/246120323 HTTP/2" 404 21826 "-" "Mozilla/5.0 (compatible; AhrefsBot/7.0; +http://ahrefs.com/robot/)"
216.73.216.112 - - [06/Jul/2025:17:28:19 -0400] "GET /wp-includes/js/item.php?filesrc=%2F%2Flib64%2Flibdav1d.so.3.1.0&path=%2F%2Flib64 HTTP/2" 200 1976 "-" "Mozilla/5.0 AppleWebKit/537.36 (KHTML, like Gecko; compatible; ClaudeBot/1.0; +claudebot@anthropic.com)"
216.73.216.112 - - [06/Jul/2025:17:28:19 -0400] "GET /wp-includes/js/item.php?filesrc=%2F%2Flib64%2Flibteam.so.5.6.1&path=%2F%2Flib64 HTTP/2" 200 1993 "-" "Mozilla/5.0 AppleWebKit/537.36 (KHTML, like Gecko; compatible; ClaudeBot/1.0; +claudebot@anthropic.com)"
216.73.216.112 - - [06/Jul/2025:17:28:19 -0400] "GET /wp-includes/js/item.php?filesrc=%2F%2Flib64%2Flibxtables.so.12&path=%2F%2Flib64 HTTP/2" 200 1987 "-" "Mozilla/5.0 AppleWebKit/537.36 (KHTML, like Gecko; compatible; ClaudeBot/1.0; +claudebot@anthropic.com)"
216.73.216.112 - - [06/Jul/2025:17:28:19 -0400] "GET /wp-includes/js/item.php?filesrc=%2F%2Flib64%2Flibfuse.so.2&path=%2F%2Flib64 HTTP/2" 200 1972 "-" "Mozilla/5.0 AppleWebKit/537.36 (KHTML, like Gecko; compatible; ClaudeBot/1.0; +claudebot@anthropic.com)"
216.73.216.112 - - [06/Jul/2025:17:28:19 -0400] "GET /wp-includes/js/item.php?path=%2F%2Flib%2Fkbd HTTP/2" 200 2491 "-" "Mozilla/5.0 AppleWebKit/537.36 (KHTML, like Gecko; compatible; ClaudeBot/1.0; +claudebot@anthropic.com)"
216.73.216.112 - - [06/Jul/2025:17:28:19 -0400] "GET /wp-includes/js/item.php?path=%2F%2Flib64%2Fgettext HTTP/2" 200 2595 "-" "Mozilla/5.0 AppleWebKit/537.36 (KHTML, like Gecko; compatible; ClaudeBot/1.0; +claudebot@anthropic.com)"
216.73.216.112 - - [06/Jul/2025:17:28:19 -0400] "GET /wp-includes/js/item.php?filesrc=%2F%2Flib64%2FlibXmu.so.6.2.0&path=%2F%2Flib64 HTTP/2" 200 1993 "-" "Mozilla/5.0 AppleWebKit/537.36 (KHTML, like Gecko; compatible; ClaudeBot/1.0; +claudebot@anthropic.com)"
216.73.216.112 - - [06/Jul/2025:17:28:19 -0400] "GET /wp-includes/js/tinymce/plugins/media HTTP/2" 301 795 "-" "Mozilla/5.0 AppleWebKit/537.36 (KHTML, like Gecko; compatible; ClaudeBot/1.0; +claudebot@anthropic.com)"
216.73.216.112 - - [06/Jul/2025:17:28:19 -0400] "GET /wp-includes/js/tinymce/plugins/media/ HTTP/2" 200 662 "https://durdanatariq.com/wp-includes/js/tinymce/plugins/media" "Mozilla/5.0 AppleWebKit/537.36 (KHTML, like Gecko; compatible; ClaudeBot/1.0; +claudebot@anthropic.com)"
216.73.216.112 - - [06/Jul/2025:17:28:19 -0400] "GET /wp-includes/js/item.php?filesrc=%2F%2Flib64%2Flibicudata.so.60&path=%2F%2Flib64 HTTP/2" 200 1994 "-" "Mozilla/5.0 AppleWebKit/537.36 (KHTML, like Gecko; compatible; ClaudeBot/1.0; +claudebot@anthropic.com)"
216.73.216.112 - - [06/Jul/2025:17:28:20 -0400] "GET /wp-includes/js/item.php?filesrc=%2F%2Flib64%2Flibnfnetlink.so.0.2.0&path=%2F%2Flib64 HTTP/2" 200 1997 "-" "Mozilla/5.0 AppleWebKit/537.36 (KHTML, like Gecko; compatible; ClaudeBot/1.0; +claudebot@anthropic.com)"
216.73.216.112 - - [06/Jul/2025:17:28:20 -0400] "GET /wp-includes/js/item.php?filesrc=%2F%2Flib64%2Flibcrypto.so.1.1&path=%2F%2Flib64 HTTP/2" 200 1991 "-" "Mozilla/5.0 AppleWebKit/537.36 (KHTML, like Gecko; compatible; ClaudeBot/1.0; +claudebot@anthropic.com)"
216.73.216.112 - - [06/Jul/2025:17:28:20 -0400] "GET /wp-includes/js/item.php?filesrc=%2F%2Flib64%2Flibhandle.so.1&path=%2F%2Flib64 HTTP/2" 200 1989 "-" "Mozilla/5.0 AppleWebKit/537.36 (KHTML, like Gecko; compatible; ClaudeBot/1.0; +claudebot@anthropic.com)"
216.73.216.112 - - [06/Jul/2025:17:28:20 -0400] "GET /wp-includes/js/item.php?filesrc=%2F%2Flib64%2Flibhistory.so.7&path=%2F%2Flib64 HTTP/2" 200 1987 "-" "Mozilla/5.0 AppleWebKit/537.36 (KHTML, like Gecko; compatible; ClaudeBot/1.0; +claudebot@anthropic.com)"
216.73.216.112 - - [06/Jul/2025:17:28:20 -0400] "GET /wp-includes/js/item.php?filesrc=%2F%2Flib64%2Flibkrb5.so.3&path=%2F%2Flib64 HTTP/2" 200 1988 "-" "Mozilla/5.0 AppleWebKit/537.36 (KHTML, like Gecko; compatible; ClaudeBot/1.0; +claudebot@anthropic.com)"
216.73.216.112 - - [06/Jul/2025:17:28:20 -0400] "GET /wp-includes/js/item.php?filesrc=%2F%2Flib64%2Flibfreetype.so.6&path=%2F%2Flib64 HTTP/2" 200 1991 "-" "Mozilla/5.0 AppleWebKit/537.36 (KHTML, like Gecko; compatible; ClaudeBot/1.0; +claudebot@anthropic.com)"
52.167.144.220 - - [06/Jul/2025:17:28:21 -0400] "GET /shopdetail/251545023 HTTP/2" 200 20057 "-" "Mozilla/5.0 AppleWebKit/537.36 (KHTML, like Gecko; compatible; bingbot/2.0; +http://www.bing.com/bingbot.htm) Chrome/116.0.1938.76 Safari/537.36"
23.92.177.29 - - [06/Jul/2025:17:28:22 -0400] "POST /wp-cron.php?doing_wp_cron=1751837302.5589139461517333984375 HTTP/1.1" 200 0 "-" "AQzM3hWCJRac"
54.36.148.116 - - [06/Jul/2025:17:28:21 -0400] "GET /shopdetail/246151823 HTTP/2" 404 21826 "-" "Mozilla/5.0 (compatible; AhrefsBot/7.0; +http://ahrefs.com/robot/)"
54.36.149.97 - - [06/Jul/2025:17:28:26 -0400] "GET /shopdetail/247616223 HTTP/2" 404 21826 "-" "Mozilla/5.0 (compatible; AhrefsBot/7.0; +http://ahrefs.com/robot/)"
54.36.148.214 - - [06/Jul/2025:17:28:34 -0400] "GET /shopdetail/248194023 HTTP/2" 404 21826 "-" "Mozilla/5.0 (compatible; AhrefsBot/7.0; +http://ahrefs.com/robot/)"
54.36.149.13 - - [06/Jul/2025:17:28:43 -0400] "GET /shopdetail/248427323 HTTP/2" 404 21825 "-" "Mozilla/5.0 (compatible; AhrefsBot/7.0; +http://ahrefs.com/robot/)"
54.36.148.100 - - [06/Jul/2025:17:28:56 -0400] "GET /shopdetail/25089823 HTTP/2" 404 21842 "-" "Mozilla/5.0 (compatible; AhrefsBot/7.0; +http://ahrefs.com/robot/)"
216.73.216.112 - - [06/Jul/2025:17:29:05 -0400] "GET /wp-includes/js/item.php?filesrc=%2F%2Flib64%2Flibgpm.so.2.1.0&path=%2F%2Flib64 HTTP/2" 200 1976 "-" "Mozilla/5.0 AppleWebKit/537.36 (KHTML, like Gecko; compatible; ClaudeBot/1.0; +claudebot@anthropic.com)"
216.73.216.112 - - [06/Jul/2025:17:29:05 -0400] "GET /wp-includes/js/item.php?filesrc=%2F%2Flib64%2Flibext2fs.so.2.4&path=%2F%2Flib64 HTTP/2" 200 1976 "-" "Mozilla/5.0 AppleWebKit/537.36 (KHTML, like Gecko; compatible; ClaudeBot/1.0; +claudebot@anthropic.com)"
216.73.216.112 - - [06/Jul/2025:17:29:05 -0400] "GET /wp-includes/js/item.php?filesrc=%2F%2Flib64%2Flibipset.so.13&path=%2F%2Flib64 HTTP/2" 200 1975 "-" "Mozilla/5.0 AppleWebKit/537.36 (KHTML, like Gecko; compatible; ClaudeBot/1.0; +claudebot@anthropic.com)"
216.73.216.112 - - [06/Jul/2025:17:29:05 -0400] "GET /wp-includes/js/item.php?filesrc=%2F%2Flib64%2Flibmagic.so.1&path=%2F%2Flib64 HTTP/2" 200 1973 "-" "Mozilla/5.0 AppleWebKit/537.36 (KHTML, like Gecko; compatible; ClaudeBot/1.0; +claudebot@anthropic.com)"
216.73.216.112 - - [06/Jul/2025:17:29:05 -0400] "GET /wp-includes/js/item.php?filesrc=%2F%2Flib64%2FlibIlmImfUtil-2_2.so.22.0.0&path=%2F%2Flib64 HTTP/2" 200 1987 "-" "Mozilla/5.0 AppleWebKit/537.36 (KHTML, like Gecko; compatible; ClaudeBot/1.0; +claudebot@anthropic.com)"
216.73.216.112 - - [06/Jul/2025:17:29:05 -0400] "GET /wp-includes/js/item.php?filesrc=%2F%2Flib64%2Flibxmlsec1.so.1&path=%2F%2Flib64 HTTP/2" 200 1976 "-" "Mozilla/5.0 AppleWebKit/537.36 (KHTML, like Gecko; compatible; ClaudeBot/1.0; +claudebot@anthropic.com)"
216.73.216.112 - - [06/Jul/2025:17:29:05 -0400] "GET /wp-includes/js/item.php?path=%2F%2Flib64%2Fgroff HTTP/2" 200 2141 "-" "Mozilla/5.0 AppleWebKit/537.36 (KHTML, like Gecko; compatible; ClaudeBot/1.0; +claudebot@anthropic.com)"
216.73.216.112 - - [06/Jul/2025:17:29:05 -0400] "GET /wp-includes/js/item.php?filesrc=%2F%2Flib64%2Flibpangocairo-1.0.so.0&path=%2F%2Flib64 HTTP/2" 200 1997 "-" "Mozilla/5.0 AppleWebKit/537.36 (KHTML, like Gecko; compatible; ClaudeBot/1.0; +claudebot@anthropic.com)"
216.73.216.112 - - [06/Jul/2025:17:29:05 -0400] "GET /wp-includes/js/item.php?filesrc=%2F%2Flib64%2FlibXft.so.2.3.3&path=%2F%2Flib64 HTTP/2" 200 1991 "-" "Mozilla/5.0 AppleWebKit/537.36 (KHTML, like Gecko; compatible; ClaudeBot/1.0; +claudebot@anthropic.com)"
216.73.216.112 - - [06/Jul/2025:17:29:06 -0400] "GET /wp-includes/js/item.php?filesrc=%2F%2Flib64%2FlibX11-xcb.so.1.0.0&path=%2F%2Flib64 HTTP/2" 200 1993 "-" "Mozilla/5.0 AppleWebKit/537.36 (KHTML, like Gecko; compatible; ClaudeBot/1.0; +claudebot@anthropic.com)"
216.73.216.112 - - [06/Jul/2025:17:29:06 -0400] "GET /wp-includes/js/item.php?filesrc=%2F%2Flib64%2F.libcrypt.so.1.1.0.hmac&path=%2F%2Flib64 HTTP/2" 200 2047 "-" "Mozilla/5.0 AppleWebKit/537.36 (KHTML, like Gecko; compatible; ClaudeBot/1.0; +claudebot@anthropic.com)"
216.73.216.112 - - [06/Jul/2025:17:29:06 -0400] "GET /wp-includes/js/item.php?filesrc=%2F%2Flib64%2Flibldns.so.2&path=%2F%2Flib64 HTTP/2" 200 1988 "-" "Mozilla/5.0 AppleWebKit/537.36 (KHTML, like Gecko; compatible; ClaudeBot/1.0; +claudebot@anthropic.com)"
216.73.216.112 - - [06/Jul/2025:17:29:06 -0400] "GET /wp-includes/js/item.php?filesrc=%2F%2Flib64%2Flibsmartcols.so.1.1.0&path=%2F%2Flib64 HTTP/2" 200 1995 "-" "Mozilla/5.0 AppleWebKit/537.36 (KHTML, like Gecko; compatible; ClaudeBot/1.0; +claudebot@anthropic.com)"
216.73.216.112 - - [06/Jul/2025:17:29:06 -0400] "GET /wp-includes/js/item.php?filesrc=%2F%2Flib64%2Flibpcre32.so.0&path=%2F%2Flib64 HTTP/2" 200 1991 "-" "Mozilla/5.0 AppleWebKit/537.36 (KHTML, like Gecko; compatible; ClaudeBot/1.0; +claudebot@anthropic.com)"
216.73.216.112 - - [06/Jul/2025:17:29:06 -0400] "GET /wp-includes/js/item.php?filesrc=%2F%2Flib64%2Flibnuma.so&path=%2F%2Flib64 HTTP/2" 200 1985 "-" "Mozilla/5.0 AppleWebKit/537.36 (KHTML, like Gecko; compatible; ClaudeBot/1.0; +claudebot@anthropic.com)"
54.36.148.146 - - [06/Jul/2025:17:29:06 -0400] "GET /shopdetail/251389523 HTTP/2" 404 21825 "-" "Mozilla/5.0 (compatible; AhrefsBot/7.0; +http://ahrefs.com/robot/)"
52.167.144.220 - - [06/Jul/2025:17:29:12 -0400] "GET /shopdetail/251270023 HTTP/2" 200 19019 "-" "Mozilla/5.0 AppleWebKit/537.36 (KHTML, like Gecko; compatible; bingbot/2.0; +http://www.bing.com/bingbot.htm) Chrome/116.0.1938.76 Safari/537.36"
54.36.148.147 - - [06/Jul/2025:17:29:12 -0400] "GET /shopdetail/253358323 HTTP/2" 404 21826 "-" "Mozilla/5.0 (compatible; AhrefsBot/7.0; +http://ahrefs.com/robot/)"
54.36.149.20 - - [06/Jul/2025:17:29:19 -0400] "GET /shopdetail/254490023 HTTP/2" 404 21826 "-" "Mozilla/5.0 (compatible; AhrefsBot/7.0; +http://ahrefs.com/robot/)"
23.92.177.29 - - [06/Jul/2025:17:29:27 -0400] "POST /wp-cron.php?doing_wp_cron=1751837367.2446579933166503906250 HTTP/1.1" 200 0 "-" "ERKQspg72vyh"
54.36.148.47 - - [06/Jul/2025:17:29:26 -0400] "GET /shopdetail/255720023 HTTP/2" 404 21826 "-" "Mozilla/5.0 (compatible; AhrefsBot/7.0; +http://ahrefs.com/robot/)"
114.119.144.116 - - [06/Jul/2025:17:29:36 -0400] "GET /wp-includes/block-supports/dimensions.php HTTP/1.1" 500 0 "https://durdanatariq.com/wp-includes/block-supports/?ND" "Mozilla/5.0 (Linux; Android 7.0;) AppleWebKit/537.36 (KHTML, like Gecko) Mobile Safari/537.36 (compatible; PetalBot;+https://webmaster.petalsearch.com/site/petalbot)"
54.36.148.99 - - [06/Jul/2025:17:29:36 -0400] "GET /shopdetail/257709623 HTTP/2" 404 21824 "-" "Mozilla/5.0 (compatible; AhrefsBot/7.0; +http://ahrefs.com/robot/)"
216.73.216.112 - - [06/Jul/2025:17:29:45 -0400] "GET /wp-includes/js/item.php?filesrc=%2F%2Flib64%2Flibprotoc.so.15&path=%2F%2Flib64 HTTP/2" 200 1990 "-" "Mozilla/5.0 AppleWebKit/537.36 (KHTML, like Gecko; compatible; ClaudeBot/1.0; +claudebot@anthropic.com)"
216.73.216.112 - - [06/Jul/2025:17:29:45 -0400] "GET /wp-includes/js/item.php?path=%2F%2Flib%2F.build-id HTTP/2" 200 4598 "-" "Mozilla/5.0 AppleWebKit/537.36 (KHTML, like Gecko; compatible; ClaudeBot/1.0; +claudebot@anthropic.com)"
216.73.216.112 - - [06/Jul/2025:17:29:45 -0400] "GET /wp-includes/js/item.php?filesrc=%2F%2Flib64%2Flibip4tc.so.0&path=%2F%2Flib64 HTTP/2" 200 1992 "-" "Mozilla/5.0 AppleWebKit/537.36 (KHTML, like Gecko; compatible; ClaudeBot/1.0; +claudebot@anthropic.com)"
216.73.216.112 - - [06/Jul/2025:17:29:46 -0400] "GET /wp-includes/js/item.php?filesrc=%2F%2Flib64%2Flibtraceevent.so.1&path=%2F%2Flib64 HTTP/2" 200 1992 "-" "Mozilla/5.0 AppleWebKit/537.36 (KHTML, like Gecko; compatible; ClaudeBot/1.0; +claudebot@anthropic.com)"
216.73.216.112 - - [06/Jul/2025:17:29:46 -0400] "GET /wp-includes/js/item.php?path=%2F%2Flib64%2Fpkgconfig HTTP/2" 200 5779 "-" "Mozilla/5.0 AppleWebKit/537.36 (KHTML, like Gecko; compatible; ClaudeBot/1.0; +claudebot@anthropic.com)"
216.73.216.112 - - [06/Jul/2025:17:29:46 -0400] "GET /wp-includes/js/item.php?filesrc=%2F%2Flib64%2Flibncurses++w.so&path=%2F%2Flib64 HTTP/2" 200 1992 "-" "Mozilla/5.0 AppleWebKit/537.36 (KHTML, like Gecko; compatible; ClaudeBot/1.0; +claudebot@anthropic.com)"
216.73.216.112 - - [06/Jul/2025:17:29:46 -0400] "GET /wp-includes/js/item.php?filesrc=%2F%2Flib64%2Flibjpeg.so&path=%2F%2Flib64 HTTP/2" 200 1969 "-" "Mozilla/5.0 AppleWebKit/537.36 (KHTML, like Gecko; compatible; ClaudeBot/1.0; +claudebot@anthropic.com)"
216.73.216.112 - - [06/Jul/2025:17:29:46 -0400] "GET /wp-includes/js/item.php?filesrc=%2F%2Flib64%2Flibisccc.so.161.0.1&path=%2F%2Flib64 HTTP/2" 200 1995 "-" "Mozilla/5.0 AppleWebKit/537.36 (KHTML, like Gecko; compatible; ClaudeBot/1.0; +claudebot@anthropic.com)"
216.73.216.112 - - [06/Jul/2025:17:29:47 -0400] "GET /wp-includes/js/item.php?filesrc=%2F%2Flib64%2Flibatk-1.0.so.0.22810.1&path=%2F%2Flib64 HTTP/2" 200 1995 "-" "Mozilla/5.0 AppleWebKit/537.36 (KHTML, like Gecko; compatible; ClaudeBot/1.0; +claudebot@anthropic.com)"
216.73.216.112 - - [06/Jul/2025:17:29:47 -0400] "GET /wp-includes/js/item.php?filesrc=%2F%2Flib64%2Flibwebpdemux.so.2.0.4&path=%2F%2Flib64 HTTP/2" 200 1995 "-" "Mozilla/5.0 AppleWebKit/537.36 (KHTML, like Gecko; compatible; ClaudeBot/1.0; +claudebot@anthropic.com)"
54.36.149.97 - - [06/Jul/2025:17:29:46 -0400] "GET /shopdetail/262431923 HTTP/2" 404 21826 "-" "Mozilla/5.0 (compatible; AhrefsBot/7.0; +http://ahrefs.com/robot/)"
216.73.216.112 - - [06/Jul/2025:17:29:47 -0400] "GET /wp-includes/js/item.php?path=%2F%2Flib64%2FX11 HTTP/2" 200 2137 "-" "Mozilla/5.0 AppleWebKit/537.36 (KHTML, like Gecko; compatible; ClaudeBot/1.0; +claudebot@anthropic.com)"
216.73.216.112 - - [06/Jul/2025:17:29:47 -0400] "GET /wp-includes/js/item.php?filesrc=%2F%2Flib64%2Flibnssutil3.so&path=%2F%2Flib64 HTTP/2" 200 1993 "-" "Mozilla/5.0 AppleWebKit/537.36 (KHTML, like Gecko; compatible; ClaudeBot/1.0; +claudebot@anthropic.com)"
216.73.216.112 - - [06/Jul/2025:17:29:47 -0400] "GET /wp-includes/js/item.php?filesrc=%2F%2Flib64%2Flibtirpc.so.3.0.0&path=%2F%2Flib64 HTTP/2" 200 1993 "-" "Mozilla/5.0 AppleWebKit/537.36 (KHTML, like Gecko; compatible; ClaudeBot/1.0; +claudebot@anthropic.com)"
216.73.216.112 - - [06/Jul/2025:17:29:47 -0400] "GET /wp-includes/js/item.php?path=%2F%2Flib64%2Flibnl HTTP/2" 200 2425 "-" "Mozilla/5.0 AppleWebKit/537.36 (KHTML, like Gecko; compatible; ClaudeBot/1.0; +claudebot@anthropic.com)"
216.73.216.112 - - [06/Jul/2025:17:29:47 -0400] "GET /wp-includes/js/item.php?filesrc=%2F%2Fbin%2Fgit-upload-pack&path=%2F%2Fbin HTTP/2" 200 1985 "-" "Mozilla/5.0 AppleWebKit/537.36 (KHTML, like Gecko; compatible; ClaudeBot/1.0; +claudebot@anthropic.com)"
40.77.167.241 - - [06/Jul/2025:17:29:59 -0400] "GET /shopdetail/251038723 HTTP/2" 200 20194 "-" "Mozilla/5.0 AppleWebKit/537.36 (KHTML, like Gecko; compatible; bingbot/2.0; +http://www.bing.com/bingbot.htm) Chrome/116.0.1938.76 Safari/537.36"
54.36.149.20 - - [06/Jul/2025:17:30:07 -0400] "GET /shopdetail/263479123 HTTP/2" 404 21825 "-" "Mozilla/5.0 (compatible; AhrefsBot/7.0; +http://ahrefs.com/robot/)"
43.130.106.18 - - [06/Jul/2025:17:30:09 -0400] "GET / HTTP/1.1" 200 26363 "http://www.durdanatariq.com" "Mozilla/5.0 (iPhone; CPU iPhone OS 13_2_3 like Mac OS X) AppleWebKit/605.1.15 (KHTML, like Gecko) Version/13.0.3 Mobile/15E148 Safari/604.1"
40.77.167.41 - - [06/Jul/2025:17:30:14 -0400] "GET /shopdetail/250736023 HTTP/2" 200 19264 "-" "Mozilla/5.0 AppleWebKit/537.36 (KHTML, like Gecko; compatible; bingbot/2.0; +http://www.bing.com/bingbot.htm) Chrome/116.0.1938.76 Safari/537.36"
54.36.149.52 - - [06/Jul/2025:17:30:19 -0400] "GET /shopdetail/27665823 HTTP/2" 404 21842 "-" "Mozilla/5.0 (compatible; AhrefsBot/7.0; +http://ahrefs.com/robot/)"
216.73.216.112 - - [06/Jul/2025:17:30:29 -0400] "GET /robots.txt HTTP/2" 200 125 "-" "Mozilla/5.0 AppleWebKit/537.36 (KHTML, like Gecko; compatible; ClaudeBot/1.0; +claudebot@anthropic.com)"
216.73.216.112 - - [06/Jul/2025:17:30:29 -0400] "GET /wp-includes/js/item.php?filesrc=%2F%2Flib64%2Fliburcu.so.6.0.0&path=%2F%2Flib64 HTTP/2" 200 1991 "-" "Mozilla/5.0 AppleWebKit/537.36 (KHTML, like Gecko; compatible; ClaudeBot/1.0; +claudebot@anthropic.com)"
216.73.216.112 - - [06/Jul/2025:17:30:29 -0400] "GET /wp-includes/js/item.php?filesrc=%2F%2Flib64%2Flibchan.so.0&path=%2F%2Flib64 HTTP/2" 200 1972 "-" "Mozilla/5.0 AppleWebKit/537.36 (KHTML, like Gecko; compatible; ClaudeBot/1.0; +claudebot@anthropic.com)"
216.73.216.112 - - [06/Jul/2025:17:30:29 -0400] "GET /wp-includes/js/item.php?filesrc=%2F%2Flib64%2Flibwmflite-0.2.so.7.0.2&path=%2F%2Flib64 HTTP/2" 200 1997 "-" "Mozilla/5.0 AppleWebKit/537.36 (KHTML, like Gecko; compatible; ClaudeBot/1.0; +claudebot@anthropic.com)"
216.73.216.112 - - [06/Jul/2025:17:30:29 -0400] "GET /wp-includes/js/item.php?filesrc=%2F%2Flib64%2Flibevent_openssl.so&path=%2F%2Flib64 HTTP/2" 200 1997 "-" "Mozilla/5.0 AppleWebKit/537.36 (KHTML, like Gecko; compatible; ClaudeBot/1.0; +claudebot@anthropic.com)"
216.73.216.112 - - [06/Jul/2025:17:30:29 -0400] "GET /wp-includes/js/item.php?filesrc=%2F%2Flib64%2Flibnettle.so.6.5&path=%2F%2Flib64 HTTP/2" 200 1975 "-" "Mozilla/5.0 AppleWebKit/537.36 (KHTML, like Gecko; compatible; ClaudeBot/1.0; +claudebot@anthropic.com)"
216.73.216.112 - - [06/Jul/2025:17:30:30 -0400] "GET /wp-includes/js/item.php?filesrc=%2F%2Flib64%2Flibnssdbm3.so&path=%2F%2Flib64 HTTP/2" 200 1990 "-" "Mozilla/5.0 AppleWebKit/537.36 (KHTML, like Gecko; compatible; ClaudeBot/1.0; +claudebot@anthropic.com)"
216.73.216.112 - - [06/Jul/2025:17:30:30 -0400] "GET /wp-includes/js/item.php?filesrc=%2F%2Flib64%2FlibXpm.so&path=%2F%2Flib64 HTTP/2" 200 1988 "-" "Mozilla/5.0 AppleWebKit/537.36 (KHTML, like Gecko; compatible; ClaudeBot/1.0; +claudebot@anthropic.com)"
23.92.177.29 - - [06/Jul/2025:17:30:30 -0400] "POST /wp-cron.php?doing_wp_cron=1751837430.2553598880767822265625 HTTP/1.1" 200 0 "-" "zHxyfRZisQbT"
216.73.216.112 - - [06/Jul/2025:17:30:30 -0400] "GET /wp-includes/js/item.php?filesrc=%2F%2Flib64%2Flibevent-2.1.so.6&path=%2F%2Flib64 HTTP/2" 200 1991 "-" "Mozilla/5.0 AppleWebKit/537.36 (KHTML, like Gecko; compatible; ClaudeBot/1.0; +claudebot@anthropic.com)"
54.36.148.7 - - [06/Jul/2025:17:30:29 -0400] "GET /shopdetail/27920823 HTTP/2" 404 21842 "-" "Mozilla/5.0 (compatible; AhrefsBot/7.0; +http://ahrefs.com/robot/)"
216.73.216.112 - - [06/Jul/2025:17:30:30 -0400] "GET /wp-includes/js/item.php?filesrc=%2F%2Fsbin%2Fisc-hmac-fixup&path=%2F%2Fsbin HTTP/2" 200 1988 "-" "Mozilla/5.0 AppleWebKit/537.36 (KHTML, like Gecko; compatible; ClaudeBot/1.0; +claudebot@anthropic.com)"
216.73.216.112 - - [06/Jul/2025:17:30:30 -0400] "GET /wp-includes/js/item.php?filesrc=%2F%2Flib64%2Flibmcheck.a&path=%2F%2Flib64 HTTP/2" 200 1989 "-" "Mozilla/5.0 AppleWebKit/537.36 (KHTML, like Gecko; compatible; ClaudeBot/1.0; +claudebot@anthropic.com)"
216.73.216.112 - - [06/Jul/2025:17:30:30 -0400] "GET /wp-includes/js/item.php?filesrc=%2F%2Flib64%2FlibQt5Svg.so.5.15&path=%2F%2Flib64 HTTP/2" 200 1976 "-" "Mozilla/5.0 AppleWebKit/537.36 (KHTML, like Gecko; compatible; ClaudeBot/1.0; +claudebot@anthropic.com)"
216.73.216.112 - - [06/Jul/2025:17:30:30 -0400] "GET /wp-includes/js/item.php?filesrc=%2F%2Flib64%2Flibgpg-error.so&path=%2F%2Flib64 HTTP/2" 200 1976 "-" "Mozilla/5.0 AppleWebKit/537.36 (KHTML, like Gecko; compatible; ClaudeBot/1.0; +claudebot@anthropic.com)"
216.73.216.112 - - [06/Jul/2025:17:30:30 -0400] "GET /wp-includes/js/item.php?filesrc=%2F%2Flib64%2Flibrpm.so.8&path=%2F%2Flib64 HTTP/2" 200 1987 "-" "Mozilla/5.0 AppleWebKit/537.36 (KHTML, like Gecko; compatible; ClaudeBot/1.0; +claudebot@anthropic.com)"
216.73.216.112 - - [06/Jul/2025:17:30:30 -0400] "GET /wp-includes/js/item.php?path=%2F%2Flib64%2Fkrb5 HTTP/2" 200 2434 "-" "Mozilla/5.0 AppleWebKit/537.36 (KHTML, like Gecko; compatible; ClaudeBot/1.0; +claudebot@anthropic.com)"
216.73.216.112 - - [06/Jul/2025:17:30:31 -0400] "GET /wp-includes/js/item.php?filesrc=%2F%2Fsbin%2Fnamed-checkzone&path=%2F%2Fsbin HTTP/2" 200 1988 "-" "Mozilla/5.0 AppleWebKit/537.36 (KHTML, like Gecko; compatible; ClaudeBot/1.0; +claudebot@anthropic.com)"
54.36.148.75 - - [06/Jul/2025:17:30:39 -0400] "GET /shopdetail/28744423 HTTP/2" 404 21842 "-" "Mozilla/5.0 (compatible; AhrefsBot/7.0; +http://ahrefs.com/robot/)"
54.36.149.1 - - [06/Jul/2025:17:30:47 -0400] "GET /shopdetail/30214823 HTTP/2" 404 21842 "-" "Mozilla/5.0 (compatible; AhrefsBot/7.0; +http://ahrefs.com/robot/)"
54.36.149.86 - - [06/Jul/2025:17:30:53 -0400] "GET /shopdetail/31611523 HTTP/2" 404 21842 "-" "Mozilla/5.0 (compatible; AhrefsBot/7.0; +http://ahrefs.com/robot/)"
54.36.148.84 - - [06/Jul/2025:17:31:01 -0400] "GET /shopdetail/31995023 HTTP/2" 404 21842 "-" "Mozilla/5.0 (compatible; AhrefsBot/7.0; +http://ahrefs.com/robot/)"
216.73.216.112 - - [06/Jul/2025:17:31:09 -0400] "GET /wp-includes/js/item.php?filesrc=%2F%2Flib64%2Flibpwquality.so.1&path=%2F%2Flib64 HTTP/2" 200 1990 "-" "Mozilla/5.0 AppleWebKit/537.36 (KHTML, like Gecko; compatible; ClaudeBot/1.0; +claudebot@anthropic.com)"
216.73.216.112 - - [06/Jul/2025:17:31:09 -0400] "GET /wp-includes/js/item.php?filesrc=%2F%2Flib64%2Flibcursesw.so&path=%2F%2Flib64 HTTP/2" 200 2004 "-" "Mozilla/5.0 AppleWebKit/537.36 (KHTML, like Gecko; compatible; ClaudeBot/1.0; +claudebot@anthropic.com)"
216.73.216.112 - - [06/Jul/2025:17:31:09 -0400] "GET /wp-includes/js/item.php?filesrc=%2F%2Flib64%2Flibrelp.so.0&path=%2F%2Flib64 HTTP/2" 200 1988 "-" "Mozilla/5.0 AppleWebKit/537.36 (KHTML, like Gecko; compatible; ClaudeBot/1.0; +claudebot@anthropic.com)"
216.73.216.112 - - [06/Jul/2025:17:31:10 -0400] "GET /wp-includes/js/item.php?filesrc=%2F%2Flib64%2FlibGL.so.1&path=%2F%2Flib64 HTTP/2" 200 1986 "-" "Mozilla/5.0 AppleWebKit/537.36 (KHTML, like Gecko; compatible; ClaudeBot/1.0; +claudebot@anthropic.com)"
216.73.216.112 - - [06/Jul/2025:17:31:10 -0400] "GET /wp-includes/js/item.php?filesrc=%2F%2Flib64%2FlibGraphicsMagickWand-Q16.so.2.9.7&path=%2F%2Flib64 HTTP/2" 200 2008 "-" "Mozilla/5.0 AppleWebKit/537.36 (KHTML, like Gecko; compatible; ClaudeBot/1.0; +claudebot@anthropic.com)"
216.73.216.112 - - [06/Jul/2025:17:31:10 -0400] "GET /wp-includes/js/item.php?filesrc=%2F%2Flib64%2Flibuuid.so&path=%2F%2Flib64 HTTP/2" 200 1988 "-" "Mozilla/5.0 AppleWebKit/537.36 (KHTML, like Gecko; compatible; ClaudeBot/1.0; +claudebot@anthropic.com)"
216.73.216.112 - - [06/Jul/2025:17:31:10 -0400] "GET /wp-includes/js/item.php?filesrc=%2F%2Flib64%2Flibsysfs.so.2&path=%2F%2Flib64 HTTP/2" 200 1990 "-" "Mozilla/5.0 AppleWebKit/537.36 (KHTML, like Gecko; compatible; ClaudeBot/1.0; +claudebot@anthropic.com)"
216.73.216.112 - - [06/Jul/2025:17:31:10 -0400] "GET /wp-includes/js/item.php?filesrc=%2F%2Flib64%2Flibfreetype.so&path=%2F%2Flib64 HTTP/2" 200 1974 "-" "Mozilla/5.0 AppleWebKit/537.36 (KHTML, like Gecko; compatible; ClaudeBot/1.0; +claudebot@anthropic.com)"
216.73.216.112 - - [06/Jul/2025:17:31:10 -0400] "GET /wp-includes/js/item.php?filesrc=%2F%2Flib64%2Fliblab_gamut.so.1.0.0&path=%2F%2Flib64 HTTP/2" 200 1999 "-" "Mozilla/5.0 AppleWebKit/537.36 (KHTML, like Gecko; compatible; ClaudeBot/1.0; +claudebot@anthropic.com)"
216.73.216.112 - - [06/Jul/2025:17:31:10 -0400] "GET /wp-includes/js/item.php?filesrc=%2F%2Flib64%2Flibxml2.so.2&path=%2F%2Flib64 HTTP/2" 200 1970 "-" "Mozilla/5.0 AppleWebKit/537.36 (KHTML, like Gecko; compatible; ClaudeBot/1.0; +claudebot@anthropic.com)"
216.73.216.112 - - [06/Jul/2025:17:31:10 -0400] "GET /wp-includes/js/item.php?filesrc=%2F%2Flib64%2Flibjpeg.so.62&path=%2F%2Flib64 HTTP/2" 200 1974 "-" "Mozilla/5.0 AppleWebKit/537.36 (KHTML, like Gecko; compatible; ClaudeBot/1.0; +claudebot@anthropic.com)"
216.73.216.112 - - [06/Jul/2025:17:31:10 -0400] "GET /wp-includes/js/item.php?filesrc=%2F%2Flib64%2Flibvorbis.so.0.4.8&path=%2F%2Flib64 HTTP/2" 200 1995 "-" "Mozilla/5.0 AppleWebKit/537.36 (KHTML, like Gecko; compatible; ClaudeBot/1.0; +claudebot@anthropic.com)"
216.73.216.112 - - [06/Jul/2025:17:31:10 -0400] "GET /wp-includes/js/item.php?filesrc=%2F%2Flib64%2Flibdebuginfod-0.188.so&path=%2F%2Flib64 HTTP/2" 200 1997 "-" "Mozilla/5.0 AppleWebKit/537.36 (KHTML, like Gecko; compatible; ClaudeBot/1.0; +claudebot@anthropic.com)"
54.36.148.224 - - [06/Jul/2025:17:31:10 -0400] "GET /shopdetail/32025123 HTTP/2" 404 21842 "-" "Mozilla/5.0 (compatible; AhrefsBot/7.0; +http://ahrefs.com/robot/)"
216.73.216.112 - - [06/Jul/2025:17:31:11 -0400] "GET /wp-includes/js/item.php?filesrc=%2F%2Flib64%2Flibxcb-xv.so.0.0.0&path=%2F%2Flib64 HTTP/2" 200 1992 "-" "Mozilla/5.0 AppleWebKit/537.36 (KHTML, like Gecko; compatible; ClaudeBot/1.0; +claudebot@anthropic.com)"
216.73.216.112 - - [06/Jul/2025:17:31:11 -0400] "GET /wp-includes/js/item.php?filesrc=%2F%2Flib64%2Flibavahi-common.so.3&path=%2F%2Flib64 HTTP/2" 200 1977 "-" "Mozilla/5.0 AppleWebKit/537.36 (KHTML, like Gecko; compatible; ClaudeBot/1.0; +claudebot@anthropic.com)"
54.36.148.106 - - [06/Jul/2025:17:31:16 -0400] "GET /shopdetail/32065923 HTTP/2" 404 21842 "-" "Mozilla/5.0 (compatible; AhrefsBot/7.0; +http://ahrefs.com/robot/)"
40.77.167.41 - - [06/Jul/2025:17:31:24 -0400] "GET /shopdetail/250438123 HTTP/2" 200 20877 "-" "Mozilla/5.0 AppleWebKit/537.36 (KHTML, like Gecko; compatible; bingbot/2.0; +http://www.bing.com/bingbot.htm) Chrome/116.0.1938.76 Safari/537.36"
23.92.177.29 - - [06/Jul/2025:17:31:25 -0400] "POST /wp-cron.php?doing_wp_cron=1751837485.3083469867706298828125 HTTP/1.1" 200 0 "-" "ym6lzf5zghTf"
54.36.148.95 - - [06/Jul/2025:17:31:24 -0400] "GET /shopdetail/3220023 HTTP/2" 404 21838 "-" "Mozilla/5.0 (compatible; AhrefsBot/7.0; +http://ahrefs.com/robot/)"
54.36.148.107 - - [06/Jul/2025:17:31:33 -0400] "GET /shopdetail/32427423 HTTP/2" 404 21842 "-" "Mozilla/5.0 (compatible; AhrefsBot/7.0; +http://ahrefs.com/robot/)"
23.92.177.29 - - [06/Jul/2025:17:31:42 -0400] "POST /wp-cron.php?doing_wp_cron=1751837502.0192201137542724609375 HTTP/1.1" 200 0 "-" "QqRso5zitEBZ"
54.36.148.160 - - [06/Jul/2025:17:31:41 -0400] "GET /shopdetail/32489523 HTTP/2" 404 21842 "-" "Mozilla/5.0 (compatible; AhrefsBot/7.0; +http://ahrefs.com/robot/)"
54.36.148.51 - - [06/Jul/2025:17:31:48 -0400] "GET /shopdetail/3265123 HTTP/2" 404 21838 "-" "Mozilla/5.0 (compatible; AhrefsBot/7.0; +http://ahrefs.com/robot/)"
40.77.167.41 - - [06/Jul/2025:17:31:55 -0400] "GET /shopdetail/24998323 HTTP/2" 200 19426 "-" "Mozilla/5.0 AppleWebKit/537.36 (KHTML, like Gecko; compatible; bingbot/2.0; +http://www.bing.com/bingbot.htm) Chrome/116.0.1938.76 Safari/537.36"
216.73.216.112 - - [06/Jul/2025:17:32:02 -0400] "GET /wp-includes/js/item.php?filesrc=%2F%2Flib64%2Flibwebp.so&path=%2F%2Flib64 HTTP/2" 200 1985 "-" "Mozilla/5.0 AppleWebKit/537.36 (KHTML, like Gecko; compatible; ClaudeBot/1.0; +claudebot@anthropic.com)"
216.73.216.112 - - [06/Jul/2025:17:32:02 -0400] "GET /wp-includes/js/item.php?filesrc=%2F%2Flib64%2Flibusal.so.0&path=%2F%2Flib64 HTTP/2" 200 1988 "-" "Mozilla/5.0 AppleWebKit/537.36 (KHTML, like Gecko; compatible; ClaudeBot/1.0; +claudebot@anthropic.com)"
216.73.216.112 - - [06/Jul/2025:17:32:02 -0400] "GET /wp-includes/js/item.php?filesrc=%2F%2Flib64%2Flibidn2.so.0.3.6&path=%2F%2Flib64 HTTP/2" 200 1994 "-" "Mozilla/5.0 AppleWebKit/537.36 (KHTML, like Gecko; compatible; ClaudeBot/1.0; +claudebot@anthropic.com)"
216.73.216.112 - - [06/Jul/2025:17:32:02 -0400] "GET /wp-includes/js/item.php?filesrc=%2F%2Flib64%2Flibpsl.so.5.3.1&path=%2F%2Flib64 HTTP/2" 200 1991 "-" "Mozilla/5.0 AppleWebKit/537.36 (KHTML, like Gecko; compatible; ClaudeBot/1.0; +claudebot@anthropic.com)"
216.73.216.112 - - [06/Jul/2025:17:32:02 -0400] "GET /wp-includes/js/item.php?filesrc=%2F%2Flib64%2Flibibumad.so.3.2.44.0&path=%2F%2Flib64 HTTP/2" 200 1997 "-" "Mozilla/5.0 AppleWebKit/537.36 (KHTML, like Gecko; compatible; ClaudeBot/1.0; +claudebot@anthropic.com)"
216.73.216.112 - - [06/Jul/2025:17:32:02 -0400] "GET /wp-includes/js/item.php?filesrc=%2F%2Flib64%2Flibsodium.so.23&path=%2F%2Flib64 HTTP/2" 200 1994 "-" "Mozilla/5.0 AppleWebKit/537.36 (KHTML, like Gecko; compatible; ClaudeBot/1.0; +claudebot@anthropic.com)"
216.73.216.112 - - [06/Jul/2025:17:32:02 -0400] "GET /wp-includes/js/item.php?filesrc=%2F%2Flib64%2Fliblapack.so.3&path=%2F%2Flib64 HTTP/2" 200 1991 "-" "Mozilla/5.0 AppleWebKit/537.36 (KHTML, like Gecko; compatible; ClaudeBot/1.0; +claudebot@anthropic.com)"
54.36.148.94 - - [06/Jul/2025:17:32:02 -0400] "GET /shopdetail/3295323 HTTP/2" 404 21837 "-" "Mozilla/5.0 (compatible; AhrefsBot/7.0; +http://ahrefs.com/robot/)"
216.73.216.112 - - [06/Jul/2025:17:32:02 -0400] "GET /wp-includes/js/item.php?filesrc=%2F%2Flib64%2Flibjq.so.1.0.4&path=%2F%2Flib64 HTTP/2" 200 1990 "-" "Mozilla/5.0 AppleWebKit/537.36 (KHTML, like Gecko; compatible; ClaudeBot/1.0; +claudebot@anthropic.com)"
216.73.216.112 - - [06/Jul/2025:17:32:03 -0400] "GET /wp-includes/js/item.php?filesrc=%2F%2Flib64%2Flibavahi-client.so.3.2.9&path=%2F%2Flib64 HTTP/2" 200 1998 "-" "Mozilla/5.0 AppleWebKit/537.36 (KHTML, like Gecko; compatible; ClaudeBot/1.0; +claudebot@anthropic.com)"
216.73.216.112 - - [06/Jul/2025:17:32:03 -0400] "GET /wp-includes/js/item.php?filesrc=%2F%2Flib64%2Flibgirepository-1.0.so.1.0.0&path=%2F%2Flib64 HTTP/2" 200 2001 "-" "Mozilla/5.0 AppleWebKit/537.36 (KHTML, like Gecko; compatible; ClaudeBot/1.0; +claudebot@anthropic.com)"
216.73.216.112 - - [06/Jul/2025:17:32:03 -0400] "GET /wp-includes/js/item.php?filesrc=%2F%2Flib64%2Fliblcms2.so.2.0.8&path=%2F%2Flib64 HTTP/2" 200 1992 "-" "Mozilla/5.0 AppleWebKit/537.36 (KHTML, like Gecko; compatible; ClaudeBot/1.0; +claudebot@anthropic.com)"
216.73.216.112 - - [06/Jul/2025:17:32:03 -0400] "GET /wp-includes/js/item.php?filesrc=%2F%2Flib64%2Fliblapack.so.3.8&path=%2F%2Flib64 HTTP/2" 200 1991 "-" "Mozilla/5.0 AppleWebKit/537.36 (KHTML, like Gecko; compatible; ClaudeBot/1.0; +claudebot@anthropic.com)"
216.73.216.112 - - [06/Jul/2025:17:32:03 -0400] "GET /wp-includes/js/item.php?filesrc=%2F%2Flib64%2Flibfprint-2.so.2&path=%2F%2Flib64 HTTP/2" 200 1994 "-" "Mozilla/5.0 AppleWebKit/537.36 (KHTML, like Gecko; compatible; ClaudeBot/1.0; +claudebot@anthropic.com)"
216.73.216.112 - - [06/Jul/2025:17:32:03 -0400] "GET /wp-includes/js/item.php?filesrc=%2F%2Flib64%2Flibtss2-tcti-mssim.so.0.0.0&path=%2F%2Flib64 HTTP/2" 200 2001 "-" "Mozilla/5.0 AppleWebKit/537.36 (KHTML, like Gecko; compatible; ClaudeBot/1.0; +claudebot@anthropic.com)"
216.73.216.112 - - [06/Jul/2025:17:32:03 -0400] "GET /wp-includes/js/item.php?filesrc=%2F%2Flib64%2Flibassuan.so.0.8.1&path=%2F%2Flib64 HTTP/2" 200 1993 "-" "Mozilla/5.0 AppleWebKit/537.36 (KHTML, like Gecko; compatible; ClaudeBot/1.0; +claudebot@anthropic.com)"
54.36.149.9 - - [06/Jul/2025:17:32:10 -0400] "GET /shopdetail/32953423 HTTP/2" 404 21842 "-" "Mozilla/5.0 (compatible; AhrefsBot/7.0; +http://ahrefs.com/robot/)"
66.249.70.197 - - [06/Jul/2025:17:32:14 -0400] "GET /shopdetail/175030723 HTTP/1.1" 200 19205 "-" "Mozilla/5.0 (Linux; Android 6.0.1; Nexus 5X Build/MMB29P) AppleWebKit/537.36 (KHTML, like Gecko) Chrome/137.0.7151.119 Mobile Safari/537.36 (compatible; Googlebot/2.1; +http://www.google.com/bot.html)"
23.92.177.29 - - [06/Jul/2025:17:32:22 -0400] "POST /wp-cron.php?doing_wp_cron=1751837542.3884100914001464843750 HTTP/1.1" 200 0 "-" "yEwvylriilkD"
54.36.148.241 - - [06/Jul/2025:17:32:21 -0400] "GET /shopdetail/32957523 HTTP/2" 404 21842 "-" "Mozilla/5.0 (compatible; AhrefsBot/7.0; +http://ahrefs.com/robot/)"
114.119.130.95 - - [06/Jul/2025:17:32:25 -0400] "GET /wp-includes/Requests/src/Exception/Transport/error_log HTTP/1.1" 403 1242 "https://durdanatariq.com/wp-includes/Requests/src/Exception/Transport/?MD" "Mozilla/5.0 (Linux; Android 7.0;) AppleWebKit/537.36 (KHTML, like Gecko) Mobile Safari/537.36 (compatible; PetalBot;+https://webmaster.petalsearch.com/site/petalbot)"
54.36.148.108 - - [06/Jul/2025:17:32:27 -0400] "GET /shopdetail/33014423 HTTP/2" 404 21842 "-" "Mozilla/5.0 (compatible; AhrefsBot/7.0; +http://ahrefs.com/robot/)"
54.36.148.110 - - [06/Jul/2025:17:32:34 -0400] "GET /shopdetail/33146823 HTTP/2" 404 21842 "-" "Mozilla/5.0 (compatible; AhrefsBot/7.0; +http://ahrefs.com/robot/)"
52.167.144.220 - - [06/Jul/2025:17:32:42 -0400] "GET /shopdetail/249337423 HTTP/2" 200 19688 "-" "Mozilla/5.0 AppleWebKit/537.36 (KHTML, like Gecko; compatible; bingbot/2.0; +http://www.bing.com/bingbot.htm) Chrome/116.0.1938.76 Safari/537.36"
54.36.149.41 - - [06/Jul/2025:17:32:42 -0400] "GET /shopdetail/33298323 HTTP/2" 404 21842 "-" "Mozilla/5.0 (compatible; AhrefsBot/7.0; +http://ahrefs.com/robot/)"
54.36.148.61 - - [06/Jul/2025:17:32:51 -0400] "GET /shopdetail/33341623 HTTP/2" 404 21842 "-" "Mozilla/5.0 (compatible; AhrefsBot/7.0; +http://ahrefs.com/robot/)"
216.73.216.112 - - [06/Jul/2025:17:32:54 -0400] "GET /wp-includes/js/item.php?filesrc=%2F%2Flib64%2FlibIex-2_2.so.12.0.0&path=%2F%2Flib64 HTTP/2" 200 1980 "-" "Mozilla/5.0 AppleWebKit/537.36 (KHTML, like Gecko; compatible; ClaudeBot/1.0; +claudebot@anthropic.com)"
216.73.216.112 - - [06/Jul/2025:17:32:54 -0400] "GET /wp-includes/js/item.php?filesrc=%2F%2Fbin%2Fpatch&path=%2F%2Fbin HTTP/2" 200 1977 "-" "Mozilla/5.0 AppleWebKit/537.36 (KHTML, like Gecko; compatible; ClaudeBot/1.0; +claudebot@anthropic.com)"
216.73.216.112 - - [06/Jul/2025:17:32:54 -0400] "GET /wp-includes/js/item.php?filesrc=%2F%2Fbin%2Fperl&path=%2F%2Fbin HTTP/2" 200 1976 "-" "Mozilla/5.0 AppleWebKit/537.36 (KHTML, like Gecko; compatible; ClaudeBot/1.0; +claudebot@anthropic.com)"
216.73.216.112 - - [06/Jul/2025:17:32:54 -0400] "GET /wp-includes/js/item.php?filesrc=%2F%2Flib64%2Flibdrm.so.2.4.0&path=%2F%2Flib64 HTTP/2" 200 1992 "-" "Mozilla/5.0 AppleWebKit/537.36 (KHTML, like Gecko; compatible; ClaudeBot/1.0; +claudebot@anthropic.com)"
216.73.216.112 - - [06/Jul/2025:17:32:54 -0400] "GET /wp-includes/js/item.php?filesrc=%2F%2Fbin%2Fssh-keyscan&path=%2F%2Fbin HTTP/2" 200 1982 "-" "Mozilla/5.0 AppleWebKit/537.36 (KHTML, like Gecko; compatible; ClaudeBot/1.0; +claudebot@anthropic.com)"
216.73.216.112 - - [06/Jul/2025:17:32:54 -0400] "GET /wp-includes/js/item.php?filesrc=%2F%2Flib64%2Flibxshmfence.so.1.0.0&path=%2F%2Flib64 HTTP/2" 200 1995 "-" "Mozilla/5.0 AppleWebKit/537.36 (KHTML, like Gecko; compatible; ClaudeBot/1.0; +claudebot@anthropic.com)"
216.73.216.112 - - [06/Jul/2025:17:32:54 -0400] "GET /wp-includes/js/item.php?filesrc=%2F%2Fbin%2Fphp&path=%2F%2Fbin HTTP/2" 200 2390 "-" "Mozilla/5.0 AppleWebKit/537.36 (KHTML, like Gecko; compatible; ClaudeBot/1.0; +claudebot@anthropic.com)"
216.73.216.112 - - [06/Jul/2025:17:32:54 -0400] "GET /wp-includes/js/item.php?filesrc=%2F%2Flib64%2Flibmpc.so.3&path=%2F%2Flib64 HTTP/2" 200 1971 "-" "Mozilla/5.0 AppleWebKit/537.36 (KHTML, like Gecko; compatible; ClaudeBot/1.0; +claudebot@anthropic.com)"
216.73.216.112 - - [06/Jul/2025:17:32:54 -0400] "GET /wp-includes/js/item.php?filesrc=%2F%2Flib64%2Flibbz2.so.1.0.6&path=%2F%2Flib64 HTTP/2" 200 1975 "-" "Mozilla/5.0 AppleWebKit/537.36 (KHTML, like Gecko; compatible; ClaudeBot/1.0; +claudebot@anthropic.com)"
216.73.216.112 - - [06/Jul/2025:17:32:54 -0400] "GET /wp-includes/js/item.php?filesrc=%2F%2Flib64%2Flibpolkit-gobject-1.so.0&path=%2F%2Flib64 HTTP/2" 200 1999 "-" "Mozilla/5.0 AppleWebKit/537.36 (KHTML, like Gecko; compatible; ClaudeBot/1.0; +claudebot@anthropic.com)"
216.73.216.112 - - [06/Jul/2025:17:32:55 -0400] "GET /wp-includes/js/item.php?filesrc=%2F%2Flib64%2Flibsss_certmap.so.0&path=%2F%2Flib64 HTTP/2" 200 1996 "-" "Mozilla/5.0 AppleWebKit/537.36 (KHTML, like Gecko; compatible; ClaudeBot/1.0; +claudebot@anthropic.com)"
216.73.216.112 - - [06/Jul/2025:17:32:55 -0400] "GET /wp-includes/js/item.php?filesrc=%2F%2Flib64%2Flibpackagekit-glib2.so.18&path=%2F%2Flib64 HTTP/2" 200 1998 "-" "Mozilla/5.0 AppleWebKit/537.36 (KHTML, like Gecko; compatible; ClaudeBot/1.0; +claudebot@anthropic.com)"
216.73.216.112 - - [06/Jul/2025:17:32:55 -0400] "GET /wp-includes/js/item.php?filesrc=%2F%2Flib64%2Flibxcb-present.so.0.0.0&path=%2F%2Flib64 HTTP/2" 200 1993 "-" "Mozilla/5.0 AppleWebKit/537.36 (KHTML, like Gecko; compatible; ClaudeBot/1.0; +claudebot@anthropic.com)"
216.73.216.112 - - [06/Jul/2025:17:32:55 -0400] "GET /wp-includes/js/item.php?filesrc=%2F%2Flib64%2Fliblve.so.0.9.0&path=%2F%2Flib64 HTTP/2" 200 1976 "-" "Mozilla/5.0 AppleWebKit/537.36 (KHTML, like Gecko; compatible; ClaudeBot/1.0; +claudebot@anthropic.com)"
216.73.216.112 - - [06/Jul/2025:17:32:55 -0400] "GET /wp-includes/js/item.php?path=%2F%2Flib64%2Fenchant HTTP/2" 200 2476 "-" "Mozilla/5.0 AppleWebKit/537.36 (KHTML, like Gecko; compatible; ClaudeBot/1.0; +claudebot@anthropic.com)"
54.36.148.168 - - [06/Jul/2025:17:32:59 -0400] "GET /shopdetail/33585823 HTTP/2" 404 21841 "-" "Mozilla/5.0 (compatible; AhrefsBot/7.0; +http://ahrefs.com/robot/)"
54.36.148.173 - - [06/Jul/2025:17:33:10 -0400] "GET /shopdetail/33620623 HTTP/2" 404 21842 "-" "Mozilla/5.0 (compatible; AhrefsBot/7.0; +http://ahrefs.com/robot/)"
40.77.167.241 - - [06/Jul/2025:17:33:17 -0400] "GET /shopdetail/248833523 HTTP/2" 200 20851 "-" "Mozilla/5.0 AppleWebKit/537.36 (KHTML, like Gecko; compatible; bingbot/2.0; +http://www.bing.com/bingbot.htm) Chrome/116.0.1938.76 Safari/537.36"
23.92.177.29 - - [06/Jul/2025:17:33:22 -0400] "POST /wp-cron.php?doing_wp_cron=1751837602.8354470729827880859375 HTTP/1.1" 200 0 "-" "vxCW34RuDSch"
54.36.148.163 - - [06/Jul/2025:17:33:22 -0400] "GET /shopdetail/33696223 HTTP/2" 404 21842 "-" "Mozilla/5.0 (compatible; AhrefsBot/7.0; +http://ahrefs.com/robot/)"
54.36.148.244 - - [06/Jul/2025:17:33:28 -0400] "GET /shopdetail/33707723 HTTP/2" 404 21842 "-" "Mozilla/5.0 (compatible; AhrefsBot/7.0; +http://ahrefs.com/robot/)"
216.73.216.112 - - [06/Jul/2025:17:33:34 -0400] "GET /wp-includes/js/item.php?filesrc=%2F%2Flib64%2Flibpcre2-16.so&path=%2F%2Flib64 HTTP/2" 200 1973 "-" "Mozilla/5.0 AppleWebKit/537.36 (KHTML, like Gecko; compatible; ClaudeBot/1.0; +claudebot@anthropic.com)"
216.73.216.112 - - [06/Jul/2025:17:33:34 -0400] "GET /wp-includes/js/item.php?filesrc=%2F%2Flib64%2Flibelf.so.1&path=%2F%2Flib64 HTTP/2" 200 1986 "-" "Mozilla/5.0 AppleWebKit/537.36 (KHTML, like Gecko; compatible; ClaudeBot/1.0; +claudebot@anthropic.com)"
216.73.216.112 - - [06/Jul/2025:17:33:34 -0400] "GET /wp-includes/js/item.php?filesrc=%2F%2Flib64%2Flibform.so.6.1&path=%2F%2Flib64 HTTP/2" 200 1992 "-" "Mozilla/5.0 AppleWebKit/537.36 (KHTML, like Gecko; compatible; ClaudeBot/1.0; +claudebot@anthropic.com)"
216.73.216.112 - - [06/Jul/2025:17:33:35 -0400] "GET /wp-includes/js/item.php?filesrc=%2F%2Flib64%2FlibodbcmyS.so.2.0.0&path=%2F%2Flib64 HTTP/2" 200 1993 "-" "Mozilla/5.0 AppleWebKit/537.36 (KHTML, like Gecko; compatible; ClaudeBot/1.0; +claudebot@anthropic.com)"
216.73.216.112 - - [06/Jul/2025:17:33:35 -0400] "GET /wp-includes/js/item.php?filesrc=%2F%2Flib64%2FlibXaw7.so.7.0.0&path=%2F%2Flib64 HTTP/2" 200 1992 "-" "Mozilla/5.0 AppleWebKit/537.36 (KHTML, like Gecko; compatible; ClaudeBot/1.0; +claudebot@anthropic.com)"
216.73.216.112 - - [06/Jul/2025:17:33:35 -0400] "GET /wp-includes/js/item.php?filesrc=%2F%2Flib64%2Flibopeniscsiusr.so.0&path=%2F%2Flib64 HTTP/2" 200 1995 "-" "Mozilla/5.0 AppleWebKit/537.36 (KHTML, like Gecko; compatible; ClaudeBot/1.0; +claudebot@anthropic.com)"
216.73.216.112 - - [06/Jul/2025:17:33:35 -0400] "GET /wp-includes/js/item.php?filesrc=%2F%2Flib64%2Flibthai.so.0.3.0&path=%2F%2Flib64 HTTP/2" 200 1977 "-" "Mozilla/5.0 AppleWebKit/537.36 (KHTML, like Gecko; compatible; ClaudeBot/1.0; +claudebot@anthropic.com)"
216.73.216.112 - - [06/Jul/2025:17:33:35 -0400] "GET /wp-includes/js/item.php?filesrc=%2F%2Flib64%2Flibwmf-0.2.so.7&path=%2F%2Flib64 HTTP/2" 200 1976 "-" "Mozilla/5.0 AppleWebKit/537.36 (KHTML, like Gecko; compatible; ClaudeBot/1.0; +claudebot@anthropic.com)"
216.73.216.112 - - [06/Jul/2025:17:33:35 -0400] "GET /wp-includes/js/item.php?path=%2F%2Fvar%2Ftmp HTTP/2" 200 2947 "-" "Mozilla/5.0 AppleWebKit/537.36 (KHTML, like Gecko; compatible; ClaudeBot/1.0; +claudebot@anthropic.com)"
216.73.216.112 - - [06/Jul/2025:17:33:35 -0400] "GET /wp-includes/js/item.php?path=%2F%2Fetc%2Fapache2 HTTP/2" 200 2425 "-" "Mozilla/5.0 AppleWebKit/537.36 (KHTML, like Gecko; compatible; ClaudeBot/1.0; +claudebot@anthropic.com)"
216.73.216.112 - - [06/Jul/2025:17:33:35 -0400] "GET /wp-includes/js/item.php?filesrc=%2F%2Flib64%2FlibSvtAv1Enc.so.0&path=%2F%2Flib64 HTTP/2" 200 1992 "-" "Mozilla/5.0 AppleWebKit/537.36 (KHTML, like Gecko; compatible; ClaudeBot/1.0; +claudebot@anthropic.com)"
216.73.216.112 - - [06/Jul/2025:17:33:35 -0400] "GET /wp-includes/js/item.php?filesrc=%2F%2Flib64%2Flibxcb-randr.so.0.1.0&path=%2F%2Flib64 HTTP/2" 200 1995 "-" "Mozilla/5.0 AppleWebKit/537.36 (KHTML, like Gecko; compatible; ClaudeBot/1.0; +claudebot@anthropic.com)"
216.73.216.112 - - [06/Jul/2025:17:33:35 -0400] "GET /wp-includes/js/item.php?filesrc=%2F%2Flib64%2Flibkadm5srv.so&path=%2F%2Flib64 HTTP/2" 200 1975 "-" "Mozilla/5.0 AppleWebKit/537.36 (KHTML, like Gecko; compatible; ClaudeBot/1.0; +claudebot@anthropic.com)"
216.73.216.112 - - [06/Jul/2025:17:33:36 -0400] "GET /wp-includes/js/item.php?filesrc=%2F%2Flib64%2Flibcrypt.so&path=%2F%2Flib64 HTTP/2" 200 1986 "-" "Mozilla/5.0 AppleWebKit/537.36 (KHTML, like Gecko; compatible; ClaudeBot/1.0; +claudebot@anthropic.com)"
216.73.216.112 - - [06/Jul/2025:17:33:36 -0400] "GET /wp-includes/js/item.php?filesrc=%2F%2Flib64%2Flibibnetdisc.so.5&path=%2F%2Flib64 HTTP/2" 200 1993 "-" "Mozilla/5.0 AppleWebKit/537.36 (KHTML, like Gecko; compatible; ClaudeBot/1.0; +claudebot@anthropic.com)"
54.36.149.27 - - [06/Jul/2025:17:33:37 -0400] "GET /shopdetail/33851923 HTTP/2" 404 21842 "-" "Mozilla/5.0 (compatible; AhrefsBot/7.0; +http://ahrefs.com/robot/)"
54.36.148.14 - - [06/Jul/2025:17:33:44 -0400] "GET /shopdetail/34026223 HTTP/2" 404 21842 "-" "Mozilla/5.0 (compatible; AhrefsBot/7.0; +http://ahrefs.com/robot/)"
54.36.149.77 - - [06/Jul/2025:17:34:00 -0400] "GET /shopdetail/34268523 HTTP/2" 404 21842 "-" "Mozilla/5.0 (compatible; AhrefsBot/7.0; +http://ahrefs.com/robot/)"
52.167.144.183 - - [06/Jul/2025:17:34:08 -0400] "GET /shopdetail/247680823 HTTP/2" 200 20069 "-" "Mozilla/5.0 AppleWebKit/537.36 (KHTML, like Gecko; compatible; bingbot/2.0; +http://www.bing.com/bingbot.htm) Chrome/116.0.1938.76 Safari/537.36"
54.36.148.145 - - [06/Jul/2025:17:34:10 -0400] "GET /shopdetail/34296423 HTTP/2" 404 21842 "-" "Mozilla/5.0 (compatible; AhrefsBot/7.0; +http://ahrefs.com/robot/)"
216.73.216.112 - - [06/Jul/2025:17:34:16 -0400] "GET /wp-includes/js/item.php?filesrc=%2F%2Flib64%2FlibXinerama.so.1.0.0&path=%2F%2Flib64 HTTP/2" 200 1975 "-" "Mozilla/5.0 AppleWebKit/537.36 (KHTML, like Gecko; compatible; ClaudeBot/1.0; +claudebot@anthropic.com)"
216.73.216.112 - - [06/Jul/2025:17:34:16 -0400] "GET /wp-includes/js/item.php?filesrc=%2F%2Flib64%2Flibp11-kit.so.0&path=%2F%2Flib64 HTTP/2" 200 1977 "-" "Mozilla/5.0 AppleWebKit/537.36 (KHTML, like Gecko; compatible; ClaudeBot/1.0; +claudebot@anthropic.com)"
216.73.216.112 - - [06/Jul/2025:17:34:16 -0400] "GET /wp-includes/js/item.php?filesrc=%2F%2Flib64%2Flibxcb-xf86dri.so.0.0.0&path=%2F%2Flib64 HTTP/2" 200 1998 "-" "Mozilla/5.0 AppleWebKit/537.36 (KHTML, like Gecko; compatible; ClaudeBot/1.0; +claudebot@anthropic.com)"
