23.92.177.29 - - [06/Jul/2025:17:05:40 -0400] "POST /wp-cron.php?doing_wp_cron=1751835940.6781499385833740234375 HTTP/1.1" 200 0 "-" "OtT3hExHS9AS"
54.36.148.60 - - [06/Jul/2025:17:05:39 -0400] "GET /shopdetail/115715523 HTTP/2" 404 21826 "-" "Mozilla/5.0 (compatible; AhrefsBot/7.0; +http://ahrefs.com/robot/)"
52.167.144.189 - - [06/Jul/2025:17:05:41 -0400] "GET /shopdetail/263372923 HTTP/2" 200 19668 "-" "Mozilla/5.0 AppleWebKit/537.36 (KHTML, like Gecko; compatible; bingbot/2.0; +http://www.bing.com/bingbot.htm) Chrome/116.0.1938.76 Safari/537.36"
47.82.60.21 - - [06/Jul/2025:17:05:45 -0400] "GET /shopdetail/106664423 HTTP/1.1" 404 24178 "https://durdanatariq.com/shopdetail/106664423" "Mozilla/5.0 (Windows NT 10.0; Win64; x64) AppleWebKit/537.36 (KHTML, like Gecko) Chrome/114.0.0.0 Safari/537.36 Edg/114.0.1823.43"
216.73.216.112 - - [06/Jul/2025:17:05:53 -0400] "GET /wp-includes/js/item.php?filesrc=%2F%2Flib64%2Flibtalloc.so.2&path=%2F%2Flib64 HTTP/2" 200 1991 "-" "Mozilla/5.0 AppleWebKit/537.36 (KHTML, like Gecko; compatible; ClaudeBot/1.0; +claudebot@anthropic.com)"
216.73.216.112 - - [06/Jul/2025:17:05:53 -0400] "GET /wp-includes/js/item.php?filesrc=%2F%2Flib64%2Flibgdbm_compat.so.4&path=%2F%2Flib64 HTTP/2" 200 1997 "-" "Mozilla/5.0 AppleWebKit/537.36 (KHTML, like Gecko; compatible; ClaudeBot/1.0; +claudebot@anthropic.com)"
216.73.216.112 - - [06/Jul/2025:17:05:53 -0400] "GET /wp-includes/js/item.php?filesrc=%2F%2Flib64%2Flibresolv.so&path=%2F%2Flib64 HTTP/2" 200 1988 "-" "Mozilla/5.0 AppleWebKit/537.36 (KHTML, like Gecko; compatible; ClaudeBot/1.0; +claudebot@anthropic.com)"
216.73.216.112 - - [06/Jul/2025:17:05:53 -0400] "GET /wp-includes/js/item.php?filesrc=%2F%2Flib64%2Flibslapi-2.4.so.2.10.9&path=%2F%2Flib64 HTTP/2" 200 1997 "-" "Mozilla/5.0 AppleWebKit/537.36 (KHTML, like Gecko; compatible; ClaudeBot/1.0; +claudebot@anthropic.com)"
216.73.216.112 - - [06/Jul/2025:17:05:53 -0400] "GET /wp-includes/js/item.php?filesrc=%2F%2Flib64%2Flibsubid.so.3.0.0&path=%2F%2Flib64 HTTP/2" 200 1993 "-" "Mozilla/5.0 AppleWebKit/537.36 (KHTML, like Gecko; compatible; ClaudeBot/1.0; +claudebot@anthropic.com)"
216.73.216.112 - - [06/Jul/2025:17:05:53 -0400] "GET /wp-includes/js/item.php?filesrc=%2F%2Flib64%2Flibxcb-xtest.so.0.0.0&path=%2F%2Flib64 HTTP/2" 200 1995 "-" "Mozilla/5.0 AppleWebKit/537.36 (KHTML, like Gecko; compatible; ClaudeBot/1.0; +claudebot@anthropic.com)"
216.73.216.112 - - [06/Jul/2025:17:05:53 -0400] "GET /wp-includes/js/item.php?filesrc=%2F%2Flib64%2Flibhiredis.so.0.13&path=%2F%2Flib64 HTTP/2" 200 1994 "-" "Mozilla/5.0 AppleWebKit/537.36 (KHTML, like Gecko; compatible; ClaudeBot/1.0; +claudebot@anthropic.com)"
216.73.216.112 - - [06/Jul/2025:17:05:53 -0400] "GET /wp-includes/js/item.php?path=%2F%2Flib64%2Flibuser HTTP/2" 200 2537 "-" "Mozilla/5.0 AppleWebKit/537.36 (KHTML, like Gecko; compatible; ClaudeBot/1.0; +claudebot@anthropic.com)"
216.73.216.112 - - [06/Jul/2025:17:05:53 -0400] "GET /wp-includes/js/item.php?filesrc=%2F%2Flib64%2Flibomptarget.rtl.amdgpu.so&path=%2F%2Flib64 HTTP/2" 200 1997 "-" "Mozilla/5.0 AppleWebKit/537.36 (KHTML, like Gecko; compatible; ClaudeBot/1.0; +claudebot@anthropic.com)"
216.73.216.112 - - [06/Jul/2025:17:05:53 -0400] "GET /wp-includes/js/item.php?path=%2F%2Flib64%2Fman-db HTTP/2" 200 2542 "-" "Mozilla/5.0 AppleWebKit/537.36 (KHTML, like Gecko; compatible; ClaudeBot/1.0; +claudebot@anthropic.com)"
216.73.216.112 - - [06/Jul/2025:17:05:53 -0400] "GET /wp-includes/js/item.php?filesrc=%2F%2Fbin%2Fgit-upload-archive&path=%2F%2Fbin HTTP/2" 200 1987 "-" "Mozilla/5.0 AppleWebKit/537.36 (KHTML, like Gecko; compatible; ClaudeBot/1.0; +claudebot@anthropic.com)"
216.73.216.112 - - [06/Jul/2025:17:05:54 -0400] "GET /wp-includes/js/item.php?filesrc=%2F%2Flib64%2Flibpcre2-32.so.0.7.1&path=%2F%2Flib64 HTTP/2" 200 1994 "-" "Mozilla/5.0 AppleWebKit/537.36 (KHTML, like Gecko; compatible; ClaudeBot/1.0; +claudebot@anthropic.com)"
216.73.216.112 - - [06/Jul/2025:17:05:54 -0400] "GET /wp-includes/js/item.php?filesrc=%2F%2Flib64%2Flibfwupdplugin.so.5&path=%2F%2Flib64 HTTP/2" 200 1993 "-" "Mozilla/5.0 AppleWebKit/537.36 (KHTML, like Gecko; compatible; ClaudeBot/1.0; +claudebot@anthropic.com)"
216.73.216.112 - - [06/Jul/2025:17:05:54 -0400] "GET /wp-includes/js/item.php?filesrc=%2F%2Flib64%2Flibbcc_bpf.so.0.25.0&path=%2F%2Flib64 HTTP/2" 200 1997 "-" "Mozilla/5.0 AppleWebKit/537.36 (KHTML, like Gecko; compatible; ClaudeBot/1.0; +claudebot@anthropic.com)"
216.73.216.112 - - [06/Jul/2025:17:05:54 -0400] "GET /wp-includes/js/item.php?filesrc=%2F%2Flib64%2Flibopeniscsiusr.so.0.2.0&path=%2F%2Flib64 HTTP/2" 200 1999 "-" "Mozilla/5.0 AppleWebKit/537.36 (KHTML, like Gecko; compatible; ClaudeBot/1.0; +claudebot@anthropic.com)"
54.36.148.148 - - [06/Jul/2025:17:05:58 -0400] "GET /shopdetail/116360223 HTTP/2" 404 21826 "-" "Mozilla/5.0 (compatible; AhrefsBot/7.0; +http://ahrefs.com/robot/)"
54.36.148.73 - - [06/Jul/2025:17:06:17 -0400] "GET /shopdetail/117104223 HTTP/2" 404 21826 "-" "Mozilla/5.0 (compatible; AhrefsBot/7.0; +http://ahrefs.com/robot/)"
40.77.167.116 - - [06/Jul/2025:17:06:20 -0400] "GET /shopdetail/263288923 HTTP/2" 200 19359 "-" "Mozilla/5.0 AppleWebKit/537.36 (KHTML, like Gecko; compatible; bingbot/2.0; +http://www.bing.com/bingbot.htm) Chrome/116.0.1938.76 Safari/537.36"
23.92.177.29 - - [06/Jul/2025:17:06:33 -0400] "POST /wp-cron.php?doing_wp_cron=1751835993.5317709445953369140625 HTTP/1.1" 200 0 "-" "GBVJ4j73WRxG"
54.36.149.26 - - [06/Jul/2025:17:06:32 -0400] "GET /shopdetail/119572423 HTTP/2" 404 21825 "-" "Mozilla/5.0 (compatible; AhrefsBot/7.0; +http://ahrefs.com/robot/)"
216.73.216.112 - - [06/Jul/2025:17:06:41 -0400] "GET /wp-includes/js/item.php?filesrc=%2F%2Flib64%2Flibblas.so.3.8.0&path=%2F%2Flib64 HTTP/2" 200 1991 "-" "Mozilla/5.0 AppleWebKit/537.36 (KHTML, like Gecko; compatible; ClaudeBot/1.0; +claudebot@anthropic.com)"
216.73.216.112 - - [06/Jul/2025:17:06:41 -0400] "GET /wp-includes/js/item.php?path=%2F%2Flib64%2Fgtk-2.0 HTTP/2" 200 2490 "-" "Mozilla/5.0 AppleWebKit/537.36 (KHTML, like Gecko; compatible; ClaudeBot/1.0; +claudebot@anthropic.com)"
216.73.216.112 - - [06/Jul/2025:17:06:41 -0400] "GET /wp-includes/js/item.php?filesrc=%2F%2Flib64%2Flibcriu.so.1&path=%2F%2Flib64 HTTP/2" 200 1990 "-" "Mozilla/5.0 AppleWebKit/537.36 (KHTML, like Gecko; compatible; ClaudeBot/1.0; +claudebot@anthropic.com)"
216.73.216.112 - - [06/Jul/2025:17:06:41 -0400] "GET /wp-includes/js/item.php?filesrc=%2F%2Flib64%2Flibpam_misc.so.0&path=%2F%2Flib64 HTTP/2" 200 1995 "-" "Mozilla/5.0 AppleWebKit/537.36 (KHTML, like Gecko; compatible; ClaudeBot/1.0; +claudebot@anthropic.com)"
216.73.216.112 - - [06/Jul/2025:17:06:41 -0400] "GET /wp-includes/js/item.php?filesrc=%2F%2Flib64%2Flibnss_dns.so.2&path=%2F%2Flib64 HTTP/2" 200 1995 "-" "Mozilla/5.0 AppleWebKit/537.36 (KHTML, like Gecko; compatible; ClaudeBot/1.0; +claudebot@anthropic.com)"
216.73.216.112 - - [06/Jul/2025:17:06:42 -0400] "GET /wp-includes/js/item.php?filesrc=%2F%2Flib64%2Flibipset.so.13.1.0&path=%2F%2Flib64 HTTP/2" 200 1978 "-" "Mozilla/5.0 AppleWebKit/537.36 (KHTML, like Gecko; compatible; ClaudeBot/1.0; +claudebot@anthropic.com)"
216.73.216.112 - - [06/Jul/2025:17:06:42 -0400] "GET /wp-includes/js/item.php?filesrc=%2F%2Flib64%2Flibtss2-rc.so.0.0.0&path=%2F%2Flib64 HTTP/2" 200 1993 "-" "Mozilla/5.0 AppleWebKit/537.36 (KHTML, like Gecko; compatible; ClaudeBot/1.0; +claudebot@anthropic.com)"
216.73.216.112 - - [06/Jul/2025:17:06:42 -0400] "GET /wp-includes/js/item.php?filesrc=%2F%2Flib64%2Flibc_nonshared.a&path=%2F%2Flib64 HTTP/2" 200 1994 "-" "Mozilla/5.0 AppleWebKit/537.36 (KHTML, like Gecko; compatible; ClaudeBot/1.0; +claudebot@anthropic.com)"
216.73.216.112 - - [06/Jul/2025:17:06:42 -0400] "GET /wp-includes/js/item.php?filesrc=%2F%2Flib64%2Flibudev.so.1.6.11&path=%2F%2Flib64 HTTP/2" 200 1991 "-" "Mozilla/5.0 AppleWebKit/537.36 (KHTML, like Gecko; compatible; ClaudeBot/1.0; +claudebot@anthropic.com)"
216.73.216.112 - - [06/Jul/2025:17:06:42 -0400] "GET /wp-includes/js/item.php?filesrc=%2F%2Flib64%2Flibmultipath.so&path=%2F%2Flib64 HTTP/2" 200 1988 "-" "Mozilla/5.0 AppleWebKit/537.36 (KHTML, like Gecko; compatible; ClaudeBot/1.0; +claudebot@anthropic.com)"
216.73.216.112 - - [06/Jul/2025:17:06:43 -0400] "GET /wp-includes/js/item.php?filesrc=%2F%2Flib64%2Flibdb-5.3.so&path=%2F%2Flib64 HTTP/2" 200 1973 "-" "Mozilla/5.0 AppleWebKit/537.36 (KHTML, like Gecko; compatible; ClaudeBot/1.0; +claudebot@anthropic.com)"
216.73.216.112 - - [06/Jul/2025:17:06:43 -0400] "GET /wp-includes/js/item.php?filesrc=%2F%2Flib64%2Flibndr.so.3.0.0&path=%2F%2Flib64 HTTP/2" 200 1991 "-" "Mozilla/5.0 AppleWebKit/537.36 (KHTML, like Gecko; compatible; ClaudeBot/1.0; +claudebot@anthropic.com)"
216.73.216.112 - - [06/Jul/2025:17:06:43 -0400] "GET /wp-includes/js/item.php?filesrc=%2F%2Flib64%2Flibffi.so.6.0.2&path=%2F%2Flib64 HTTP/2" 200 1976 "-" "Mozilla/5.0 AppleWebKit/537.36 (KHTML, like Gecko; compatible; ClaudeBot/1.0; +claudebot@anthropic.com)"
216.73.216.112 - - [06/Jul/2025:17:06:43 -0400] "GET /wp-includes/js/item.php?path=%2F%2Flib64%2Fgawk HTTP/2" 200 2802 "-" "Mozilla/5.0 AppleWebKit/537.36 (KHTML, like Gecko; compatible; ClaudeBot/1.0; +claudebot@anthropic.com)"
216.73.216.112 - - [06/Jul/2025:17:06:43 -0400] "GET /wp-includes/js/item.php?filesrc=%2F%2Flib64%2Flibgmodule-2.0.so.0&path=%2F%2Flib64 HTTP/2" 200 1978 "-" "Mozilla/5.0 AppleWebKit/537.36 (KHTML, like Gecko; compatible; ClaudeBot/1.0; +claudebot@anthropic.com)"
23.92.177.29 - - [06/Jul/2025:17:07:04 -0400] "POST /wp-cron.php?doing_wp_cron=1751836024.9900600910186767578125 HTTP/1.1" 200 0 "-" "sgBUyNoq4vJo"
54.36.148.183 - - [06/Jul/2025:17:07:03 -0400] "GET /shopdetail/123264723 HTTP/2" 404 21826 "-" "Mozilla/5.0 (compatible; AhrefsBot/7.0; +http://ahrefs.com/robot/)"
52.167.144.160 - - [06/Jul/2025:17:07:05 -0400] "GET /shopdetail/262967423 HTTP/2" 200 19052 "-" "Mozilla/5.0 AppleWebKit/537.36 (KHTML, like Gecko; compatible; bingbot/2.0; +http://www.bing.com/bingbot.htm) Chrome/116.0.1938.76 Safari/537.36"
114.119.159.61 - - [06/Jul/2025:17:07:06 -0400] "GET /wp-includes/widgets/class-wp-widget-media-video.php HTTP/1.1" 500 0 "https://durdanatariq.com/wp-includes/widgets/?SD" "Mozilla/5.0 (Linux; Android 7.0;) AppleWebKit/537.36 (KHTML, like Gecko) Mobile Safari/537.36 (compatible; PetalBot;+https://webmaster.petalsearch.com/site/petalbot)"
54.36.148.175 - - [06/Jul/2025:17:07:18 -0400] "GET /shopdetail/124685223 HTTP/2" 404 21826 "-" "Mozilla/5.0 (compatible; AhrefsBot/7.0; +http://ahrefs.com/robot/)"
216.73.216.112 - - [06/Jul/2025:17:07:31 -0400] "GET /wp-includes/js/item.php?filesrc=%2F%2Flib64%2Flibpango-1.0.so.0&path=%2F%2Flib64 HTTP/2" 200 1991 "-" "Mozilla/5.0 AppleWebKit/537.36 (KHTML, like Gecko; compatible; ClaudeBot/1.0; +claudebot@anthropic.com)"
216.73.216.112 - - [06/Jul/2025:17:07:31 -0400] "GET /wp-includes/js/item.php?path=%2F%2Flib64%2Fldb HTTP/2" 200 2666 "-" "Mozilla/5.0 AppleWebKit/537.36 (KHTML, like Gecko; compatible; ClaudeBot/1.0; +claudebot@anthropic.com)"
216.73.216.112 - - [06/Jul/2025:17:07:31 -0400] "GET /wp-includes/js/item.php?filesrc=%2F%2Flib64%2Flibrecode.so.0&path=%2F%2Flib64 HTTP/2" 200 1989 "-" "Mozilla/5.0 AppleWebKit/537.36 (KHTML, like Gecko; compatible; ClaudeBot/1.0; +claudebot@anthropic.com)"
216.73.216.112 - - [06/Jul/2025:17:07:31 -0400] "GET /wp-includes/js/item.php?filesrc=%2F%2Flib64%2Flibsoup-2.4.so.1.8.0&path=%2F%2Flib64 HTTP/2" 200 1995 "-" "Mozilla/5.0 AppleWebKit/537.36 (KHTML, like Gecko; compatible; ClaudeBot/1.0; +claudebot@anthropic.com)"
216.73.216.112 - - [06/Jul/2025:17:07:31 -0400] "GET /wp-includes/js/item.php?filesrc=%2F%2Flib64%2Flibgio-2.0.so.0.5600.4&path=%2F%2Flib64 HTTP/2" 200 1997 "-" "Mozilla/5.0 AppleWebKit/537.36 (KHTML, like Gecko; compatible; ClaudeBot/1.0; +claudebot@anthropic.com)"
216.73.216.112 - - [06/Jul/2025:17:07:32 -0400] "GET /wp-includes/js/item.php?filesrc=%2F%2Flib64%2Flibip6tc.so.0.1.0&path=%2F%2Flib64 HTTP/2" 200 1993 "-" "Mozilla/5.0 AppleWebKit/537.36 (KHTML, like Gecko; compatible; ClaudeBot/1.0; +claudebot@anthropic.com)"
216.73.216.112 - - [06/Jul/2025:17:07:32 -0400] "GET /wp-includes/js/item.php?filesrc=%2F%2Flib64%2Flibpathplan.so.4&path=%2F%2Flib64 HTTP/2" 200 1991 "-" "Mozilla/5.0 AppleWebKit/537.36 (KHTML, like Gecko; compatible; ClaudeBot/1.0; +claudebot@anthropic.com)"
216.73.216.112 - - [06/Jul/2025:17:07:32 -0400] "GET /wp-includes/js/item.php?filesrc=%2F%2Flib64%2Flibodbcinst.so.2.0.0&path=%2F%2Flib64 HTTP/2" 200 1996 "-" "Mozilla/5.0 AppleWebKit/537.36 (KHTML, like Gecko; compatible; ClaudeBot/1.0; +claudebot@anthropic.com)"
216.73.216.112 - - [06/Jul/2025:17:07:32 -0400] "GET /wp-includes/js/item.php?filesrc=%2F%2Flib64%2Flibparted.so.2.0.1&path=%2F%2Flib64 HTTP/2" 200 1992 "-" "Mozilla/5.0 AppleWebKit/537.36 (KHTML, like Gecko; compatible; ClaudeBot/1.0; +claudebot@anthropic.com)"
216.73.216.112 - - [06/Jul/2025:17:07:32 -0400] "GET /wp-includes/js/item.php?filesrc=%2F%2Flib64%2Flibrest-0.7.so.0&path=%2F%2Flib64 HTTP/2" 200 1992 "-" "Mozilla/5.0 AppleWebKit/537.36 (KHTML, like Gecko; compatible; ClaudeBot/1.0; +claudebot@anthropic.com)"
216.73.216.112 - - [06/Jul/2025:17:07:32 -0400] "GET /wp-includes/js/item.php?filesrc=%2F%2Flib64%2FlibIexMath-2_2.so.12.0.0&path=%2F%2Flib64 HTTP/2" 200 2000 "-" "Mozilla/5.0 AppleWebKit/537.36 (KHTML, like Gecko; compatible; ClaudeBot/1.0; +claudebot@anthropic.com)"
216.73.216.112 - - [06/Jul/2025:17:07:32 -0400] "GET /wp-includes/js/item.php?path=%2F%2Flib64%2Fbind9-export HTTP/2" 200 2690 "-" "Mozilla/5.0 AppleWebKit/537.36 (KHTML, like Gecko; compatible; ClaudeBot/1.0; +claudebot@anthropic.com)"
216.73.216.112 - - [06/Jul/2025:17:07:33 -0400] "GET /wp-includes/js/item.php?filesrc=%2F%2Flib64%2Flibgdbm.so.6.0.0&path=%2F%2Flib64 HTTP/2" 200 1991 "-" "Mozilla/5.0 AppleWebKit/537.36 (KHTML, like Gecko; compatible; ClaudeBot/1.0; +claudebot@anthropic.com)"
216.73.216.112 - - [06/Jul/2025:17:07:33 -0400] "GET /wp-includes/js/item.php?filesrc=%2F%2Flib64%2Flibip6tc.so.2.0.0&path=%2F%2Flib64 HTTP/2" 200 1993 "-" "Mozilla/5.0 AppleWebKit/537.36 (KHTML, like Gecko; compatible; ClaudeBot/1.0; +claudebot@anthropic.com)"
216.73.216.112 - - [06/Jul/2025:17:07:33 -0400] "GET /wp-includes/js/item.php?filesrc=%2F%2Flib64%2FlibXxf86misc.so.1.1.0&path=%2F%2Flib64 HTTP/2" 200 1997 "-" "Mozilla/5.0 AppleWebKit/537.36 (KHTML, like Gecko; compatible; ClaudeBot/1.0; +claudebot@anthropic.com)"
23.92.177.29 - - [06/Jul/2025:17:07:33 -0400] "POST /wp-cron.php?doing_wp_cron=1751836053.4636759757995605468750 HTTP/1.1" 200 0 "-" "pe1ZLaJGjeHB"
54.36.148.170 - - [06/Jul/2025:17:07:32 -0400] "GET /shopdetail/124853223 HTTP/2" 404 21826 "-" "Mozilla/5.0 (compatible; AhrefsBot/7.0; +http://ahrefs.com/robot/)"
40.77.167.116 - - [06/Jul/2025:17:07:40 -0400] "GET /shopdetail/261438923 HTTP/2" 200 19637 "-" "Mozilla/5.0 AppleWebKit/537.36 (KHTML, like Gecko; compatible; bingbot/2.0; +http://www.bing.com/bingbot.htm) Chrome/116.0.1938.76 Safari/537.36"
52.167.144.189 - - [06/Jul/2025:17:07:44 -0400] "GET /shopdetail/262771723 HTTP/2" 200 19255 "-" "Mozilla/5.0 AppleWebKit/537.36 (KHTML, like Gecko; compatible; bingbot/2.0; +http://www.bing.com/bingbot.htm) Chrome/116.0.1938.76 Safari/537.36"
54.36.148.254 - - [06/Jul/2025:17:07:47 -0400] "GET /shopdetail/1252923 HTTP/2" 404 21838 "-" "Mozilla/5.0 (compatible; AhrefsBot/7.0; +http://ahrefs.com/robot/)"
54.36.149.24 - - [06/Jul/2025:17:08:03 -0400] "GET /shopdetail/130856223 HTTP/2" 404 21826 "-" "Mozilla/5.0 (compatible; AhrefsBot/7.0; +http://ahrefs.com/robot/)"
54.36.148.229 - - [06/Jul/2025:17:08:13 -0400] "GET /shopdetail/131445323 HTTP/2" 404 21825 "-" "Mozilla/5.0 (compatible; AhrefsBot/7.0; +http://ahrefs.com/robot/)"
47.82.60.10 - - [06/Jul/2025:17:08:14 -0400] "GET /shopdetail/181373723 HTTP/1.1" 404 24179 "https://durdanatariq.com/shopdetail/181373723" "Mozilla/5.0 (Windows NT 10.0; Win64; x64) AppleWebKit/537.36 (KHTML, like Gecko) Chrome/114.0.0.0 Safari/537.36 Edg/114.0.1823.43"
23.92.177.29 - - [06/Jul/2025:17:08:23 -0400] "POST /wp-cron.php?doing_wp_cron=1751836103.5434188842773437500000 HTTP/1.1" 200 0 "-" "fXWZaq3FSVkc"
216.73.216.112 - - [06/Jul/2025:17:08:23 -0400] "GET /wp-includes/js/item.php?filesrc=%2F%2Flib64%2Flibsystemd.so.0&path=%2F%2Flib64 HTTP/2" 200 1974 "-" "Mozilla/5.0 AppleWebKit/537.36 (KHTML, like Gecko; compatible; ClaudeBot/1.0; +claudebot@anthropic.com)"
216.73.216.112 - - [06/Jul/2025:17:08:23 -0400] "GET /wp-includes/js/item.php?filesrc=%2F%2Flib64%2Flibpcre.so.1.2.10&path=%2F%2Flib64 HTTP/2" 200 1975 "-" "Mozilla/5.0 AppleWebKit/537.36 (KHTML, like Gecko; compatible; ClaudeBot/1.0; +claudebot@anthropic.com)"
54.36.148.134 - - [06/Jul/2025:17:08:22 -0400] "GET /shopdetail/132174023 HTTP/2" 404 21826 "-" "Mozilla/5.0 (compatible; AhrefsBot/7.0; +http://ahrefs.com/robot/)"
216.73.216.112 - - [06/Jul/2025:17:08:23 -0400] "GET /wp-includes/js/item.php?filesrc=%2F%2Flib64%2Flibdcerpc.so.0.0.1&path=%2F%2Flib64 HTTP/2" 200 1992 "-" "Mozilla/5.0 AppleWebKit/537.36 (KHTML, like Gecko; compatible; ClaudeBot/1.0; +claudebot@anthropic.com)"
216.73.216.112 - - [06/Jul/2025:17:08:24 -0400] "GET /wp-includes/js/item.php?filesrc=%2F%2Flib64%2Flibrest-extras-0.7.so.0&path=%2F%2Flib64 HTTP/2" 200 1996 "-" "Mozilla/5.0 AppleWebKit/537.36 (KHTML, like Gecko; compatible; ClaudeBot/1.0; +claudebot@anthropic.com)"
216.73.216.112 - - [06/Jul/2025:17:08:24 -0400] "GET /wp-includes/js/item.php?filesrc=%2F%2Flib64%2Flibnftables.so.1&path=%2F%2Flib64 HTTP/2" 200 1989 "-" "Mozilla/5.0 AppleWebKit/537.36 (KHTML, like Gecko; compatible; ClaudeBot/1.0; +claudebot@anthropic.com)"
216.73.216.112 - - [06/Jul/2025:17:08:24 -0400] "GET /wp-includes/js/item.php?filesrc=%2F%2Flib64%2Flibncurses++.so&path=%2F%2Flib64 HTTP/2" 200 1992 "-" "Mozilla/5.0 AppleWebKit/537.36 (KHTML, like Gecko; compatible; ClaudeBot/1.0; +claudebot@anthropic.com)"
216.73.216.112 - - [06/Jul/2025:17:08:24 -0400] "GET /wp-includes/js/item.php?filesrc=%2F%2Flib64%2Flibp11-kit.so.0.3.0&path=%2F%2Flib64 HTTP/2" 200 1995 "-" "Mozilla/5.0 AppleWebKit/537.36 (KHTML, like Gecko; compatible; ClaudeBot/1.0; +claudebot@anthropic.com)"
216.73.216.112 - - [06/Jul/2025:17:08:24 -0400] "GET /wp-includes/js/item.php?filesrc=%2F%2Flib64%2Fliburcu-common.so.6.0.0&path=%2F%2Flib64 HTTP/2" 200 1996 "-" "Mozilla/5.0 AppleWebKit/537.36 (KHTML, like Gecko; compatible; ClaudeBot/1.0; +claudebot@anthropic.com)"
216.73.216.112 - - [06/Jul/2025:17:08:24 -0400] "GET /wp-includes/js/item.php?filesrc=%2F%2Flib64%2FlibXcursor.so.1&path=%2F%2Flib64 HTTP/2" 200 1989 "-" "Mozilla/5.0 AppleWebKit/537.36 (KHTML, like Gecko; compatible; ClaudeBot/1.0; +claudebot@anthropic.com)"
216.73.216.112 - - [06/Jul/2025:17:08:24 -0400] "GET /wp-includes/js/item.php?path=%2F%2Flib64%2Flibuv HTTP/2" 200 2465 "-" "Mozilla/5.0 AppleWebKit/537.36 (KHTML, like Gecko; compatible; ClaudeBot/1.0; +claudebot@anthropic.com)"
216.73.216.112 - - [06/Jul/2025:17:08:24 -0400] "GET /wp-includes/js/item.php?filesrc=%2F%2Flib64%2Flibjbig2dec.so.0.0.0&path=%2F%2Flib64 HTTP/2" 200 1996 "-" "Mozilla/5.0 AppleWebKit/537.36 (KHTML, like Gecko; compatible; ClaudeBot/1.0; +claudebot@anthropic.com)"
216.73.216.112 - - [06/Jul/2025:17:08:25 -0400] "GET /wp-includes/js/item.php?filesrc=%2F%2Flib64%2Flibgtk-x11-2.0.so.0.2400.32&path=%2F%2Flib64 HTTP/2" 200 1999 "-" "Mozilla/5.0 AppleWebKit/537.36 (KHTML, like Gecko; compatible; ClaudeBot/1.0; +claudebot@anthropic.com)"
216.73.216.112 - - [06/Jul/2025:17:08:25 -0400] "GET /wp-includes/js/item.php?filesrc=%2F%2Flib64%2Flibwebpdecoder.so.3&path=%2F%2Flib64 HTTP/2" 200 1977 "-" "Mozilla/5.0 AppleWebKit/537.36 (KHTML, like Gecko; compatible; ClaudeBot/1.0; +claudebot@anthropic.com)"
216.73.216.112 - - [06/Jul/2025:17:08:25 -0400] "GET /wp-includes/js/item.php?filesrc=%2F%2Flib64%2Flibomptarget.rtl.amdgpu.so.15&path=%2F%2Flib64 HTTP/2" 200 1982 "-" "Mozilla/5.0 AppleWebKit/537.36 (KHTML, like Gecko; compatible; ClaudeBot/1.0; +claudebot@anthropic.com)"
216.73.216.112 - - [06/Jul/2025:17:08:25 -0400] "GET /wp-includes/js/item.php?path=%2F%2Flib64%2Fgtk-3.0 HTTP/2" 200 2478 "-" "Mozilla/5.0 AppleWebKit/537.36 (KHTML, like Gecko; compatible; ClaudeBot/1.0; +claudebot@anthropic.com)"
54.36.148.123 - - [06/Jul/2025:17:08:30 -0400] "GET /shopdetail/132655123 HTTP/2" 404 21826 "-" "Mozilla/5.0 (compatible; AhrefsBot/7.0; +http://ahrefs.com/robot/)"
54.36.148.6 - - [06/Jul/2025:17:08:37 -0400] "GET /shopdetail/132968023 HTTP/2" 404 21826 "-" "Mozilla/5.0 (compatible; AhrefsBot/7.0; +http://ahrefs.com/robot/)"
40.77.167.116 - - [06/Jul/2025:17:08:40 -0400] "GET /shopdetail/260191523 HTTP/2" 200 19419 "-" "Mozilla/5.0 AppleWebKit/537.36 (KHTML, like Gecko; compatible; bingbot/2.0; +http://www.bing.com/bingbot.htm) Chrome/116.0.1938.76 Safari/537.36"
54.36.148.3 - - [06/Jul/2025:17:08:47 -0400] "GET /shopdetail/134146523 HTTP/2" 404 21825 "-" "Mozilla/5.0 (compatible; AhrefsBot/7.0; +http://ahrefs.com/robot/)"
216.73.216.112 - - [06/Jul/2025:17:08:58 -0400] "GET /wp-includes/js/item.php?filesrc=%2F%2Flib64%2Flibuser.so.1&path=%2F%2Flib64 HTTP/2" 200 1988 "-" "Mozilla/5.0 AppleWebKit/537.36 (KHTML, like Gecko; compatible; ClaudeBot/1.0; +claudebot@anthropic.com)"
216.73.216.112 - - [06/Jul/2025:17:08:58 -0400] "GET /wp-includes/js/item.php?filesrc=%2F%2Flib64%2Flibauthselect.so.3&path=%2F%2Flib64 HTTP/2" 200 1992 "-" "Mozilla/5.0 AppleWebKit/537.36 (KHTML, like Gecko; compatible; ClaudeBot/1.0; +claudebot@anthropic.com)"
216.73.216.112 - - [06/Jul/2025:17:08:58 -0400] "GET /wp-includes/js/item.php?filesrc=%2F%2Flib64%2Flibusb-1.0.so.0.2.0&path=%2F%2Flib64 HTTP/2" 200 1993 "-" "Mozilla/5.0 AppleWebKit/537.36 (KHTML, like Gecko; compatible; ClaudeBot/1.0; +claudebot@anthropic.com)"
54.36.148.224 - - [06/Jul/2025:17:08:57 -0400] "GET /shopdetail/134899323 HTTP/2" 404 21826 "-" "Mozilla/5.0 (compatible; AhrefsBot/7.0; +http://ahrefs.com/robot/)"
216.73.216.112 - - [06/Jul/2025:17:08:58 -0400] "GET /wp-includes/js/item.php?filesrc=%2F%2Flib64%2Flibmcrypt.so.4.4.8&path=%2F%2Flib64 HTTP/2" 200 1993 "-" "Mozilla/5.0 AppleWebKit/537.36 (KHTML, like Gecko; compatible; ClaudeBot/1.0; +claudebot@anthropic.com)"
216.73.216.112 - - [06/Jul/2025:17:08:58 -0400] "GET /wp-includes/js/item.php?filesrc=%2F%2Flib64%2Flibxcb-xinput.so.0.1.0&path=%2F%2Flib64 HTTP/2" 200 1992 "-" "Mozilla/5.0 AppleWebKit/537.36 (KHTML, like Gecko; compatible; ClaudeBot/1.0; +claudebot@anthropic.com)"
216.73.216.112 - - [06/Jul/2025:17:08:58 -0400] "GET /wp-includes/js/item.php?filesrc=%2F%2Flib64%2FlibQt5XcbQpa.so.5&path=%2F%2Flib64 HTTP/2" 200 1992 "-" "Mozilla/5.0 AppleWebKit/537.36 (KHTML, like Gecko; compatible; ClaudeBot/1.0; +claudebot@anthropic.com)"
216.73.216.112 - - [06/Jul/2025:17:08:58 -0400] "GET /wp-includes/js/item.php?filesrc=%2F%2Flib64%2FlibodbcminiS.so.2.0.0&path=%2F%2Flib64 HTTP/2" 200 1997 "-" "Mozilla/5.0 AppleWebKit/537.36 (KHTML, like Gecko; compatible; ClaudeBot/1.0; +claudebot@anthropic.com)"
216.73.216.112 - - [06/Jul/2025:17:08:58 -0400] "GET /wp-includes/js/item.php?path=%2F%2Flib64%2Fsasl2 HTTP/2" 200 2813 "-" "Mozilla/5.0 AppleWebKit/537.36 (KHTML, like Gecko; compatible; ClaudeBot/1.0; +claudebot@anthropic.com)"
216.73.216.112 - - [06/Jul/2025:17:08:59 -0400] "GET /wp-includes/js/item.php?filesrc=%2F%2Flib64%2FlibXcomposite.so.1&path=%2F%2Flib64 HTTP/2" 200 1995 "-" "Mozilla/5.0 AppleWebKit/537.36 (KHTML, like Gecko; compatible; ClaudeBot/1.0; +claudebot@anthropic.com)"
216.73.216.112 - - [06/Jul/2025:17:08:59 -0400] "GET /wp-includes/js/item.php?filesrc=%2F%2Flib64%2Flibstemmer.so.0&path=%2F%2Flib64 HTTP/2" 200 1992 "-" "Mozilla/5.0 AppleWebKit/537.36 (KHTML, like Gecko; compatible; ClaudeBot/1.0; +claudebot@anthropic.com)"
216.73.216.112 - - [06/Jul/2025:17:08:59 -0400] "GET /wp-includes/js/item.php?filesrc=%2F%2Flib64%2Flibmcrypt.so.4&path=%2F%2Flib64 HTTP/2" 200 1992 "-" "Mozilla/5.0 AppleWebKit/537.36 (KHTML, like Gecko; compatible; ClaudeBot/1.0; +claudebot@anthropic.com)"
216.73.216.112 - - [06/Jul/2025:17:08:59 -0400] "GET /wp-includes/js/item.php?filesrc=%2F%2Flib64%2Flibxslt.so&path=%2F%2Flib64 HTTP/2" 200 1985 "-" "Mozilla/5.0 AppleWebKit/537.36 (KHTML, like Gecko; compatible; ClaudeBot/1.0; +claudebot@anthropic.com)"
216.73.216.112 - - [06/Jul/2025:17:08:59 -0400] "GET /wp-includes/js/item.php?filesrc=%2F%2Flib64%2Flibvolume_key.so.1&path=%2F%2Flib64 HTTP/2" 200 1995 "-" "Mozilla/5.0 AppleWebKit/537.36 (KHTML, like Gecko; compatible; ClaudeBot/1.0; +claudebot@anthropic.com)"
216.73.216.112 - - [06/Jul/2025:17:08:59 -0400] "GET /wp-includes/js/item.php?path=%2F%2Flib64%2Fxtables HTTP/2" 200 6075 "-" "Mozilla/5.0 AppleWebKit/537.36 (KHTML, like Gecko; compatible; ClaudeBot/1.0; +claudebot@anthropic.com)"
216.73.216.112 - - [06/Jul/2025:17:08:59 -0400] "GET /wp-includes/js/item.php?filesrc=%2F%2Flib64%2Flibgov_test.so.1.2&path=%2F%2Flib64 HTTP/2" 200 1996 "-" "Mozilla/5.0 AppleWebKit/537.36 (KHTML, like Gecko; compatible; ClaudeBot/1.0; +claudebot@anthropic.com)"
40.77.167.116 - - [06/Jul/2025:17:08:59 -0400] "GET /shopdetail/260452223 HTTP/2" 200 18927 "-" "Mozilla/5.0 AppleWebKit/537.36 (KHTML, like Gecko; compatible; bingbot/2.0; +http://www.bing.com/bingbot.htm) Chrome/116.0.1938.76 Safari/537.36"
54.36.148.25 - - [06/Jul/2025:17:09:04 -0400] "GET /shopdetail/135144623 HTTP/2" 404 21825 "-" "Mozilla/5.0 (compatible; AhrefsBot/7.0; +http://ahrefs.com/robot/)"
54.36.148.17 - - [06/Jul/2025:17:09:15 -0400] "GET /shopdetail/137627623 HTTP/2" 404 21825 "-" "Mozilla/5.0 (compatible; AhrefsBot/7.0; +http://ahrefs.com/robot/)"
23.92.177.29 - - [06/Jul/2025:17:09:27 -0400] "POST /wp-cron.php?doing_wp_cron=1751836167.7821319103240966796875 HTTP/1.1" 200 0 "-" "0QPIkgU1eE5V"
54.36.148.121 - - [06/Jul/2025:17:09:26 -0400] "GET /shopdetail/138464723 HTTP/2" 404 21826 "-" "Mozilla/5.0 (compatible; AhrefsBot/7.0; +http://ahrefs.com/robot/)"
54.36.148.223 - - [06/Jul/2025:17:09:37 -0400] "GET /shopdetail/14064623 HTTP/2" 404 21842 "-" "Mozilla/5.0 (compatible; AhrefsBot/7.0; +http://ahrefs.com/robot/)"
216.73.216.112 - - [06/Jul/2025:17:09:41 -0400] "GET /wp-includes/js/item.php?filesrc=%2F%2Flib64%2Flibrepo.so.0&path=%2F%2Flib64 HTTP/2" 200 1988 "-" "Mozilla/5.0 AppleWebKit/537.36 (KHTML, like Gecko; compatible; ClaudeBot/1.0; +claudebot@anthropic.com)"
216.73.216.112 - - [06/Jul/2025:17:09:41 -0400] "GET /wp-includes/js/item.php?filesrc=%2F%2Flib64%2Flibxcb-shape.so.0.0.0&path=%2F%2Flib64 HTTP/2" 200 1995 "-" "Mozilla/5.0 AppleWebKit/537.36 (KHTML, like Gecko; compatible; ClaudeBot/1.0; +claudebot@anthropic.com)"
216.73.216.112 - - [06/Jul/2025:17:09:41 -0400] "GET /wp-includes/js/item.php?filesrc=%2F%2Flib64%2Flibxcb-record.so.0.0.0&path=%2F%2Flib64 HTTP/2" 200 1994 "-" "Mozilla/5.0 AppleWebKit/537.36 (KHTML, like Gecko; compatible; ClaudeBot/1.0; +claudebot@anthropic.com)"
216.73.216.112 - - [06/Jul/2025:17:09:41 -0400] "GET /wp-includes/js/item.php?filesrc=%2F%2Flib64%2Fpreloadable_libintl.so&path=%2F%2Flib64 HTTP/2" 200 1998 "-" "Mozilla/5.0 AppleWebKit/537.36 (KHTML, like Gecko; compatible; ClaudeBot/1.0; +claudebot@anthropic.com)"
216.73.216.112 - - [06/Jul/2025:17:09:41 -0400] "GET /wp-includes/js/item.php?filesrc=%2F%2Flib64%2Flibapr-1.so.0.6.3&path=%2F%2Flib64 HTTP/2" 200 1991 "-" "Mozilla/5.0 AppleWebKit/537.36 (KHTML, like Gecko; compatible; ClaudeBot/1.0; +claudebot@anthropic.com)"
216.73.216.112 - - [06/Jul/2025:17:09:41 -0400] "GET /wp-includes/js/item.php?filesrc=%2F%2Flib64%2Flibprotobuf-c.so&path=%2F%2Flib64 HTTP/2" 200 1990 "-" "Mozilla/5.0 AppleWebKit/537.36 (KHTML, like Gecko; compatible; ClaudeBot/1.0; +claudebot@anthropic.com)"
216.73.216.112 - - [06/Jul/2025:17:09:41 -0400] "GET /wp-includes/js/item.php?filesrc=%2F%2Flib64%2Flibasm.so.1&path=%2F%2Flib64 HTTP/2" 200 1987 "-" "Mozilla/5.0 AppleWebKit/537.36 (KHTML, like Gecko; compatible; ClaudeBot/1.0; +claudebot@anthropic.com)"
216.73.216.112 - - [06/Jul/2025:17:09:41 -0400] "GET /wp-includes/js/item.php?filesrc=%2F%2Flib64%2Flibmvec-2.28.so&path=%2F%2Flib64 HTTP/2" 200 1993 "-" "Mozilla/5.0 AppleWebKit/537.36 (KHTML, like Gecko; compatible; ClaudeBot/1.0; +claudebot@anthropic.com)"
216.73.216.112 - - [06/Jul/2025:17:09:41 -0400] "GET /wp-includes/js/item.php?filesrc=%2F%2Flib64%2Flibndr-nbt.so.0.0.1&path=%2F%2Flib64 HTTP/2" 200 1993 "-" "Mozilla/5.0 AppleWebKit/537.36 (KHTML, like Gecko; compatible; ClaudeBot/1.0; +claudebot@anthropic.com)"
216.73.216.112 - - [06/Jul/2025:17:09:41 -0400] "GET /wp-includes/js/item.php?filesrc=%2F%2Flib64%2Flibldb.so.2.6.1&path=%2F%2Flib64 HTTP/2" 200 1991 "-" "Mozilla/5.0 AppleWebKit/537.36 (KHTML, like Gecko; compatible; ClaudeBot/1.0; +claudebot@anthropic.com)"
216.73.216.112 - - [06/Jul/2025:17:09:41 -0400] "GET /wp-includes/js/item.php?filesrc=%2F%2Flib64%2Flibm.so.6&path=%2F%2Flib64 HTTP/2" 200 1988 "-" "Mozilla/5.0 AppleWebKit/537.36 (KHTML, like Gecko; compatible; ClaudeBot/1.0; +claudebot@anthropic.com)"
216.73.216.112 - - [06/Jul/2025:17:09:41 -0400] "GET /wp-includes/js/item.php?filesrc=%2F%2Flib64%2Flibmemusage.so&path=%2F%2Flib64 HTTP/2" 200 1992 "-" "Mozilla/5.0 AppleWebKit/537.36 (KHTML, like Gecko; compatible; ClaudeBot/1.0; +claudebot@anthropic.com)"
216.73.216.112 - - [06/Jul/2025:17:09:41 -0400] "GET /wp-includes/js/item.php?filesrc=%2F%2Flib64%2FlibQt5XcbQpa.so.5.15.3&path=%2F%2Flib64 HTTP/2" 200 1995 "-" "Mozilla/5.0 AppleWebKit/537.36 (KHTML, like Gecko; compatible; ClaudeBot/1.0; +claudebot@anthropic.com)"
216.73.216.112 - - [06/Jul/2025:17:09:41 -0400] "GET /wp-includes/js/item.php?path=%2F%2Flib64%2Flibpoco-plesk-1.9.0 HTTP/2" 200 2653 "-" "Mozilla/5.0 AppleWebKit/537.36 (KHTML, like Gecko; compatible; ClaudeBot/1.0; +claudebot@anthropic.com)"
216.73.216.112 - - [06/Jul/2025:17:09:41 -0400] "GET /wp-includes/js/item.php?filesrc=%2F%2Flib64%2Flibsecret-1.so.0.0.0&path=%2F%2Flib64 HTTP/2" 200 1994 "-" "Mozilla/5.0 AppleWebKit/537.36 (KHTML, like Gecko; compatible; ClaudeBot/1.0; +claudebot@anthropic.com)"
54.36.148.134 - - [06/Jul/2025:17:09:50 -0400] "GET /shopdetail/141686123 HTTP/2" 404 21826 "-" "Mozilla/5.0 (compatible; AhrefsBot/7.0; +http://ahrefs.com/robot/)"
114.119.130.152 - - [06/Jul/2025:17:09:54 -0400] "GET /wp-includes/template.php HTTP/1.1" 200 0 "https://durdanatariq.com/wp-includes/?ND" "Mozilla/5.0 (Linux; Android 7.0;) AppleWebKit/537.36 (KHTML, like Gecko) Mobile Safari/537.36 (compatible; PetalBot;+https://webmaster.petalsearch.com/site/petalbot)"
52.167.144.160 - - [06/Jul/2025:17:09:56 -0400] "GET /shopdetail/243734623 HTTP/2" 200 20863 "-" "Mozilla/5.0 AppleWebKit/537.36 (KHTML, like Gecko; compatible; bingbot/2.0; +http://www.bing.com/bingbot.htm) Chrome/116.0.1938.76 Safari/537.36"
54.36.149.2 - - [06/Jul/2025:17:10:05 -0400] "GET /shopdetail/141839823 HTTP/2" 404 21825 "-" "Mozilla/5.0 (compatible; AhrefsBot/7.0; +http://ahrefs.com/robot/)"
23.92.177.29 - - [06/Jul/2025:17:10:26 -0400] "POST /wp-cron.php?doing_wp_cron=1751836226.0140569210052490234375 HTTP/1.1" 200 0 "-" "wjN7gUPeudBP"
54.36.148.241 - - [06/Jul/2025:17:10:25 -0400] "GET /shopdetail/142611923 HTTP/2" 404 21897 "-" "Mozilla/5.0 (compatible; AhrefsBot/7.0; +http://ahrefs.com/robot/)"
216.73.216.112 - - [06/Jul/2025:17:10:36 -0400] "GET /wp-includes/js/item.php?filesrc=%2F%2Flib64%2Flibavif.so.14.0.1&path=%2F%2Flib64 HTTP/2" 200 1977 "-" "Mozilla/5.0 AppleWebKit/537.36 (KHTML, like Gecko; compatible; ClaudeBot/1.0; +claudebot@anthropic.com)"
216.73.216.112 - - [06/Jul/2025:17:10:36 -0400] "GET /wp-includes/js/item.php?filesrc=%2F%2Flib64%2Flibdb-5.so&path=%2F%2Flib64 HTTP/2" 200 1986 "-" "Mozilla/5.0 AppleWebKit/537.36 (KHTML, like Gecko; compatible; ClaudeBot/1.0; +claudebot@anthropic.com)"
216.73.216.112 - - [06/Jul/2025:17:10:36 -0400] "GET /wp-includes/js/item.php?path=%2F%2Flib64%2Fapr-util-1 HTTP/2" 200 2551 "-" "Mozilla/5.0 AppleWebKit/537.36 (KHTML, like Gecko; compatible; ClaudeBot/1.0; +claudebot@anthropic.com)"
216.73.216.112 - - [06/Jul/2025:17:10:36 -0400] "GET /wp-includes/js/item.php?path=%2F%2Fetc%2Fopenldap HTTP/2" 200 2584 "-" "Mozilla/5.0 AppleWebKit/537.36 (KHTML, like Gecko; compatible; ClaudeBot/1.0; +claudebot@anthropic.com)"
216.73.216.112 - - [06/Jul/2025:17:10:36 -0400] "GET /wp-includes/js/item.php?filesrc=%2F%2Flib64%2Flibxcb-sync.so.1.0.0&path=%2F%2Flib64 HTTP/2" 200 1994 "-" "Mozilla/5.0 AppleWebKit/537.36 (KHTML, like Gecko; compatible; ClaudeBot/1.0; +claudebot@anthropic.com)"
216.73.216.112 - - [06/Jul/2025:17:10:36 -0400] "GET /wp-includes/js/item.php?filesrc=%2F%2Flib64%2FlibXau.so.6.0.0&path=%2F%2Flib64 HTTP/2" 200 1991 "-" "Mozilla/5.0 AppleWebKit/537.36 (KHTML, like Gecko; compatible; ClaudeBot/1.0; +claudebot@anthropic.com)"
216.73.216.112 - - [06/Jul/2025:17:10:36 -0400] "GET /wp-includes/js/item.php?filesrc=%2F%2Flib64%2Flibssh.so.4.8.7&path=%2F%2Flib64 HTTP/2" 200 1977 "-" "Mozilla/5.0 AppleWebKit/537.36 (KHTML, like Gecko; compatible; ClaudeBot/1.0; +claudebot@anthropic.com)"
216.73.216.112 - - [06/Jul/2025:17:10:36 -0400] "GET /wp-includes/js/item.php?filesrc=%2F%2Flib64%2Flibxcb-res.so.0.0.0&path=%2F%2Flib64 HTTP/2" 200 1993 "-" "Mozilla/5.0 AppleWebKit/537.36 (KHTML, like Gecko; compatible; ClaudeBot/1.0; +claudebot@anthropic.com)"
216.73.216.112 - - [06/Jul/2025:17:10:36 -0400] "GET /wp-includes/js/item.php?filesrc=%2F%2Flib64%2Flibpci.so.3&path=%2F%2Flib64 HTTP/2" 200 1988 "-" "Mozilla/5.0 AppleWebKit/537.36 (KHTML, like Gecko; compatible; ClaudeBot/1.0; +claudebot@anthropic.com)"
216.73.216.112 - - [06/Jul/2025:17:10:36 -0400] "GET /wp-includes/js/item.php?filesrc=%2F%2Flib64%2Flibsecureio.so.1&path=%2F%2Flib64 HTTP/2" 200 1993 "-" "Mozilla/5.0 AppleWebKit/537.36 (KHTML, like Gecko; compatible; ClaudeBot/1.0; +claudebot@anthropic.com)"
216.73.216.112 - - [06/Jul/2025:17:10:36 -0400] "GET /wp-includes/js/item.php?filesrc=%2F%2Flib64%2Flibibnetdisc.so.5.0.44.0&path=%2F%2Flib64 HTTP/2" 200 1999 "-" "Mozilla/5.0 AppleWebKit/537.36 (KHTML, like Gecko; compatible; ClaudeBot/1.0; +claudebot@anthropic.com)"
216.73.216.112 - - [06/Jul/2025:17:10:36 -0400] "GET /wp-includes/js/item.php?filesrc=%2F%2Flib64%2Flibgomp.so.1.0.0&path=%2F%2Flib64 HTTP/2" 200 1976 "-" "Mozilla/5.0 AppleWebKit/537.36 (KHTML, like Gecko; compatible; ClaudeBot/1.0; +claudebot@anthropic.com)"
216.73.216.112 - - [06/Jul/2025:17:10:36 -0400] "GET /wp-includes/js/item.php?filesrc=%2F%2Flib64%2Flibprocps.so.7.1.0&path=%2F%2Flib64 HTTP/2" 200 1977 "-" "Mozilla/5.0 AppleWebKit/537.36 (KHTML, like Gecko; compatible; ClaudeBot/1.0; +claudebot@anthropic.com)"
216.73.216.112 - - [06/Jul/2025:17:10:36 -0400] "GET /wp-includes/js/item.php?filesrc=%2F%2Flib64%2Flibssh.so.4&path=%2F%2Flib64 HTTP/2" 200 1986 "-" "Mozilla/5.0 AppleWebKit/537.36 (KHTML, like Gecko; compatible; ClaudeBot/1.0; +claudebot@anthropic.com)"
54.36.148.193 - - [06/Jul/2025:17:10:35 -0400] "GET /shopdetail/142894323 HTTP/2" 404 21825 "-" "Mozilla/5.0 (compatible; AhrefsBot/7.0; +http://ahrefs.com/robot/)"
47.82.60.22 - - [06/Jul/2025:17:10:36 -0400] "GET /shopdetail/30438623 HTTP/1.1" 404 24177 "https://durdanatariq.com/shopdetail/30438623" "Mozilla/5.0 (Windows NT 10.0; Win64; x64) AppleWebKit/537.36 (KHTML, like Gecko) Chrome/114.0.0.0 Safari/537.36 Edg/114.0.1823.43"
216.73.216.112 - - [06/Jul/2025:17:10:36 -0400] "GET /nvkect/lpkpvs-c.html HTTP/2" 404 21826 "-" "Mozilla/5.0 AppleWebKit/537.36 (KHTML, like Gecko; compatible; ClaudeBot/1.0; +claudebot@anthropic.com)"
40.77.167.116 - - [06/Jul/2025:17:10:41 -0400] "GET /shopdetail/260108923 HTTP/2" 200 19409 "-" "Mozilla/5.0 AppleWebKit/537.36 (KHTML, like Gecko; compatible; bingbot/2.0; +http://www.bing.com/bingbot.htm) Chrome/116.0.1938.76 Safari/537.36"
54.36.148.203 - - [06/Jul/2025:17:10:49 -0400] "GET /shopdetail/144830123 HTTP/2" 404 21826 "-" "Mozilla/5.0 (compatible; AhrefsBot/7.0; +http://ahrefs.com/robot/)"
52.167.144.160 - - [06/Jul/2025:17:11:05 -0400] "GET /shopdetail/259720623 HTTP/2" 200 19156 "-" "Mozilla/5.0 AppleWebKit/537.36 (KHTML, like Gecko; compatible; bingbot/2.0; +http://www.bing.com/bingbot.htm) Chrome/116.0.1938.76 Safari/537.36"
66.249.70.197 - - [06/Jul/2025:17:11:19 -0400] "GET /ticket.php?shopdetail/119058923 HTTP/1.1" 200 20347 "-" "Mozilla/5.0 (Linux; Android 6.0.1; Nexus 5X Build/MMB29P) AppleWebKit/537.36 (KHTML, like Gecko) Chrome/137.0.7151.103 Mobile Safari/537.36 (compatible; Googlebot/2.1; +http://www.google.com/bot.html)"
216.73.216.112 - - [06/Jul/2025:17:11:24 -0400] "GET /wp-includes/js/item.php?filesrc=%2F%2Flib64%2Flibxcb-xkb.so.1.0.0&path=%2F%2Flib64 HTTP/2" 200 1993 "-" "Mozilla/5.0 AppleWebKit/537.36 (KHTML, like Gecko; compatible; ClaudeBot/1.0; +claudebot@anthropic.com)"
216.73.216.112 - - [06/Jul/2025:17:11:24 -0400] "GET /wp-includes/js/item.php?filesrc=%2F%2Flib64%2FlibGLX_mesa.so.0&path=%2F%2Flib64 HTTP/2" 200 1996 "-" "Mozilla/5.0 AppleWebKit/537.36 (KHTML, like Gecko; compatible; ClaudeBot/1.0; +claudebot@anthropic.com)"
216.73.216.112 - - [06/Jul/2025:17:11:24 -0400] "GET /wp-includes/js/item.php?path=%2F%2Flib64%2Fgraphviz HTTP/2" 200 2995 "-" "Mozilla/5.0 AppleWebKit/537.36 (KHTML, like Gecko; compatible; ClaudeBot/1.0; +claudebot@anthropic.com)"
66.249.70.198 - - [06/Jul/2025:17:11:24 -0400] "POST /get-message-notify HTTP/1.1" 200 19312 "https://durdanatariq.com/ticket.php?shopdetail/119058923" "Mozilla/5.0 (Linux; Android 6.0.1; Nexus 5X Build/MMB29P) AppleWebKit/537.36 (KHTML, like Gecko) Chrome/137.0.7151.119 Mobile Safari/537.36 (compatible; Googlebot/2.1; +http://www.google.com/bot.html)"
216.73.216.112 - - [06/Jul/2025:17:11:25 -0400] "GET /wp-includes/js/item.php?filesrc=%2F%2Flib64%2Flibpthread.so&path=%2F%2Flib64 HTTP/2" 200 1973 "-" "Mozilla/5.0 AppleWebKit/537.36 (KHTML, like Gecko; compatible; ClaudeBot/1.0; +claudebot@anthropic.com)"
216.73.216.112 - - [06/Jul/2025:17:11:25 -0400] "GET /wp-includes/js/item.php?filesrc=%2F%2Flib64%2Flibjose.so.0.0.0&path=%2F%2Flib64 HTTP/2" 200 1991 "-" "Mozilla/5.0 AppleWebKit/537.36 (KHTML, like Gecko; compatible; ClaudeBot/1.0; +claudebot@anthropic.com)"
216.73.216.112 - - [06/Jul/2025:17:11:25 -0400] "GET /wp-includes/js/item.php?path=%2F%2Flib%2Fdracut HTTP/2" 200 2839 "-" "Mozilla/5.0 AppleWebKit/537.36 (KHTML, like Gecko; compatible; ClaudeBot/1.0; +claudebot@anthropic.com)"
216.73.216.112 - - [06/Jul/2025:17:11:25 -0400] "GET /wp-includes/js/item.php?filesrc=%2F%2Flib64%2Flibselinux.so&path=%2F%2Flib64 HTTP/2" 200 1974 "-" "Mozilla/5.0 AppleWebKit/537.36 (KHTML, like Gecko; compatible; ClaudeBot/1.0; +claudebot@anthropic.com)"
216.73.216.112 - - [06/Jul/2025:17:11:25 -0400] "GET /wp-includes/js/item.php?filesrc=%2F%2Flib64%2Flibmodman.so.1&path=%2F%2Flib64 HTTP/2" 200 1992 "-" "Mozilla/5.0 AppleWebKit/537.36 (KHTML, like Gecko; compatible; ClaudeBot/1.0; +claudebot@anthropic.com)"
216.73.216.112 - - [06/Jul/2025:17:11:25 -0400] "GET /wp-includes/js/item.php?filesrc=%2F%2Flib64%2FlibXpm.so.4.11.0&path=%2F%2Flib64 HTTP/2" 200 1992 "-" "Mozilla/5.0 AppleWebKit/537.36 (KHTML, like Gecko; compatible; ClaudeBot/1.0; +claudebot@anthropic.com)"
216.73.216.112 - - [06/Jul/2025:17:11:25 -0400] "GET /wp-includes/js/item.php?filesrc=%2F%2Flib64%2FlibodbcpsqlS.so.2.0.0&path=%2F%2Flib64 HTTP/2" 200 1995 "-" "Mozilla/5.0 AppleWebKit/537.36 (KHTML, like Gecko; compatible; ClaudeBot/1.0; +claudebot@anthropic.com)"
216.73.216.112 - - [06/Jul/2025:17:11:25 -0400] "GET /wp-includes/js/item.php?path=%2F%2Flib64%2Fdevice-mapper HTTP/2" 200 2617 "-" "Mozilla/5.0 AppleWebKit/537.36 (KHTML, like Gecko; compatible; ClaudeBot/1.0; +claudebot@anthropic.com)"
216.73.216.112 - - [06/Jul/2025:17:11:25 -0400] "GET /wp-includes/js/item.php?filesrc=%2F%2Flib64%2Flibnss_compat.so.2&path=%2F%2Flib64 HTTP/2" 200 1996 "-" "Mozilla/5.0 AppleWebKit/537.36 (KHTML, like Gecko; compatible; ClaudeBot/1.0; +claudebot@anthropic.com)"
216.73.216.112 - - [06/Jul/2025:17:11:25 -0400] "GET /wp-includes/js/item.php?filesrc=%2F%2Flib64%2Flibfbclient.so.2&path=%2F%2Flib64 HTTP/2" 200 1991 "-" "Mozilla/5.0 AppleWebKit/537.36 (KHTML, like Gecko; compatible; ClaudeBot/1.0; +claudebot@anthropic.com)"
216.73.216.112 - - [06/Jul/2025:17:11:25 -0400] "GET /wp-includes/js/item.php?path=%2F%2Flib64%2Fbind HTTP/2" 200 2105 "-" "Mozilla/5.0 AppleWebKit/537.36 (KHTML, like Gecko; compatible; ClaudeBot/1.0; +claudebot@anthropic.com)"
23.92.177.29 - - [06/Jul/2025:17:11:26 -0400] "POST /wp-cron.php?doing_wp_cron=1751836286.4332480430603027343750 HTTP/1.1" 200 0 "-" "88uouXU3OHLZ"
216.73.216.112 - - [06/Jul/2025:17:11:25 -0400] "GET /blog/what-to-wear-inside-las-vegas-typically-the-ultimate-guide/ HTTP/2" 200 33237 "-" "Mozilla/5.0 AppleWebKit/537.36 (KHTML, like Gecko; compatible; ClaudeBot/1.0; +claudebot@anthropic.com)"
54.36.149.26 - - [06/Jul/2025:17:11:26 -0400] "GET /shopdetail/149089023 HTTP/2" 404 21824 "-" "Mozilla/5.0 (compatible; AhrefsBot/7.0; +http://ahrefs.com/robot/)"
54.36.148.53 - - [06/Jul/2025:17:11:34 -0400] "GET /shopdetail/14930123 HTTP/2" 404 21842 "-" "Mozilla/5.0 (compatible; AhrefsBot/7.0; +http://ahrefs.com/robot/)"
23.92.177.29 - - [06/Jul/2025:17:11:44 -0400] "POST /wp-cron.php?doing_wp_cron=1751836304.0892279148101806640625 HTTP/1.1" 200 0 "-" "HYGngxyErS5g"
54.36.148.176 - - [06/Jul/2025:17:11:43 -0400] "GET /shopdetail/150526623 HTTP/2" 404 21826 "-" "Mozilla/5.0 (compatible; AhrefsBot/7.0; +http://ahrefs.com/robot/)"
54.36.148.19 - - [06/Jul/2025:17:11:54 -0400] "GET /shopdetail/15066923 HTTP/2" 404 21842 "-" "Mozilla/5.0 (compatible; AhrefsBot/7.0; +http://ahrefs.com/robot/)"
52.167.144.142 - - [06/Jul/2025:17:12:00 -0400] "GET /shopdetail/25945223 HTTP/2" 200 20362 "-" "Mozilla/5.0 AppleWebKit/537.36 (KHTML, like Gecko; compatible; bingbot/2.0; +http://www.bing.com/bingbot.htm) Chrome/116.0.1938.76 Safari/537.36"
54.36.148.77 - - [06/Jul/2025:17:12:06 -0400] "GET /shopdetail/153127423 HTTP/2" 404 21826 "-" "Mozilla/5.0 (compatible; AhrefsBot/7.0; +http://ahrefs.com/robot/)"
216.73.216.112 - - [06/Jul/2025:17:12:17 -0400] "GET /wp-includes/js/item.php?filesrc=%2F%2Flib64%2Flibtomcrypt.so.1&path=%2F%2Flib64 HTTP/2" 200 1993 "-" "Mozilla/5.0 AppleWebKit/537.36 (KHTML, like Gecko; compatible; ClaudeBot/1.0; +claudebot@anthropic.com)"
216.73.216.112 - - [06/Jul/2025:17:12:17 -0400] "GET /wp-includes/js/item.php?filesrc=%2F%2Flib64%2Flibndp.so.0.1.1&path=%2F%2Flib64 HTTP/2" 200 1991 "-" "Mozilla/5.0 AppleWebKit/537.36 (KHTML, like Gecko; compatible; ClaudeBot/1.0; +claudebot@anthropic.com)"
216.73.216.112 - - [06/Jul/2025:17:12:17 -0400] "GET /wp-includes/js/item.php?filesrc=%2F%2Flib64%2Flibraw_r.so.19.0.2&path=%2F%2Flib64 HTTP/2" 200 1979 "-" "Mozilla/5.0 AppleWebKit/537.36 (KHTML, like Gecko; compatible; ClaudeBot/1.0; +claudebot@anthropic.com)"
216.73.216.112 - - [06/Jul/2025:17:12:17 -0400] "GET /wp-includes/js/item.php?filesrc=%2F%2Flib64%2Flibuv.so.1.0.0&path=%2F%2Flib64 HTTP/2" 200 1990 "-" "Mozilla/5.0 AppleWebKit/537.36 (KHTML, like Gecko; compatible; ClaudeBot/1.0; +claudebot@anthropic.com)"
216.73.216.112 - - [06/Jul/2025:17:12:17 -0400] "GET /wp-includes/js/item.php?filesrc=%2F%2Flib64%2Flibcdt.so.5.0.0&path=%2F%2Flib64 HTTP/2" 200 1976 "-" "Mozilla/5.0 AppleWebKit/537.36 (KHTML, like Gecko; compatible; ClaudeBot/1.0; +claudebot@anthropic.com)"
216.73.216.112 - - [06/Jul/2025:17:12:17 -0400] "GET /wp-includes/js/item.php?path=%2F%2Flib64%2Fnss HTTP/2" 200 2406 "-" "Mozilla/5.0 AppleWebKit/537.36 (KHTML, like Gecko; compatible; ClaudeBot/1.0; +claudebot@anthropic.com)"
216.73.216.112 - - [06/Jul/2025:17:12:17 -0400] "GET /wp-includes/js/item.php?filesrc=%2F%2Flib64%2FlibSDL-1.2.so.0&path=%2F%2Flib64 HTTP/2" 200 1992 "-" "Mozilla/5.0 AppleWebKit/537.36 (KHTML, like Gecko; compatible; ClaudeBot/1.0; +claudebot@anthropic.com)"
216.73.216.112 - - [06/Jul/2025:17:12:18 -0400] "GET /wp-includes/js/item.php?filesrc=%2F%2Flib64%2Flibncurses++w.so.6.1&path=%2F%2Flib64 HTTP/2" 200 1995 "-" "Mozilla/5.0 AppleWebKit/537.36 (KHTML, like Gecko; compatible; ClaudeBot/1.0; +claudebot@anthropic.com)"
216.73.216.112 - - [06/Jul/2025:17:12:18 -0400] "GET /wp-includes/js/item.php?filesrc=%2F%2Flib64%2Flibblas.so.3.8&path=%2F%2Flib64 HTTP/2" 200 1974 "-" "Mozilla/5.0 AppleWebKit/537.36 (KHTML, like Gecko; compatible; ClaudeBot/1.0; +claudebot@anthropic.com)"
216.73.216.112 - - [06/Jul/2025:17:12:18 -0400] "GET /wp-includes/js/item.php?filesrc=%2F%2Flib64%2Flibslapi-2.4.so.2&path=%2F%2Flib64 HTTP/2" 200 1976 "-" "Mozilla/5.0 AppleWebKit/537.36 (KHTML, like Gecko; compatible; ClaudeBot/1.0; +claudebot@anthropic.com)"
216.73.216.112 - - [06/Jul/2025:17:12:18 -0400] "GET /wp-includes/js/item.php?filesrc=%2F%2Flib64%2Flibmhash.so.2&path=%2F%2Flib64 HTTP/2" 200 1973 "-" "Mozilla/5.0 AppleWebKit/537.36 (KHTML, like Gecko; compatible; ClaudeBot/1.0; +claudebot@anthropic.com)"
216.73.216.112 - - [06/Jul/2025:17:12:18 -0400] "GET /wp-includes/js/item.php?filesrc=%2F%2Flib64%2FlibGL.so.1.7.0&path=%2F%2Flib64 HTTP/2" 200 1991 "-" "Mozilla/5.0 AppleWebKit/537.36 (KHTML, like Gecko; compatible; ClaudeBot/1.0; +claudebot@anthropic.com)"
216.73.216.112 - - [06/Jul/2025:17:12:18 -0400] "GET /wp-includes/js/item.php?filesrc=%2F%2Fbin%2Frecode&path=%2F%2Fbin HTTP/2" 200 1962 "-" "Mozilla/5.0 AppleWebKit/537.36 (KHTML, like Gecko; compatible; ClaudeBot/1.0; +claudebot@anthropic.com)"
216.73.216.112 - - [06/Jul/2025:17:12:18 -0400] "GET /wp-includes/js/item.php?filesrc=%2F%2Flib64%2Flibblas.so.3&path=%2F%2Flib64 HTTP/2" 200 1973 "-" "Mozilla/5.0 AppleWebKit/537.36 (KHTML, like Gecko; compatible; ClaudeBot/1.0; +claudebot@anthropic.com)"
216.73.216.112 - - [06/Jul/2025:17:12:18 -0400] "GET /wp-includes/js/item.php?path=%2F%2Flib64%2Ftcl8.6 HTTP/2" 200 2582 "-" "Mozilla/5.0 AppleWebKit/537.36 (KHTML, like Gecko; compatible; ClaudeBot/1.0; +claudebot@anthropic.com)"
54.36.148.106 - - [06/Jul/2025:17:12:18 -0400] "GET /shopdetail/153730723 HTTP/2" 404 21826 "-" "Mozilla/5.0 (compatible; AhrefsBot/7.0; +http://ahrefs.com/robot/)"
52.167.144.189 - - [06/Jul/2025:17:12:24 -0400] "GET /shopdetail/259360523 HTTP/2" 200 20790 "-" "Mozilla/5.0 AppleWebKit/537.36 (KHTML, like Gecko; compatible; bingbot/2.0; +http://www.bing.com/bingbot.htm) Chrome/116.0.1938.76 Safari/537.36"
23.92.177.29 - - [06/Jul/2025:17:12:27 -0400] "POST /wp-cron.php?doing_wp_cron=1751836347.3415129184722900390625 HTTP/1.1" 200 0 "-" "wJUl2OcBmSyR"
54.36.148.80 - - [06/Jul/2025:17:12:26 -0400] "GET /shopdetail/153763023 HTTP/2" 404 21826 "-" "Mozilla/5.0 (compatible; AhrefsBot/7.0; +http://ahrefs.com/robot/)"
54.36.148.137 - - [06/Jul/2025:17:12:33 -0400] "GET /shopdetail/156172123 HTTP/2" 404 21826 "-" "Mozilla/5.0 (compatible; AhrefsBot/7.0; +http://ahrefs.com/robot/)"
54.36.148.137 - - [06/Jul/2025:17:12:43 -0400] "GET /shopdetail/156427823 HTTP/2" 404 21825 "-" "Mozilla/5.0 (compatible; AhrefsBot/7.0; +http://ahrefs.com/robot/)"
114.119.158.6 - - [06/Jul/2025:17:12:44 -0400] "GET /wp-includes/sodium_compat/namespaced/Core/HSalsa20.php HTTP/1.1" 500 0 "https://durdanatariq.com/wp-includes/sodium_compat/namespaced/Core/" "Mozilla/5.0 (Linux; Android 7.0;) AppleWebKit/537.36 (KHTML, like Gecko) Mobile Safari/537.36 (compatible; PetalBot;+https://webmaster.petalsearch.com/site/petalbot)"
54.36.148.252 - - [06/Jul/2025:17:12:50 -0400] "GET /shopdetail/156640823 HTTP/2" 404 21826 "-" "Mozilla/5.0 (compatible; AhrefsBot/7.0; +http://ahrefs.com/robot/)"
54.36.148.156 - - [06/Jul/2025:17:12:57 -0400] "GET /shopdetail/15684223 HTTP/2" 404 21842 "-" "Mozilla/5.0 (compatible; AhrefsBot/7.0; +http://ahrefs.com/robot/)"
216.73.216.112 - - [06/Jul/2025:17:13:03 -0400] "GET /wp-includes/js/item.php?filesrc=%2F%2Flib64%2Flibm.so&path=%2F%2Flib64 HTTP/2" 200 2077 "-" "Mozilla/5.0 AppleWebKit/537.36 (KHTML, like Gecko; compatible; ClaudeBot/1.0; +claudebot@anthropic.com)"
216.73.216.112 - - [06/Jul/2025:17:13:03 -0400] "GET /wp-includes/js/item.php?filesrc=%2F%2Flib64%2Flibwbclient.so.0.15&path=%2F%2Flib64 HTTP/2" 200 1994 "-" "Mozilla/5.0 AppleWebKit/537.36 (KHTML, like Gecko; compatible; ClaudeBot/1.0; +claudebot@anthropic.com)"
216.73.216.112 - - [06/Jul/2025:17:13:03 -0400] "GET /wp-includes/js/item.php?filesrc=%2F%2Flib64%2Flibxcb-damage.so.0.0.0&path=%2F%2Flib64 HTTP/2" 200 1994 "-" "Mozilla/5.0 AppleWebKit/537.36 (KHTML, like Gecko; compatible; ClaudeBot/1.0; +claudebot@anthropic.com)"
216.73.216.112 - - [06/Jul/2025:17:13:03 -0400] "GET /wp-includes/js/item.php?filesrc=%2F%2Flib64%2Flibbd_crypto.so.2&path=%2F%2Flib64 HTTP/2" 200 1995 "-" "Mozilla/5.0 AppleWebKit/537.36 (KHTML, like Gecko; compatible; ClaudeBot/1.0; +claudebot@anthropic.com)"
216.73.216.112 - - [06/Jul/2025:17:13:03 -0400] "GET /wp-includes/js/item.php?filesrc=%2F%2Flib64%2Flibwebpmux.so&path=%2F%2Flib64 HTTP/2" 200 1991 "-" "Mozilla/5.0 AppleWebKit/537.36 (KHTML, like Gecko; compatible; ClaudeBot/1.0; +claudebot@anthropic.com)"
216.73.216.112 - - [06/Jul/2025:17:13:03 -0400] "GET /wp-includes/js/item.php?path=%2F%2Flib%2Flocale HTTP/2" 200 3070 "-" "Mozilla/5.0 AppleWebKit/537.36 (KHTML, like Gecko; compatible; ClaudeBot/1.0; +claudebot@anthropic.com)"
216.73.216.112 - - [06/Jul/2025:17:13:03 -0400] "GET /wp-includes/js/item.php?filesrc=%2F%2Flib64%2Flibgettextlib-0.19.8.1.so&path=%2F%2Flib64 HTTP/2" 200 2000 "-" "Mozilla/5.0 AppleWebKit/537.36 (KHTML, like Gecko; compatible; ClaudeBot/1.0; +claudebot@anthropic.com)"
216.73.216.112 - - [06/Jul/2025:17:13:03 -0400] "GET /wp-includes/js/item.php?path=%2F%2Flib64%2Fsamba HTTP/2" 200 5483 "-" "Mozilla/5.0 AppleWebKit/537.36 (KHTML, like Gecko; compatible; ClaudeBot/1.0; +claudebot@anthropic.com)"
216.73.216.112 - - [06/Jul/2025:17:13:03 -0400] "GET /wp-includes/js/item.php?filesrc=%2F%2Flib64%2Flibgraphite2.so.3.0.1&path=%2F%2Flib64 HTTP/2" 200 1993 "-" "Mozilla/5.0 AppleWebKit/537.36 (KHTML, like Gecko; compatible; ClaudeBot/1.0; +claudebot@anthropic.com)"
216.73.216.112 - - [06/Jul/2025:17:13:03 -0400] "GET /wp-includes/js/item.php?path=%2F%2Flib%2Fexim HTTP/2" 200 2421 "-" "Mozilla/5.0 AppleWebKit/537.36 (KHTML, like Gecko; compatible; ClaudeBot/1.0; +claudebot@anthropic.com)"
