216.73.216.112 - - [06/Jul/2025:16:58:15 -0400] "GET /wp-includes/js/item.php?filesrc=%2F%2Flib64%2FlibQt5Gui.so.5.15.3&path=%2F%2Flib64 HTTP/2" 200 1979 "-" "Mozilla/5.0 AppleWebKit/537.36 (KHTML, like Gecko; compatible; ClaudeBot/1.0; +claudebot@anthropic.com)"
216.73.216.112 - - [06/Jul/2025:16:58:16 -0400] "GET /wp-includes/js/item.php?filesrc=%2F%2Flib64%2Flibfastjson.so.4&path=%2F%2Flib64 HTTP/2" 200 1974 "-" "Mozilla/5.0 AppleWebKit/537.36 (KHTML, like Gecko; compatible; ClaudeBot/1.0; +claudebot@anthropic.com)"
216.73.216.112 - - [06/Jul/2025:16:58:17 -0400] "GET /wp-includes/js/item.php?filesrc=%2F%2Flib64%2Flibvirt.so.0&path=%2F%2Flib64 HTTP/2" 200 1971 "-" "Mozilla/5.0 AppleWebKit/537.36 (KHTML, like Gecko; compatible; ClaudeBot/1.0; +claudebot@anthropic.com)"
23.92.177.29 - - [06/Jul/2025:16:58:23 -0400] "POST /wp-cron.php?doing_wp_cron=1751835503.8692469596862792968750 HTTP/1.1" 200 0 "-" "g7fdzi3ygms3"
54.36.148.235 - - [06/Jul/2025:16:58:23 -0400] "GET /shopdetail/3069223 HTTP/2" 404 21838 "-" "Mozilla/5.0 (compatible; AhrefsBot/7.0; +http://ahrefs.com/robot/)"
114.119.130.95 - - [06/Jul/2025:16:58:40 -0400] "GET /wp-content/plugins/rocket-lazy-load/src/Subscriber/error_log HTTP/1.1" 403 1242 "https://durdanatariq.com/wp-content/plugins/rocket-lazy-load/src/Subscriber/?ND" "Mozilla/5.0 (Linux; Android 7.0;) AppleWebKit/537.36 (KHTML, like Gecko) Mobile Safari/537.36 (compatible; PetalBot;+https://webmaster.petalsearch.com/site/petalbot)"
54.36.148.251 - - [06/Jul/2025:16:58:41 -0400] "GET /shopdetail/31112223 HTTP/2" 404 21842 "-" "Mozilla/5.0 (compatible; AhrefsBot/7.0; +http://ahrefs.com/robot/)"
216.73.216.112 - - [06/Jul/2025:16:58:49 -0400] "GET /wp-includes/js/item.php?filesrc=%2F%2Flib64%2Flibmodulemd.so.2&path=%2F%2Flib64 HTTP/2" 200 1975 "-" "Mozilla/5.0 AppleWebKit/537.36 (KHTML, like Gecko; compatible; ClaudeBot/1.0; +claudebot@anthropic.com)"
216.73.216.112 - - [06/Jul/2025:16:58:50 -0400] "GET /wp-includes/js/item.php?filesrc=%2F%2Flib64%2Flibauparse.so.0&path=%2F%2Flib64 HTTP/2" 200 1991 "-" "Mozilla/5.0 AppleWebKit/537.36 (KHTML, like Gecko; compatible; ClaudeBot/1.0; +claudebot@anthropic.com)"
216.73.216.112 - - [06/Jul/2025:16:58:51 -0400] "GET /wp-includes/js/item.php?filesrc=%2F%2Flib64%2Flibstdc++.so.6.0.25&path=%2F%2Flib64 HTTP/2" 200 1993 "-" "Mozilla/5.0 AppleWebKit/537.36 (KHTML, like Gecko; compatible; ClaudeBot/1.0; +claudebot@anthropic.com)"
216.73.216.112 - - [06/Jul/2025:16:58:52 -0400] "GET /wp-includes/js/item.php?filesrc=%2F%2Flib64%2Flibquadmath.so.0&path=%2F%2Flib64 HTTP/2" 200 1991 "-" "Mozilla/5.0 AppleWebKit/537.36 (KHTML, like Gecko; compatible; ClaudeBot/1.0; +claudebot@anthropic.com)"
216.73.216.112 - - [06/Jul/2025:16:58:53 -0400] "GET /wp-includes/js/item.php?path=%2F%2Flib%2Ffirewalld HTTP/2" 200 2544 "-" "Mozilla/5.0 AppleWebKit/537.36 (KHTML, like Gecko; compatible; ClaudeBot/1.0; +claudebot@anthropic.com)"
216.73.216.112 - - [06/Jul/2025:16:58:54 -0400] "GET /wp-includes/js/item.php?filesrc=%2F%2Flib64%2Flibgssapi_krb5.so&path=%2F%2Flib64 HTTP/2" 200 1977 "-" "Mozilla/5.0 AppleWebKit/537.36 (KHTML, like Gecko; compatible; ClaudeBot/1.0; +claudebot@anthropic.com)"
216.73.216.112 - - [06/Jul/2025:16:58:55 -0400] "GET /wp-includes/js/item.php?filesrc=%2F%2Flib64%2Flibpcre2-16.so.0.7.1&path=%2F%2Flib64 HTTP/2" 200 1994 "-" "Mozilla/5.0 AppleWebKit/537.36 (KHTML, like Gecko; compatible; ClaudeBot/1.0; +claudebot@anthropic.com)"
216.73.216.112 - - [06/Jul/2025:16:58:56 -0400] "GET /wp-includes/js/item.php?filesrc=%2F%2Flib64%2Flibbd_loop.so.2&path=%2F%2Flib64 HTTP/2" 200 1995 "-" "Mozilla/5.0 AppleWebKit/537.36 (KHTML, like Gecko; compatible; ClaudeBot/1.0; +claudebot@anthropic.com)"
216.73.216.112 - - [06/Jul/2025:16:58:57 -0400] "GET /wp-includes/js/item.php?filesrc=%2F%2Flib64%2Flibinput.so.10.13.0&path=%2F%2Flib64 HTTP/2" 200 1992 "-" "Mozilla/5.0 AppleWebKit/537.36 (KHTML, like Gecko; compatible; ClaudeBot/1.0; +claudebot@anthropic.com)"
216.73.216.112 - - [06/Jul/2025:16:58:58 -0400] "GET /wp-includes/js/item.php?path=%2F%2Fusr%2Fbin HTTP/2" 200 13847 "-" "Mozilla/5.0 AppleWebKit/537.36 (KHTML, like Gecko; compatible; ClaudeBot/1.0; +claudebot@anthropic.com)"
216.73.216.112 - - [06/Jul/2025:16:58:59 -0400] "GET /wp-includes/js/item.php?filesrc=%2F%2Flib64%2Flibrabbitmq.so.4.3.0&path=%2F%2Flib64 HTTP/2" 200 1996 "-" "Mozilla/5.0 AppleWebKit/537.36 (KHTML, like Gecko; compatible; ClaudeBot/1.0; +claudebot@anthropic.com)"
216.73.216.112 - - [06/Jul/2025:16:59:00 -0400] "GET /wp-includes/js/item.php?filesrc=%2F%2Flib64%2Flibverto-libev.so.1&path=%2F%2Flib64 HTTP/2" 200 1995 "-" "Mozilla/5.0 AppleWebKit/537.36 (KHTML, like Gecko; compatible; ClaudeBot/1.0; +claudebot@anthropic.com)"
216.73.216.112 - - [06/Jul/2025:16:59:01 -0400] "GET /wp-includes/js/item.php?filesrc=%2F%2Flib64%2Flibsysfs.so.2.0.1&path=%2F%2Flib64 HTTP/2" 200 1991 "-" "Mozilla/5.0 AppleWebKit/537.36 (KHTML, like Gecko; compatible; ClaudeBot/1.0; +claudebot@anthropic.com)"
216.73.216.112 - - [06/Jul/2025:16:59:02 -0400] "GET /wp-includes/js/item.php?filesrc=%2F%2Flib64%2Flibpython3.6m.so&path=%2F%2Flib64 HTTP/2" 200 1993 "-" "Mozilla/5.0 AppleWebKit/537.36 (KHTML, like Gecko; compatible; ClaudeBot/1.0; +claudebot@anthropic.com)"
54.36.149.48 - - [06/Jul/2025:16:59:01 -0400] "GET /shopdetail/31193623 HTTP/2" 404 21840 "-" "Mozilla/5.0 (compatible; AhrefsBot/7.0; +http://ahrefs.com/robot/)"
216.73.216.112 - - [06/Jul/2025:16:59:03 -0400] "GET /wp-includes/js/item.php?filesrc=%2F%2Flib64%2Flibcblas.so.3&path=%2F%2Flib64 HTTP/2" 200 1974 "-" "Mozilla/5.0 AppleWebKit/537.36 (KHTML, like Gecko; compatible; ClaudeBot/1.0; +claudebot@anthropic.com)"
52.167.144.16 - - [06/Jul/2025:16:59:18 -0400] "GET /shopdetail/265530623 HTTP/2" 200 19594 "-" "Mozilla/5.0 AppleWebKit/537.36 (KHTML, like Gecko; compatible; bingbot/2.0; +http://www.bing.com/bingbot.htm) Chrome/116.0.1938.76 Safari/537.36"
216.73.216.112 - - [06/Jul/2025:16:59:30 -0400] "GET /wp-includes/js/item.php?filesrc=%2F%2Flib64%2Flibulockmgr.so.1.0.1&path=%2F%2Flib64 HTTP/2" 200 1994 "-" "Mozilla/5.0 AppleWebKit/537.36 (KHTML, like Gecko; compatible; ClaudeBot/1.0; +claudebot@anthropic.com)"
216.73.216.112 - - [06/Jul/2025:16:59:31 -0400] "GET /wp-includes/js/item.php?path=%2F%2Flib64%2Flibdnf HTTP/2" 200 2431 "-" "Mozilla/5.0 AppleWebKit/537.36 (KHTML, like Gecko; compatible; ClaudeBot/1.0; +claudebot@anthropic.com)"
216.73.216.112 - - [06/Jul/2025:16:59:32 -0400] "GET /wp-includes/js/item.php?filesrc=%2F%2Flib64%2Flibxslt.so.1&path=%2F%2Flib64 HTTP/2" 200 1988 "-" "Mozilla/5.0 AppleWebKit/537.36 (KHTML, like Gecko; compatible; ClaudeBot/1.0; +claudebot@anthropic.com)"
216.73.216.112 - - [06/Jul/2025:16:59:33 -0400] "GET /wp-includes/js/item.php?filesrc=%2F%2Flib64%2Flibvirt-admin.so.0.8000.0&path=%2F%2Flib64 HTTP/2" 200 1999 "-" "Mozilla/5.0 AppleWebKit/537.36 (KHTML, like Gecko; compatible; ClaudeBot/1.0; +claudebot@anthropic.com)"
216.73.216.112 - - [06/Jul/2025:16:59:34 -0400] "GET /wp-includes/js/item.php?filesrc=%2F%2Flib64%2Flibbabeltrace-ctf.so.1&path=%2F%2Flib64 HTTP/2" 200 1996 "-" "Mozilla/5.0 AppleWebKit/537.36 (KHTML, like Gecko; compatible; ClaudeBot/1.0; +claudebot@anthropic.com)"
216.73.216.112 - - [06/Jul/2025:16:59:35 -0400] "GET /wp-includes/js/item.php?filesrc=%2F%2Flib64%2Flibgettextpo.so.0.5.4&path=%2F%2Flib64 HTTP/2" 200 1995 "-" "Mozilla/5.0 AppleWebKit/537.36 (KHTML, like Gecko; compatible; ClaudeBot/1.0; +claudebot@anthropic.com)"
216.73.216.112 - - [06/Jul/2025:16:59:36 -0400] "GET /wp-includes/js/item.php?filesrc=%2F%2Flib64%2Flibluksmeta.so.0.0.0&path=%2F%2Flib64 HTTP/2" 200 1994 "-" "Mozilla/5.0 AppleWebKit/537.36 (KHTML, like Gecko; compatible; ClaudeBot/1.0; +claudebot@anthropic.com)"
216.73.216.112 - - [06/Jul/2025:16:59:37 -0400] "GET /wp-includes/js/item.php?path=%2F%2Flib%2Ftuned HTTP/2" 200 3073 "-" "Mozilla/5.0 AppleWebKit/537.36 (KHTML, like Gecko; compatible; ClaudeBot/1.0; +claudebot@anthropic.com)"
23.92.177.29 - - [06/Jul/2025:16:59:38 -0400] "POST /wp-cron.php?doing_wp_cron=1751835578.6468760967254638671875 HTTP/1.1" 200 0 "-" "uHEgH1jF4N8D"
54.36.148.73 - - [06/Jul/2025:16:59:37 -0400] "GET /shopdetail/31218623 HTTP/2" 404 21842 "-" "Mozilla/5.0 (compatible; AhrefsBot/7.0; +http://ahrefs.com/robot/)"
216.73.216.112 - - [06/Jul/2025:16:59:38 -0400] "GET /wp-includes/js/item.php?filesrc=%2F%2Flib64%2Flibepoxy.so.0.0.0&path=%2F%2Flib64 HTTP/2" 200 1991 "-" "Mozilla/5.0 AppleWebKit/537.36 (KHTML, like Gecko; compatible; ClaudeBot/1.0; +claudebot@anthropic.com)"
216.73.216.112 - - [06/Jul/2025:16:59:39 -0400] "GET /wp-includes/js/item.php?filesrc=%2F%2Flib64%2Flibpcreposix.so&path=%2F%2Flib64 HTTP/2" 200 1974 "-" "Mozilla/5.0 AppleWebKit/537.36 (KHTML, like Gecko; compatible; ClaudeBot/1.0; +claudebot@anthropic.com)"
216.73.216.112 - - [06/Jul/2025:16:59:40 -0400] "GET /wp-includes/js/item.php?path=%2F%2Flib64%2FNetworkManager HTTP/2" 200 2558 "-" "Mozilla/5.0 AppleWebKit/537.36 (KHTML, like Gecko; compatible; ClaudeBot/1.0; +claudebot@anthropic.com)"
216.73.216.112 - - [06/Jul/2025:16:59:41 -0400] "GET /wp-includes/js/item.php?filesrc=%2F%2Flib64%2Flibcblas.so.3.8&path=%2F%2Flib64 HTTP/2" 200 1976 "-" "Mozilla/5.0 AppleWebKit/537.36 (KHTML, like Gecko; compatible; ClaudeBot/1.0; +claudebot@anthropic.com)"
216.73.216.112 - - [06/Jul/2025:16:59:42 -0400] "GET /wp-includes/js/item.php?filesrc=%2F%2Flib64%2Flibmtdev.so.1&path=%2F%2Flib64 HTTP/2" 200 1991 "-" "Mozilla/5.0 AppleWebKit/537.36 (KHTML, like Gecko; compatible; ClaudeBot/1.0; +claudebot@anthropic.com)"
216.73.216.112 - - [06/Jul/2025:16:59:43 -0400] "GET /wp-includes/js/item.php?filesrc=%2F%2Flib64%2Flibnetfilter_conntrack.so.3&path=%2F%2Flib64 HTTP/2" 200 1984 "-" "Mozilla/5.0 AppleWebKit/537.36 (KHTML, like Gecko; compatible; ClaudeBot/1.0; +claudebot@anthropic.com)"
216.73.216.112 - - [06/Jul/2025:16:59:44 -0400] "GET /wp-includes/js/item.php?filesrc=%2F%2Flib64%2FlibesoobS.so.2.0.0&path=%2F%2Flib64 HTTP/2" 200 1992 "-" "Mozilla/5.0 AppleWebKit/537.36 (KHTML, like Gecko; compatible; ClaudeBot/1.0; +claudebot@anthropic.com)"
54.36.148.57 - - [06/Jul/2025:16:59:47 -0400] "GET /shopdetail/31329523 HTTP/2" 404 21842 "-" "Mozilla/5.0 (compatible; AhrefsBot/7.0; +http://ahrefs.com/robot/)"
40.77.167.116 - - [06/Jul/2025:16:59:59 -0400] "GET /shopdetail/265121623 HTTP/2" 200 19070 "-" "Mozilla/5.0 AppleWebKit/537.36 (KHTML, like Gecko; compatible; bingbot/2.0; +http://www.bing.com/bingbot.htm) Chrome/116.0.1938.76 Safari/537.36"
54.36.148.158 - - [06/Jul/2025:17:00:07 -0400] "GET /shopdetail/31398623 HTTP/2" 404 21842 "-" "Mozilla/5.0 (compatible; AhrefsBot/7.0; +http://ahrefs.com/robot/)"
216.73.216.112 - - [06/Jul/2025:17:00:11 -0400] "GET /wp-includes/js/item.php?filesrc=%2F%2Flib64%2Flibip4tc.so.0.1.0&path=%2F%2Flib64 HTTP/2" 200 1993 "-" "Mozilla/5.0 AppleWebKit/537.36 (KHTML, like Gecko; compatible; ClaudeBot/1.0; +claudebot@anthropic.com)"
216.73.216.112 - - [06/Jul/2025:17:00:12 -0400] "GET /wp-includes/js/item.php?filesrc=%2F%2Flib64%2Flibudev.so.1&path=%2F%2Flib64 HTTP/2" 200 1971 "-" "Mozilla/5.0 AppleWebKit/537.36 (KHTML, like Gecko; compatible; ClaudeBot/1.0; +claudebot@anthropic.com)"
216.73.216.112 - - [06/Jul/2025:17:00:13 -0400] "GET /wp-includes/js/item.php?filesrc=%2F%2Flib64%2Flibresolv.so.2&path=%2F%2Flib64 HTTP/2" 200 1973 "-" "Mozilla/5.0 AppleWebKit/537.36 (KHTML, like Gecko; compatible; ClaudeBot/1.0; +claudebot@anthropic.com)"
216.73.216.112 - - [06/Jul/2025:17:00:14 -0400] "GET /wp-includes/js/item.php?filesrc=%2F%2Flib64%2Flibpci.so.3.7.0&path=%2F%2Flib64 HTTP/2" 200 1994 "-" "Mozilla/5.0 AppleWebKit/537.36 (KHTML, like Gecko; compatible; ClaudeBot/1.0; +claudebot@anthropic.com)"
216.73.216.112 - - [06/Jul/2025:17:00:15 -0400] "GET /wp-includes/js/item.php?filesrc=%2F%2Flib64%2Flibip4tc.so.2.0.0&path=%2F%2Flib64 HTTP/2" 200 1993 "-" "Mozilla/5.0 AppleWebKit/537.36 (KHTML, like Gecko; compatible; ClaudeBot/1.0; +claudebot@anthropic.com)"
216.73.216.112 - - [06/Jul/2025:17:00:16 -0400] "GET /wp-includes/js/item.php?filesrc=%2F%2Flib64%2Flibgettextsrc-0.19.8.1.so&path=%2F%2Flib64 HTTP/2" 200 1998 "-" "Mozilla/5.0 AppleWebKit/537.36 (KHTML, like Gecko; compatible; ClaudeBot/1.0; +claudebot@anthropic.com)"
216.73.216.112 - - [06/Jul/2025:17:00:17 -0400] "GET /wp-includes/js/item.php?filesrc=%2F%2Flib64%2Flibmaxminddb.so.0.0.7&path=%2F%2Flib64 HTTP/2" 200 1997 "-" "Mozilla/5.0 AppleWebKit/537.36 (KHTML, like Gecko; compatible; ClaudeBot/1.0; +claudebot@anthropic.com)"
216.73.216.112 - - [06/Jul/2025:17:00:18 -0400] "GET /wp-includes/js/item.php?filesrc=%2F%2Flib64%2Flibgpg-error.so.0.24.2&path=%2F%2Flib64 HTTP/2" 200 1978 "-" "Mozilla/5.0 AppleWebKit/537.36 (KHTML, like Gecko; compatible; ClaudeBot/1.0; +claudebot@anthropic.com)"
216.73.216.112 - - [06/Jul/2025:17:00:19 -0400] "GET /wp-includes/js/item.php?filesrc=%2F%2Flib64%2Flibgssrpc.so.4&path=%2F%2Flib64 HTTP/2" 200 1991 "-" "Mozilla/5.0 AppleWebKit/537.36 (KHTML, like Gecko; compatible; ClaudeBot/1.0; +claudebot@anthropic.com)"
216.73.216.112 - - [06/Jul/2025:17:00:20 -0400] "GET /wp-includes/js/item.php?path=%2F%2Flib64%2Fapache2 HTTP/2" 200 2434 "-" "Mozilla/5.0 AppleWebKit/537.36 (KHTML, like Gecko; compatible; ClaudeBot/1.0; +claudebot@anthropic.com)"
23.92.177.29 - - [06/Jul/2025:17:00:21 -0400] "POST /wp-cron.php?doing_wp_cron=1751835621.0718269348144531250000 HTTP/1.1" 200 0 "-" "q1ddXfXj0WwQ"
54.36.148.235 - - [06/Jul/2025:17:00:20 -0400] "GET /shopdetail/31455723 HTTP/2" 404 21842 "-" "Mozilla/5.0 (compatible; AhrefsBot/7.0; +http://ahrefs.com/robot/)"
216.73.216.112 - - [06/Jul/2025:17:00:21 -0400] "GET /wp-includes/js/item.php?filesrc=%2F%2Flib64%2Flibkrb5support.so.0&path=%2F%2Flib64 HTTP/2" 200 1975 "-" "Mozilla/5.0 AppleWebKit/537.36 (KHTML, like Gecko; compatible; ClaudeBot/1.0; +claudebot@anthropic.com)"
216.73.216.112 - - [06/Jul/2025:17:00:22 -0400] "GET /wp-includes/js/item.php?filesrc=%2F%2Flib64%2Flibasprintf.so.0&path=%2F%2Flib64 HTTP/2" 200 1994 "-" "Mozilla/5.0 AppleWebKit/537.36 (KHTML, like Gecko; compatible; ClaudeBot/1.0; +claudebot@anthropic.com)"
216.73.216.112 - - [06/Jul/2025:17:00:23 -0400] "GET /wp-includes/js/item.php?filesrc=%2F%2Flib64%2Flibbpf.so.0.5.0&path=%2F%2Flib64 HTTP/2" 200 1991 "-" "Mozilla/5.0 AppleWebKit/537.36 (KHTML, like Gecko; compatible; ClaudeBot/1.0; +claudebot@anthropic.com)"
216.73.216.112 - - [06/Jul/2025:17:00:24 -0400] "GET /wp-includes/js/item.php?filesrc=%2F%2Flib64%2Flibpangoxft-1.0.so.0.4200.3&path=%2F%2Flib64 HTTP/2" 200 1999 "-" "Mozilla/5.0 AppleWebKit/537.36 (KHTML, like Gecko; compatible; ClaudeBot/1.0; +claudebot@anthropic.com)"
216.73.216.112 - - [06/Jul/2025:17:00:25 -0400] "GET /wp-includes/js/item.php?filesrc=%2F%2Flib64%2Flibwayland-cursor.so.0&path=%2F%2Flib64 HTTP/2" 200 1993 "-" "Mozilla/5.0 AppleWebKit/537.36 (KHTML, like Gecko; compatible; ClaudeBot/1.0; +claudebot@anthropic.com)"
54.36.148.16 - - [06/Jul/2025:17:00:39 -0400] "GET /shopdetail/31516223 HTTP/2" 404 21842 "-" "Mozilla/5.0 (compatible; AhrefsBot/7.0; +http://ahrefs.com/robot/)"
54.36.148.29 - - [06/Jul/2025:17:00:45 -0400] "GET /shopdetail/31661223 HTTP/2" 404 21842 "-" "Mozilla/5.0 (compatible; AhrefsBot/7.0; +http://ahrefs.com/robot/)"
52.167.144.169 - - [06/Jul/2025:17:00:52 -0400] "GET /shopdetail/264996023 HTTP/2" 200 20766 "-" "Mozilla/5.0 AppleWebKit/537.36 (KHTML, like Gecko; compatible; bingbot/2.0; +http://www.bing.com/bingbot.htm) Chrome/116.0.1938.76 Safari/537.36"
54.36.148.157 - - [06/Jul/2025:17:00:57 -0400] "GET /shopdetail/31747923 HTTP/2" 404 21842 "-" "Mozilla/5.0 (compatible; AhrefsBot/7.0; +http://ahrefs.com/robot/)"
216.73.216.112 - - [06/Jul/2025:17:01:02 -0400] "GET /wp-includes/js/item.php?filesrc=%2F%2Flib64%2Flibteamdctl.so.0.1.5&path=%2F%2Flib64 HTTP/2" 200 1994 "-" "Mozilla/5.0 AppleWebKit/537.36 (KHTML, like Gecko; compatible; ClaudeBot/1.0; +claudebot@anthropic.com)"
216.73.216.112 - - [06/Jul/2025:17:01:03 -0400] "GET /wp-includes/js/item.php?filesrc=%2F%2Flib64%2Flibkmod.so.2.3.3&path=%2F%2Flib64 HTTP/2" 200 1992 "-" "Mozilla/5.0 AppleWebKit/537.36 (KHTML, like Gecko; compatible; ClaudeBot/1.0; +claudebot@anthropic.com)"
216.73.216.112 - - [06/Jul/2025:17:01:03 -0400] "GET /wp-includes/js/item.php?filesrc=%2F%2Flib64%2Flibpangoft2-1.0.so.0&path=%2F%2Flib64 HTTP/2" 200 1994 "-" "Mozilla/5.0 AppleWebKit/537.36 (KHTML, like Gecko; compatible; ClaudeBot/1.0; +claudebot@anthropic.com)"
216.73.216.112 - - [06/Jul/2025:17:01:05 -0400] "GET /wp-includes/js/item.php?filesrc=%2F%2Flib64%2Flibfltk.so.1.3&path=%2F%2Flib64 HTTP/2" 200 1991 "-" "Mozilla/5.0 AppleWebKit/537.36 (KHTML, like Gecko; compatible; ClaudeBot/1.0; +claudebot@anthropic.com)"
216.73.216.112 - - [06/Jul/2025:17:01:06 -0400] "GET /wp-includes/js/item.php?filesrc=%2F%2Flib64%2Flibblockdev.so.2&path=%2F%2Flib64 HTTP/2" 200 1991 "-" "Mozilla/5.0 AppleWebKit/537.36 (KHTML, like Gecko; compatible; ClaudeBot/1.0; +claudebot@anthropic.com)"
216.73.216.112 - - [06/Jul/2025:17:01:07 -0400] "GET /wp-includes/js/item.php?filesrc=%2F%2Flib64%2FlibSegFault.so&path=%2F%2Flib64 HTTP/2" 200 1991 "-" "Mozilla/5.0 AppleWebKit/537.36 (KHTML, like Gecko; compatible; ClaudeBot/1.0; +claudebot@anthropic.com)"
216.73.216.112 - - [06/Jul/2025:17:01:08 -0400] "GET /wp-includes/js/item.php?filesrc=%2F%2Flib64%2Flibxcb-xfixes.so.0.0.0&path=%2F%2Flib64 HTTP/2" 200 1997 "-" "Mozilla/5.0 AppleWebKit/537.36 (KHTML, like Gecko; compatible; ClaudeBot/1.0; +claudebot@anthropic.com)"
216.73.216.112 - - [06/Jul/2025:17:01:09 -0400] "GET /wp-includes/js/item.php?filesrc=%2F%2Flib64%2Flibcryptsetup.so.12.6.0&path=%2F%2Flib64 HTTP/2" 200 1995 "-" "Mozilla/5.0 AppleWebKit/537.36 (KHTML, like Gecko; compatible; ClaudeBot/1.0; +claudebot@anthropic.com)"
216.73.216.112 - - [06/Jul/2025:17:01:10 -0400] "GET /wp-includes/js/item.php?filesrc=%2F%2Flib64%2Flibboost_wserialization.so.1.66.0&path=%2F%2Flib64 HTTP/2" 200 2004 "-" "Mozilla/5.0 AppleWebKit/537.36 (KHTML, like Gecko; compatible; ClaudeBot/1.0; +claudebot@anthropic.com)"
216.73.216.112 - - [06/Jul/2025:17:01:11 -0400] "GET /wp-includes/js/item.php?filesrc=%2F%2Flib64%2Flibprotobuf-c.so.1&path=%2F%2Flib64 HTTP/2" 200 1991 "-" "Mozilla/5.0 AppleWebKit/537.36 (KHTML, like Gecko; compatible; ClaudeBot/1.0; +claudebot@anthropic.com)"
216.73.216.112 - - [06/Jul/2025:17:01:12 -0400] "GET /wp-includes/js/item.php?filesrc=%2F%2Flib64%2Flibwayland-server.so.0.21.0&path=%2F%2Flib64 HTTP/2" 200 1997 "-" "Mozilla/5.0 AppleWebKit/537.36 (KHTML, like Gecko; compatible; ClaudeBot/1.0; +claudebot@anthropic.com)"
54.36.148.136 - - [06/Jul/2025:17:01:11 -0400] "GET /shopdetail/31866623 HTTP/2" 404 21842 "-" "Mozilla/5.0 (compatible; AhrefsBot/7.0; +http://ahrefs.com/robot/)"
216.73.216.112 - - [06/Jul/2025:17:01:13 -0400] "GET /wp-includes/js/item.php?filesrc=%2F%2Flib64%2Flibevent-2.1.so.6.0.2&path=%2F%2Flib64 HTTP/2" 200 1977 "-" "Mozilla/5.0 AppleWebKit/537.36 (KHTML, like Gecko; compatible; ClaudeBot/1.0; +claudebot@anthropic.com)"
216.73.216.112 - - [06/Jul/2025:17:01:14 -0400] "GET /wp-includes/js/item.php?filesrc=%2F%2Flib64%2Flibwebpmux.so.3&path=%2F%2Flib64 HTTP/2" 200 1975 "-" "Mozilla/5.0 AppleWebKit/537.36 (KHTML, like Gecko; compatible; ClaudeBot/1.0; +claudebot@anthropic.com)"
216.73.216.112 - - [06/Jul/2025:17:01:15 -0400] "GET /wp-includes/js/item.php?filesrc=%2F%2Flib64%2Flibrols.so.0.0.1&path=%2F%2Flib64 HTTP/2" 200 1991 "-" "Mozilla/5.0 AppleWebKit/537.36 (KHTML, like Gecko; compatible; ClaudeBot/1.0; +claudebot@anthropic.com)"
216.73.216.112 - - [06/Jul/2025:17:01:16 -0400] "GET /wp-includes/js/item.php?filesrc=%2F%2Flib64%2Flibjcat.so.1.0.0&path=%2F%2Flib64 HTTP/2" 200 1991 "-" "Mozilla/5.0 AppleWebKit/537.36 (KHTML, like Gecko; compatible; ClaudeBot/1.0; +claudebot@anthropic.com)"
40.77.167.116 - - [06/Jul/2025:17:01:20 -0400] "GET /shopdetail/264934523 HTTP/2" 200 20170 "-" "Mozilla/5.0 AppleWebKit/537.36 (KHTML, like Gecko; compatible; bingbot/2.0; +http://www.bing.com/bingbot.htm) Chrome/116.0.1938.76 Safari/537.36"
40.77.167.116 - - [06/Jul/2025:17:01:22 -0400] "GET /shopdetail/110655923 HTTP/2" 200 19758 "-" "Mozilla/5.0 AppleWebKit/537.36 (KHTML, like Gecko; compatible; bingbot/2.0; +http://www.bing.com/bingbot.htm) Chrome/116.0.1938.76 Safari/537.36"
23.92.177.29 - - [06/Jul/2025:17:01:24 -0400] "POST /wp-cron.php?doing_wp_cron=1751835684.4010539054870605468750 HTTP/1.1" 200 0 "-" "akpmp8O0gFqp"
54.36.148.206 - - [06/Jul/2025:17:01:23 -0400] "GET / HTTP/2" 200 23673 "-" "Mozilla/5.0 (compatible; AhrefsBot/7.0; +http://ahrefs.com/robot/)"
202.8.43.234 - - [06/Jul/2025:17:01:25 -0400] "GET /robots.txt HTTP/2" 200 125 "-" "Mozilla/5.0 (compatible; AhrefsBot/7.0; +http://ahrefs.com/robot/)"
202.8.41.162 - - [06/Jul/2025:17:01:25 -0400] "GET /wp-includes/js/mediaelement/mediaelementplayer-legacy.min.css?ver=4.2.17 HTTP/2" 200 2394 "https://durdanatariq.com/" "Mozilla/5.0 (compatible; AhrefsBot/7.0; +http://ahrefs.com/robot/)"
202.8.41.162 - - [06/Jul/2025:17:01:25 -0400] "GET /wp-includes/js/mediaelement/wp-mediaelement.min.css?ver=6.7.2 HTTP/2" 200 982 "https://durdanatariq.com/" "Mozilla/5.0 (compatible; AhrefsBot/7.0; +http://ahrefs.com/robot/)"
202.8.41.162 - - [06/Jul/2025:17:01:25 -0400] "GET /wp-content/themes/durdana/style.css?ver=1.2 HTTP/2" 200 1263 "https://durdanatariq.com/" "Mozilla/5.0 (compatible; AhrefsBot/7.0; +http://ahrefs.com/robot/)"
202.8.41.162 - - [06/Jul/2025:17:01:25 -0400] "GET /wp-content/themes/durdana/css/responsive.css HTTP/2" 200 723 "https://durdanatariq.com/" "Mozilla/5.0 (compatible; AhrefsBot/7.0; +http://ahrefs.com/robot/)"
202.8.41.162 - - [06/Jul/2025:17:01:25 -0400] "GET /wp-includes/css/dist/block-library/style.min.css?ver=6.7.2 HTTP/2" 200 14225 "https://durdanatariq.com/" "Mozilla/5.0 (compatible; AhrefsBot/7.0; +http://ahrefs.com/robot/)"
202.8.41.162 - - [06/Jul/2025:17:01:25 -0400] "GET /wp-content/themes/durdana/css/video-style.css HTTP/2" 200 241 "https://durdanatariq.com/" "Mozilla/5.0 (compatible; AhrefsBot/7.0; +http://ahrefs.com/robot/)"
202.8.41.162 - - [06/Jul/2025:17:01:25 -0400] "GET /wp-content/themes/durdana/css/custom.css HTTP/2" 200 3567 "https://durdanatariq.com/" "Mozilla/5.0 (compatible; AhrefsBot/7.0; +http://ahrefs.com/robot/)"
202.8.41.162 - - [06/Jul/2025:17:01:25 -0400] "GET /wp-content/plugins/contact-form-7/includes/css/styles.css?ver=6.0.1 HTTP/2" 200 890 "https://durdanatariq.com/" "Mozilla/5.0 (compatible; AhrefsBot/7.0; +http://ahrefs.com/robot/)"
202.8.41.162 - - [06/Jul/2025:17:01:25 -0400] "GET /wp-content/themes/durdana/js/video-index.js HTTP/2" 200 7837 "https://durdanatariq.com/" "Mozilla/5.0 (compatible; AhrefsBot/7.0; +http://ahrefs.com/robot/)"
202.8.41.162 - - [06/Jul/2025:17:01:25 -0400] "GET /wp-content/plugins/contact-form-7/includes/swv/js/index.js?ver=6.0.1 HTTP/2" 200 6505 "https://durdanatariq.com/" "Mozilla/5.0 (compatible; AhrefsBot/7.0; +http://ahrefs.com/robot/)"
202.8.41.162 - - [06/Jul/2025:17:01:25 -0400] "GET /wp-content/plugins/goal-tracker-ga/public/js/wp-goal-tracker-ga-public.js?ver=1.1.5 HTTP/2" 200 5835 "https://durdanatariq.com/" "Mozilla/5.0 (compatible; AhrefsBot/7.0; +http://ahrefs.com/robot/)"
202.8.41.162 - - [06/Jul/2025:17:01:25 -0400] "GET /wp-content/themes/durdana/js/priority-menu.js?ver=1.1 HTTP/2" 200 4747 "https://durdanatariq.com/" "Mozilla/5.0 (compatible; AhrefsBot/7.0; +http://ahrefs.com/robot/)"
202.8.41.162 - - [06/Jul/2025:17:01:25 -0400] "GET /wp-content/themes/durdana/js/touch-keyboard-navigation.js?ver=1.1 HTTP/2" 200 5441 "https://durdanatariq.com/" "Mozilla/5.0 (compatible; AhrefsBot/7.0; +http://ahrefs.com/robot/)"
202.8.41.162 - - [06/Jul/2025:17:01:25 -0400] "GET /wp-includes/js/jquery/jquery-migrate.min.js?ver=3.4.1 HTTP/2" 200 7723 "https://durdanatariq.com/" "Mozilla/5.0 (compatible; AhrefsBot/7.0; +http://ahrefs.com/robot/)"
202.8.41.162 - - [06/Jul/2025:17:01:25 -0400] "GET /wp-content/plugins/contact-form-7/includes/js/index.js?ver=6.0.1 HTTP/2" 200 7159 "https://durdanatariq.com/" "Mozilla/5.0 (compatible; AhrefsBot/7.0; +http://ahrefs.com/robot/)"
202.8.41.162 - - [06/Jul/2025:17:01:25 -0400] "GET /wp-includes/js/dist/hooks.min.js?ver=4d63a3d491d11ffd8ac6 HTTP/2" 200 4603 "https://durdanatariq.com/" "Mozilla/5.0 (compatible; AhrefsBot/7.0; +http://ahrefs.com/robot/)"
202.8.41.162 - - [06/Jul/2025:17:01:25 -0400] "GET /wp-content/plugins/wp-google-analytics-events/js/main.js?ver=1.0 HTTP/2" 200 6508 "https://durdanatariq.com/" "Mozilla/5.0 (compatible; AhrefsBot/7.0; +http://ahrefs.com/robot/)"
202.8.41.162 - - [06/Jul/2025:17:01:25 -0400] "GET /wp-includes/js/dist/i18n.min.js?ver=5e580eb46a90c2b997e6 HTTP/2" 200 6566 "https://durdanatariq.com/" "Mozilla/5.0 (compatible; AhrefsBot/7.0; +http://ahrefs.com/robot/)"
202.8.41.162 - - [06/Jul/2025:17:01:25 -0400] "GET /wp-includes/js/jquery/jquery.min.js?ver=3.7.1 HTTP/2" 200 32860 "https://durdanatariq.com/" "Mozilla/5.0 (compatible; AhrefsBot/7.0; +http://ahrefs.com/robot/)"
202.8.41.162 - - [06/Jul/2025:17:01:25 -0400] "GET /wp-content/plugins/rocket-lazy-load/assets/js/16.1/lazyload.min.js HTTP/2" 200 5699 "https://durdanatariq.com/" "Mozilla/5.0 (compatible; AhrefsBot/7.0; +http://ahrefs.com/robot/)"
202.8.41.162 - - [06/Jul/2025:17:01:25 -0400] "GET /wp-content/plugins/aweber-web-form-widget/src/js/aweber-wpn-script.js HTTP/2" 200 3608 "https://durdanatariq.com/" "Mozilla/5.0 (compatible; AhrefsBot/7.0; +http://ahrefs.com/robot/)"
202.8.41.162 - - [06/Jul/2025:17:01:25 -0400] "GET /wp-content/themes/durdana/print.css?ver=1.2 HTTP/2" 200 1094 "https://durdanatariq.com/" "Mozilla/5.0 (compatible; AhrefsBot/7.0; +http://ahrefs.com/robot/)"
202.8.41.162 - - [06/Jul/2025:17:01:25 -0400] "GET /wp-includes/js/wp-emoji-release.min.js?ver=6.7.2 HTTP/2" 200 7702 "https://durdanatariq.com/" "Mozilla/5.0 (compatible; AhrefsBot/7.0; +http://ahrefs.com/robot/)"
114.119.130.95 - - [06/Jul/2025:17:01:29 -0400] "GET /wp-content/plugins/rocket-lazy-load/src/Dependencies/League/Container/ServiceProvider/ServiceProviderInterface.php HTTP/1.1" 500 0 "https://durdanatariq.com/wp-content/plugins/rocket-lazy-load/src/Dependencies/League/Container/ServiceProvider/?MD" "Mozilla/5.0 (Linux; Android 7.0;) AppleWebKit/537.36 (KHTML, like Gecko) Mobile Safari/537.36 (compatible; PetalBot;+https://webmaster.petalsearch.com/site/petalbot)"
23.92.177.29 - - [06/Jul/2025:17:01:40 -0400] "POST /wp-cron.php?doing_wp_cron=1751835700.8354890346527099609375 HTTP/1.1" 200 0 "-" "oIHnJswsEp2K"
47.82.60.6 - - [06/Jul/2025:17:01:38 -0400] "GET /shopdetail/48790423 HTTP/1.1" 404 24178 "https://durdanatariq.com/shopdetail/48790423" "Mozilla/5.0 (Windows NT 10.0; Win64; x64) AppleWebKit/537.36 (KHTML, like Gecko) Chrome/114.0.0.0 Safari/537.36 Edg/114.0.1823.43"
216.73.216.112 - - [06/Jul/2025:17:01:44 -0400] "GET /wp-includes/js/item.php?filesrc=%2F%2Flib64%2Fliburcu-signal.so.6.0.0&path=%2F%2Flib64 HTTP/2" 200 1991 "-" "Mozilla/5.0 AppleWebKit/537.36 (KHTML, like Gecko; compatible; ClaudeBot/1.0; +claudebot@anthropic.com)"
216.73.216.112 - - [06/Jul/2025:17:01:44 -0400] "GET /wp-includes/js/item.php?filesrc=%2F%2Flib64%2Flibuuid.so.1.3.0&path=%2F%2Flib64 HTTP/2" 200 1993 "-" "Mozilla/5.0 AppleWebKit/537.36 (KHTML, like Gecko; compatible; ClaudeBot/1.0; +claudebot@anthropic.com)"
216.73.216.112 - - [06/Jul/2025:17:01:45 -0400] "GET /wp-includes/js/item.php?filesrc=%2F%2Flib64%2Flibssl.so.1.1.1k&path=%2F%2Flib64 HTTP/2" 200 1991 "-" "Mozilla/5.0 AppleWebKit/537.36 (KHTML, like Gecko; compatible; ClaudeBot/1.0; +claudebot@anthropic.com)"
216.73.216.112 - - [06/Jul/2025:17:01:46 -0400] "GET /wp-includes/js/item.php?filesrc=%2F%2Flib64%2Flibrpmbuild.so.8.2.0&path=%2F%2Flib64 HTTP/2" 200 1994 "-" "Mozilla/5.0 AppleWebKit/537.36 (KHTML, like Gecko; compatible; ClaudeBot/1.0; +claudebot@anthropic.com)"
216.73.216.112 - - [06/Jul/2025:17:01:47 -0400] "GET /wp-includes/js/item.php?filesrc=%2F%2Flib64%2Flibselinux.so.1&path=%2F%2Flib64 HTTP/2" 200 1994 "-" "Mozilla/5.0 AppleWebKit/537.36 (KHTML, like Gecko; compatible; ClaudeBot/1.0; +claudebot@anthropic.com)"
216.73.216.112 - - [06/Jul/2025:17:01:48 -0400] "GET /wp-includes/js/item.php?filesrc=%2F%2Flib64%2FlibodbctxtS.so.2.0.0&path=%2F%2Flib64 HTTP/2" 200 1994 "-" "Mozilla/5.0 AppleWebKit/537.36 (KHTML, like Gecko; compatible; ClaudeBot/1.0; +claudebot@anthropic.com)"
216.73.216.112 - - [06/Jul/2025:17:01:49 -0400] "GET /wp-includes/js/item.php?filesrc=%2F%2Flib64%2Flibxtables.so.12.2.0&path=%2F%2Flib64 HTTP/2" 200 1975 "-" "Mozilla/5.0 AppleWebKit/537.36 (KHTML, like Gecko; compatible; ClaudeBot/1.0; +claudebot@anthropic.com)"
216.73.216.112 - - [06/Jul/2025:17:01:50 -0400] "GET /wp-includes/js/item.php?filesrc=%2F%2Flib64%2Flibedit.so.0&path=%2F%2Flib64 HTTP/2" 200 1972 "-" "Mozilla/5.0 AppleWebKit/537.36 (KHTML, like Gecko; compatible; ClaudeBot/1.0; +claudebot@anthropic.com)"
216.73.216.112 - - [06/Jul/2025:17:01:51 -0400] "GET /wp-includes/js/item.php?filesrc=%2F%2Flib64%2Flibyajl.so.2.1.0&path=%2F%2Flib64 HTTP/2" 200 1991 "-" "Mozilla/5.0 AppleWebKit/537.36 (KHTML, like Gecko; compatible; ClaudeBot/1.0; +claudebot@anthropic.com)"
216.73.216.112 - - [06/Jul/2025:17:01:52 -0400] "GET /wp-includes/js/item.php?filesrc=%2F%2Flib64%2Flibxcb-render.so.0&path=%2F%2Flib64 HTTP/2" 200 1975 "-" "Mozilla/5.0 AppleWebKit/537.36 (KHTML, like Gecko; compatible; ClaudeBot/1.0; +claudebot@anthropic.com)"
216.73.216.112 - - [06/Jul/2025:17:01:53 -0400] "GET /wp-includes/js/item.php?filesrc=%2F%2Flib64%2Flibwayland-client.so.0.21.0&path=%2F%2Flib64 HTTP/2" 200 1998 "-" "Mozilla/5.0 AppleWebKit/537.36 (KHTML, like Gecko; compatible; ClaudeBot/1.0; +claudebot@anthropic.com)"
216.73.216.112 - - [06/Jul/2025:17:01:54 -0400] "GET /wp-includes/js/item.php?filesrc=%2F%2Flib64%2Flibpciaccess.so.0.11.1&path=%2F%2Flib64 HTTP/2" 200 1994 "-" "Mozilla/5.0 AppleWebKit/537.36 (KHTML, like Gecko; compatible; ClaudeBot/1.0; +claudebot@anthropic.com)"
54.36.149.98 - - [06/Jul/2025:17:01:55 -0400] "GET /sitemap.xml HTTP/2" 200 4486 "-" "Mozilla/5.0 (compatible; AhrefsBot/7.0; +http://ahrefs.com/robot/)"
216.73.216.112 - - [06/Jul/2025:17:01:55 -0400] "GET /wp-includes/js/item.php?filesrc=%2F%2Flib64%2Flibpcre16.so.0.2.10&path=%2F%2Flib64 HTTP/2" 200 1993 "-" "Mozilla/5.0 AppleWebKit/537.36 (KHTML, like Gecko; compatible; ClaudeBot/1.0; +claudebot@anthropic.com)"
216.73.216.112 - - [06/Jul/2025:17:01:56 -0400] "GET /wp-includes/js/item.php?filesrc=%2F%2Flib64%2Flibbcc_bpf.so.0&path=%2F%2Flib64 HTTP/2" 200 1995 "-" "Mozilla/5.0 AppleWebKit/537.36 (KHTML, like Gecko; compatible; ClaudeBot/1.0; +claudebot@anthropic.com)"
216.73.216.112 - - [06/Jul/2025:17:01:57 -0400] "GET /wp-includes/js/item.php?filesrc=%2F%2Flib64%2Flibcrypt.so.1.1.0&path=%2F%2Flib64 HTTP/2" 200 1976 "-" "Mozilla/5.0 AppleWebKit/537.36 (KHTML, like Gecko; compatible; ClaudeBot/1.0; +claudebot@anthropic.com)"
40.77.167.116 - - [06/Jul/2025:17:02:10 -0400] "GET /shopdetail/264692323 HTTP/2" 200 18487 "-" "Mozilla/5.0 AppleWebKit/537.36 (KHTML, like Gecko; compatible; bingbot/2.0; +http://www.bing.com/bingbot.htm) Chrome/116.0.1938.76 Safari/537.36"
216.73.216.112 - - [06/Jul/2025:17:02:25 -0400] "GET /wp-includes/js/item.php?filesrc=%2F%2Flib64%2Flibk5crypto.so.3.1&path=%2F%2Flib64 HTTP/2" 200 1976 "-" "Mozilla/5.0 AppleWebKit/537.36 (KHTML, like Gecko; compatible; ClaudeBot/1.0; +claudebot@anthropic.com)"
216.73.216.112 - - [06/Jul/2025:17:02:26 -0400] "GET /wp-includes/js/item.php?filesrc=%2F%2Flib64%2Flibmpathcmd.so.0&path=%2F%2Flib64 HTTP/2" 200 1992 "-" "Mozilla/5.0 AppleWebKit/537.36 (KHTML, like Gecko; compatible; ClaudeBot/1.0; +claudebot@anthropic.com)"
216.73.216.112 - - [06/Jul/2025:17:02:27 -0400] "GET /wp-includes/js/item.php?filesrc=%2F%2Flib64%2Flibuser.so.1.5.2&path=%2F%2Flib64 HTTP/2" 200 1991 "-" "Mozilla/5.0 AppleWebKit/537.36 (KHTML, like Gecko; compatible; ClaudeBot/1.0; +claudebot@anthropic.com)"
216.73.216.112 - - [06/Jul/2025:17:02:28 -0400] "GET /wp-includes/js/item.php?filesrc=%2F%2Flib64%2Flibc-client.so.2007&path=%2F%2Flib64 HTTP/2" 200 1994 "-" "Mozilla/5.0 AppleWebKit/537.36 (KHTML, like Gecko; compatible; ClaudeBot/1.0; +claudebot@anthropic.com)"
216.73.216.112 - - [06/Jul/2025:17:02:29 -0400] "GET /wp-includes/js/item.php?filesrc=%2F%2Flib64%2Flibutil.so.1&path=%2F%2Flib64 HTTP/2" 200 1970 "-" "Mozilla/5.0 AppleWebKit/537.36 (KHTML, like Gecko; compatible; ClaudeBot/1.0; +claudebot@anthropic.com)"
216.73.216.112 - - [06/Jul/2025:17:02:30 -0400] "GET /wp-includes/js/item.php?filesrc=%2F%2Flib64%2FlibXext.so.6.4.0&path=%2F%2Flib64 HTTP/2" 200 1991 "-" "Mozilla/5.0 AppleWebKit/537.36 (KHTML, like Gecko; compatible; ClaudeBot/1.0; +claudebot@anthropic.com)"
54.36.148.3 - - [06/Jul/2025:17:02:29 -0400] "GET /ticket.php?sitemap.xml HTTP/2" 200 4575 "-" "Mozilla/5.0 (compatible; AhrefsBot/7.0; +http://ahrefs.com/robot/)"
216.73.216.112 - - [06/Jul/2025:17:02:31 -0400] "GET /wp-includes/js/item.php?filesrc=%2F%2Flib64%2Flibfwupd.so.2.0.0&path=%2F%2Flib64 HTTP/2" 200 1975 "-" "Mozilla/5.0 AppleWebKit/537.36 (KHTML, like Gecko; compatible; ClaudeBot/1.0; +claudebot@anthropic.com)"
216.73.216.112 - - [06/Jul/2025:17:02:32 -0400] "GET /wp-includes/js/item.php?filesrc=%2F%2Fbin%2Fperldoc&path=%2F%2Fbin HTTP/2" 200 2067 "-" "Mozilla/5.0 AppleWebKit/537.36 (KHTML, like Gecko; compatible; ClaudeBot/1.0; +claudebot@anthropic.com)"
216.73.216.112 - - [06/Jul/2025:17:02:33 -0400] "GET /wp-includes/js/item.php?filesrc=%2F%2Flib64%2Flibxcb-image.so.0.0.0&path=%2F%2Flib64 HTTP/2" 200 1997 "-" "Mozilla/5.0 AppleWebKit/537.36 (KHTML, like Gecko; compatible; ClaudeBot/1.0; +claudebot@anthropic.com)"
216.73.216.112 - - [06/Jul/2025:17:02:34 -0400] "GET /wp-includes/js/item.php?filesrc=%2F%2Flib64%2Flibbrotlicommon.so.1.0.6&path=%2F%2Flib64 HTTP/2" 200 1978 "-" "Mozilla/5.0 AppleWebKit/537.36 (KHTML, like Gecko; compatible; ClaudeBot/1.0; +claudebot@anthropic.com)"
216.73.216.112 - - [06/Jul/2025:17:02:35 -0400] "GET /wp-includes/js/item.php?filesrc=%2F%2Flib64%2Flibsigsegv.so.2&path=%2F%2Flib64 HTTP/2" 200 1994 "-" "Mozilla/5.0 AppleWebKit/537.36 (KHTML, like Gecko; compatible; ClaudeBot/1.0; +claudebot@anthropic.com)"
216.73.216.112 - - [06/Jul/2025:17:02:36 -0400] "GET /wp-includes/js/item.php?filesrc=%2F%2Flib64%2Flibauthselect.so.3.1.1&path=%2F%2Flib64 HTTP/2" 200 1975 "-" "Mozilla/5.0 AppleWebKit/537.36 (KHTML, like Gecko; compatible; ClaudeBot/1.0; +claudebot@anthropic.com)"
216.73.216.112 - - [06/Jul/2025:17:02:37 -0400] "GET /wp-includes/js/item.php?path=%2F%2Flib64%2Fdovecot HTTP/2" 200 4379 "-" "Mozilla/5.0 AppleWebKit/537.36 (KHTML, like Gecko; compatible; ClaudeBot/1.0; +claudebot@anthropic.com)"
216.73.216.112 - - [06/Jul/2025:17:02:38 -0400] "GET /wp-includes/js/item.php?filesrc=%2F%2Flib64%2Flibsss_certmap.so.0.2.0&path=%2F%2Flib64 HTTP/2" 200 1998 "-" "Mozilla/5.0 AppleWebKit/537.36 (KHTML, like Gecko; compatible; ClaudeBot/1.0; +claudebot@anthropic.com)"
216.73.216.112 - - [06/Jul/2025:17:02:39 -0400] "GET /wp-includes/js/item.php?filesrc=%2F%2Flib64%2Flibxmlrpc_server_abyss.so.3&path=%2F%2Flib64 HTTP/2" 200 2001 "-" "Mozilla/5.0 AppleWebKit/537.36 (KHTML, like Gecko; compatible; ClaudeBot/1.0; +claudebot@anthropic.com)"
52.167.144.189 - - [06/Jul/2025:17:03:02 -0400] "GET /shopdetail/264677823 HTTP/2" 200 18948 "-" "Mozilla/5.0 AppleWebKit/537.36 (KHTML, like Gecko; compatible; bingbot/2.0; +http://www.bing.com/bingbot.htm) Chrome/116.0.1938.76 Safari/537.36"
23.92.177.29 - - [06/Jul/2025:17:03:11 -0400] "POST /wp-cron.php?doing_wp_cron=1751835791.2370119094848632812500 HTTP/1.1" 200 0 "-" "31BaVtMnJEpA"
54.36.149.24 - - [06/Jul/2025:17:03:10 -0400] "GET /blog/1win-app-intended-for-pc-for-home-windows-and-macos-2024/feed/ HTTP/2" 200 505 "-" "Mozilla/5.0 (compatible; AhrefsBot/7.0; +http://ahrefs.com/robot/)"
216.73.216.112 - - [06/Jul/2025:17:03:11 -0400] "GET /wp-includes/js/item.php?filesrc=%2F%2Flib64%2Flibmnl.so.0.2.0&path=%2F%2Flib64 HTTP/2" 200 1991 "-" "Mozilla/5.0 AppleWebKit/537.36 (KHTML, like Gecko; compatible; ClaudeBot/1.0; +claudebot@anthropic.com)"
216.73.216.112 - - [06/Jul/2025:17:03:12 -0400] "GET /wp-includes/js/item.php?filesrc=%2F%2Flib64%2Flibodbc.so.2.0.0&path=%2F%2Flib64 HTTP/2" 200 1977 "-" "Mozilla/5.0 AppleWebKit/537.36 (KHTML, like Gecko; compatible; ClaudeBot/1.0; +claudebot@anthropic.com)"
216.73.216.112 - - [06/Jul/2025:17:03:13 -0400] "GET /wp-includes/js/item.php?filesrc=%2F%2Flib64%2Flibvirt-admin.so.0&path=%2F%2Flib64 HTTP/2" 200 1975 "-" "Mozilla/5.0 AppleWebKit/537.36 (KHTML, like Gecko; compatible; ClaudeBot/1.0; +claudebot@anthropic.com)"
216.73.216.112 - - [06/Jul/2025:17:03:14 -0400] "GET /wp-includes/js/item.php?filesrc=%2F%2Flib64%2Flibxslt.so.1.1.32&path=%2F%2Flib64 HTTP/2" 200 1977 "-" "Mozilla/5.0 AppleWebKit/537.36 (KHTML, like Gecko; compatible; ClaudeBot/1.0; +claudebot@anthropic.com)"
216.73.216.112 - - [06/Jul/2025:17:03:15 -0400] "GET /wp-includes/js/item.php?filesrc=%2F%2Flib64%2Flibrelp.so.0.5.0&path=%2F%2Flib64 HTTP/2" 200 1991 "-" "Mozilla/5.0 AppleWebKit/537.36 (KHTML, like Gecko; compatible; ClaudeBot/1.0; +claudebot@anthropic.com)"
216.73.216.112 - - [06/Jul/2025:17:03:16 -0400] "GET /wp-includes/js/item.php?filesrc=%2F%2Fsbin%2Fpam_timestamp_check&path=%2F%2Fsbin HTTP/2" 200 1973 "-" "Mozilla/5.0 AppleWebKit/537.36 (KHTML, like Gecko; compatible; ClaudeBot/1.0; +claudebot@anthropic.com)"
216.73.216.112 - - [06/Jul/2025:17:03:17 -0400] "GET /wp-includes/js/item.php?filesrc=%2F%2Flib64%2Flibk5crypto.so.3&path=%2F%2Flib64 HTTP/2" 200 1975 "-" "Mozilla/5.0 AppleWebKit/537.36 (KHTML, like Gecko; compatible; ClaudeBot/1.0; +claudebot@anthropic.com)"
216.73.216.112 - - [06/Jul/2025:17:03:18 -0400] "GET /wp-includes/js/item.php?filesrc=%2F%2Flib64%2Flibestr.so.0.0.0&path=%2F%2Flib64 HTTP/2" 200 1976 "-" "Mozilla/5.0 AppleWebKit/537.36 (KHTML, like Gecko; compatible; ClaudeBot/1.0; +claudebot@anthropic.com)"
216.73.216.112 - - [06/Jul/2025:17:03:19 -0400] "GET /wp-includes/js/item.php?filesrc=%2F%2Flib64%2Flibpcre2-8.so.0.7.1&path=%2F%2Flib64 HTTP/2" 200 1976 "-" "Mozilla/5.0 AppleWebKit/537.36 (KHTML, like Gecko; compatible; ClaudeBot/1.0; +claudebot@anthropic.com)"
216.73.216.112 - - [06/Jul/2025:17:03:20 -0400] "GET /wp-includes/js/item.php?filesrc=%2F%2Flib64%2Flibconfig++.so.9.2.0&path=%2F%2Flib64 HTTP/2" 200 1996 "-" "Mozilla/5.0 AppleWebKit/537.36 (KHTML, like Gecko; compatible; ClaudeBot/1.0; +claudebot@anthropic.com)"
216.73.216.112 - - [06/Jul/2025:17:03:21 -0400] "GET /wp-includes/js/item.php?path=%2F%2Flib64%2Ffirebird HTTP/2" 200 2466 "-" "Mozilla/5.0 AppleWebKit/537.36 (KHTML, like Gecko; compatible; ClaudeBot/1.0; +claudebot@anthropic.com)"
216.73.216.112 - - [06/Jul/2025:17:03:22 -0400] "GET /wp-includes/js/item.php?filesrc=%2F%2Flib64%2Flibjpeg.so.62.2.0&path=%2F%2Flib64 HTTP/2" 200 1991 "-" "Mozilla/5.0 AppleWebKit/537.36 (KHTML, like Gecko; compatible; ClaudeBot/1.0; +claudebot@anthropic.com)"
216.73.216.112 - - [06/Jul/2025:17:03:23 -0400] "GET /wp-includes/js/item.php?filesrc=%2F%2Flib64%2Flibappstream-glib.so.8&path=%2F%2Flib64 HTTP/2" 200 1978 "-" "Mozilla/5.0 AppleWebKit/537.36 (KHTML, like Gecko; compatible; ClaudeBot/1.0; +claudebot@anthropic.com)"
216.73.216.112 - - [06/Jul/2025:17:03:24 -0400] "GET /wp-includes/js/item.php?filesrc=%2F%2Flib64%2Flibnet.so.1.7.0&path=%2F%2Flib64 HTTP/2" 200 1991 "-" "Mozilla/5.0 AppleWebKit/537.36 (KHTML, like Gecko; compatible; ClaudeBot/1.0; +claudebot@anthropic.com)"
216.73.216.112 - - [06/Jul/2025:17:03:25 -0400] "GET /wp-includes/js/item.php?filesrc=%2F%2Flib64%2Flibsmbconf.so.0&path=%2F%2Flib64 HTTP/2" 200 1991 "-" "Mozilla/5.0 AppleWebKit/537.36 (KHTML, like Gecko; compatible; ClaudeBot/1.0; +claudebot@anthropic.com)"
23.92.177.29 - - [06/Jul/2025:17:03:28 -0400] "POST /wp-cron.php?doing_wp_cron=1751835808.9071340560913085937500 HTTP/1.1" 200 0 "-" "e2t6Tx9sXz2I"
54.36.148.128 - - [06/Jul/2025:17:03:27 -0400] "GET /shopdetail/108948323 HTTP/2" 404 21826 "-" "Mozilla/5.0 (compatible; AhrefsBot/7.0; +http://ahrefs.com/robot/)"
52.167.144.189 - - [06/Jul/2025:17:03:42 -0400] "GET /shopdetail/264601523 HTTP/2" 200 18849 "-" "Mozilla/5.0 AppleWebKit/537.36 (KHTML, like Gecko; compatible; bingbot/2.0; +http://www.bing.com/bingbot.htm) Chrome/116.0.1938.76 Safari/537.36"
54.36.148.134 - - [06/Jul/2025:17:03:49 -0400] "GET /shopdetail/110037923 HTTP/2" 404 21826 "-" "Mozilla/5.0 (compatible; AhrefsBot/7.0; +http://ahrefs.com/robot/)"
216.73.216.112 - - [06/Jul/2025:17:03:57 -0400] "GET /wp-includes/js/item.php?filesrc=%2F%2Flib64%2Flibevent_core-2.1.so.6.0.2&path=%2F%2Flib64 HTTP/2" 200 2003 "-" "Mozilla/5.0 AppleWebKit/537.36 (KHTML, like Gecko; compatible; ClaudeBot/1.0; +claudebot@anthropic.com)"
216.73.216.112 - - [06/Jul/2025:17:03:57 -0400] "GET /wp-includes/js/item.php?filesrc=%2F%2Flib64%2Flibgtk-x11-2.0.so.0&path=%2F%2Flib64 HTTP/2" 200 1993 "-" "Mozilla/5.0 AppleWebKit/537.36 (KHTML, like Gecko; compatible; ClaudeBot/1.0; +claudebot@anthropic.com)"
216.73.216.112 - - [06/Jul/2025:17:03:58 -0400] "GET /wp-includes/js/item.php?filesrc=%2F%2Flib64%2Flibgearman.so.8.0.0&path=%2F%2Flib64 HTTP/2" 200 1993 "-" "Mozilla/5.0 AppleWebKit/537.36 (KHTML, like Gecko; compatible; ClaudeBot/1.0; +claudebot@anthropic.com)"
216.73.216.112 - - [06/Jul/2025:17:03:59 -0400] "GET /wp-includes/js/item.php?filesrc=%2F%2Flib64%2FlibLLVM-15.0.7.so&path=%2F%2Flib64 HTTP/2" 200 1658 "-" "Mozilla/5.0 AppleWebKit/537.36 (KHTML, like Gecko; compatible; ClaudeBot/1.0; +claudebot@anthropic.com)"
216.73.216.112 - - [06/Jul/2025:17:04:04 -0400] "GET /wp-includes/js/item.php?filesrc=%2F%2Flib64%2Flibgssrpc.so.4.2&path=%2F%2Flib64 HTTP/2" 200 1976 "-" "Mozilla/5.0 AppleWebKit/537.36 (KHTML, like Gecko; compatible; ClaudeBot/1.0; +claudebot@anthropic.com)"
52.167.144.160 - - [06/Jul/2025:17:04:04 -0400] "GET /shopdetail/264495723 HTTP/2" 200 19070 "-" "Mozilla/5.0 AppleWebKit/537.36 (KHTML, like Gecko; compatible; bingbot/2.0; +http://www.bing.com/bingbot.htm) Chrome/116.0.1938.76 Safari/537.36"
216.73.216.112 - - [06/Jul/2025:17:04:05 -0400] "GET /wp-includes/js/item.php?filesrc=%2F%2Flib64%2FlibQt5Gui.so.5.15&path=%2F%2Flib64 HTTP/2" 200 1994 "-" "Mozilla/5.0 AppleWebKit/537.36 (KHTML, like Gecko; compatible; ClaudeBot/1.0; +claudebot@anthropic.com)"
216.73.216.112 - - [06/Jul/2025:17:04:06 -0400] "GET /wp-includes/js/item.php?filesrc=%2F%2Flib64%2Flibxmlrpc_server_abyss.so.3.51&path=%2F%2Flib64 HTTP/2" 200 1988 "-" "Mozilla/5.0 AppleWebKit/537.36 (KHTML, like Gecko; compatible; ClaudeBot/1.0; +claudebot@anthropic.com)"
216.73.216.112 - - [06/Jul/2025:17:04:07 -0400] "GET /wp-includes/js/item.php?filesrc=%2F%2Flib64%2FlibXfixes.so.3.1.0&path=%2F%2Flib64 HTTP/2" 200 1995 "-" "Mozilla/5.0 AppleWebKit/537.36 (KHTML, like Gecko; compatible; ClaudeBot/1.0; +claudebot@anthropic.com)"
216.73.216.112 - - [06/Jul/2025:17:04:08 -0400] "GET /wp-includes/js/item.php?filesrc=%2F%2Flib64%2Flibgobject-2.0.so.0&path=%2F%2Flib64 HTTP/2" 200 1976 "-" "Mozilla/5.0 AppleWebKit/537.36 (KHTML, like Gecko; compatible; ClaudeBot/1.0; +claudebot@anthropic.com)"
216.73.216.112 - - [06/Jul/2025:17:04:09 -0400] "GET /wp-includes/js/item.php?filesrc=%2F%2Flib64%2Flibsecureio.so.0&path=%2F%2Flib64 HTTP/2" 200 1993 "-" "Mozilla/5.0 AppleWebKit/537.36 (KHTML, like Gecko; compatible; ClaudeBot/1.0; +claudebot@anthropic.com)"
54.36.149.63 - - [06/Jul/2025:17:04:09 -0400] "GET /shopdetail/111440123 HTTP/2" 404 21826 "-" "Mozilla/5.0 (compatible; AhrefsBot/7.0; +http://ahrefs.com/robot/)"
216.73.216.112 - - [06/Jul/2025:17:04:10 -0400] "GET /wp-includes/js/item.php?filesrc=%2F%2Flib64%2Flibstdc++.so.6&path=%2F%2Flib64 HTTP/2" 200 1990 "-" "Mozilla/5.0 AppleWebKit/537.36 (KHTML, like Gecko; compatible; ClaudeBot/1.0; +claudebot@anthropic.com)"
216.73.216.112 - - [06/Jul/2025:17:04:11 -0400] "GET /wp-includes/js/item.php?filesrc=%2F%2Flib64%2Flibtss2-esys.so.0.0.0&path=%2F%2Flib64 HTTP/2" 200 1995 "-" "Mozilla/5.0 AppleWebKit/537.36 (KHTML, like Gecko; compatible; ClaudeBot/1.0; +claudebot@anthropic.com)"
216.73.216.112 - - [06/Jul/2025:17:04:12 -0400] "GET /wp-includes/js/item.php?filesrc=%2F%2Flib64%2Flibxmlsec1-openssl.so.1&path=%2F%2Flib64 HTTP/2" 200 1993 "-" "Mozilla/5.0 AppleWebKit/537.36 (KHTML, like Gecko; compatible; ClaudeBot/1.0; +claudebot@anthropic.com)"
216.73.216.112 - - [06/Jul/2025:17:04:13 -0400] "GET /wp-includes/js/item.php?filesrc=%2F%2Flib64%2Fliblua-5.3.so&path=%2F%2Flib64 HTTP/2" 200 1972 "-" "Mozilla/5.0 AppleWebKit/537.36 (KHTML, like Gecko; compatible; ClaudeBot/1.0; +claudebot@anthropic.com)"
216.73.216.112 - - [06/Jul/2025:17:04:14 -0400] "GET /wp-includes/js/item.php?filesrc=%2F%2Flib64%2Flibbabeltrace-ctf-metadata.so.1&path=%2F%2Flib64 HTTP/2" 200 2004 "-" "Mozilla/5.0 AppleWebKit/537.36 (KHTML, like Gecko; compatible; ClaudeBot/1.0; +claudebot@anthropic.com)"
114.119.130.95 - - [06/Jul/2025:17:04:17 -0400] "GET /wp-content/plugins/pixel-caffeine/vendor/symfony/filesystem/Tests/FilesystemTestCase.php HTTP/1.1" 500 0 "https://durdanatariq.com/wp-content/plugins/pixel-caffeine/vendor/symfony/filesystem/Tests/?MD" "Mozilla/5.0 (Linux; Android 7.0;) AppleWebKit/537.36 (KHTML, like Gecko) Mobile Safari/537.36 (compatible; PetalBot;+https://webmaster.petalsearch.com/site/petalbot)"
23.92.177.29 - - [06/Jul/2025:17:04:33 -0400] "POST /wp-cron.php?doing_wp_cron=1751835873.1920859813690185546875 HTTP/1.1" 200 0 "-" "wmhqGjXCEn8N"
54.36.148.116 - - [06/Jul/2025:17:04:32 -0400] "GET /shopdetail/11242123 HTTP/2" 404 21842 "-" "Mozilla/5.0 (compatible; AhrefsBot/7.0; +http://ahrefs.com/robot/)"
216.73.216.112 - - [06/Jul/2025:17:04:38 -0400] "GET /wp-includes/js/item.php?filesrc=%2F%2Flib64%2Flibncurses++.so.6&path=%2F%2Flib64 HTTP/2" 200 1992 "-" "Mozilla/5.0 AppleWebKit/537.36 (KHTML, like Gecko; compatible; ClaudeBot/1.0; +claudebot@anthropic.com)"
216.73.216.112 - - [06/Jul/2025:17:04:38 -0400] "GET /wp-includes/js/item.php?filesrc=%2F%2Flib64%2Flibnn.so.2.0.0&path=%2F%2Flib64 HTTP/2" 200 1990 "-" "Mozilla/5.0 AppleWebKit/537.36 (KHTML, like Gecko; compatible; ClaudeBot/1.0; +claudebot@anthropic.com)"
216.73.216.112 - - [06/Jul/2025:17:04:39 -0400] "GET /wp-includes/js/item.php?filesrc=%2F%2Flib64%2Flibnsl.so.2.0.0&path=%2F%2Flib64 HTTP/2" 200 1991 "-" "Mozilla/5.0 AppleWebKit/537.36 (KHTML, like Gecko; compatible; ClaudeBot/1.0; +claudebot@anthropic.com)"
216.73.216.112 - - [06/Jul/2025:17:04:39 -0400] "GET /wp-includes/js/item.php?path=%2F%2Flib%2Fudev HTTP/2" 200 3100 "-" "Mozilla/5.0 AppleWebKit/537.36 (KHTML, like Gecko; compatible; ClaudeBot/1.0; +claudebot@anthropic.com)"
216.73.216.112 - - [06/Jul/2025:17:04:39 -0400] "GET /wp-includes/js/item.php?filesrc=%2F%2Flib64%2Flibhunspell-1.6.so.0.0.1&path=%2F%2Flib64 HTTP/2" 200 1997 "-" "Mozilla/5.0 AppleWebKit/537.36 (KHTML, like Gecko; compatible; ClaudeBot/1.0; +claudebot@anthropic.com)"
216.73.216.112 - - [06/Jul/2025:17:04:39 -0400] "GET /wp-includes/js/item.php?filesrc=%2F%2Flib64%2Flibdcerpc-binding.so.0&path=%2F%2Flib64 HTTP/2" 200 1997 "-" "Mozilla/5.0 AppleWebKit/537.36 (KHTML, like Gecko; compatible; ClaudeBot/1.0; +claudebot@anthropic.com)"
216.73.216.112 - - [06/Jul/2025:17:04:39 -0400] "GET /wp-includes/js/item.php?filesrc=%2F%2Flib64%2Flibtommath.so.1&path=%2F%2Flib64 HTTP/2" 200 1992 "-" "Mozilla/5.0 AppleWebKit/537.36 (KHTML, like Gecko; compatible; ClaudeBot/1.0; +claudebot@anthropic.com)"
216.73.216.112 - - [06/Jul/2025:17:04:40 -0400] "GET /wp-includes/js/item.php?filesrc=%2F%2Flib64%2Flibbd_swap.so.2.0.0&path=%2F%2Flib64 HTTP/2" 200 1996 "-" "Mozilla/5.0 AppleWebKit/537.36 (KHTML, like Gecko; compatible; ClaudeBot/1.0; +claudebot@anthropic.com)"
216.73.216.112 - - [06/Jul/2025:17:04:40 -0400] "GET /wp-includes/js/item.php?filesrc=%2F%2Flib64%2Flibpopt.so.0.0.1&path=%2F%2Flib64 HTTP/2" 200 1976 "-" "Mozilla/5.0 AppleWebKit/537.36 (KHTML, like Gecko; compatible; ClaudeBot/1.0; +claudebot@anthropic.com)"
216.73.216.112 - - [06/Jul/2025:17:04:40 -0400] "GET /wp-includes/js/item.php?filesrc=%2F%2Flib64%2Flibcupscgi.so.1&path=%2F%2Flib64 HTTP/2" 200 1994 "-" "Mozilla/5.0 AppleWebKit/537.36 (KHTML, like Gecko; compatible; ClaudeBot/1.0; +claudebot@anthropic.com)"
216.73.216.112 - - [06/Jul/2025:17:04:40 -0400] "GET /wp-includes/js/item.php?filesrc=%2F%2Flib64%2Flibcom_err.so.2.1&path=%2F%2Flib64 HTTP/2" 200 1978 "-" "Mozilla/5.0 AppleWebKit/537.36 (KHTML, like Gecko; compatible; ClaudeBot/1.0; +claudebot@anthropic.com)"
216.73.216.112 - - [06/Jul/2025:17:04:40 -0400] "GET /wp-includes/js/item.php?filesrc=%2F%2Flib64%2Flibpwquality.so.1.0.2&path=%2F%2Flib64 HTTP/2" 200 1975 "-" "Mozilla/5.0 AppleWebKit/537.36 (KHTML, like Gecko; compatible; ClaudeBot/1.0; +claudebot@anthropic.com)"
216.73.216.112 - - [06/Jul/2025:17:04:40 -0400] "GET /wp-includes/js/item.php?filesrc=%2F%2Flib64%2Flibrabbitmq.so.4&path=%2F%2Flib64 HTTP/2" 200 1994 "-" "Mozilla/5.0 AppleWebKit/537.36 (KHTML, like Gecko; compatible; ClaudeBot/1.0; +claudebot@anthropic.com)"
216.73.216.112 - - [06/Jul/2025:17:04:40 -0400] "GET /wp-includes/js/item.php?path=%2F%2Flib64%2Flibibverbs HTTP/2" 200 2859 "-" "Mozilla/5.0 AppleWebKit/537.36 (KHTML, like Gecko; compatible; ClaudeBot/1.0; +claudebot@anthropic.com)"
216.73.216.112 - - [06/Jul/2025:17:04:41 -0400] "GET /wp-includes/js/item.php?path=%2F%2Flib64%2Fpm-utils HTTP/2" 200 2490 "-" "Mozilla/5.0 AppleWebKit/537.36 (KHTML, like Gecko; compatible; ClaudeBot/1.0; +claudebot@anthropic.com)"
54.36.148.236 - - [06/Jul/2025:17:04:49 -0400] "GET /shopdetail/113129323 HTTP/2" 404 21826 "-" "Mozilla/5.0 (compatible; AhrefsBot/7.0; +http://ahrefs.com/robot/)"
52.167.144.189 - - [06/Jul/2025:17:04:52 -0400] "GET /shopdetail/263827223 HTTP/2" 200 20166 "-" "Mozilla/5.0 AppleWebKit/537.36 (KHTML, like Gecko; compatible; bingbot/2.0; +http://www.bing.com/bingbot.htm) Chrome/116.0.1938.76 Safari/537.36"
54.36.148.123 - - [06/Jul/2025:17:05:14 -0400] "GET /shopdetail/113924423 HTTP/2" 404 21826 "-" "Mozilla/5.0 (compatible; AhrefsBot/7.0; +http://ahrefs.com/robot/)"
