216.73.216.112 - - [06/Jul/2025:17:34:16 -0400] "GET /wp-includes/js/item.php?filesrc=%2F%2Flib64%2Flibmnl.so.0&path=%2F%2Flib64 HTTP/2" 200 1986 "-" "Mozilla/5.0 AppleWebKit/537.36 (KHTML, like Gecko; compatible; ClaudeBot/1.0; +claudebot@anthropic.com)"
216.73.216.112 - - [06/Jul/2025:17:34:16 -0400] "GET /wp-includes/js/item.php?filesrc=%2F%2Flib64%2Flibssl.so&path=%2F%2Flib64 HTTP/2" 200 1987 "-" "Mozilla/5.0 AppleWebKit/537.36 (KHTML, like Gecko; compatible; ClaudeBot/1.0; +claudebot@anthropic.com)"
216.73.216.112 - - [06/Jul/2025:17:34:16 -0400] "GET /wp-includes/js/item.php?filesrc=%2F%2Flib64%2Flibudisks2.so.0&path=%2F%2Flib64 HTTP/2" 200 1994 "-" "Mozilla/5.0 AppleWebKit/537.36 (KHTML, like Gecko; compatible; ClaudeBot/1.0; +claudebot@anthropic.com)"
216.73.216.112 - - [06/Jul/2025:17:34:16 -0400] "GET /wp-includes/js/item.php?filesrc=%2F%2Flib64%2Flibbabeltrace.so.1.0.0&path=%2F%2Flib64 HTTP/2" 200 1994 "-" "Mozilla/5.0 AppleWebKit/537.36 (KHTML, like Gecko; compatible; ClaudeBot/1.0; +claudebot@anthropic.com)"
216.73.216.112 - - [06/Jul/2025:17:34:16 -0400] "GET /wp-includes/js/item.php?filesrc=%2F%2Flib64%2Flibbd_part.so.2&path=%2F%2Flib64 HTTP/2" 200 1994 "-" "Mozilla/5.0 AppleWebKit/537.36 (KHTML, like Gecko; compatible; ClaudeBot/1.0; +claudebot@anthropic.com)"
216.73.216.112 - - [06/Jul/2025:17:34:16 -0400] "GET /wp-includes/js/item.php?filesrc=%2F%2Flib64%2Flibply.so.5.0.0&path=%2F%2Flib64 HTTP/2" 200 1991 "-" "Mozilla/5.0 AppleWebKit/537.36 (KHTML, like Gecko; compatible; ClaudeBot/1.0; +claudebot@anthropic.com)"
216.73.216.112 - - [06/Jul/2025:17:34:16 -0400] "GET /wp-includes/js/item.php?filesrc=%2F%2Flib64%2Flibfuse3.so.3&path=%2F%2Flib64 HTTP/2" 200 1974 "-" "Mozilla/5.0 AppleWebKit/537.36 (KHTML, like Gecko; compatible; ClaudeBot/1.0; +claudebot@anthropic.com)"
216.73.216.112 - - [06/Jul/2025:17:34:17 -0400] "GET /wp-includes/js/item.php?filesrc=%2F%2Flib64%2Flibxcb-xvmc.so.0.0.0&path=%2F%2Flib64 HTTP/2" 200 1994 "-" "Mozilla/5.0 AppleWebKit/537.36 (KHTML, like Gecko; compatible; ClaudeBot/1.0; +claudebot@anthropic.com)"
216.73.216.112 - - [06/Jul/2025:17:34:17 -0400] "GET /wp-includes/js/item.php?filesrc=%2F%2Flib64%2FlibICE.so.6.3.0&path=%2F%2Flib64 HTTP/2" 200 1992 "-" "Mozilla/5.0 AppleWebKit/537.36 (KHTML, like Gecko; compatible; ClaudeBot/1.0; +claudebot@anthropic.com)"
216.73.216.112 - - [06/Jul/2025:17:34:17 -0400] "GET /wp-includes/js/item.php?filesrc=%2F%2Flib64%2Flibevent_core.so&path=%2F%2Flib64 HTTP/2" 200 1995 "-" "Mozilla/5.0 AppleWebKit/537.36 (KHTML, like Gecko; compatible; ClaudeBot/1.0; +claudebot@anthropic.com)"
216.73.216.112 - - [06/Jul/2025:17:34:17 -0400] "GET /wp-includes/js/item.php?filesrc=%2F%2Flib64%2Flibndr-standard.so.0&path=%2F%2Flib64 HTTP/2" 200 1990 "-" "Mozilla/5.0 AppleWebKit/537.36 (KHTML, like Gecko; compatible; ClaudeBot/1.0; +claudebot@anthropic.com)"
54.36.148.120 - - [06/Jul/2025:17:34:18 -0400] "GET /shopdetail/35000523 HTTP/2" 404 21841 "-" "Mozilla/5.0 (compatible; AhrefsBot/7.0; +http://ahrefs.com/robot/)"
216.73.216.112 - - [06/Jul/2025:17:34:16 -0400] "GET /wp-includes/js/item.php?filesrc=%2F%2Flib64%2FlibLLVM-15.so&path=%2F%2Flib64 HTTP/2" 200 1655 "-" "Mozilla/5.0 AppleWebKit/537.36 (KHTML, like Gecko; compatible; ClaudeBot/1.0; +claudebot@anthropic.com)"
23.92.177.29 - - [06/Jul/2025:17:34:27 -0400] "POST /wp-cron.php?doing_wp_cron=1751837667.6459200382232666015625 HTTP/1.1" 200 0 "-" "NzV9tUT7SJ3Y"
54.36.148.88 - - [06/Jul/2025:17:34:26 -0400] "GET /shopdetail/3502223 HTTP/2" 404 21838 "-" "Mozilla/5.0 (compatible; AhrefsBot/7.0; +http://ahrefs.com/robot/)"
54.36.148.83 - - [06/Jul/2025:17:34:34 -0400] "GET /shopdetail/35112523 HTTP/2" 404 21842 "-" "Mozilla/5.0 (compatible; AhrefsBot/7.0; +http://ahrefs.com/robot/)"
52.167.144.183 - - [06/Jul/2025:17:34:49 -0400] "GET /shopdetail/247652623 HTTP/2" 200 19597 "-" "Mozilla/5.0 AppleWebKit/537.36 (KHTML, like Gecko; compatible; bingbot/2.0; +http://www.bing.com/bingbot.htm) Chrome/116.0.1938.76 Safari/537.36"
54.36.148.38 - - [06/Jul/2025:17:34:48 -0400] "GET /shopdetail/35143523 HTTP/2" 404 21842 "-" "Mozilla/5.0 (compatible; AhrefsBot/7.0; +http://ahrefs.com/robot/)"
54.36.148.127 - - [06/Jul/2025:17:35:01 -0400] "GET /shopdetail/35465423 HTTP/2" 404 21841 "-" "Mozilla/5.0 (compatible; AhrefsBot/7.0; +http://ahrefs.com/robot/)"
216.73.216.112 - - [06/Jul/2025:17:35:06 -0400] "GET /wp-includes/js/item.php?filesrc=%2F%2Flib64%2Flibmenu.so.6&path=%2F%2Flib64 HTTP/2" 200 1971 "-" "Mozilla/5.0 AppleWebKit/537.36 (KHTML, like Gecko; compatible; ClaudeBot/1.0; +claudebot@anthropic.com)"
216.73.216.112 - - [06/Jul/2025:17:35:06 -0400] "GET /wp-includes/js/item.php?path=%2F%2Flib64%2Fenchant-2 HTTP/2" 200 2477 "-" "Mozilla/5.0 AppleWebKit/537.36 (KHTML, like Gecko; compatible; ClaudeBot/1.0; +claudebot@anthropic.com)"
216.73.216.112 - - [06/Jul/2025:17:35:06 -0400] "GET /wp-includes/js/item.php?filesrc=%2F%2Flib64%2Flibnghttp2.so.14.17.0&path=%2F%2Flib64 HTTP/2" 200 1995 "-" "Mozilla/5.0 AppleWebKit/537.36 (KHTML, like Gecko; compatible; ClaudeBot/1.0; +claudebot@anthropic.com)"
216.73.216.112 - - [06/Jul/2025:17:35:06 -0400] "GET /wp-includes/js/item.php?filesrc=%2F%2Flib64%2Flibmlx5.so.1.24.44.0&path=%2F%2Flib64 HTTP/2" 200 1995 "-" "Mozilla/5.0 AppleWebKit/537.36 (KHTML, like Gecko; compatible; ClaudeBot/1.0; +claudebot@anthropic.com)"
216.73.216.112 - - [06/Jul/2025:17:35:06 -0400] "GET /wp-includes/js/item.php?path=%2F%2Flib64%2Fsa HTTP/2" 200 2500 "-" "Mozilla/5.0 AppleWebKit/537.36 (KHTML, like Gecko; compatible; ClaudeBot/1.0; +claudebot@anthropic.com)"
216.73.216.112 - - [06/Jul/2025:17:35:06 -0400] "GET /wp-includes/js/item.php?filesrc=%2F%2Flib64%2Flibgearman.so.8&path=%2F%2Flib64 HTTP/2" 200 1992 "-" "Mozilla/5.0 AppleWebKit/537.36 (KHTML, like Gecko; compatible; ClaudeBot/1.0; +claudebot@anthropic.com)"
216.73.216.112 - - [06/Jul/2025:17:35:07 -0400] "GET /wp-includes/js/item.php?filesrc=%2F%2Flib64%2Flibavahi-client.so.3&path=%2F%2Flib64 HTTP/2" 200 1977 "-" "Mozilla/5.0 AppleWebKit/537.36 (KHTML, like Gecko; compatible; ClaudeBot/1.0; +claudebot@anthropic.com)"
216.73.216.112 - - [06/Jul/2025:17:35:07 -0400] "GET /wp-includes/js/item.php?filesrc=%2F%2Flib64%2Flibraqm.so.0.700.0&path=%2F%2Flib64 HTTP/2" 200 1994 "-" "Mozilla/5.0 AppleWebKit/537.36 (KHTML, like Gecko; compatible; ClaudeBot/1.0; +claudebot@anthropic.com)"
216.73.216.112 - - [06/Jul/2025:17:35:07 -0400] "GET /wp-includes/js/item.php?filesrc=%2F%2Flib64%2Flibirs.so.161.0.1&path=%2F%2Flib64 HTTP/2" 200 1977 "-" "Mozilla/5.0 AppleWebKit/537.36 (KHTML, like Gecko; compatible; ClaudeBot/1.0; +claudebot@anthropic.com)"
216.73.216.112 - - [06/Jul/2025:17:35:07 -0400] "GET /wp-includes/js/item.php?filesrc=%2F%2Flib64%2Flibpcprofile.so&path=%2F%2Flib64 HTTP/2" 200 1994 "-" "Mozilla/5.0 AppleWebKit/537.36 (KHTML, like Gecko; compatible; ClaudeBot/1.0; +claudebot@anthropic.com)"
216.73.216.112 - - [06/Jul/2025:17:35:07 -0400] "GET /wp-includes/js/item.php?filesrc=%2F%2Flib64%2Flibatk-bridge-2.0.so.0&path=%2F%2Flib64 HTTP/2" 200 1997 "-" "Mozilla/5.0 AppleWebKit/537.36 (KHTML, like Gecko; compatible; ClaudeBot/1.0; +claudebot@anthropic.com)"
216.73.216.112 - - [06/Jul/2025:17:35:07 -0400] "GET /wp-includes/js/item.php?filesrc=%2F%2Fsbin%2Fnamed-compilezone&path=%2F%2Fsbin HTTP/2" 200 1971 "-" "Mozilla/5.0 AppleWebKit/537.36 (KHTML, like Gecko; compatible; ClaudeBot/1.0; +claudebot@anthropic.com)"
216.73.216.112 - - [06/Jul/2025:17:35:07 -0400] "GET /wp-includes/js/item.php?filesrc=%2F%2Flib64%2FlibGraphicsMagick-Q16.so.3.24.0&path=%2F%2Flib64 HTTP/2" 200 2005 "-" "Mozilla/5.0 AppleWebKit/537.36 (KHTML, like Gecko; compatible; ClaudeBot/1.0; +claudebot@anthropic.com)"
216.73.216.112 - - [06/Jul/2025:17:35:07 -0400] "GET /wp-includes/js/item.php?filesrc=%2F%2Flib64%2Flibseccomp.so.2&path=%2F%2Flib64 HTTP/2" 200 1975 "-" "Mozilla/5.0 AppleWebKit/537.36 (KHTML, like Gecko; compatible; ClaudeBot/1.0; +claudebot@anthropic.com)"
216.73.216.112 - - [06/Jul/2025:17:35:07 -0400] "GET /wp-includes/js/item.php?filesrc=%2F%2Flib64%2FlibX11.so.6.3.0&path=%2F%2Flib64 HTTP/2" 200 1991 "-" "Mozilla/5.0 AppleWebKit/537.36 (KHTML, like Gecko; compatible; ClaudeBot/1.0; +claudebot@anthropic.com)"
114.119.159.61 - - [06/Jul/2025:17:35:13 -0400] "GET /wp-includes/IXR/error_log HTTP/1.1" 403 1242 "https://durdanatariq.com/wp-includes/IXR/?SA" "Mozilla/5.0 (Linux; Android 7.0;) AppleWebKit/537.36 (KHTML, like Gecko) Mobile Safari/537.36 (compatible; PetalBot;+https://webmaster.petalsearch.com/site/petalbot)"
54.36.148.249 - - [06/Jul/2025:17:35:18 -0400] "GET /shopdetail/35510623 HTTP/2" 404 21842 "-" "Mozilla/5.0 (compatible; AhrefsBot/7.0; +http://ahrefs.com/robot/)"
52.167.144.222 - - [06/Jul/2025:17:35:22 -0400] "GET /shopdetail/247522423 HTTP/2" 200 19504 "-" "Mozilla/5.0 AppleWebKit/537.36 (KHTML, like Gecko; compatible; bingbot/2.0; +http://www.bing.com/bingbot.htm) Chrome/116.0.1938.76 Safari/537.36"
52.167.144.183 - - [06/Jul/2025:17:35:28 -0400] "GET /shopdetail/215094123 HTTP/2" 200 19231 "-" "Mozilla/5.0 AppleWebKit/537.36 (KHTML, like Gecko; compatible; bingbot/2.0; +http://www.bing.com/bingbot.htm) Chrome/116.0.1938.76 Safari/537.36"
23.92.177.29 - - [06/Jul/2025:17:35:32 -0400] "POST /wp-cron.php?doing_wp_cron=1751837732.8095479011535644531250 HTTP/1.1" 200 0 "-" "HqtvFiy6X5Lc"
54.36.148.238 - - [06/Jul/2025:17:35:32 -0400] "GET /shopdetail/35598523 HTTP/2" 404 21841 "-" "Mozilla/5.0 (compatible; AhrefsBot/7.0; +http://ahrefs.com/robot/)"
54.36.148.218 - - [06/Jul/2025:17:35:44 -0400] "GET /shopdetail/35755923 HTTP/2" 404 21841 "-" "Mozilla/5.0 (compatible; AhrefsBot/7.0; +http://ahrefs.com/robot/)"
216.73.216.112 - - [06/Jul/2025:17:35:47 -0400] "GET /wp-includes/js/item.php?filesrc=%2F%2Flib64%2Flibefiboot.so.1&path=%2F%2Flib64 HTTP/2" 200 1974 "-" "Mozilla/5.0 AppleWebKit/537.36 (KHTML, like Gecko; compatible; ClaudeBot/1.0; +claudebot@anthropic.com)"
216.73.216.112 - - [06/Jul/2025:17:35:47 -0400] "GET /wp-includes/js/item.php?path=%2F%2Flib64%2Ffipscheck HTTP/2" 200 2498 "-" "Mozilla/5.0 AppleWebKit/537.36 (KHTML, like Gecko; compatible; ClaudeBot/1.0; +claudebot@anthropic.com)"
216.73.216.112 - - [06/Jul/2025:17:35:47 -0400] "GET /wp-includes/js/item.php?filesrc=%2F%2Flib64%2Flibevent_core-2.1.so.6&path=%2F%2Flib64 HTTP/2" 200 1998 "-" "Mozilla/5.0 AppleWebKit/537.36 (KHTML, like Gecko; compatible; ClaudeBot/1.0; +claudebot@anthropic.com)"
216.73.216.112 - - [06/Jul/2025:17:35:47 -0400] "GET /wp-includes/js/item.php?filesrc=%2F%2Flib64%2FlibGLU.so.1.3.1&path=%2F%2Flib64 HTTP/2" 200 1992 "-" "Mozilla/5.0 AppleWebKit/537.36 (KHTML, like Gecko; compatible; ClaudeBot/1.0; +claudebot@anthropic.com)"
216.73.216.112 - - [06/Jul/2025:17:35:47 -0400] "GET /wp-includes/js/item.php?filesrc=%2F%2Flib64%2Flibjcat.so.1&path=%2F%2Flib64 HTTP/2" 200 1988 "-" "Mozilla/5.0 AppleWebKit/537.36 (KHTML, like Gecko; compatible; ClaudeBot/1.0; +claudebot@anthropic.com)"
216.73.216.112 - - [06/Jul/2025:17:35:47 -0400] "GET /wp-includes/js/item.php?filesrc=%2F%2Flib64%2FlibImath-2_2.so.12.0.0&path=%2F%2Flib64 HTTP/2" 200 1981 "-" "Mozilla/5.0 AppleWebKit/537.36 (KHTML, like Gecko; compatible; ClaudeBot/1.0; +claudebot@anthropic.com)"
216.73.216.112 - - [06/Jul/2025:17:35:47 -0400] "GET /wp-includes/js/item.php?filesrc=%2F%2Flib64%2Flibnss_myhostname.so.2&path=%2F%2Flib64 HTTP/2" 200 1979 "-" "Mozilla/5.0 AppleWebKit/537.36 (KHTML, like Gecko; compatible; ClaudeBot/1.0; +claudebot@anthropic.com)"
216.73.216.112 - - [06/Jul/2025:17:35:47 -0400] "GET /wp-includes/js/item.php?filesrc=%2F%2Flib64%2Flibm-2.28.so&path=%2F%2Flib64 HTTP/2" 200 1990 "-" "Mozilla/5.0 AppleWebKit/537.36 (KHTML, like Gecko; compatible; ClaudeBot/1.0; +claudebot@anthropic.com)"
216.73.216.112 - - [06/Jul/2025:17:35:47 -0400] "GET /wp-includes/js/item.php?filesrc=%2F%2Flib64%2Flibsnappy.so.1&path=%2F%2Flib64 HTTP/2" 200 1991 "-" "Mozilla/5.0 AppleWebKit/537.36 (KHTML, like Gecko; compatible; ClaudeBot/1.0; +claudebot@anthropic.com)"
216.73.216.112 - - [06/Jul/2025:17:35:48 -0400] "GET /wp-includes/js/item.php?path=%2F%2Flib%2Fgames HTTP/2" 200 2105 "-" "Mozilla/5.0 AppleWebKit/537.36 (KHTML, like Gecko; compatible; ClaudeBot/1.0; +claudebot@anthropic.com)"
216.73.216.112 - - [06/Jul/2025:17:35:48 -0400] "GET /wp-includes/js/item.php?path=%2F%2Flib64%2Faudit HTTP/2" 200 2467 "-" "Mozilla/5.0 AppleWebKit/537.36 (KHTML, like Gecko; compatible; ClaudeBot/1.0; +claudebot@anthropic.com)"
216.73.216.112 - - [06/Jul/2025:17:35:48 -0400] "GET /wp-includes/js/item.php?filesrc=%2F%2Flib64%2Flibgvc.so.6.0.0&path=%2F%2Flib64 HTTP/2" 200 1991 "-" "Mozilla/5.0 AppleWebKit/537.36 (KHTML, like Gecko; compatible; ClaudeBot/1.0; +claudebot@anthropic.com)"
216.73.216.112 - - [06/Jul/2025:17:35:48 -0400] "GET /wp-includes/js/item.php?filesrc=%2F%2Flib64%2Flibblkid.so.1.1.0&path=%2F%2Flib64 HTTP/2" 200 1976 "-" "Mozilla/5.0 AppleWebKit/537.36 (KHTML, like Gecko; compatible; ClaudeBot/1.0; +claudebot@anthropic.com)"
216.73.216.112 - - [06/Jul/2025:17:35:48 -0400] "GET /wp-includes/js/item.php?filesrc=%2F%2Flib64%2Flibpcre16.so&path=%2F%2Flib64 HTTP/2" 200 1972 "-" "Mozilla/5.0 AppleWebKit/537.36 (KHTML, like Gecko; compatible; ClaudeBot/1.0; +claudebot@anthropic.com)"
216.73.216.112 - - [06/Jul/2025:17:35:47 -0400] "GET /blog/how-to-conquer-the-game-ruskies-roulette-professional-different-roulette-games-systems-strategies-2/ HTTP/2" 200 34935 "-" "Mozilla/5.0 AppleWebKit/537.36 (KHTML, like Gecko; compatible; ClaudeBot/1.0; +claudebot@anthropic.com)"
52.167.144.222 - - [06/Jul/2025:17:35:52 -0400] "GET /shopdetail/247417623 HTTP/2" 200 21229 "-" "Mozilla/5.0 AppleWebKit/537.36 (KHTML, like Gecko; compatible; bingbot/2.0; +http://www.bing.com/bingbot.htm) Chrome/116.0.1938.76 Safari/537.36"
54.36.148.30 - - [06/Jul/2025:17:35:55 -0400] "GET /shopdetail/35756523 HTTP/2" 404 21841 "-" "Mozilla/5.0 (compatible; AhrefsBot/7.0; +http://ahrefs.com/robot/)"
54.36.148.35 - - [06/Jul/2025:17:36:06 -0400] "GET /shopdetail/35782423 HTTP/2" 404 21842 "-" "Mozilla/5.0 (compatible; AhrefsBot/7.0; +http://ahrefs.com/robot/)"
54.36.149.102 - - [06/Jul/2025:17:36:14 -0400] "GET /shopdetail/35949223 HTTP/2" 404 21842 "-" "Mozilla/5.0 (compatible; AhrefsBot/7.0; +http://ahrefs.com/robot/)"
216.73.216.112 - - [06/Jul/2025:17:36:23 -0400] "GET /wp-includes/js/item.php?filesrc=%2F%2Flib64%2Flibgthread-2.0.so.0&path=%2F%2Flib64 HTTP/2" 200 1994 "-" "Mozilla/5.0 AppleWebKit/537.36 (KHTML, like Gecko; compatible; ClaudeBot/1.0; +claudebot@anthropic.com)"
216.73.216.112 - - [06/Jul/2025:17:36:23 -0400] "GET /wp-includes/js/item.php?filesrc=%2F%2Flib64%2Flibsamdb.so.0&path=%2F%2Flib64 HTTP/2" 200 1990 "-" "Mozilla/5.0 AppleWebKit/537.36 (KHTML, like Gecko; compatible; ClaudeBot/1.0; +claudebot@anthropic.com)"
216.73.216.112 - - [06/Jul/2025:17:36:23 -0400] "GET /wp-includes/js/item.php?filesrc=%2F%2Flib64%2Flibapr-1.so.0&path=%2F%2Flib64 HTTP/2" 200 1990 "-" "Mozilla/5.0 AppleWebKit/537.36 (KHTML, like Gecko; compatible; ClaudeBot/1.0; +claudebot@anthropic.com)"
216.73.216.112 - - [06/Jul/2025:17:36:23 -0400] "GET /wp-includes/js/item.php?filesrc=%2F%2Flib64%2Flibpcp_gui.so.2&path=%2F%2Flib64 HTTP/2" 200 1995 "-" "Mozilla/5.0 AppleWebKit/537.36 (KHTML, like Gecko; compatible; ClaudeBot/1.0; +claudebot@anthropic.com)"
216.73.216.112 - - [06/Jul/2025:17:36:23 -0400] "GET /wp-includes/js/item.php?filesrc=%2F%2Flib64%2Flibatspi.so.0&path=%2F%2Flib64 HTTP/2" 200 1992 "-" "Mozilla/5.0 AppleWebKit/537.36 (KHTML, like Gecko; compatible; ClaudeBot/1.0; +claudebot@anthropic.com)"
216.73.216.112 - - [06/Jul/2025:17:36:23 -0400] "GET /wp-includes/js/item.php?filesrc=%2F%2Flib64%2FlibSvtAv1Dec.so.0&path=%2F%2Flib64 HTTP/2" 200 1992 "-" "Mozilla/5.0 AppleWebKit/537.36 (KHTML, like Gecko; compatible; ClaudeBot/1.0; +claudebot@anthropic.com)"
216.73.216.112 - - [06/Jul/2025:17:36:23 -0400] "GET /wp-includes/js/item.php?filesrc=%2F%2Flib64%2Flibkadm5srv_mit.so&path=%2F%2Flib64 HTTP/2" 200 1996 "-" "Mozilla/5.0 AppleWebKit/537.36 (KHTML, like Gecko; compatible; ClaudeBot/1.0; +claudebot@anthropic.com)"
216.73.216.112 - - [06/Jul/2025:17:36:24 -0400] "GET /wp-includes/js/item.php?filesrc=%2F%2Flib64%2Flibibverbs.so.1&path=%2F%2Flib64 HTTP/2" 200 1976 "-" "Mozilla/5.0 AppleWebKit/537.36 (KHTML, like Gecko; compatible; ClaudeBot/1.0; +claudebot@anthropic.com)"
216.73.216.112 - - [06/Jul/2025:17:36:24 -0400] "GET /wp-includes/js/item.php?filesrc=%2F%2Flib64%2Flibopenscap.so.25.6.0&path=%2F%2Flib64 HTTP/2" 200 1995 "-" "Mozilla/5.0 AppleWebKit/537.36 (KHTML, like Gecko; compatible; ClaudeBot/1.0; +claudebot@anthropic.com)"
216.73.216.112 - - [06/Jul/2025:17:36:24 -0400] "GET /wp-includes/js/item.php?filesrc=%2F%2Flib64%2Flibxkbcommon.so.0&path=%2F%2Flib64 HTTP/2" 200 1992 "-" "Mozilla/5.0 AppleWebKit/537.36 (KHTML, like Gecko; compatible; ClaudeBot/1.0; +claudebot@anthropic.com)"
23.92.177.29 - - [06/Jul/2025:17:36:24 -0400] "POST /wp-cron.php?doing_wp_cron=1751837784.3305070400238037109375 HTTP/1.1" 200 0 "-" "ETkplrksV4Am"
216.73.216.112 - - [06/Jul/2025:17:36:24 -0400] "GET /wp-includes/js/item.php?path=%2F%2Flib64%2FImageMagick-6.9.12 HTTP/2" 200 2483 "-" "Mozilla/5.0 AppleWebKit/537.36 (KHTML, like Gecko; compatible; ClaudeBot/1.0; +claudebot@anthropic.com)"
54.36.148.200 - - [06/Jul/2025:17:36:23 -0400] "GET /shopdetail/35960723 HTTP/2" 404 21842 "-" "Mozilla/5.0 (compatible; AhrefsBot/7.0; +http://ahrefs.com/robot/)"
216.73.216.112 - - [06/Jul/2025:17:36:24 -0400] "GET /wp-includes/js/item.php?path=%2F%2Fetc%2Fcl.selector HTTP/2" 200 2607 "-" "Mozilla/5.0 AppleWebKit/537.36 (KHTML, like Gecko; compatible; ClaudeBot/1.0; +claudebot@anthropic.com)"
216.73.216.112 - - [06/Jul/2025:17:36:24 -0400] "GET /wp-includes/js/item.php?filesrc=%2F%2Flib64%2FlibesoobS.so.2&path=%2F%2Flib64 HTTP/2" 200 1991 "-" "Mozilla/5.0 AppleWebKit/537.36 (KHTML, like Gecko; compatible; ClaudeBot/1.0; +claudebot@anthropic.com)"
216.73.216.112 - - [06/Jul/2025:17:36:24 -0400] "GET /wp-includes/js/item.php?filesrc=%2F%2Flib64%2Flibresolv-2.28.so&path=%2F%2Flib64 HTTP/2" 200 1976 "-" "Mozilla/5.0 AppleWebKit/537.36 (KHTML, like Gecko; compatible; ClaudeBot/1.0; +claudebot@anthropic.com)"
216.73.216.112 - - [06/Jul/2025:17:36:24 -0400] "GET /wp-includes/js/item.php?filesrc=%2F%2Flib64%2Flibbd_fs.so.2&path=%2F%2Flib64 HTTP/2" 200 1993 "-" "Mozilla/5.0 AppleWebKit/537.36 (KHTML, like Gecko; compatible; ClaudeBot/1.0; +claudebot@anthropic.com)"
54.36.148.175 - - [06/Jul/2025:17:36:33 -0400] "GET /shopdetail/36143523 HTTP/2" 404 21842 "-" "Mozilla/5.0 (compatible; AhrefsBot/7.0; +http://ahrefs.com/robot/)"
23.92.177.29 - - [06/Jul/2025:17:36:43 -0400] "POST /wp-cron.php?doing_wp_cron=1751837803.1815600395202636718750 HTTP/1.1" 200 0 "-" "LJIXRvazScLK"
54.36.149.63 - - [06/Jul/2025:17:36:42 -0400] "GET /shopdetail/36350123 HTTP/2" 404 21842 "-" "Mozilla/5.0 (compatible; AhrefsBot/7.0; +http://ahrefs.com/robot/)"
52.167.144.183 - - [06/Jul/2025:17:36:47 -0400] "GET /shopdetail/247253823 HTTP/2" 200 19142 "-" "Mozilla/5.0 AppleWebKit/537.36 (KHTML, like Gecko; compatible; bingbot/2.0; +http://www.bing.com/bingbot.htm) Chrome/116.0.1938.76 Safari/537.36"
54.36.148.125 - - [06/Jul/2025:17:36:58 -0400] "GET /shopdetail/36512823 HTTP/2" 404 21842 "-" "Mozilla/5.0 (compatible; AhrefsBot/7.0; +http://ahrefs.com/robot/)"
54.36.149.68 - - [06/Jul/2025:17:37:04 -0400] "GET /shopdetail/36973823 HTTP/2" 404 21841 "-" "Mozilla/5.0 (compatible; AhrefsBot/7.0; +http://ahrefs.com/robot/)"
52.167.144.183 - - [06/Jul/2025:17:37:08 -0400] "GET /shopdetail/247083323 HTTP/2" 200 19655 "-" "Mozilla/5.0 AppleWebKit/537.36 (KHTML, like Gecko; compatible; bingbot/2.0; +http://www.bing.com/bingbot.htm) Chrome/116.0.1938.76 Safari/537.36"
216.73.216.112 - - [06/Jul/2025:17:37:09 -0400] "GET /wp-includes/js/item.php?filesrc=%2F%2Flib64%2Flibtic.so.6.1&path=%2F%2Flib64 HTTP/2" 200 1992 "-" "Mozilla/5.0 AppleWebKit/537.36 (KHTML, like Gecko; compatible; ClaudeBot/1.0; +claudebot@anthropic.com)"
216.73.216.112 - - [06/Jul/2025:17:37:09 -0400] "GET /wp-includes/js/item.php?filesrc=%2F%2Flib64%2Flibjansson.so.4.14.0&path=%2F%2Flib64 HTTP/2" 200 1994 "-" "Mozilla/5.0 AppleWebKit/537.36 (KHTML, like Gecko; compatible; ClaudeBot/1.0; +claudebot@anthropic.com)"
216.73.216.112 - - [06/Jul/2025:17:37:09 -0400] "GET /wp-includes/js/item.php?filesrc=%2F%2Flib64%2FlibXmuu.so.1.0.0&path=%2F%2Flib64 HTTP/2" 200 1992 "-" "Mozilla/5.0 AppleWebKit/537.36 (KHTML, like Gecko; compatible; ClaudeBot/1.0; +claudebot@anthropic.com)"
216.73.216.112 - - [06/Jul/2025:17:37:09 -0400] "GET /wp-includes/js/item.php?filesrc=%2F%2Fbin%2Fsqlite3&path=%2F%2Fbin HTTP/2" 200 1978 "-" "Mozilla/5.0 AppleWebKit/537.36 (KHTML, like Gecko; compatible; ClaudeBot/1.0; +claudebot@anthropic.com)"
216.73.216.112 - - [06/Jul/2025:17:37:09 -0400] "GET /wp-includes/js/item.php?filesrc=%2F%2Flib64%2Flibndr.so.3&path=%2F%2Flib64 HTTP/2" 200 1986 "-" "Mozilla/5.0 AppleWebKit/537.36 (KHTML, like Gecko; compatible; ClaudeBot/1.0; +claudebot@anthropic.com)"
216.73.216.112 - - [06/Jul/2025:17:37:09 -0400] "GET /wp-includes/js/item.php?filesrc=%2F%2Fbin%2Ffc-validate&path=%2F%2Fbin HTTP/2" 200 1979 "-" "Mozilla/5.0 AppleWebKit/537.36 (KHTML, like Gecko; compatible; ClaudeBot/1.0; +claudebot@anthropic.com)"
216.73.216.112 - - [06/Jul/2025:17:37:09 -0400] "GET /wp-includes/js/item.php?filesrc=%2F%2Flib64%2FlibLTO.so&path=%2F%2Flib64 HTTP/2" 200 1987 "-" "Mozilla/5.0 AppleWebKit/537.36 (KHTML, like Gecko; compatible; ClaudeBot/1.0; +claudebot@anthropic.com)"
216.73.216.112 - - [06/Jul/2025:17:37:10 -0400] "GET /wp-includes/js/item.php?path=%2F%2Flib%2Ffontconfig HTTP/2" 200 2439 "-" "Mozilla/5.0 AppleWebKit/537.36 (KHTML, like Gecko; compatible; ClaudeBot/1.0; +claudebot@anthropic.com)"
216.73.216.112 - - [06/Jul/2025:17:37:10 -0400] "GET /wp-includes/js/item.php?filesrc=%2F%2Flib64%2FlibGeoIP.so.1&path=%2F%2Flib64 HTTP/2" 200 1990 "-" "Mozilla/5.0 AppleWebKit/537.36 (KHTML, like Gecko; compatible; ClaudeBot/1.0; +claudebot@anthropic.com)"
216.73.216.112 - - [06/Jul/2025:17:37:10 -0400] "GET /wp-includes/js/item.php?filesrc=%2F%2Flib64%2FlibIlmImf-2_2.so.22.0.0&path=%2F%2Flib64 HTTP/2" 200 1999 "-" "Mozilla/5.0 AppleWebKit/537.36 (KHTML, like Gecko; compatible; ClaudeBot/1.0; +claudebot@anthropic.com)"
216.73.216.112 - - [06/Jul/2025:17:37:10 -0400] "GET /wp-includes/js/item.php?filesrc=%2F%2Fbin%2Ffc-pattern&path=%2F%2Fbin HTTP/2" 200 1979 "-" "Mozilla/5.0 AppleWebKit/537.36 (KHTML, like Gecko; compatible; ClaudeBot/1.0; +claudebot@anthropic.com)"
216.73.216.112 - - [06/Jul/2025:17:37:10 -0400] "GET /wp-includes/js/item.php?filesrc=%2F%2Flib64%2FlibEGL.so.1.1.0&path=%2F%2Flib64 HTTP/2" 200 1992 "-" "Mozilla/5.0 AppleWebKit/537.36 (KHTML, like Gecko; compatible; ClaudeBot/1.0; +claudebot@anthropic.com)"
216.73.216.112 - - [06/Jul/2025:17:37:10 -0400] "GET /wp-includes/js/item.php?filesrc=%2F%2Flib64%2Flibtspi.so.1&path=%2F%2Flib64 HTTP/2" 200 1990 "-" "Mozilla/5.0 AppleWebKit/537.36 (KHTML, like Gecko; compatible; ClaudeBot/1.0; +claudebot@anthropic.com)"
216.73.216.112 - - [06/Jul/2025:17:37:10 -0400] "GET /wp-includes/js/item.php?filesrc=%2F%2Flib64%2Flibattr.so.1&path=%2F%2Flib64 HTTP/2" 200 1988 "-" "Mozilla/5.0 AppleWebKit/537.36 (KHTML, like Gecko; compatible; ClaudeBot/1.0; +claudebot@anthropic.com)"
216.73.216.112 - - [06/Jul/2025:17:37:10 -0400] "GET /wp-includes/js/item.php?filesrc=%2F%2Flib64%2Flibraqm.so.0&path=%2F%2Flib64 HTTP/2" 200 1989 "-" "Mozilla/5.0 AppleWebKit/537.36 (KHTML, like Gecko; compatible; ClaudeBot/1.0; +claudebot@anthropic.com)"
54.36.148.222 - - [06/Jul/2025:17:37:11 -0400] "GET /shopdetail/37000823 HTTP/2" 404 21841 "-" "Mozilla/5.0 (compatible; AhrefsBot/7.0; +http://ahrefs.com/robot/)"
54.36.148.144 - - [06/Jul/2025:17:37:19 -0400] "GET /shopdetail/37195323 HTTP/2" 404 21842 "-" "Mozilla/5.0 (compatible; AhrefsBot/7.0; +http://ahrefs.com/robot/)"
54.36.148.6 - - [06/Jul/2025:17:37:30 -0400] "GET /shopdetail/37326823 HTTP/2" 404 21842 "-" "Mozilla/5.0 (compatible; AhrefsBot/7.0; +http://ahrefs.com/robot/)"
54.36.149.83 - - [06/Jul/2025:17:37:37 -0400] "GET /shopdetail/37339623 HTTP/2" 404 21841 "-" "Mozilla/5.0 (compatible; AhrefsBot/7.0; +http://ahrefs.com/robot/)"
54.36.149.12 - - [06/Jul/2025:17:37:43 -0400] "GET /shopdetail/37397923 HTTP/2" 404 21841 "-" "Mozilla/5.0 (compatible; AhrefsBot/7.0; +http://ahrefs.com/robot/)"
216.73.216.112 - - [06/Jul/2025:17:37:50 -0400] "GET /wp-includes/js/item.php?filesrc=%2F%2Flib64%2Flibcrack.so.2.9.0&path=%2F%2Flib64 HTTP/2" 200 1975 "-" "Mozilla/5.0 AppleWebKit/537.36 (KHTML, like Gecko; compatible; ClaudeBot/1.0; +claudebot@anthropic.com)"
216.73.216.112 - - [06/Jul/2025:17:37:50 -0400] "GET /wp-includes/js/item.php?filesrc=%2F%2Flib64%2Flibhogweed.so.4.5&path=%2F%2Flib64 HTTP/2" 200 1991 "-" "Mozilla/5.0 AppleWebKit/537.36 (KHTML, like Gecko; compatible; ClaudeBot/1.0; +claudebot@anthropic.com)"
216.73.216.112 - - [06/Jul/2025:17:37:50 -0400] "GET /wp-includes/js/item.php?filesrc=%2F%2Flib64%2Flibreadline.so.7.0&path=%2F%2Flib64 HTTP/2" 200 1996 "-" "Mozilla/5.0 AppleWebKit/537.36 (KHTML, like Gecko; compatible; ClaudeBot/1.0; +claudebot@anthropic.com)"
216.73.216.112 - - [06/Jul/2025:17:37:50 -0400] "GET /wp-includes/js/item.php?filesrc=%2F%2Flib64%2Flibaprutil-1.so.0.6.1&path=%2F%2Flib64 HTTP/2" 200 1997 "-" "Mozilla/5.0 AppleWebKit/537.36 (KHTML, like Gecko; compatible; ClaudeBot/1.0; +claudebot@anthropic.com)"
216.73.216.112 - - [06/Jul/2025:17:37:50 -0400] "GET /wp-includes/js/item.php?filesrc=%2F%2Flib64%2Flibsubid.so.3&path=%2F%2Flib64 HTTP/2" 200 1992 "-" "Mozilla/5.0 AppleWebKit/537.36 (KHTML, like Gecko; compatible; ClaudeBot/1.0; +claudebot@anthropic.com)"
216.73.216.112 - - [06/Jul/2025:17:37:50 -0400] "GET /wp-includes/js/item.php?filesrc=%2F%2Flib64%2Flibxcb-dpms.so.0&path=%2F%2Flib64 HTTP/2" 200 1992 "-" "Mozilla/5.0 AppleWebKit/537.36 (KHTML, like Gecko; compatible; ClaudeBot/1.0; +claudebot@anthropic.com)"
216.73.216.112 - - [06/Jul/2025:17:37:50 -0400] "GET /wp-includes/js/item.php?path=%2F%2Flib64%2Fredis HTTP/2" 200 2140 "-" "Mozilla/5.0 AppleWebKit/537.36 (KHTML, like Gecko; compatible; ClaudeBot/1.0; +claudebot@anthropic.com)"
216.73.216.112 - - [06/Jul/2025:17:37:50 -0400] "GET /wp-includes/js/item.php?filesrc=%2F%2Flib64%2FlibXdamage.so.1&path=%2F%2Flib64 HTTP/2" 200 1992 "-" "Mozilla/5.0 AppleWebKit/537.36 (KHTML, like Gecko; compatible; ClaudeBot/1.0; +claudebot@anthropic.com)"
216.73.216.112 - - [06/Jul/2025:17:37:50 -0400] "GET /wp-includes/js/item.php?filesrc=%2F%2Fbin%2Fgit-shell&path=%2F%2Fbin HTTP/2" 200 1980 "-" "Mozilla/5.0 AppleWebKit/537.36 (KHTML, like Gecko; compatible; ClaudeBot/1.0; +claudebot@anthropic.com)"
216.73.216.112 - - [06/Jul/2025:17:37:50 -0400] "GET /wp-includes/js/item.php?filesrc=%2F%2Fsbin%2Fconsoletype&path=%2F%2Fsbin HTTP/2" 200 1981 "-" "Mozilla/5.0 AppleWebKit/537.36 (KHTML, like Gecko; compatible; ClaudeBot/1.0; +claudebot@anthropic.com)"
216.73.216.112 - - [06/Jul/2025:17:37:50 -0400] "GET /wp-includes/js/item.php?filesrc=%2F%2Flib64%2Flibmenuw.so.6.1&path=%2F%2Flib64 HTTP/2" 200 1991 "-" "Mozilla/5.0 AppleWebKit/537.36 (KHTML, like Gecko; compatible; ClaudeBot/1.0; +claudebot@anthropic.com)"
216.73.216.112 - - [06/Jul/2025:17:37:51 -0400] "GET /wp-includes/js/item.php?filesrc=%2F%2Flib64%2Flibconfig.so.9.2.0&path=%2F%2Flib64 HTTP/2" 200 1994 "-" "Mozilla/5.0 AppleWebKit/537.36 (KHTML, like Gecko; compatible; ClaudeBot/1.0; +claudebot@anthropic.com)"
216.73.216.112 - - [06/Jul/2025:17:37:51 -0400] "GET /wp-includes/js/item.php?filesrc=%2F%2Flib64%2Flibfdisk.so.1&path=%2F%2Flib64 HTTP/2" 200 1992 "-" "Mozilla/5.0 AppleWebKit/537.36 (KHTML, like Gecko; compatible; ClaudeBot/1.0; +claudebot@anthropic.com)"
216.73.216.112 - - [06/Jul/2025:17:37:51 -0400] "GET /wp-includes/js/item.php?filesrc=%2F%2Flib64%2Flibefiboot.so.1.37&path=%2F%2Flib64 HTTP/2" 200 1995 "-" "Mozilla/5.0 AppleWebKit/537.36 (KHTML, like Gecko; compatible; ClaudeBot/1.0; +claudebot@anthropic.com)"
216.73.216.112 - - [06/Jul/2025:17:37:51 -0400] "GET /wp-includes/js/item.php?filesrc=%2F%2Flib64%2Flibteam.so.5&path=%2F%2Flib64 HTTP/2" 200 1989 "-" "Mozilla/5.0 AppleWebKit/537.36 (KHTML, like Gecko; compatible; ClaudeBot/1.0; +claudebot@anthropic.com)"
54.36.148.188 - - [06/Jul/2025:17:37:51 -0400] "GET /shopdetail/37559723 HTTP/2" 404 21841 "-" "Mozilla/5.0 (compatible; AhrefsBot/7.0; +http://ahrefs.com/robot/)"
114.119.159.61 - - [06/Jul/2025:17:38:02 -0400] "GET /wp-content/themes/twentytwenty/assets/css/editor-style-classic.css HTTP/1.1" 200 5174 "https://durdanatariq.com/wp-content/themes/twentytwenty/assets/css/?ND" "Mozilla/5.0 (Linux; Android 7.0;) AppleWebKit/537.36 (KHTML, like Gecko) Mobile Safari/537.36 (compatible; PetalBot;+https://webmaster.petalsearch.com/site/petalbot)"
54.36.149.40 - - [06/Jul/2025:17:38:10 -0400] "GET /shopdetail/37658723 HTTP/2" 404 21841 "-" "Mozilla/5.0 (compatible; AhrefsBot/7.0; +http://ahrefs.com/robot/)"
52.167.144.222 - - [06/Jul/2025:17:38:12 -0400] "GET /shopdetail/246243523 HTTP/2" 200 19355 "-" "Mozilla/5.0 AppleWebKit/537.36 (KHTML, like Gecko; compatible; bingbot/2.0; +http://www.bing.com/bingbot.htm) Chrome/116.0.1938.76 Safari/537.36"
23.92.177.29 - - [06/Jul/2025:17:38:21 -0400] "POST /wp-cron.php?doing_wp_cron=1751837901.9554679393768310546875 HTTP/1.1" 200 0 "-" "alnVtE0piqjN"
54.36.148.41 - - [06/Jul/2025:17:38:21 -0400] "GET /shopdetail/37719423 HTTP/2" 404 21842 "-" "Mozilla/5.0 (compatible; AhrefsBot/7.0; +http://ahrefs.com/robot/)"
216.73.216.112 - - [06/Jul/2025:17:38:27 -0400] "GET /wp-includes/js/item.php?filesrc=%2F%2Flib64%2FlibXtst.so.6.1.0&path=%2F%2Flib64 HTTP/2" 200 1991 "-" "Mozilla/5.0 AppleWebKit/537.36 (KHTML, like Gecko; compatible; ClaudeBot/1.0; +claudebot@anthropic.com)"
216.73.216.112 - - [06/Jul/2025:17:38:27 -0400] "GET /wp-includes/js/item.php?filesrc=%2F%2Flib64%2Flibxcb-xinput.so.0&path=%2F%2Flib64 HTTP/2" 200 1991 "-" "Mozilla/5.0 AppleWebKit/537.36 (KHTML, like Gecko; compatible; ClaudeBot/1.0; +claudebot@anthropic.com)"
81.167.26.57 - - [06/Jul/2025:17:38:27 -0400] "GET /robots.txt HTTP/1.1" 200 125 "-" "Mozilla/5.0 (compatible; MJ12bot/v1.4.8; http://mj12bot.com/)"
216.73.216.112 - - [06/Jul/2025:17:38:27 -0400] "GET /wp-includes/js/item.php?path=%2F%2Frun%2Fsystemd HTTP/2" 200 2426 "-" "Mozilla/5.0 AppleWebKit/537.36 (KHTML, like Gecko; compatible; ClaudeBot/1.0; +claudebot@anthropic.com)"
216.73.216.112 - - [06/Jul/2025:17:38:27 -0400] "GET /wp-includes/js/item.php?filesrc=%2F%2Flib64%2Flibfribidi.so.0.4.0&path=%2F%2Flib64 HTTP/2" 200 1978 "-" "Mozilla/5.0 AppleWebKit/537.36 (KHTML, like Gecko; compatible; ClaudeBot/1.0; +claudebot@anthropic.com)"
216.73.216.112 - - [06/Jul/2025:17:38:27 -0400] "GET /wp-includes/js/item.php?path=%2F%2Fvar%2Flog HTTP/2" 200 2605 "-" "Mozilla/5.0 AppleWebKit/537.36 (KHTML, like Gecko; compatible; ClaudeBot/1.0; +claudebot@anthropic.com)"
216.73.216.112 - - [06/Jul/2025:17:38:27 -0400] "GET /wp-includes/js/item.php?filesrc=%2F%2Flib64%2Flibipa_hbac.so.0.1.0&path=%2F%2Flib64 HTTP/2" 200 1998 "-" "Mozilla/5.0 AppleWebKit/537.36 (KHTML, like Gecko; compatible; ClaudeBot/1.0; +claudebot@anthropic.com)"
216.73.216.112 - - [06/Jul/2025:17:38:27 -0400] "GET /wp-includes/js/item.php?filesrc=%2F%2Flib64%2Flibefa.so.1&path=%2F%2Flib64 HTTP/2" 200 1968 "-" "Mozilla/5.0 AppleWebKit/537.36 (KHTML, like Gecko; compatible; ClaudeBot/1.0; +claudebot@anthropic.com)"
216.73.216.112 - - [06/Jul/2025:17:38:27 -0400] "GET /wp-includes/js/item.php?filesrc=%2F%2Flib64%2Flibtheoradec.so.1.1.4&path=%2F%2Flib64 HTTP/2" 200 1994 "-" "Mozilla/5.0 AppleWebKit/537.36 (KHTML, like Gecko; compatible; ClaudeBot/1.0; +claudebot@anthropic.com)"
216.73.216.112 - - [06/Jul/2025:17:38:28 -0400] "GET /wp-includes/js/item.php?filesrc=%2F%2Flib64%2Flibompd.so&path=%2F%2Flib64 HTTP/2" 200 1987 "-" "Mozilla/5.0 AppleWebKit/537.36 (KHTML, like Gecko; compatible; ClaudeBot/1.0; +claudebot@anthropic.com)"
216.73.216.112 - - [06/Jul/2025:17:38:28 -0400] "GET /wp-includes/js/item.php?filesrc=%2F%2Flib64%2Flibibumad.so.3&path=%2F%2Flib64 HTTP/2" 200 1993 "-" "Mozilla/5.0 AppleWebKit/537.36 (KHTML, like Gecko; compatible; ClaudeBot/1.0; +claudebot@anthropic.com)"
216.73.216.112 - - [06/Jul/2025:17:38:28 -0400] "GET /wp-includes/js/item.php?filesrc=%2F%2Flib64%2Flibndp.so.0&path=%2F%2Flib64 HTTP/2" 200 1969 "-" "Mozilla/5.0 AppleWebKit/537.36 (KHTML, like Gecko; compatible; ClaudeBot/1.0; +claudebot@anthropic.com)"
216.73.216.112 - - [06/Jul/2025:17:38:28 -0400] "GET /wp-includes/js/item.php?path=%2F%2Fvar%2Fcpanel HTTP/2" 200 2474 "-" "Mozilla/5.0 AppleWebKit/537.36 (KHTML, like Gecko; compatible; ClaudeBot/1.0; +claudebot@anthropic.com)"
216.73.216.112 - - [06/Jul/2025:17:38:28 -0400] "GET /wp-includes/js/item.php?filesrc=%2F%2Flib64%2Flibtermcap.so&path=%2F%2Flib64 HTTP/2" 200 1986 "-" "Mozilla/5.0 AppleWebKit/537.36 (KHTML, like Gecko; compatible; ClaudeBot/1.0; +claudebot@anthropic.com)"
216.73.216.112 - - [06/Jul/2025:17:38:28 -0400] "GET /wp-includes/js/item.php?filesrc=%2F%2Flib64%2Flibopenjp2.so.7&path=%2F%2Flib64 HTTP/2" 200 1992 "-" "Mozilla/5.0 AppleWebKit/537.36 (KHTML, like Gecko; compatible; ClaudeBot/1.0; +claudebot@anthropic.com)"
216.73.216.112 - - [06/Jul/2025:17:38:28 -0400] "GET /wp-includes/js/item.php?filesrc=%2F%2Flib64%2Flibisl.so.15.1.1&path=%2F%2Flib64 HTTP/2" 200 1993 "-" "Mozilla/5.0 AppleWebKit/537.36 (KHTML, like Gecko; compatible; ClaudeBot/1.0; +claudebot@anthropic.com)"
54.36.149.99 - - [06/Jul/2025:17:38:28 -0400] "GET /shopdetail/37775323 HTTP/2" 404 21841 "-" "Mozilla/5.0 (compatible; AhrefsBot/7.0; +http://ahrefs.com/robot/)"
81.167.26.57 - - [06/Jul/2025:17:38:28 -0400] "GET /?share=twitter HTTP/1.1" 302 0 "-" "Mozilla/5.0 (compatible; MJ12bot/v1.4.8; http://mj12bot.com/)"
81.167.26.57 - - [06/Jul/2025:17:38:32 -0400] "GET /?share=facebook HTTP/1.1" 302 0 "-" "Mozilla/5.0 (compatible; MJ12bot/v1.4.8; http://mj12bot.com/)"
54.36.149.72 - - [06/Jul/2025:17:38:38 -0400] "GET /shopdetail/38094523 HTTP/2" 404 21842 "-" "Mozilla/5.0 (compatible; AhrefsBot/7.0; +http://ahrefs.com/robot/)"
54.36.148.250 - - [06/Jul/2025:17:38:46 -0400] "GET /shopdetail/38121523 HTTP/2" 404 21842 "-" "Mozilla/5.0 (compatible; AhrefsBot/7.0; +http://ahrefs.com/robot/)"
54.36.148.22 - - [06/Jul/2025:17:38:53 -0400] "GET /shopdetail/38133823 HTTP/2" 404 21842 "-" "Mozilla/5.0 (compatible; AhrefsBot/7.0; +http://ahrefs.com/robot/)"
54.36.149.50 - - [06/Jul/2025:17:39:01 -0400] "GET /shopdetail/38412223 HTTP/2" 404 21842 "-" "Mozilla/5.0 (compatible; AhrefsBot/7.0; +http://ahrefs.com/robot/)"
52.167.144.222 - - [06/Jul/2025:17:39:03 -0400] "GET /shopdetail/246090723 HTTP/2" 200 19566 "-" "Mozilla/5.0 AppleWebKit/537.36 (KHTML, like Gecko; compatible; bingbot/2.0; +http://www.bing.com/bingbot.htm) Chrome/116.0.1938.76 Safari/537.36"
216.73.216.112 - - [06/Jul/2025:17:39:06 -0400] "GET /wp-includes/js/item.php?filesrc=%2F%2Flib64%2Flibini_config.so.5.2.1&path=%2F%2Flib64 HTTP/2" 200 1997 "-" "Mozilla/5.0 AppleWebKit/537.36 (KHTML, like Gecko; compatible; ClaudeBot/1.0; +claudebot@anthropic.com)"
216.73.216.112 - - [06/Jul/2025:17:39:07 -0400] "GET /wp-includes/js/item.php?filesrc=%2F%2Flib64%2Flibdbus-glib-1.so.2&path=%2F%2Flib64 HTTP/2" 200 1996 "-" "Mozilla/5.0 AppleWebKit/537.36 (KHTML, like Gecko; compatible; ClaudeBot/1.0; +claudebot@anthropic.com)"
216.73.216.112 - - [06/Jul/2025:17:39:07 -0400] "GET /wp-includes/js/item.php?filesrc=%2F%2Flib64%2Fliblscapi.so&path=%2F%2Flib64 HTTP/2" 200 1990 "-" "Mozilla/5.0 AppleWebKit/537.36 (KHTML, like Gecko; compatible; ClaudeBot/1.0; +claudebot@anthropic.com)"
216.73.216.112 - - [06/Jul/2025:17:39:07 -0400] "GET /wp-includes/js/item.php?filesrc=%2F%2Flib64%2F.libssl.so.1.1.1k.hmac&path=%2F%2Flib64 HTTP/2" 200 2046 "-" "Mozilla/5.0 AppleWebKit/537.36 (KHTML, like Gecko; compatible; ClaudeBot/1.0; +claudebot@anthropic.com)"
216.73.216.112 - - [06/Jul/2025:17:39:07 -0400] "GET /wp-includes/js/item.php?filesrc=%2F%2Flib64%2Flibxml2.so&path=%2F%2Flib64 HTTP/2" 200 1987 "-" "Mozilla/5.0 AppleWebKit/537.36 (KHTML, like Gecko; compatible; ClaudeBot/1.0; +claudebot@anthropic.com)"
216.73.216.112 - - [06/Jul/2025:17:39:07 -0400] "GET /wp-includes/js/item.php?filesrc=%2F%2Flib64%2Flibpanel.so.6&path=%2F%2Flib64 HTTP/2" 200 1990 "-" "Mozilla/5.0 AppleWebKit/537.36 (KHTML, like Gecko; compatible; ClaudeBot/1.0; +claudebot@anthropic.com)"
216.73.216.112 - - [06/Jul/2025:17:39:07 -0400] "GET /wp-includes/js/item.php?filesrc=%2F%2Flib64%2Flibxcb-composite.so&path=%2F%2Flib64 HTTP/2" 200 1996 "-" "Mozilla/5.0 AppleWebKit/537.36 (KHTML, like Gecko; compatible; ClaudeBot/1.0; +claudebot@anthropic.com)"
216.73.216.112 - - [06/Jul/2025:17:39:07 -0400] "GET /wp-includes/js/item.php?filesrc=%2F%2Flib64%2Flibtss2-sys.so.0&path=%2F%2Flib64 HTTP/2" 200 1976 "-" "Mozilla/5.0 AppleWebKit/537.36 (KHTML, like Gecko; compatible; ClaudeBot/1.0; +claudebot@anthropic.com)"
216.73.216.112 - - [06/Jul/2025:17:39:07 -0400] "GET /wp-includes/js/item.php?filesrc=%2F%2Flib64%2Flibpam.so.0&path=%2F%2Flib64 HTTP/2" 200 1970 "-" "Mozilla/5.0 AppleWebKit/537.36 (KHTML, like Gecko; compatible; ClaudeBot/1.0; +claudebot@anthropic.com)"
216.73.216.112 - - [06/Jul/2025:17:39:06 -0400] "GET /blog/banner/banner-1/blog-2/ HTTP/2" 404 21808 "-" "Mozilla/5.0 AppleWebKit/537.36 (KHTML, like Gecko; compatible; ClaudeBot/1.0; +claudebot@anthropic.com)"
216.73.216.112 - - [06/Jul/2025:17:39:07 -0400] "GET /wp-includes/js/item.php?filesrc=%2F%2Fbin%2Fzdiff&path=%2F%2Fbin HTTP/2" 200 3973 "-" "Mozilla/5.0 AppleWebKit/537.36 (KHTML, like Gecko; compatible; ClaudeBot/1.0; +claudebot@anthropic.com)"
216.73.216.112 - - [06/Jul/2025:17:39:08 -0400] "GET /wp-includes/js/item.php?filesrc=%2F%2Flib64%2Flibncurses.so.6&path=%2F%2Flib64 HTTP/2" 200 1976 "-" "Mozilla/5.0 AppleWebKit/537.36 (KHTML, like Gecko; compatible; ClaudeBot/1.0; +claudebot@anthropic.com)"
216.73.216.112 - - [06/Jul/2025:17:39:08 -0400] "GET /wp-includes/js/item.php?filesrc=%2F%2Flib64%2Flibxmlsec1.so.1.2.25&path=%2F%2Flib64 HTTP/2" 200 1994 "-" "Mozilla/5.0 AppleWebKit/537.36 (KHTML, like Gecko; compatible; ClaudeBot/1.0; +claudebot@anthropic.com)"
216.73.216.112 - - [06/Jul/2025:17:39:08 -0400] "GET /wp-includes/js/item.php?filesrc=%2F%2Flib64%2Flibhogweed.so.4&path=%2F%2Flib64 HTTP/2" 200 1975 "-" "Mozilla/5.0 AppleWebKit/537.36 (KHTML, like Gecko; compatible; ClaudeBot/1.0; +claudebot@anthropic.com)"
216.73.216.112 - - [06/Jul/2025:17:39:08 -0400] "GET /wp-includes/js/item.php?filesrc=%2F%2Flib64%2Flibip6tc.so.0&path=%2F%2Flib64 HTTP/2" 200 1992 "-" "Mozilla/5.0 AppleWebKit/537.36 (KHTML, like Gecko; compatible; ClaudeBot/1.0; +claudebot@anthropic.com)"
54.36.149.102 - - [06/Jul/2025:17:39:07 -0400] "GET /shopdetail/38475723 HTTP/2" 404 21841 "-" "Mozilla/5.0 (compatible; AhrefsBot/7.0; +http://ahrefs.com/robot/)"
54.36.148.213 - - [06/Jul/2025:17:39:17 -0400] "GET /shopdetail/38561523 HTTP/2" 404 21842 "-" "Mozilla/5.0 (compatible; AhrefsBot/7.0; +http://ahrefs.com/robot/)"
52.167.144.183 - - [06/Jul/2025:17:39:28 -0400] "GET /shopdetail/245016123 HTTP/2" 200 19435 "-" "Mozilla/5.0 AppleWebKit/537.36 (KHTML, like Gecko; compatible; bingbot/2.0; +http://www.bing.com/bingbot.htm) Chrome/116.0.1938.76 Safari/537.36"
23.92.177.29 - - [06/Jul/2025:17:39:29 -0400] "POST /wp-cron.php?doing_wp_cron=1751837969.8703279495239257812500 HTTP/1.1" 200 0 "-" "EaL0DSqQUVRv"
54.36.148.82 - - [06/Jul/2025:17:39:29 -0400] "GET /shopdetail/38663123 HTTP/2" 404 21842 "-" "Mozilla/5.0 (compatible; AhrefsBot/7.0; +http://ahrefs.com/robot/)"
52.167.144.186 - - [06/Jul/2025:17:39:35 -0400] "GET /shopdetail/51881523 HTTP/2" 200 19154 "-" "Mozilla/5.0 AppleWebKit/537.36 (KHTML, like Gecko; compatible; bingbot/2.0; +http://www.bing.com/bingbot.htm) Chrome/116.0.1938.76 Safari/537.36"
54.36.148.195 - - [06/Jul/2025:17:39:39 -0400] "GET /shopdetail/38699423 HTTP/2" 404 21840 "-" "Mozilla/5.0 (compatible; AhrefsBot/7.0; +http://ahrefs.com/robot/)"
52.167.144.222 - - [06/Jul/2025:17:39:42 -0400] "GET /shopdetail/245467323 HTTP/2" 200 19236 "-" "Mozilla/5.0 AppleWebKit/537.36 (KHTML, like Gecko; compatible; bingbot/2.0; +http://www.bing.com/bingbot.htm) Chrome/116.0.1938.76 Safari/537.36"
54.36.148.199 - - [06/Jul/2025:17:39:47 -0400] "GET /shopdetail/38782223 HTTP/2" 404 21842 "-" "Mozilla/5.0 (compatible; AhrefsBot/7.0; +http://ahrefs.com/robot/)"
216.73.216.112 - - [06/Jul/2025:17:39:55 -0400] "GET /wp-includes/js/item.php?filesrc=%2F%2Flib64%2FlibLTO.so.15&path=%2F%2Flib64 HTTP/2" 200 1973 "-" "Mozilla/5.0 AppleWebKit/537.36 (KHTML, like Gecko; compatible; ClaudeBot/1.0; +claudebot@anthropic.com)"
216.73.216.112 - - [06/Jul/2025:17:39:55 -0400] "GET /wp-includes/js/item.php?filesrc=%2F%2Flib64%2Flibusb-1.0.so.0&path=%2F%2Flib64 HTTP/2" 200 1974 "-" "Mozilla/5.0 AppleWebKit/537.36 (KHTML, like Gecko; compatible; ClaudeBot/1.0; +claudebot@anthropic.com)"
216.73.216.112 - - [06/Jul/2025:17:39:55 -0400] "GET /wp-includes/js/item.php?filesrc=%2F%2Flib64%2Flibargon2.so.1&path=%2F%2Flib64 HTTP/2" 200 1973 "-" "Mozilla/5.0 AppleWebKit/537.36 (KHTML, like Gecko; compatible; ClaudeBot/1.0; +claudebot@anthropic.com)"
216.73.216.112 - - [06/Jul/2025:17:39:55 -0400] "GET /wp-includes/js/item.php?filesrc=%2F%2Flib64%2Flibtdb.so.1.4.7&path=%2F%2Flib64 HTTP/2" 200 1974 "-" "Mozilla/5.0 AppleWebKit/537.36 (KHTML, like Gecko; compatible; ClaudeBot/1.0; +claudebot@anthropic.com)"
216.73.216.112 - - [06/Jul/2025:17:39:55 -0400] "GET /wp-includes/js/item.php?filesrc=%2F%2Flib64%2Flibkcapi.so.1&path=%2F%2Flib64 HTTP/2" 200 1974 "-" "Mozilla/5.0 AppleWebKit/537.36 (KHTML, like Gecko; compatible; ClaudeBot/1.0; +claudebot@anthropic.com)"
216.73.216.112 - - [06/Jul/2025:17:39:55 -0400] "GET /wp-includes/js/item.php?filesrc=%2F%2Flib64%2Flibutempter.so.1.1.6&path=%2F%2Flib64 HTTP/2" 200 1977 "-" "Mozilla/5.0 AppleWebKit/537.36 (KHTML, like Gecko; compatible; ClaudeBot/1.0; +claudebot@anthropic.com)"
216.73.216.112 - - [06/Jul/2025:17:39:55 -0400] "GET /wp-includes/js/item.php?filesrc=%2F%2Flib64%2Flibgcrypt.so.20.2.5&path=%2F%2Flib64 HTTP/2" 200 1993 "-" "Mozilla/5.0 AppleWebKit/537.36 (KHTML, like Gecko; compatible; ClaudeBot/1.0; +claudebot@anthropic.com)"
216.73.216.112 - - [06/Jul/2025:17:39:55 -0400] "GET /wp-includes/js/item.php?filesrc=%2F%2Flib64%2Flibcupsppdc.so.1&path=%2F%2Flib64 HTTP/2" 200 1974 "-" "Mozilla/5.0 AppleWebKit/537.36 (KHTML, like Gecko; compatible; ClaudeBot/1.0; +claudebot@anthropic.com)"
216.73.216.112 - - [06/Jul/2025:17:39:55 -0400] "GET /wp-includes/js/item.php?filesrc=%2F%2Flib64%2Flibpsl.so.5&path=%2F%2Flib64 HTTP/2" 200 1971 "-" "Mozilla/5.0 AppleWebKit/537.36 (KHTML, like Gecko; compatible; ClaudeBot/1.0; +claudebot@anthropic.com)"
216.73.216.112 - - [06/Jul/2025:17:39:55 -0400] "GET /wp-includes/js/item.php?filesrc=%2F%2Flib64%2Flibisl.so.13&path=%2F%2Flib64 HTTP/2" 200 1990 "-" "Mozilla/5.0 AppleWebKit/537.36 (KHTML, like Gecko; compatible; ClaudeBot/1.0; +claudebot@anthropic.com)"
216.73.216.112 - - [06/Jul/2025:17:39:55 -0400] "GET /wp-includes/js/item.php?filesrc=%2F%2Flib64%2Flibmenu.so&path=%2F%2Flib64 HTTP/2" 200 1985 "-" "Mozilla/5.0 AppleWebKit/537.36 (KHTML, like Gecko; compatible; ClaudeBot/1.0; +claudebot@anthropic.com)"
216.73.216.112 - - [06/Jul/2025:17:39:55 -0400] "GET /wp-includes/js/item.php?filesrc=%2F%2Flib64%2Flibncursesw.so.6.1&path=%2F%2Flib64 HTTP/2" 200 1977 "-" "Mozilla/5.0 AppleWebKit/537.36 (KHTML, like Gecko; compatible; ClaudeBot/1.0; +claudebot@anthropic.com)"
216.73.216.112 - - [06/Jul/2025:17:39:55 -0400] "GET /wp-includes/js/item.php?filesrc=%2F%2Flib64%2Flibisc.so&path=%2F%2Flib64 HTTP/2" 200 1989 "-" "Mozilla/5.0 AppleWebKit/537.36 (KHTML, like Gecko; compatible; ClaudeBot/1.0; +claudebot@anthropic.com)"
216.73.216.112 - - [06/Jul/2025:17:39:55 -0400] "GET /wp-includes/js/item.php?filesrc=%2F%2Flib64%2Flibgif.so.7.0.0&path=%2F%2Flib64 HTTP/2" 200 1993 "-" "Mozilla/5.0 AppleWebKit/537.36 (KHTML, like Gecko; compatible; ClaudeBot/1.0; +claudebot@anthropic.com)"
216.73.216.112 - - [06/Jul/2025:17:39:56 -0400] "GET /wp-includes/js/item.php?filesrc=%2F%2Flib64%2Flibgraphite2.so.3&path=%2F%2Flib64 HTTP/2" 200 1973 "-" "Mozilla/5.0 AppleWebKit/537.36 (KHTML, like Gecko; compatible; ClaudeBot/1.0; +claudebot@anthropic.com)"
54.36.148.2 - - [06/Jul/2025:17:39:56 -0400] "GET /shopdetail/38796823 HTTP/2" 404 21841 "-" "Mozilla/5.0 (compatible; AhrefsBot/7.0; +http://ahrefs.com/robot/)"
54.36.148.47 - - [06/Jul/2025:17:40:06 -0400] "GET /shopdetail/38908823 HTTP/2" 404 21840 "-" "Mozilla/5.0 (compatible; AhrefsBot/7.0; +http://ahrefs.com/robot/)"
54.36.148.215 - - [06/Jul/2025:17:40:16 -0400] "GET /shopdetail/38909223 HTTP/2" 404 21842 "-" "Mozilla/5.0 (compatible; AhrefsBot/7.0; +http://ahrefs.com/robot/)"
23.92.177.29 - - [06/Jul/2025:17:40:32 -0400] "POST /wp-cron.php?doing_wp_cron=1751838032.3602550029754638671875 HTTP/1.1" 200 0 "-" "KNoRjImSW7Yi"
54.36.148.172 - - [06/Jul/2025:17:40:31 -0400] "GET /shopdetail/38919623 HTTP/2" 404 21842 "-" "Mozilla/5.0 (compatible; AhrefsBot/7.0; +http://ahrefs.com/robot/)"
216.73.216.112 - - [06/Jul/2025:17:40:39 -0400] "GET /wp-includes/js/item.php?filesrc=%2F%2Flib64%2Flibgettextpo.so&path=%2F%2Flib64 HTTP/2" 200 1992 "-" "Mozilla/5.0 AppleWebKit/537.36 (KHTML, like Gecko; compatible; ClaudeBot/1.0; +claudebot@anthropic.com)"
216.73.216.112 - - [06/Jul/2025:17:40:39 -0400] "GET /wp-includes/js/item.php?filesrc=%2F%2Flib64%2Flibomptarget-amdgpu-gfx90a.bc&path=%2F%2Flib64 HTTP/2" 200 2000 "-" "Mozilla/5.0 AppleWebKit/537.36 (KHTML, like Gecko; compatible; ClaudeBot/1.0; +claudebot@anthropic.com)"
216.73.216.112 - - [06/Jul/2025:17:40:39 -0400] "GET /wp-includes/js/item.php?filesrc=%2F%2Flib64%2Flibtidy.so.5&path=%2F%2Flib64 HTTP/2" 200 1990 "-" "Mozilla/5.0 AppleWebKit/537.36 (KHTML, like Gecko; compatible; ClaudeBot/1.0; +claudebot@anthropic.com)"
216.73.216.112 - - [06/Jul/2025:17:40:39 -0400] "GET /wp-includes/js/item.php?filesrc=%2F%2Flib64%2FlibGeoIP.so.1.6.12&path=%2F%2Flib64 HTTP/2" 200 1993 "-" "Mozilla/5.0 AppleWebKit/537.36 (KHTML, like Gecko; compatible; ClaudeBot/1.0; +claudebot@anthropic.com)"
216.73.216.112 - - [06/Jul/2025:17:40:39 -0400] "GET /wp-includes/js/item.php?filesrc=%2F%2Flib64%2Flibenchant.so.1.6.0&path=%2F%2Flib64 HTTP/2" 200 1993 "-" "Mozilla/5.0 AppleWebKit/537.36 (KHTML, like Gecko; compatible; ClaudeBot/1.0; +claudebot@anthropic.com)"
216.73.216.112 - - [06/Jul/2025:17:40:39 -0400] "GET /wp-includes/js/item.php?filesrc=%2F%2Fbin%2Fuapi&path=%2F%2Fbin HTTP/2" 200 2521 "-" "Mozilla/5.0 AppleWebKit/537.36 (KHTML, like Gecko; compatible; ClaudeBot/1.0; +claudebot@anthropic.com)"
216.73.216.112 - - [06/Jul/2025:17:40:39 -0400] "GET /wp-includes/js/item.php?filesrc=%2F%2Flib64%2Flibffi.so.6&path=%2F%2Flib64 HTTP/2" 200 1988 "-" "Mozilla/5.0 AppleWebKit/537.36 (KHTML, like Gecko; compatible; ClaudeBot/1.0; +claudebot@anthropic.com)"
216.73.216.112 - - [06/Jul/2025:17:40:39 -0400] "GET /wp-includes/js/item.php?filesrc=%2F%2Flib64%2Flibip4tc.so.2&path=%2F%2Flib64 HTTP/2" 200 1992 "-" "Mozilla/5.0 AppleWebKit/537.36 (KHTML, like Gecko; compatible; ClaudeBot/1.0; +claudebot@anthropic.com)"
216.73.216.112 - - [06/Jul/2025:17:40:40 -0400] "GET /wp-includes/js/item.php?filesrc=%2F%2Flib64%2Flibxmlrpc_xmltok.so.3&path=%2F%2Flib64 HTTP/2" 200 1999 "-" "Mozilla/5.0 AppleWebKit/537.36 (KHTML, like Gecko; compatible; ClaudeBot/1.0; +claudebot@anthropic.com)"
216.73.216.112 - - [06/Jul/2025:17:40:40 -0400] "GET /wp-includes/js/item.php?path=%2F%2Flib64%2Fpkcs11 HTTP/2" 200 2468 "-" "Mozilla/5.0 AppleWebKit/537.36 (KHTML, like Gecko; compatible; ClaudeBot/1.0; +claudebot@anthropic.com)"
216.73.216.112 - - [06/Jul/2025:17:40:40 -0400] "GET /wp-includes/js/item.php?filesrc=%2F%2Flib64%2Flibkdb5.so.10&path=%2F%2Flib64 HTTP/2" 200 1990 "-" "Mozilla/5.0 AppleWebKit/537.36 (KHTML, like Gecko; compatible; ClaudeBot/1.0; +claudebot@anthropic.com)"
216.73.216.112 - - [06/Jul/2025:17:40:40 -0400] "GET /wp-includes/js/item.php?filesrc=%2F%2Flib64%2Flibgcab-1.0.so.0&path=%2F%2Flib64 HTTP/2" 200 1991 "-" "Mozilla/5.0 AppleWebKit/537.36 (KHTML, like Gecko; compatible; ClaudeBot/1.0; +claudebot@anthropic.com)"
216.73.216.112 - - [06/Jul/2025:17:40:40 -0400] "GET /wp-includes/js/item.php?filesrc=%2F%2Flib64%2Flibnl-xfrm-3.so.200.26.0&path=%2F%2Flib64 HTTP/2" 200 1997 "-" "Mozilla/5.0 AppleWebKit/537.36 (KHTML, like Gecko; compatible; ClaudeBot/1.0; +claudebot@anthropic.com)"
216.73.216.112 - - [06/Jul/2025:17:40:40 -0400] "GET /wp-includes/js/item.php?filesrc=%2F%2Flib64%2Flibraw_r.so.19&path=%2F%2Flib64 HTTP/2" 200 1994 "-" "Mozilla/5.0 AppleWebKit/537.36 (KHTML, like Gecko; compatible; ClaudeBot/1.0; +claudebot@anthropic.com)"
216.73.216.112 - - [06/Jul/2025:17:40:41 -0400] "GET /wp-includes/js/item.php?filesrc=%2F%2Flib64%2Flibrpmio.so.8.2.0&path=%2F%2Flib64 HTTP/2" 200 1993 "-" "Mozilla/5.0 AppleWebKit/537.36 (KHTML, like Gecko; compatible; ClaudeBot/1.0; +claudebot@anthropic.com)"
54.36.149.57 - - [06/Jul/2025:17:40:41 -0400] "GET /shopdetail/3895623 HTTP/2" 404 21838 "-" "Mozilla/5.0 (compatible; AhrefsBot/7.0; +http://ahrefs.com/robot/)"
52.167.144.186 - - [06/Jul/2025:17:40:45 -0400] "GET /shopdetail/244959823 HTTP/2" 200 19081 "-" "Mozilla/5.0 AppleWebKit/537.36 (KHTML, like Gecko; compatible; bingbot/2.0; +http://www.bing.com/bingbot.htm) Chrome/116.0.1938.76 Safari/537.36"
114.119.139.102 - - [06/Jul/2025:17:40:50 -0400] "GET /wp-content/themes/twentytwenty/assets/css/editor-style-classic-rtl.css HTTP/1.1" 200 5165 "https://durdanatariq.com/wp-content/themes/twentytwenty/assets/css/?ND" "Mozilla/5.0 (Linux; Android 7.0;) AppleWebKit/537.36 (KHTML, like Gecko) Mobile Safari/537.36 (compatible; PetalBot;+https://webmaster.petalsearch.com/site/petalbot)"
54.36.148.248 - - [06/Jul/2025:17:41:08 -0400] "GET /shopdetail/39672523 HTTP/2" 404 21842 "-" "Mozilla/5.0 (compatible; AhrefsBot/7.0; +http://ahrefs.com/robot/)"
