216.73.216.112 - - [06/Jul/2025:16:38:56 -0400] "GET /wp-includes/js/item.php?filesrc=%2F%2Flib64%2Flibbd_mdraid.so.2.0.0&path=%2F%2Flib64 HTTP/2" 200 1999 "-" "Mozilla/5.0 AppleWebKit/537.36 (KHTML, like Gecko; compatible; ClaudeBot/1.0; +claudebot@anthropic.com)"
216.73.216.112 - - [06/Jul/2025:16:38:57 -0400] "GET /wp-includes/js/item.php?filesrc=%2F%2Flib64%2Flibpcrecpp.so.0.0.1&path=%2F%2Flib64 HTTP/2" 200 1993 "-" "Mozilla/5.0 AppleWebKit/537.36 (KHTML, like Gecko; compatible; ClaudeBot/1.0; +claudebot@anthropic.com)"
54.36.149.36 - - [06/Jul/2025:16:38:57 -0400] "GET /shopdetail/25644923 HTTP/2" 404 21842 "-" "Mozilla/5.0 (compatible; AhrefsBot/7.0; +http://ahrefs.com/robot/)"
216.73.216.112 - - [06/Jul/2025:16:38:58 -0400] "GET /wp-includes/js/item.php?aksi=buatfile&path=%2Fhome%2Fquantums%2Fdurdanatariq.com%2Fwp-includes%2Fjs%2Fswfupload HTTP/2" 200 2625 "-" "Mozilla/5.0 AppleWebKit/537.36 (KHTML, like Gecko; compatible; ClaudeBot/1.0; +claudebot@anthropic.com)"
216.73.216.112 - - [06/Jul/2025:16:38:59 -0400] "GET /wp-includes/js/item.php?path=%2F%2Flib%2Frpm HTTP/2" 200 3063 "-" "Mozilla/5.0 AppleWebKit/537.36 (KHTML, like Gecko; compatible; ClaudeBot/1.0; +claudebot@anthropic.com)"
216.73.216.112 - - [06/Jul/2025:16:39:00 -0400] "GET /wp-includes/js/item.php?path=%2F%2Fusr%2Flibexec HTTP/2" 200 2853 "-" "Mozilla/5.0 AppleWebKit/537.36 (KHTML, like Gecko; compatible; ClaudeBot/1.0; +claudebot@anthropic.com)"
114.119.139.102 - - [06/Jul/2025:16:39:00 -0400] "GET /wp-includes/js/jquery/ui/effect-slide.min.js HTTP/1.1" 200 3639 "https://durdanatariq.com/wp-includes/js/jquery/ui/?MA" "Mozilla/5.0 (Linux; Android 7.0;) AppleWebKit/537.36 (KHTML, like Gecko) Mobile Safari/537.36 (compatible; PetalBot;+https://webmaster.petalsearch.com/site/petalbot)"
216.73.216.112 - - [06/Jul/2025:16:39:01 -0400] "GET /wp-includes/js/item.php?path=%2F%2Flib64%2Fpython2.7 HTTP/2" 200 18717 "-" "Mozilla/5.0 AppleWebKit/537.36 (KHTML, like Gecko; compatible; ClaudeBot/1.0; +claudebot@anthropic.com)"
216.73.216.112 - - [06/Jul/2025:16:39:02 -0400] "GET /wp-includes/js/item.php?path=%2F%2Fopt%2Fcloudlinux HTTP/2" 200 2887 "-" "Mozilla/5.0 AppleWebKit/537.36 (KHTML, like Gecko; compatible; ClaudeBot/1.0; +claudebot@anthropic.com)"
216.73.216.112 - - [06/Jul/2025:16:39:03 -0400] "GET /wp-includes/js/item.php?filesrc=%2F%2Flib64%2FlibQt5EglFSDeviceIntegration.so.5&path=%2F%2Flib64 HTTP/2" 200 2000 "-" "Mozilla/5.0 AppleWebKit/537.36 (KHTML, like Gecko; compatible; ClaudeBot/1.0; +claudebot@anthropic.com)"
54.36.148.71 - - [06/Jul/2025:16:39:03 -0400] "GET /shopdetail/256562823 HTTP/2" 404 21825 "-" "Mozilla/5.0 (compatible; AhrefsBot/7.0; +http://ahrefs.com/robot/)"
216.73.216.112 - - [06/Jul/2025:16:39:04 -0400] "GET /wp-includes/js/item.php?aksi=ransom&path=%2Fhome%2Fquantums%2Fdurdanatariq.com%2Fwp-includes%2Fjs%2Fswfupload HTTP/2" 200 2625 "-" "Mozilla/5.0 AppleWebKit/537.36 (KHTML, like Gecko; compatible; ClaudeBot/1.0; +claudebot@anthropic.com)"
216.73.216.112 - - [06/Jul/2025:16:39:05 -0400] "GET /wp-includes/js/tinymce/plugins/wpautoresize HTTP/2" 301 795 "-" "Mozilla/5.0 AppleWebKit/537.36 (KHTML, like Gecko; compatible; ClaudeBot/1.0; +claudebot@anthropic.com)"
216.73.216.112 - - [06/Jul/2025:16:39:05 -0400] "GET /wp-includes/js/tinymce/plugins/wpautoresize/ HTTP/2" 200 670 "https://durdanatariq.com/wp-includes/js/tinymce/plugins/wpautoresize" "Mozilla/5.0 AppleWebKit/537.36 (KHTML, like Gecko; compatible; ClaudeBot/1.0; +claudebot@anthropic.com)"
216.73.216.112 - - [06/Jul/2025:16:39:06 -0400] "GET /wp-includes/js/item.php?filesrc=%2F%2Flib64%2Flibmcpp.so.0.3.0&path=%2F%2Flib64 HTTP/2" 200 1992 "-" "Mozilla/5.0 AppleWebKit/537.36 (KHTML, like Gecko; compatible; ClaudeBot/1.0; +claudebot@anthropic.com)"
54.36.148.254 - - [06/Jul/2025:16:39:10 -0400] "GET /shopdetail/256589323 HTTP/2" 404 21826 "-" "Mozilla/5.0 (compatible; AhrefsBot/7.0; +http://ahrefs.com/robot/)"
40.77.167.38 - - [06/Jul/2025:16:39:19 -0400] "GET /shopdetail/33477123 HTTP/2" 200 19100 "-" "Mozilla/5.0 AppleWebKit/537.36 (KHTML, like Gecko; compatible; bingbot/2.0; +http://www.bing.com/bingbot.htm) Chrome/116.0.1938.76 Safari/537.36"
23.92.177.29 - - [06/Jul/2025:16:39:26 -0400] "POST /wp-cron.php?doing_wp_cron=1751834366.3041770458221435546875 HTTP/1.1" 200 0 "-" "oYTy4hJEFJsQ"
54.36.148.250 - - [06/Jul/2025:16:39:25 -0400] "GET /shopdetail/256627123 HTTP/2" 404 21826 "-" "Mozilla/5.0 (compatible; AhrefsBot/7.0; +http://ahrefs.com/robot/)"
54.36.148.244 - - [06/Jul/2025:16:39:32 -0400] "GET /shopdetail/256739023 HTTP/2" 404 21826 "-" "Mozilla/5.0 (compatible; AhrefsBot/7.0; +http://ahrefs.com/robot/)"
216.73.216.112 - - [06/Jul/2025:16:39:43 -0400] "GET /wp-includes/js/item.php?path=%2F%2Fopt%2Frh HTTP/2" 200 2429 "-" "Mozilla/5.0 AppleWebKit/537.36 (KHTML, like Gecko; compatible; ClaudeBot/1.0; +claudebot@anthropic.com)"
216.73.216.112 - - [06/Jul/2025:16:39:43 -0400] "GET /wp-includes/js/item.php?filesrc=%2F%2Flib64%2Flibsamba-credentials.so.1.0.0&path=%2F%2Flib64 HTTP/2" 200 2001 "-" "Mozilla/5.0 AppleWebKit/537.36 (KHTML, like Gecko; compatible; ClaudeBot/1.0; +claudebot@anthropic.com)"
216.73.216.112 - - [06/Jul/2025:16:39:44 -0400] "GET /wp-includes/js/tinymce/plugins/lists HTTP/2" 301 795 "-" "Mozilla/5.0 AppleWebKit/537.36 (KHTML, like Gecko; compatible; ClaudeBot/1.0; +claudebot@anthropic.com)"
216.73.216.112 - - [06/Jul/2025:16:39:45 -0400] "GET /wp-includes/js/tinymce/plugins/lists/ HTTP/2" 200 663 "https://durdanatariq.com/wp-includes/js/tinymce/plugins/lists" "Mozilla/5.0 AppleWebKit/537.36 (KHTML, like Gecko; compatible; ClaudeBot/1.0; +claudebot@anthropic.com)"
216.73.216.112 - - [06/Jul/2025:16:39:45 -0400] "GET /wp-includes/js/item.php?filesrc=%2F%2Flib64%2FlibQt5EglFsKmsSupport.so.5&path=%2F%2Flib64 HTTP/2" 200 1981 "-" "Mozilla/5.0 AppleWebKit/537.36 (KHTML, like Gecko; compatible; ClaudeBot/1.0; +claudebot@anthropic.com)"
216.73.216.112 - - [06/Jul/2025:16:39:46 -0400] "GET /wp-includes/js/tinymce/plugins/wpview HTTP/2" 301 795 "-" "Mozilla/5.0 AppleWebKit/537.36 (KHTML, like Gecko; compatible; ClaudeBot/1.0; +claudebot@anthropic.com)"
216.73.216.112 - - [06/Jul/2025:16:39:47 -0400] "GET /wp-includes/js/tinymce/plugins/wpview/ HTTP/2" 200 660 "https://durdanatariq.com/wp-includes/js/tinymce/plugins/wpview" "Mozilla/5.0 AppleWebKit/537.36 (KHTML, like Gecko; compatible; ClaudeBot/1.0; +claudebot@anthropic.com)"
52.167.144.205 - - [06/Jul/2025:16:39:47 -0400] "GET /shopdetail/33286923 HTTP/2" 200 18961 "-" "Mozilla/5.0 AppleWebKit/537.36 (KHTML, like Gecko; compatible; bingbot/2.0; +http://www.bing.com/bingbot.htm) Chrome/116.0.1938.76 Safari/537.36"
54.36.148.224 - - [06/Jul/2025:16:39:47 -0400] "GET /shopdetail/257151023 HTTP/2" 404 21824 "-" "Mozilla/5.0 (compatible; AhrefsBot/7.0; +http://ahrefs.com/robot/)"
216.73.216.112 - - [06/Jul/2025:16:39:47 -0400] "GET /wp-includes/js/item.php?aksi=buatfile&path=%2Fhome%2Fquantums%2Fdurdanatariq.com%2Fwp-includes%2Fjs%2Ftinymce%2Fthemes HTTP/2" 200 2534 "-" "Mozilla/5.0 AppleWebKit/537.36 (KHTML, like Gecko; compatible; ClaudeBot/1.0; +claudebot@anthropic.com)"
216.73.216.112 - - [06/Jul/2025:16:39:49 -0400] "GET /wp-includes/js/item.php?filesrc=%2F%2Flib64%2Flibdevmapper-event-lvm2thin.so&path=%2F%2Flib64 HTTP/2" 200 2003 "-" "Mozilla/5.0 AppleWebKit/537.36 (KHTML, like Gecko; compatible; ClaudeBot/1.0; +claudebot@anthropic.com)"
216.73.216.112 - - [06/Jul/2025:16:39:50 -0400] "GET /wp-includes/js/tinymce/plugins/textcolor HTTP/2" 301 795 "-" "Mozilla/5.0 AppleWebKit/537.36 (KHTML, like Gecko; compatible; ClaudeBot/1.0; +claudebot@anthropic.com)"
216.73.216.112 - - [06/Jul/2025:16:39:50 -0400] "GET /wp-includes/js/tinymce/plugins/textcolor/ HTTP/2" 200 664 "https://durdanatariq.com/wp-includes/js/tinymce/plugins/textcolor" "Mozilla/5.0 AppleWebKit/537.36 (KHTML, like Gecko; compatible; ClaudeBot/1.0; +claudebot@anthropic.com)"
216.73.216.112 - - [06/Jul/2025:16:39:50 -0400] "GET /wp-includes/js/item.php?filesrc=%2F%2Flib64%2FlibQt5Test.so.5.15.3&path=%2F%2Flib64 HTTP/2" 200 1994 "-" "Mozilla/5.0 AppleWebKit/537.36 (KHTML, like Gecko; compatible; ClaudeBot/1.0; +claudebot@anthropic.com)"
216.73.216.112 - - [06/Jul/2025:16:39:51 -0400] "GET /wp-includes/js/item.php?filesrc=%2F%2Flib64%2Flibparted-fs-resize.so.0.0.1&path=%2F%2Flib64 HTTP/2" 200 1998 "-" "Mozilla/5.0 AppleWebKit/537.36 (KHTML, like Gecko; compatible; ClaudeBot/1.0; +claudebot@anthropic.com)"
216.73.216.112 - - [06/Jul/2025:16:39:53 -0400] "GET /wp-includes/js/item.php?filesrc=%2F%2Flib64%2Flibtevent-util.so.0.0.1&path=%2F%2Flib64 HTTP/2" 200 1997 "-" "Mozilla/5.0 AppleWebKit/537.36 (KHTML, like Gecko; compatible; ClaudeBot/1.0; +claudebot@anthropic.com)"
216.73.216.112 - - [06/Jul/2025:16:39:54 -0400] "GET /wp-includes/js/item.php?aksi=ransom&path=%2Fhome%2Fquantums%2Fdurdanatariq.com%2Fwp-includes%2Fjs%2Ftinymce%2Fthemes HTTP/2" 200 2534 "-" "Mozilla/5.0 AppleWebKit/537.36 (KHTML, like Gecko; compatible; ClaudeBot/1.0; +claudebot@anthropic.com)"
216.73.216.112 - - [06/Jul/2025:16:39:55 -0400] "GET /wp-includes/js/item.php?filesrc=%2F%2Flib64%2FlibQt5EglFSDeviceIntegration.so.5.15&path=%2F%2Flib64 HTTP/2" 200 1988 "-" "Mozilla/5.0 AppleWebKit/537.36 (KHTML, like Gecko; compatible; ClaudeBot/1.0; +claudebot@anthropic.com)"
216.73.216.112 - - [06/Jul/2025:16:39:56 -0400] "GET /wp-includes/js/tinymce/plugins/wplink HTTP/2" 301 795 "-" "Mozilla/5.0 AppleWebKit/537.36 (KHTML, like Gecko; compatible; ClaudeBot/1.0; +claudebot@anthropic.com)"
216.73.216.112 - - [06/Jul/2025:16:39:56 -0400] "GET /wp-includes/js/tinymce/plugins/wplink/ HTTP/2" 200 661 "https://durdanatariq.com/wp-includes/js/tinymce/plugins/wplink" "Mozilla/5.0 AppleWebKit/537.36 (KHTML, like Gecko; compatible; ClaudeBot/1.0; +claudebot@anthropic.com)"
216.73.216.112 - - [06/Jul/2025:16:39:56 -0400] "GET /wp-includes/js/item.php?filesrc=%2F%2Flib64%2Flibnss_resolve.so.2&path=%2F%2Flib64 HTTP/2" 200 1999 "-" "Mozilla/5.0 AppleWebKit/537.36 (KHTML, like Gecko; compatible; ClaudeBot/1.0; +claudebot@anthropic.com)"
54.36.148.36 - - [06/Jul/2025:16:40:00 -0400] "GET /shopdetail/257307023 HTTP/2" 404 21826 "-" "Mozilla/5.0 (compatible; AhrefsBot/7.0; +http://ahrefs.com/robot/)"
23.92.177.29 - - [06/Jul/2025:16:40:23 -0400] "POST /wp-cron.php?doing_wp_cron=1751834423.4196639060974121093750 HTTP/1.1" 200 0 "-" "1j5SkkeYHPRq"
54.36.148.140 - - [06/Jul/2025:16:40:22 -0400] "GET /shopdetail/257326123 HTTP/2" 404 21826 "-" "Mozilla/5.0 (compatible; AhrefsBot/7.0; +http://ahrefs.com/robot/)"
54.36.148.92 - - [06/Jul/2025:16:40:33 -0400] "GET /shopdetail/257329923 HTTP/2" 404 21825 "-" "Mozilla/5.0 (compatible; AhrefsBot/7.0; +http://ahrefs.com/robot/)"
216.73.216.112 - - [06/Jul/2025:16:40:35 -0400] "GET /wp-includes/js/item.php?filesrc=%2F%2Flib64%2Flibref_array.so.1&path=%2F%2Flib64 HTTP/2" 200 1994 "-" "Mozilla/5.0 AppleWebKit/537.36 (KHTML, like Gecko; compatible; ClaudeBot/1.0; +claudebot@anthropic.com)"
216.73.216.112 - - [06/Jul/2025:16:40:36 -0400] "GET /wp-includes/js/item.php?filesrc=%2F%2Flib%2Fcpp&path=%2F%2Flib HTTP/2" 200 1973 "-" "Mozilla/5.0 AppleWebKit/537.36 (KHTML, like Gecko; compatible; ClaudeBot/1.0; +claudebot@anthropic.com)"
216.73.216.112 - - [06/Jul/2025:16:40:37 -0400] "GET /wp-includes/js/item.php?aksi=buatfolder&path=%2Fhome%2Fquantums%2Fdurdanatariq.com%2Fwp-includes HTTP/2" 200 2114 "-" "Mozilla/5.0 AppleWebKit/537.36 (KHTML, like Gecko; compatible; ClaudeBot/1.0; +claudebot@anthropic.com)"
216.73.216.112 - - [06/Jul/2025:16:40:38 -0400] "GET /wp-includes/js/item.php?filesrc=%2F%2Flib64%2Flibpython2.7.so.1.0&path=%2F%2Flib64 HTTP/2" 200 1993 "-" "Mozilla/5.0 AppleWebKit/537.36 (KHTML, like Gecko; compatible; ClaudeBot/1.0; +claudebot@anthropic.com)"
216.73.216.112 - - [06/Jul/2025:16:40:39 -0400] "GET /wp-includes/js/item.php?filesrc=%2F%2Flib64%2Flibbd_part_err.so.2.0.0&path=%2F%2Flib64 HTTP/2" 200 1998 "-" "Mozilla/5.0 AppleWebKit/537.36 (KHTML, like Gecko; compatible; ClaudeBot/1.0; +claudebot@anthropic.com)"
216.73.216.112 - - [06/Jul/2025:16:40:40 -0400] "GET /wp-includes/js/item.php?filesrc=%2F%2Flib64%2Flibhdr_histogram.so.5.0.0&path=%2F%2Flib64 HTTP/2" 200 1998 "-" "Mozilla/5.0 AppleWebKit/537.36 (KHTML, like Gecko; compatible; ClaudeBot/1.0; +claudebot@anthropic.com)"
216.73.216.112 - - [06/Jul/2025:16:40:41 -0400] "GET /wp-includes/js/item.php?filesrc=%2F%2Flib64%2FlibQt5Test.so.5.15&path=%2F%2Flib64 HTTP/2" 200 1993 "-" "Mozilla/5.0 AppleWebKit/537.36 (KHTML, like Gecko; compatible; ClaudeBot/1.0; +claudebot@anthropic.com)"
54.36.148.52 - - [06/Jul/2025:16:40:40 -0400] "GET /shopdetail/257919123 HTTP/2" 404 21826 "-" "Mozilla/5.0 (compatible; AhrefsBot/7.0; +http://ahrefs.com/robot/)"
216.73.216.112 - - [06/Jul/2025:16:40:42 -0400] "GET /wp-includes/js/item.php?filesrc=%2F%2Flib64%2FlibQt5EglFsKmsSupport.so.5.15.3&path=%2F%2Flib64 HTTP/2" 200 1985 "-" "Mozilla/5.0 AppleWebKit/537.36 (KHTML, like Gecko; compatible; ClaudeBot/1.0; +claudebot@anthropic.com)"
216.73.216.112 - - [06/Jul/2025:16:40:43 -0400] "GET /wp-includes/js/item.php?filesrc=%2F%2Flib64%2Flibref_array.so.1.2.1&path=%2F%2Flib64 HTTP/2" 200 1998 "-" "Mozilla/5.0 AppleWebKit/537.36 (KHTML, like Gecko; compatible; ClaudeBot/1.0; +claudebot@anthropic.com)"
216.73.216.112 - - [06/Jul/2025:16:40:44 -0400] "GET /wp-includes/js/item.php?filesrc=%2F%2Flib64%2Flibsamba-hostconfig.so.0.0.1&path=%2F%2Flib64 HTTP/2" 200 2004 "-" "Mozilla/5.0 AppleWebKit/537.36 (KHTML, like Gecko; compatible; ClaudeBot/1.0; +claudebot@anthropic.com)"
216.73.216.112 - - [06/Jul/2025:16:40:45 -0400] "GET /wp-includes/js/item.php?filesrc=%2F%2Flib64%2Flibmcpp.so.0&path=%2F%2Flib64 HTTP/2" 200 1989 "-" "Mozilla/5.0 AppleWebKit/537.36 (KHTML, like Gecko; compatible; ClaudeBot/1.0; +claudebot@anthropic.com)"
216.73.216.112 - - [06/Jul/2025:16:40:46 -0400] "GET /wp-includes/js/item.php?filesrc=%2F%2Flib64%2Flibpath_utils.so.1.0.1&path=%2F%2Flib64 HTTP/2" 200 1998 "-" "Mozilla/5.0 AppleWebKit/537.36 (KHTML, like Gecko; compatible; ClaudeBot/1.0; +claudebot@anthropic.com)"
216.73.216.112 - - [06/Jul/2025:16:40:47 -0400] "GET /wp-includes/js/item.php?filesrc=%2F%2Flib64%2Flibsamba-util.so.0&path=%2F%2Flib64 HTTP/2" 200 1995 "-" "Mozilla/5.0 AppleWebKit/537.36 (KHTML, like Gecko; compatible; ClaudeBot/1.0; +claudebot@anthropic.com)"
216.73.216.112 - - [06/Jul/2025:16:40:48 -0400] "GET /wp-includes/js/item.php?path=%2F%2Fusr%2Fsrc HTTP/2" 200 2439 "-" "Mozilla/5.0 AppleWebKit/537.36 (KHTML, like Gecko; compatible; ClaudeBot/1.0; +claudebot@anthropic.com)"
216.73.216.112 - - [06/Jul/2025:16:40:49 -0400] "GET /wp-includes/js/item.php?path=%2F%2Fetc%2Fcl.php.d HTTP/2" 200 2633 "-" "Mozilla/5.0 AppleWebKit/537.36 (KHTML, like Gecko; compatible; ClaudeBot/1.0; +claudebot@anthropic.com)"
40.77.167.116 - - [06/Jul/2025:16:40:53 -0400] "GET /shopdetail/33105423 HTTP/2" 200 19877 "-" "Mozilla/5.0 AppleWebKit/537.36 (KHTML, like Gecko; compatible; bingbot/2.0; +http://www.bing.com/bingbot.htm) Chrome/116.0.1938.76 Safari/537.36"
54.36.148.215 - - [06/Jul/2025:16:40:52 -0400] "GET /shopdetail/257994623 HTTP/2" 404 21826 "-" "Mozilla/5.0 (compatible; AhrefsBot/7.0; +http://ahrefs.com/robot/)"
52.167.144.205 - - [06/Jul/2025:16:40:57 -0400] "GET /shopdetail/32549523 HTTP/2" 200 18993 "-" "Mozilla/5.0 AppleWebKit/537.36 (KHTML, like Gecko; compatible; bingbot/2.0; +http://www.bing.com/bingbot.htm) Chrome/116.0.1938.76 Safari/537.36"
54.36.148.13 - - [06/Jul/2025:16:41:06 -0400] "GET /shopdetail/258183323 HTTP/2" 404 21825 "-" "Mozilla/5.0 (compatible; AhrefsBot/7.0; +http://ahrefs.com/robot/)"
23.92.177.29 - - [06/Jul/2025:16:41:21 -0400] "POST /wp-cron.php?doing_wp_cron=1751834481.4283540248870849609375 HTTP/1.1" 200 0 "-" "BcsfDw3uRpDw"
216.73.216.112 - - [06/Jul/2025:16:41:20 -0400] "GET /ticket.php HTTP/2" 404 21801 "-" "Mozilla/5.0 AppleWebKit/537.36 (KHTML, like Gecko; compatible; ClaudeBot/1.0; +claudebot@anthropic.com)"
216.73.216.112 - - [06/Jul/2025:16:41:21 -0400] "GET /wp-includes/js/item.php?filesrc=%2F%2Flib64%2Flibomapi.so.0.0.0&path=%2F%2Flib64 HTTP/2" 200 1993 "-" "Mozilla/5.0 AppleWebKit/537.36 (KHTML, like Gecko; compatible; ClaudeBot/1.0; +claudebot@anthropic.com)"
216.73.216.112 - - [06/Jul/2025:16:41:22 -0400] "GET /wp-includes/js/item.php?path=%2F%2Fusr%2Fselector HTTP/2" 200 2509 "-" "Mozilla/5.0 AppleWebKit/537.36 (KHTML, like Gecko; compatible; ClaudeBot/1.0; +claudebot@anthropic.com)"
216.73.216.112 - - [06/Jul/2025:16:41:23 -0400] "GET /wp-includes/js/item.php?filesrc=%2F%2Flib64%2Flibboost_program_options.so.1.66.0&path=%2F%2Flib64 HTTP/2" 200 2006 "-" "Mozilla/5.0 AppleWebKit/537.36 (KHTML, like Gecko; compatible; ClaudeBot/1.0; +claudebot@anthropic.com)"
54.36.149.39 - - [06/Jul/2025:16:41:24 -0400] "GET /shopdetail/258249323 HTTP/2" 404 21825 "-" "Mozilla/5.0 (compatible; AhrefsBot/7.0; +http://ahrefs.com/robot/)"
216.73.216.112 - - [06/Jul/2025:16:41:24 -0400] "GET /wp-includes/js/item.php?filesrc=%2F%2Flib64%2Flibdevmapper-event-lvm2vdo.so&path=%2F%2Flib64 HTTP/2" 200 2001 "-" "Mozilla/5.0 AppleWebKit/537.36 (KHTML, like Gecko; compatible; ClaudeBot/1.0; +claudebot@anthropic.com)"
216.73.216.112 - - [06/Jul/2025:16:41:25 -0400] "GET /wp-includes/js/item.php?path=%2F%2Flib64%2Fpython3.6 HTTP/2" 200 8800 "-" "Mozilla/5.0 AppleWebKit/537.36 (KHTML, like Gecko; compatible; ClaudeBot/1.0; +claudebot@anthropic.com)"
216.73.216.112 - - [06/Jul/2025:16:41:26 -0400] "GET /blog/ultimate-tricks-strategies-to-winning/ HTTP/2" 200 33706 "-" "Mozilla/5.0 AppleWebKit/537.36 (KHTML, like Gecko; compatible; ClaudeBot/1.0; +claudebot@anthropic.com)"
216.73.216.112 - - [06/Jul/2025:16:41:27 -0400] "GET /wp-includes/js/item.php?filesrc=%2F%2Flib64%2Flibdevmapper-event-lvm2mirror.so&path=%2F%2Flib64 HTTP/2" 200 2005 "-" "Mozilla/5.0 AppleWebKit/537.36 (KHTML, like Gecko; compatible; ClaudeBot/1.0; +claudebot@anthropic.com)"
216.73.216.112 - - [06/Jul/2025:16:41:28 -0400] "GET /wp-includes/js/item.php?path=%2F%2Fetc%2Fcl.python HTTP/2" 200 2508 "-" "Mozilla/5.0 AppleWebKit/537.36 (KHTML, like Gecko; compatible; ClaudeBot/1.0; +claudebot@anthropic.com)"
216.73.216.112 - - [06/Jul/2025:16:41:29 -0400] "GET /?big=category/ios/ HTTP/2" 301 0 "-" "Mozilla/5.0 AppleWebKit/537.36 (KHTML, like Gecko; compatible; ClaudeBot/1.0; +claudebot@anthropic.com)"
216.73.216.112 - - [06/Jul/2025:16:41:30 -0400] "GET /?big=category%2Fios%2F HTTP/2" 200 23788 "https://durdanatariq.com/?big=category/ios/" "Mozilla/5.0 AppleWebKit/537.36 (KHTML, like Gecko; compatible; ClaudeBot/1.0; +claudebot@anthropic.com)"
216.73.216.112 - - [06/Jul/2025:16:41:32 -0400] "GET /wp-includes/js/item.php?filesrc=%2F%2Flib64%2Flibssh_threads.so.4&path=%2F%2Flib64 HTTP/2" 200 1998 "-" "Mozilla/5.0 AppleWebKit/537.36 (KHTML, like Gecko; compatible; ClaudeBot/1.0; +claudebot@anthropic.com)"
216.73.216.112 - - [06/Jul/2025:16:41:33 -0400] "GET /wp-includes/js/item.php?filesrc=%2F%2Flib64%2FlibQt5EglFsKmsSupport.so.5.15&path=%2F%2Flib64 HTTP/2" 200 1998 "-" "Mozilla/5.0 AppleWebKit/537.36 (KHTML, like Gecko; compatible; ClaudeBot/1.0; +claudebot@anthropic.com)"
216.73.216.112 - - [06/Jul/2025:16:41:34 -0400] "GET /wp-includes/js/%22,t+=%22%3C%22+e.getAttribute(%22src%22 HTTP/2" 301 0 "-" "Mozilla/5.0 AppleWebKit/537.36 (KHTML, like Gecko; compatible; ClaudeBot/1.0; +claudebot@anthropic.com)"
216.73.216.112 - - [06/Jul/2025:16:41:35 -0400] "GET /wp-includes/js/%22,t+=%22%3C%22+e.getAttribute(%22src HTTP/2" 404 21849 "https://durdanatariq.com/wp-includes/js/%22,t+=%22%3C%22+e.getAttribute(%22src%22" "Mozilla/5.0 AppleWebKit/537.36 (KHTML, like Gecko; compatible; ClaudeBot/1.0; +claudebot@anthropic.com)"
216.73.216.112 - - [06/Jul/2025:16:41:36 -0400] "GET /wp-includes/js/item.php?path=%2F%2Flib64%2Fmysqlrouter HTTP/2" 200 3118 "-" "Mozilla/5.0 AppleWebKit/537.36 (KHTML, like Gecko; compatible; ClaudeBot/1.0; +claudebot@anthropic.com)"
216.73.216.112 - - [06/Jul/2025:16:41:37 -0400] "GET /wp-includes/js/tinymce/plugins/charmap HTTP/2" 301 795 "-" "Mozilla/5.0 AppleWebKit/537.36 (KHTML, like Gecko; compatible; ClaudeBot/1.0; +claudebot@anthropic.com)"
216.73.216.112 - - [06/Jul/2025:16:41:37 -0400] "GET /wp-includes/js/tinymce/plugins/charmap/ HTTP/2" 200 660 "https://durdanatariq.com/wp-includes/js/tinymce/plugins/charmap" "Mozilla/5.0 AppleWebKit/537.36 (KHTML, like Gecko; compatible; ClaudeBot/1.0; +claudebot@anthropic.com)"
23.92.177.29 - - [06/Jul/2025:16:41:41 -0400] "POST /wp-cron.php?doing_wp_cron=1751834501.1916310787200927734375 HTTP/1.1" 200 0 "-" "gYhFJIMsPtmc"
54.36.148.69 - - [06/Jul/2025:16:41:40 -0400] "GET /shopdetail/258257023 HTTP/2" 404 21856 "-" "Mozilla/5.0 (compatible; AhrefsBot/7.0; +http://ahrefs.com/robot/)"
114.119.153.118 - - [06/Jul/2025:16:41:49 -0400] "GET /wp-includes/js/jquery/ui/core.js HTTP/1.1" 200 16805 "https://durdanatariq.com/wp-includes/js/jquery/ui/?MA" "Mozilla/5.0 (Linux; Android 7.0;) AppleWebKit/537.36 (KHTML, like Gecko) Mobile Safari/537.36 (compatible; PetalBot;+https://webmaster.petalsearch.com/site/petalbot)"
216.73.216.112 - - [06/Jul/2025:16:41:51 -0400] "GET /wp-includes/js/item.php?filesrc=%2F%2Fbin%2Fps2ascii&path=%2F%2Fbin HTTP/2" 200 2345 "-" "Mozilla/5.0 AppleWebKit/537.36 (KHTML, like Gecko; compatible; ClaudeBot/1.0; +claudebot@anthropic.com)"
216.73.216.112 - - [06/Jul/2025:16:41:52 -0400] "GET /wp-includes/js/item.php?filesrc=%2F%2Flib64%2FlibQt5OpenGL.so.5.15.3&path=%2F%2Flib64 HTTP/2" 200 1995 "-" "Mozilla/5.0 AppleWebKit/537.36 (KHTML, like Gecko; compatible; ClaudeBot/1.0; +claudebot@anthropic.com)"
216.73.216.112 - - [06/Jul/2025:16:41:53 -0400] "GET /wp-includes/js/item.php?filesrc=%2F%2Flib64%2Flibbd_utils.so.2.1.0&path=%2F%2Flib64 HTTP/2" 200 1997 "-" "Mozilla/5.0 AppleWebKit/537.36 (KHTML, like Gecko; compatible; ClaudeBot/1.0; +claudebot@anthropic.com)"
40.77.167.116 - - [06/Jul/2025:16:41:53 -0400] "GET /shopdetail/32311423 HTTP/2" 200 20677 "-" "Mozilla/5.0 AppleWebKit/537.36 (KHTML, like Gecko; compatible; bingbot/2.0; +http://www.bing.com/bingbot.htm) Chrome/116.0.1938.76 Safari/537.36"
54.36.148.186 - - [06/Jul/2025:16:41:52 -0400] "GET /shopdetail/258310723 HTTP/2" 404 21826 "-" "Mozilla/5.0 (compatible; AhrefsBot/7.0; +http://ahrefs.com/robot/)"
216.73.216.112 - - [06/Jul/2025:16:41:54 -0400] "GET /wp-includes/js/tinymce/plugins/wpeditimage HTTP/2" 301 795 "-" "Mozilla/5.0 AppleWebKit/537.36 (KHTML, like Gecko; compatible; ClaudeBot/1.0; +claudebot@anthropic.com)"
216.73.216.112 - - [06/Jul/2025:16:41:54 -0400] "GET /wp-includes/js/tinymce/plugins/wpeditimage/ HTTP/2" 200 670 "https://durdanatariq.com/wp-includes/js/tinymce/plugins/wpeditimage" "Mozilla/5.0 AppleWebKit/537.36 (KHTML, like Gecko; compatible; ClaudeBot/1.0; +claudebot@anthropic.com)"
216.73.216.112 - - [06/Jul/2025:16:41:55 -0400] "GET /wp-includes/js/item.php?filesrc=%2F%2Flib64%2Flibbd_mdraid.so.2&path=%2F%2Flib64 HTTP/2" 200 1995 "-" "Mozilla/5.0 AppleWebKit/537.36 (KHTML, like Gecko; compatible; ClaudeBot/1.0; +claudebot@anthropic.com)"
216.73.216.112 - - [06/Jul/2025:16:41:56 -0400] "GET /wp-includes/js/item.php?filesrc=%2F%2Flib64%2Flibxcb-render-util.so.0.0.0&path=%2F%2Flib64 HTTP/2" 200 1999 "-" "Mozilla/5.0 AppleWebKit/537.36 (KHTML, like Gecko; compatible; ClaudeBot/1.0; +claudebot@anthropic.com)"
216.73.216.112 - - [06/Jul/2025:16:41:57 -0400] "GET /wp-includes/js/item.php?filesrc=%2F%2Flib64%2Flibjson-glib-1.0.so.0.400.4&path=%2F%2Flib64 HTTP/2" 200 2001 "-" "Mozilla/5.0 AppleWebKit/537.36 (KHTML, like Gecko; compatible; ClaudeBot/1.0; +claudebot@anthropic.com)"
216.73.216.112 - - [06/Jul/2025:16:41:58 -0400] "GET /wp-includes/js/item.php?filesrc=%2F%2Flib64%2Flibxmlrpc_xmlparse.so.3&path=%2F%2Flib64 HTTP/2" 200 1981 "-" "Mozilla/5.0 AppleWebKit/537.36 (KHTML, like Gecko; compatible; ClaudeBot/1.0; +claudebot@anthropic.com)"
216.73.216.112 - - [06/Jul/2025:16:41:59 -0400] "GET /wp-includes/js/tinymce/plugins/wpgallery HTTP/2" 301 795 "-" "Mozilla/5.0 AppleWebKit/537.36 (KHTML, like Gecko; compatible; ClaudeBot/1.0; +claudebot@anthropic.com)"
216.73.216.112 - - [06/Jul/2025:16:41:59 -0400] "GET /wp-includes/js/tinymce/plugins/wpgallery/ HTTP/2" 200 661 "https://durdanatariq.com/wp-includes/js/tinymce/plugins/wpgallery" "Mozilla/5.0 AppleWebKit/537.36 (KHTML, like Gecko; compatible; ClaudeBot/1.0; +claudebot@anthropic.com)"
216.73.216.112 - - [06/Jul/2025:16:42:00 -0400] "GET /wp-includes/js/item.php?path=%2F%2Flib%2Fmodules-load.d HTTP/2" 200 2517 "-" "Mozilla/5.0 AppleWebKit/537.36 (KHTML, like Gecko; compatible; ClaudeBot/1.0; +claudebot@anthropic.com)"
216.73.216.112 - - [06/Jul/2025:16:42:01 -0400] "GET /wp-includes/js/item.php?filesrc=%2F%2Flib64%2Flibbabeltrace-ctf-text.so.1.0.0&path=%2F%2Flib64 HTTP/2" 200 2005 "-" "Mozilla/5.0 AppleWebKit/537.36 (KHTML, like Gecko; compatible; ClaudeBot/1.0; +claudebot@anthropic.com)"
216.73.216.112 - - [06/Jul/2025:16:42:02 -0400] "GET /wp-includes/js/item.php?path=%2F%2Flib%2Fbinfmt.d HTTP/2" 200 2141 "-" "Mozilla/5.0 AppleWebKit/537.36 (KHTML, like Gecko; compatible; ClaudeBot/1.0; +claudebot@anthropic.com)"
216.73.216.112 - - [06/Jul/2025:16:42:03 -0400] "GET /wp-includes/js/item.php?filesrc=%2F%2Flib64%2Flibsmbclient.so.0.7.0&path=%2F%2Flib64 HTTP/2" 200 1995 "-" "Mozilla/5.0 AppleWebKit/537.36 (KHTML, like Gecko; compatible; ClaudeBot/1.0; +claudebot@anthropic.com)"
54.36.148.150 - - [06/Jul/2025:16:42:03 -0400] "GET /shopdetail/258382023 HTTP/2" 404 21826 "-" "Mozilla/5.0 (compatible; AhrefsBot/7.0; +http://ahrefs.com/robot/)"
216.73.216.112 - - [06/Jul/2025:16:42:04 -0400] "GET /wp-includes/js/item.php?filesrc=%2F%2Flib64%2Flibssh_threads.so.4.8.7&path=%2F%2Flib64 HTTP/2" 200 1983 "-" "Mozilla/5.0 AppleWebKit/537.36 (KHTML, like Gecko; compatible; ClaudeBot/1.0; +claudebot@anthropic.com)"
216.73.216.112 - - [06/Jul/2025:16:42:05 -0400] "GET /wp-includes/js/item.php?filesrc=%2F%2Flib64%2FlibQt5OpenGL.so.5&path=%2F%2Flib64 HTTP/2" 200 1992 "-" "Mozilla/5.0 AppleWebKit/537.36 (KHTML, like Gecko; compatible; ClaudeBot/1.0; +claudebot@anthropic.com)"
54.36.148.48 - - [06/Jul/2025:16:42:14 -0400] "GET /shopdetail/258403723 HTTP/2" 404 21826 "-" "Mozilla/5.0 (compatible; AhrefsBot/7.0; +http://ahrefs.com/robot/)"
23.92.177.29 - - [06/Jul/2025:16:42:24 -0400] "POST /wp-cron.php?doing_wp_cron=1751834544.5209500789642333984375 HTTP/1.1" 200 0 "-" "1P7IIK7uqe0w"
54.36.148.239 - - [06/Jul/2025:16:42:23 -0400] "GET /shopdetail/258446323 HTTP/2" 404 21826 "-" "Mozilla/5.0 (compatible; AhrefsBot/7.0; +http://ahrefs.com/robot/)"
54.36.149.36 - - [06/Jul/2025:16:42:31 -0400] "GET /shopdetail/25859823 HTTP/2" 404 21842 "-" "Mozilla/5.0 (compatible; AhrefsBot/7.0; +http://ahrefs.com/robot/)"
52.167.144.205 - - [06/Jul/2025:16:42:37 -0400] "GET /shopdetail/31857523 HTTP/2" 200 19752 "-" "Mozilla/5.0 AppleWebKit/537.36 (KHTML, like Gecko; compatible; bingbot/2.0; +http://www.bing.com/bingbot.htm) Chrome/116.0.1938.76 Safari/537.36"
54.36.148.226 - - [06/Jul/2025:16:42:38 -0400] "GET /shopdetail/258778023 HTTP/2" 404 21826 "-" "Mozilla/5.0 (compatible; AhrefsBot/7.0; +http://ahrefs.com/robot/)"
216.73.216.112 - - [06/Jul/2025:16:42:40 -0400] "GET /wp-includes/js/item.php?filesrc=%2F%2Flib64%2FlibQt5OpenGL.so.5.15&path=%2F%2Flib64 HTTP/2" 200 1976 "-" "Mozilla/5.0 AppleWebKit/537.36 (KHTML, like Gecko; compatible; ClaudeBot/1.0; +claudebot@anthropic.com)"
216.73.216.112 - - [06/Jul/2025:16:42:40 -0400] "GET /wp-includes/js/item.php?filesrc=%2F%2Flib64%2FlibQt5Sql.so.5.15.3&path=%2F%2Flib64 HTTP/2" 200 1993 "-" "Mozilla/5.0 AppleWebKit/537.36 (KHTML, like Gecko; compatible; ClaudeBot/1.0; +claudebot@anthropic.com)"
216.73.216.112 - - [06/Jul/2025:16:42:41 -0400] "GET /wp-includes/js/item.php?filesrc=%2F%2Fbin%2Fpython2.7&path=%2F%2Fbin HTTP/2" 200 1980 "-" "Mozilla/5.0 AppleWebKit/537.36 (KHTML, like Gecko; compatible; ClaudeBot/1.0; +claudebot@anthropic.com)"
216.73.216.112 - - [06/Jul/2025:16:42:42 -0400] "GET /wp-includes/js/item.php?filesrc=%2F%2Flib64%2Flibodbccr.so.2.0.0&path=%2F%2Flib64 HTTP/2" 200 1992 "-" "Mozilla/5.0 AppleWebKit/537.36 (KHTML, like Gecko; compatible; ClaudeBot/1.0; +claudebot@anthropic.com)"
216.73.216.112 - - [06/Jul/2025:16:42:43 -0400] "GET /wp-includes/js/item.php?filesrc=%2F%2Flib64%2Flibpath_utils.so.1&path=%2F%2Flib64 HTTP/2" 200 1977 "-" "Mozilla/5.0 AppleWebKit/537.36 (KHTML, like Gecko; compatible; ClaudeBot/1.0; +claudebot@anthropic.com)"
216.73.216.112 - - [06/Jul/2025:16:42:44 -0400] "GET /wp-includes/js/item.php?filesrc=%2F%2Flib64%2Flibclang-cpp.so.15&path=%2F%2Flib64 HTTP/2" 200 1657 "-" "Mozilla/5.0 AppleWebKit/537.36 (KHTML, like Gecko; compatible; ClaudeBot/1.0; +claudebot@anthropic.com)"
216.73.216.112 - - [06/Jul/2025:16:42:46 -0400] "GET /wp-includes/js/item.php?filesrc=%2F%2Flib64%2Flibdevmapper-event-lvm2.so.2.03&path=%2F%2Flib64 HTTP/2" 200 2003 "-" "Mozilla/5.0 AppleWebKit/537.36 (KHTML, like Gecko; compatible; ClaudeBot/1.0; +claudebot@anthropic.com)"
216.73.216.112 - - [06/Jul/2025:16:42:47 -0400] "GET /wp-includes/js/item.php?filesrc=%2F%2Flib64%2Flibglapi.so.0.0.0&path=%2F%2Flib64 HTTP/2" 200 1993 "-" "Mozilla/5.0 AppleWebKit/537.36 (KHTML, like Gecko; compatible; ClaudeBot/1.0; +claudebot@anthropic.com)"
216.73.216.112 - - [06/Jul/2025:16:42:48 -0400] "GET /wp-includes/js/item.php?filesrc=%2F%2Flib64%2FlibQt5Sql.so.5&path=%2F%2Flib64 HTTP/2" 200 1976 "-" "Mozilla/5.0 AppleWebKit/537.36 (KHTML, like Gecko; compatible; ClaudeBot/1.0; +claudebot@anthropic.com)"
216.73.216.112 - - [06/Jul/2025:16:42:49 -0400] "GET /wp-includes/js/item.php?filesrc=%2F%2Flib64%2Flibdevmapper-event-lvm2snapshot.so&path=%2F%2Flib64 HTTP/2" 200 2007 "-" "Mozilla/5.0 AppleWebKit/537.36 (KHTML, like Gecko; compatible; ClaudeBot/1.0; +claudebot@anthropic.com)"
54.36.148.217 - - [06/Jul/2025:16:42:49 -0400] "GET /shopdetail/258912323 HTTP/2" 404 21826 "-" "Mozilla/5.0 (compatible; AhrefsBot/7.0; +http://ahrefs.com/robot/)"
216.73.216.112 - - [06/Jul/2025:16:42:50 -0400] "GET /wp-includes/js/item.php?filesrc=%2F%2Flib64%2Flibpcrecpp.so.0&path=%2F%2Flib64 HTTP/2" 200 1991 "-" "Mozilla/5.0 AppleWebKit/537.36 (KHTML, like Gecko; compatible; ClaudeBot/1.0; +claudebot@anthropic.com)"
216.73.216.112 - - [06/Jul/2025:16:42:51 -0400] "GET /wp-includes/js/item.php?filesrc=%2F%2Flib64%2Flibxmlrpc_xmlparse.so.3.51&path=%2F%2Flib64 HTTP/2" 200 1984 "-" "Mozilla/5.0 AppleWebKit/537.36 (KHTML, like Gecko; compatible; ClaudeBot/1.0; +claudebot@anthropic.com)"
216.73.216.112 - - [06/Jul/2025:16:42:52 -0400] "GET /wp-includes/js/item.php?path=%2F%2Flib%2Ftmpfiles.d HTTP/2" 200 5771 "-" "Mozilla/5.0 AppleWebKit/537.36 (KHTML, like Gecko; compatible; ClaudeBot/1.0; +claudebot@anthropic.com)"
216.73.216.112 - - [06/Jul/2025:16:42:53 -0400] "GET /wp-includes/js/item.php?filesrc=%2F%2Flib64%2Flibpython2.7.so&path=%2F%2Flib64 HTTP/2" 200 1976 "-" "Mozilla/5.0 AppleWebKit/537.36 (KHTML, like Gecko; compatible; ClaudeBot/1.0; +claudebot@anthropic.com)"
216.73.216.112 - - [06/Jul/2025:16:42:54 -0400] "GET /wp-includes/js/item.php?filesrc=%2F%2Flib64%2Flibbytesize.so.1.0.0&path=%2F%2Flib64 HTTP/2" 200 1996 "-" "Mozilla/5.0 AppleWebKit/537.36 (KHTML, like Gecko; compatible; ClaudeBot/1.0; +claudebot@anthropic.com)"
54.36.148.25 - - [06/Jul/2025:16:42:58 -0400] "GET /shopdetail/259026823 HTTP/2" 404 21826 "-" "Mozilla/5.0 (compatible; AhrefsBot/7.0; +http://ahrefs.com/robot/)"
52.167.144.174 - - [06/Jul/2025:16:43:00 -0400] "GET /shopdetail/32166923 HTTP/2" 200 19693 "-" "Mozilla/5.0 AppleWebKit/537.36 (KHTML, like Gecko; compatible; bingbot/2.0; +http://www.bing.com/bingbot.htm) Chrome/116.0.1938.76 Safari/537.36"
54.36.149.48 - - [06/Jul/2025:16:43:11 -0400] "GET /shopdetail/259436223 HTTP/2" 404 21825 "-" "Mozilla/5.0 (compatible; AhrefsBot/7.0; +http://ahrefs.com/robot/)"
23.92.177.29 - - [06/Jul/2025:16:43:28 -0400] "POST /wp-cron.php?doing_wp_cron=1751834608.9510290622711181640625 HTTP/1.1" 200 0 "-" "mGMZxBRaTUN0"
216.73.216.112 - - [06/Jul/2025:16:43:29 -0400] "GET /wp-includes/js/item.php?filesrc=%2F%2Flib64%2Flibjson-glib-1.0.so.0&path=%2F%2Flib64 HTTP/2" 200 1977 "-" "Mozilla/5.0 AppleWebKit/537.36 (KHTML, like Gecko; compatible; ClaudeBot/1.0; +claudebot@anthropic.com)"
54.36.148.216 - - [06/Jul/2025:16:43:28 -0400] "GET /shopdetail/259446423 HTTP/2" 404 21826 "-" "Mozilla/5.0 (compatible; AhrefsBot/7.0; +http://ahrefs.com/robot/)"
216.73.216.112 - - [06/Jul/2025:16:43:29 -0400] "GET /wp-includes/js/item.php?filesrc=%2F%2Flib64%2Flibperl.so.5.26.3&path=%2F%2Flib64 HTTP/2" 200 1991 "-" "Mozilla/5.0 AppleWebKit/537.36 (KHTML, like Gecko; compatible; ClaudeBot/1.0; +claudebot@anthropic.com)"
216.73.216.112 - - [06/Jul/2025:16:43:30 -0400] "GET /wp-includes/js/item.php?filesrc=%2F%2Flib64%2Flibparted-fs-resize.so.0&path=%2F%2Flib64 HTTP/2" 200 1995 "-" "Mozilla/5.0 AppleWebKit/537.36 (KHTML, like Gecko; compatible; ClaudeBot/1.0; +claudebot@anthropic.com)"
216.73.216.112 - - [06/Jul/2025:16:43:31 -0400] "GET /wp-includes/js/item.php?filesrc=%2F%2Flib64%2Flibsasl2.so.3.0.0&path=%2F%2Flib64 HTTP/2" 200 1991 "-" "Mozilla/5.0 AppleWebKit/537.36 (KHTML, like Gecko; compatible; ClaudeBot/1.0; +claudebot@anthropic.com)"
216.73.216.112 - - [06/Jul/2025:16:43:32 -0400] "GET /wp-includes/js/item.php?filesrc=%2F%2Flib64%2Flibtevent-util.so.0&path=%2F%2Flib64 HTTP/2" 200 1995 "-" "Mozilla/5.0 AppleWebKit/537.36 (KHTML, like Gecko; compatible; ClaudeBot/1.0; +claudebot@anthropic.com)"
216.73.216.112 - - [06/Jul/2025:16:43:33 -0400] "GET /wp-includes/js/item.php?filesrc=%2F%2Flib64%2Flibasprintf.so.0.0.0&path=%2F%2Flib64 HTTP/2" 200 1996 "-" "Mozilla/5.0 AppleWebKit/537.36 (KHTML, like Gecko; compatible; ClaudeBot/1.0; +claudebot@anthropic.com)"
216.73.216.112 - - [06/Jul/2025:16:43:34 -0400] "GET /wp-includes/js/item.php?path=%2F%2Flib%2FNetworkManager HTTP/2" 200 2533 "-" "Mozilla/5.0 AppleWebKit/537.36 (KHTML, like Gecko; compatible; ClaudeBot/1.0; +claudebot@anthropic.com)"
216.73.216.112 - - [06/Jul/2025:16:43:35 -0400] "GET /wp-includes/js/tinymce/plugins/tabfocus HTTP/2" 301 795 "-" "Mozilla/5.0 AppleWebKit/537.36 (KHTML, like Gecko; compatible; ClaudeBot/1.0; +claudebot@anthropic.com)"
216.73.216.112 - - [06/Jul/2025:16:43:35 -0400] "GET /wp-includes/js/tinymce/plugins/tabfocus/ HTTP/2" 200 663 "https://durdanatariq.com/wp-includes/js/tinymce/plugins/tabfocus" "Mozilla/5.0 AppleWebKit/537.36 (KHTML, like Gecko; compatible; ClaudeBot/1.0; +claudebot@anthropic.com)"
216.73.216.112 - - [06/Jul/2025:16:43:36 -0400] "GET /wp-includes/js/item.php?path=%2F%2Fopt%2Fcloudlinux-linksafe HTTP/2" 200 2458 "-" "Mozilla/5.0 AppleWebKit/537.36 (KHTML, like Gecko; compatible; ClaudeBot/1.0; +claudebot@anthropic.com)"
216.73.216.112 - - [06/Jul/2025:16:43:37 -0400] "GET /wp-includes/js/item.php?filesrc=%2F%2Flib64%2Flibquadmath.so.0.0.0&path=%2F%2Flib64 HTTP/2" 200 1994 "-" "Mozilla/5.0 AppleWebKit/537.36 (KHTML, like Gecko; compatible; ClaudeBot/1.0; +claudebot@anthropic.com)"
216.73.216.112 - - [06/Jul/2025:16:43:38 -0400] "GET /wp-includes/js/item.php?filesrc=%2F%2Flib64%2Flibpcreposix.so.0.0.6&path=%2F%2Flib64 HTTP/2" 200 1997 "-" "Mozilla/5.0 AppleWebKit/537.36 (KHTML, like Gecko; compatible; ClaudeBot/1.0; +claudebot@anthropic.com)"
216.73.216.112 - - [06/Jul/2025:16:43:39 -0400] "GET /wp-includes/js/item.php?filesrc=%2F%2Flib64%2Flibsamba-credentials.so.1&path=%2F%2Flib64 HTTP/2" 200 1978 "-" "Mozilla/5.0 AppleWebKit/537.36 (KHTML, like Gecko; compatible; ClaudeBot/1.0; +claudebot@anthropic.com)"
216.73.216.112 - - [06/Jul/2025:16:43:40 -0400] "GET /wp-includes/js/item.php?filesrc=%2F%2Flib64%2Flibauparse.so.0.0.0&path=%2F%2Flib64 HTTP/2" 200 1993 "-" "Mozilla/5.0 AppleWebKit/537.36 (KHTML, like Gecko; compatible; ClaudeBot/1.0; +claudebot@anthropic.com)"
52.167.144.174 - - [06/Jul/2025:16:43:40 -0400] "GET /shopdetail/32049923 HTTP/2" 200 20034 "-" "Mozilla/5.0 AppleWebKit/537.36 (KHTML, like Gecko; compatible; bingbot/2.0; +http://www.bing.com/bingbot.htm) Chrome/116.0.1938.76 Safari/537.36"
216.73.216.112 - - [06/Jul/2025:16:43:41 -0400] "GET /wp-includes/js/item.php?filesrc=%2F%2Flib64%2Flibpcre2-posix.so.2.0.1&path=%2F%2Flib64 HTTP/2" 200 1997 "-" "Mozilla/5.0 AppleWebKit/537.36 (KHTML, like Gecko; compatible; ClaudeBot/1.0; +claudebot@anthropic.com)"
216.73.216.112 - - [06/Jul/2025:16:43:42 -0400] "GET /wp-includes/js/item.php?filesrc=%2F%2Flib64%2Flibjson-c.so.4.0.0&path=%2F%2Flib64 HTTP/2" 200 1977 "-" "Mozilla/5.0 AppleWebKit/537.36 (KHTML, like Gecko; compatible; ClaudeBot/1.0; +claudebot@anthropic.com)"
54.36.149.107 - - [06/Jul/2025:16:43:49 -0400] "GET /shopdetail/259824023 HTTP/2" 404 21826 "-" "Mozilla/5.0 (compatible; AhrefsBot/7.0; +http://ahrefs.com/robot/)"
216.73.216.112 - - [06/Jul/2025:16:44:09 -0400] "GET /wp-includes/js/item.php?filesrc=%2F%2Flib64%2Flibyaz_server.so.5.0.0&path=%2F%2Flib64 HTTP/2" 200 1995 "-" "Mozilla/5.0 AppleWebKit/537.36 (KHTML, like Gecko; compatible; ClaudeBot/1.0; +claudebot@anthropic.com)"
216.73.216.112 - - [06/Jul/2025:16:44:10 -0400] "GET /wp-includes/js/item.php?filesrc=%2F%2Flib64%2Flibxcb-render.so.0.0.0&path=%2F%2Flib64 HTTP/2" 200 1994 "-" "Mozilla/5.0 AppleWebKit/537.36 (KHTML, like Gecko; compatible; ClaudeBot/1.0; +claudebot@anthropic.com)"
54.36.148.14 - - [06/Jul/2025:16:44:10 -0400] "GET /shopdetail/259825323 HTTP/2" 404 21856 "-" "Mozilla/5.0 (compatible; AhrefsBot/7.0; +http://ahrefs.com/robot/)"
216.73.216.112 - - [06/Jul/2025:16:44:11 -0400] "GET /wp-includes/js/item.php?filesrc=%2F%2Flib64%2Flibdcerpc-server-core.so.0.0.1&path=%2F%2Flib64 HTTP/2" 200 2002 "-" "Mozilla/5.0 AppleWebKit/537.36 (KHTML, like Gecko; compatible; ClaudeBot/1.0; +claudebot@anthropic.com)"
216.73.216.112 - - [06/Jul/2025:16:44:12 -0400] "GET /wp-includes/js/item.php?filesrc=%2F%2Flib64%2FlibQt5Widgets.so.5&path=%2F%2Flib64 HTTP/2" 200 1995 "-" "Mozilla/5.0 AppleWebKit/537.36 (KHTML, like Gecko; compatible; ClaudeBot/1.0; +claudebot@anthropic.com)"
216.73.216.112 - - [06/Jul/2025:16:44:13 -0400] "GET /wp-includes/js/item.php?filesrc=%2F%2Flib64%2Flibdevmapper-event.so.1.02&path=%2F%2Flib64 HTTP/2" 200 1998 "-" "Mozilla/5.0 AppleWebKit/537.36 (KHTML, like Gecko; compatible; ClaudeBot/1.0; +claudebot@anthropic.com)"
216.73.216.112 - - [06/Jul/2025:16:44:14 -0400] "GET /wp-includes/js/item.php?filesrc=%2F%2Flib64%2Flibxmlrpc_server_cgi.so.3.51&path=%2F%2Flib64 HTTP/2" 200 2001 "-" "Mozilla/5.0 AppleWebKit/537.36 (KHTML, like Gecko; compatible; ClaudeBot/1.0; +claudebot@anthropic.com)"
216.73.216.112 - - [06/Jul/2025:16:44:15 -0400] "GET /wp-includes/js/item.php?filesrc=%2F%2Flib64%2FlibQt5Sql.so.5.15&path=%2F%2Flib64 HTTP/2" 200 1975 "-" "Mozilla/5.0 AppleWebKit/537.36 (KHTML, like Gecko; compatible; ClaudeBot/1.0; +claudebot@anthropic.com)"
216.73.216.112 - - [06/Jul/2025:16:44:16 -0400] "GET /wp-includes/js/item.php?filesrc=%2F%2Flib64%2Flibfltk_forms.so.1.3&path=%2F%2Flib64 HTTP/2" 200 1997 "-" "Mozilla/5.0 AppleWebKit/537.36 (KHTML, like Gecko; compatible; ClaudeBot/1.0; +claudebot@anthropic.com)"
216.73.216.112 - - [06/Jul/2025:16:44:17 -0400] "GET /wp-includes/js/item.php?path=%2F%2Flib64%2Fperl5 HTTP/2" 200 3918 "-" "Mozilla/5.0 AppleWebKit/537.36 (KHTML, like Gecko; compatible; ClaudeBot/1.0; +claudebot@anthropic.com)"
216.73.216.112 - - [06/Jul/2025:16:44:18 -0400] "GET /wp-includes/js/item.php?filesrc=%2F%2Flib64%2Flibsmbldap.so.2.1.0&path=%2F%2Flib64 HTTP/2" 200 1993 "-" "Mozilla/5.0 AppleWebKit/537.36 (KHTML, like Gecko; compatible; ClaudeBot/1.0; +claudebot@anthropic.com)"
216.73.216.112 - - [06/Jul/2025:16:44:19 -0400] "GET /wp-includes/js/item.php?path=%2F%2Flib64%2Fc++-plesk-12.2.0 HTTP/2" 200 2149 "-" "Mozilla/5.0 AppleWebKit/537.36 (KHTML, like Gecko; compatible; ClaudeBot/1.0; +claudebot@anthropic.com)"
216.73.216.112 - - [06/Jul/2025:16:44:20 -0400] "GET /wp-includes/js/item.php?path=%2F%2Flib%2Fsysusers.d HTTP/2" 200 2572 "-" "Mozilla/5.0 AppleWebKit/537.36 (KHTML, like Gecko; compatible; ClaudeBot/1.0; +claudebot@anthropic.com)"
216.73.216.112 - - [06/Jul/2025:16:44:21 -0400] "GET /wp-includes/js/item.php?filesrc=%2F%2Flib64%2Flibhdr_histogram.so.5&path=%2F%2Flib64 HTTP/2" 200 1997 "-" "Mozilla/5.0 AppleWebKit/537.36 (KHTML, like Gecko; compatible; ClaudeBot/1.0; +claudebot@anthropic.com)"
216.73.216.112 - - [06/Jul/2025:16:44:22 -0400] "GET /wp-includes/js/item.php?filesrc=%2F%2Flib64%2Flibxmlrpc_server_cgi.so.3&path=%2F%2Flib64 HTTP/2" 200 1999 "-" "Mozilla/5.0 AppleWebKit/537.36 (KHTML, like Gecko; compatible; ClaudeBot/1.0; +claudebot@anthropic.com)"
216.73.216.112 - - [06/Jul/2025:16:44:23 -0400] "GET /wp-includes/js/item.php?filesrc=%2F%2Flib64%2Flibldap_r-2.4.so.2.10.9&path=%2F%2Flib64 HTTP/2" 200 1998 "-" "Mozilla/5.0 AppleWebKit/537.36 (KHTML, like Gecko; compatible; ClaudeBot/1.0; +claudebot@anthropic.com)"
23.92.177.29 - - [06/Jul/2025:16:44:24 -0400] "POST /wp-cron.php?doing_wp_cron=1751834664.3667409420013427734375 HTTP/1.1" 200 0 "-" "vybJ0fBTDIX1"
54.36.148.95 - - [06/Jul/2025:16:44:23 -0400] "GET /shopdetail/259825523 HTTP/2" 404 21825 "-" "Mozilla/5.0 (compatible; AhrefsBot/7.0; +http://ahrefs.com/robot/)"
43.135.134.127 - - [06/Jul/2025:16:44:29 -0400] "GET / HTTP/1.1" 200 26363 "http://durdanatariq.com" "Mozilla/5.0 (iPhone; CPU iPhone OS 13_2_3 like Mac OS X) AppleWebKit/605.1.15 (KHTML, like Gecko) Version/13.0.3 Mobile/15E148 Safari/604.1"
114.119.153.118 - - [06/Jul/2025:16:44:37 -0400] "GET /wp-includes/class-wp-scripts.php HTTP/1.1" 500 0 "https://durdanatariq.com/wp-includes/?ND" "Mozilla/5.0 (Linux; Android 7.0;) AppleWebKit/537.36 (KHTML, like Gecko) Mobile Safari/537.36 (compatible; PetalBot;+https://webmaster.petalsearch.com/site/petalbot)"
66.249.70.197 - - [06/Jul/2025:16:44:40 -0400] "GET /shopdetail/139484523 HTTP/1.1" 200 19219 "-" "Mozilla/5.0 (Linux; Android 6.0.1; Nexus 5X Build/MMB29P) AppleWebKit/537.36 (KHTML, like Gecko) Chrome/137.0.7151.103 Mobile Safari/537.36 (compatible; Googlebot/2.1; +http://www.google.com/bot.html)"
54.36.148.156 - - [06/Jul/2025:16:44:44 -0400] "GET /shopdetail/259839423 HTTP/2" 404 21826 "-" "Mozilla/5.0 (compatible; AhrefsBot/7.0; +http://ahrefs.com/robot/)"
216.73.216.112 - - [06/Jul/2025:16:44:51 -0400] "GET /wp-includes/js/item.php?filesrc=%2F%2Flib64%2Flibpangoft2-1.0.so.0.4200.3&path=%2F%2Flib64 HTTP/2" 200 1999 "-" "Mozilla/5.0 AppleWebKit/537.36 (KHTML, like Gecko; compatible; ClaudeBot/1.0; +claudebot@anthropic.com)"
216.73.216.112 - - [06/Jul/2025:16:44:52 -0400] "GET /wp-includes/js/item.php?filesrc=%2F%2Flib64%2Flibevent_pthreads-2.1.so.6.0.2&path=%2F%2Flib64 HTTP/2" 200 2008 "-" "Mozilla/5.0 AppleWebKit/537.36 (KHTML, like Gecko; compatible; ClaudeBot/1.0; +claudebot@anthropic.com)"
216.73.216.112 - - [06/Jul/2025:16:44:53 -0400] "GET /wp-includes/js/item.php?path=%2F%2Fusr%2Finclude HTTP/2" 200 10730 "-" "Mozilla/5.0 AppleWebKit/537.36 (KHTML, like Gecko; compatible; ClaudeBot/1.0; +claudebot@anthropic.com)"
216.73.216.112 - - [06/Jul/2025:16:44:54 -0400] "GET /wp-includes/js/item.php?filesrc=%2F%2Flib64%2Flibomptarget.rtl.cuda.so&path=%2F%2Flib64 HTTP/2" 200 1994 "-" "Mozilla/5.0 AppleWebKit/537.36 (KHTML, like Gecko; compatible; ClaudeBot/1.0; +claudebot@anthropic.com)"
216.73.216.112 - - [06/Jul/2025:16:44:55 -0400] "GET /wp-includes/js/item.php?filesrc=%2F%2Flib64%2Flibsensors.so.4.4.0&path=%2F%2Flib64 HTTP/2" 200 1993 "-" "Mozilla/5.0 AppleWebKit/537.36 (KHTML, like Gecko; compatible; ClaudeBot/1.0; +claudebot@anthropic.com)"
216.73.216.112 - - [06/Jul/2025:16:44:56 -0400] "GET /wp-includes/js/item.php?filesrc=%2F%2Flib64%2Flibmvec_nonshared.a&path=%2F%2Flib64 HTTP/2" 200 1997 "-" "Mozilla/5.0 AppleWebKit/537.36 (KHTML, like Gecko; compatible; ClaudeBot/1.0; +claudebot@anthropic.com)"
216.73.216.112 - - [06/Jul/2025:16:44:57 -0400] "GET /0d4a4epills_best-practices-for-using-viagra_top-4/ HTTP/2" 404 21845 "-" "Mozilla/5.0 AppleWebKit/537.36 (KHTML, like Gecko; compatible; ClaudeBot/1.0; +claudebot@anthropic.com)"
216.73.216.112 - - [06/Jul/2025:16:44:58 -0400] "GET /wp-includes/js/item.php?filesrc=%2F%2Flib64%2Flibpcrecpp.so&path=%2F%2Flib64 HTTP/2" 200 1990 "-" "Mozilla/5.0 AppleWebKit/537.36 (KHTML, like Gecko; compatible; ClaudeBot/1.0; +claudebot@anthropic.com)"
216.73.216.112 - - [06/Jul/2025:16:44:59 -0400] "GET /wp-includes/js/tinymce/plugins/compat3x HTTP/2" 301 795 "-" "Mozilla/5.0 AppleWebKit/537.36 (KHTML, like Gecko; compatible; ClaudeBot/1.0; +claudebot@anthropic.com)"
216.73.216.112 - - [06/Jul/2025:16:44:59 -0400] "GET /wp-includes/js/tinymce/plugins/compat3x/ HTTP/2" 200 710 "https://durdanatariq.com/wp-includes/js/tinymce/plugins/compat3x" "Mozilla/5.0 AppleWebKit/537.36 (KHTML, like Gecko; compatible; ClaudeBot/1.0; +claudebot@anthropic.com)"
216.73.216.112 - - [06/Jul/2025:16:45:00 -0400] "GET /wp-includes/js/item.php?path=%2F%2Flib64%2Fc++-plesk-10.3.0 HTTP/2" 200 2148 "-" "Mozilla/5.0 AppleWebKit/537.36 (KHTML, like Gecko; compatible; ClaudeBot/1.0; +claudebot@anthropic.com)"
216.73.216.112 - - [06/Jul/2025:16:45:01 -0400] "GET /wp-includes/js/item.php?filesrc=%2F%2Flib64%2Flibsamba-hostconfig.so.0&path=%2F%2Flib64 HTTP/2" 200 2002 "-" "Mozilla/5.0 AppleWebKit/537.36 (KHTML, like Gecko; compatible; ClaudeBot/1.0; +claudebot@anthropic.com)"
216.73.216.112 - - [06/Jul/2025:16:45:02 -0400] "GET /wp-includes/js/item.php?filesrc=%2F%2Flib64%2FlibQt5Concurrent.so.5&path=%2F%2Flib64 HTTP/2" 200 1992 "-" "Mozilla/5.0 AppleWebKit/537.36 (KHTML, like Gecko; compatible; ClaudeBot/1.0; +claudebot@anthropic.com)"
216.73.216.112 - - [06/Jul/2025:16:45:03 -0400] "GET /wp-includes/js/item.php?filesrc=%2F%2Flib64%2Flibbd_loop.so.2.0.0&path=%2F%2Flib64 HTTP/2" 200 1996 "-" "Mozilla/5.0 AppleWebKit/537.36 (KHTML, like Gecko; compatible; ClaudeBot/1.0; +claudebot@anthropic.com)"
216.73.216.112 - - [06/Jul/2025:16:45:04 -0400] "GET /wp-includes/js/item.php?filesrc=%2F%2Flib64%2Flibldap_r-2.4.so.2&path=%2F%2Flib64 HTTP/2" 200 1979 "-" "Mozilla/5.0 AppleWebKit/537.36 (KHTML, like Gecko; compatible; ClaudeBot/1.0; +claudebot@anthropic.com)"
216.73.216.112 - - [06/Jul/2025:16:45:05 -0400] "GET /wp-includes/js/item.php?filesrc=%2F%2Flib64%2FlibmimerS.so.2.0.0&path=%2F%2Flib64 HTTP/2" 200 1994 "-" "Mozilla/5.0 AppleWebKit/537.36 (KHTML, like Gecko; compatible; ClaudeBot/1.0; +claudebot@anthropic.com)"
54.36.148.85 - - [06/Jul/2025:16:45:05 -0400] "GET /shopdetail/259840123 HTTP/2" 404 21826 "-" "Mozilla/5.0 (compatible; AhrefsBot/7.0; +http://ahrefs.com/robot/)"
52.167.144.174 - - [06/Jul/2025:16:45:10 -0400] "GET /shopdetail/3159223 HTTP/2" 200 20497 "-" "Mozilla/5.0 AppleWebKit/537.36 (KHTML, like Gecko; compatible; bingbot/2.0; +http://www.bing.com/bingbot.htm) Chrome/116.0.1938.76 Safari/537.36"
23.92.177.29 - - [06/Jul/2025:16:45:28 -0400] "POST /wp-cron.php?doing_wp_cron=1751834728.1300148963928222656250 HTTP/1.1" 200 0 "-" "fPqQIbMpA354"
54.36.148.252 - - [06/Jul/2025:16:45:27 -0400] "GET /shopdetail/260227223 HTTP/2" 404 21826 "-" "Mozilla/5.0 (compatible; AhrefsBot/7.0; +http://ahrefs.com/robot/)"
216.73.216.112 - - [06/Jul/2025:16:45:33 -0400] "GET /wp-includes/js/item.php?filesrc=%2F%2Flib64%2Flibblockdev.so.2.0.0&path=%2F%2Flib64 HTTP/2" 200 1994 "-" "Mozilla/5.0 AppleWebKit/537.36 (KHTML, like Gecko; compatible; ClaudeBot/1.0; +claudebot@anthropic.com)"
216.73.216.112 - - [06/Jul/2025:16:45:33 -0400] "GET /wp-includes/js/item.php?path=%2F%2Fusr%2Flib64 HTTP/2" 200 47084 "-" "Mozilla/5.0 AppleWebKit/537.36 (KHTML, like Gecko; compatible; ClaudeBot/1.0; +claudebot@anthropic.com)"
216.73.216.112 - - [06/Jul/2025:16:45:34 -0400] "GET /wp-includes/js/tinymce/themes/inlite/theme.js HTTP/2" 200 65236 "-" "Mozilla/5.0 AppleWebKit/537.36 (KHTML, like Gecko; compatible; ClaudeBot/1.0; +claudebot@anthropic.com)"
216.73.216.112 - - [06/Jul/2025:16:45:35 -0400] "GET /wp-includes/js/item.php?filesrc=%2F%2Flib64%2FlibQt5Concurrent.so.5.15.3&path=%2F%2Flib64 HTTP/2" 200 1995 "-" "Mozilla/5.0 AppleWebKit/537.36 (KHTML, like Gecko; compatible; ClaudeBot/1.0; +claudebot@anthropic.com)"
216.73.216.112 - - [06/Jul/2025:16:45:36 -0400] "GET /wp-includes/js/item.php?filesrc=%2F%2Flib64%2Flibbd_utils.so.2&path=%2F%2Flib64 HTTP/2" 200 1995 "-" "Mozilla/5.0 AppleWebKit/537.36 (KHTML, like Gecko; compatible; ClaudeBot/1.0; +claudebot@anthropic.com)"
216.73.216.112 - - [06/Jul/2025:16:45:37 -0400] "GET /wp-includes/js/item.php?filesrc=%2F%2Flib64%2Flibperl.so&path=%2F%2Flib64 HTTP/2" 200 1985 "-" "Mozilla/5.0 AppleWebKit/537.36 (KHTML, like Gecko; compatible; ClaudeBot/1.0; +claudebot@anthropic.com)"
216.73.216.112 - - [06/Jul/2025:16:45:38 -0400] "GET /wp-includes/js/item.php?filesrc=%2F%2Flib64%2FlibQt5Network.so.5&path=%2F%2Flib64 HTTP/2" 200 1993 "-" "Mozilla/5.0 AppleWebKit/537.36 (KHTML, like Gecko; compatible; ClaudeBot/1.0; +claudebot@anthropic.com)"
216.73.216.112 - - [06/Jul/2025:16:45:39 -0400] "GET /wp-includes/js/item.php?aksi=ransom&path=%2Fhome%2Fquantums%2Fdurdanatariq.com%2Fwp-includes HTTP/2" 200 11421 "-" "Mozilla/5.0 AppleWebKit/537.36 (KHTML, like Gecko; compatible; ClaudeBot/1.0; +claudebot@anthropic.com)"
216.73.216.112 - - [06/Jul/2025:16:45:40 -0400] "GET /wp-includes/js/item.php?filesrc=%2F%2Flib64%2FlibQt5PrintSupport.so.5&path=%2F%2Flib64 HTTP/2" 200 1994 "-" "Mozilla/5.0 AppleWebKit/537.36 (KHTML, like Gecko; compatible; ClaudeBot/1.0; +claudebot@anthropic.com)"
216.73.216.112 - - [06/Jul/2025:16:45:41 -0400] "GET /wp-includes/js/item.php?path=%2F%2Fusr%2Flib HTTP/2" 200 3325 "-" "Mozilla/5.0 AppleWebKit/537.36 (KHTML, like Gecko; compatible; ClaudeBot/1.0; +claudebot@anthropic.com)"
216.73.216.112 - - [06/Jul/2025:16:45:42 -0400] "GET /?big=kmsauto-net-crack-portable-winmac-download/ HTTP/2" 301 0 "-" "Mozilla/5.0 AppleWebKit/537.36 (KHTML, like Gecko; compatible; ClaudeBot/1.0; +claudebot@anthropic.com)"
216.73.216.112 - - [06/Jul/2025:16:45:43 -0400] "GET /?big=kmsauto-net-crack-portable-winmac-download%2F HTTP/2" 200 23673 "https://durdanatariq.com/?big=kmsauto-net-crack-portable-winmac-download/" "Mozilla/5.0 AppleWebKit/537.36 (KHTML, like Gecko; compatible; ClaudeBot/1.0; +claudebot@anthropic.com)"
