Current File : /home/quantums/access-logs/bodyguardslosangeles.net.quantumseoinc.com |
57.141.4.29 - - [06/Jul/2025:08:04:37 -0400] "GET /shopdetail/24735447/ HTTP/1.1" 404 76487 "-" "meta-externalagent/1.1 (+https://developers.facebook.com/docs/sharing/webmasters/crawler)"
57.141.4.8 - - [06/Jul/2025:08:05:11 -0400] "GET /shopdetail/3029658/ HTTP/1.1" 404 76485 "-" "meta-externalagent/1.1 (+https://developers.facebook.com/docs/sharing/webmasters/crawler)"
23.92.177.29 - - [06/Jul/2025:08:05:25 -0400] "POST /wp-cron.php?doing_wp_cron=1751803525.7594499588012695312500 HTTP/1.1" 200 0 "-" "WordPress/6.7.2; https://bodyguardslosangeles.net"
57.141.4.11 - - [06/Jul/2025:08:05:24 -0400] "GET /shopdetail/14094414/ HTTP/1.1" 404 76487 "-" "meta-externalagent/1.1 (+https://developers.facebook.com/docs/sharing/webmasters/crawler)"
57.141.4.7 - - [06/Jul/2025:08:05:25 -0400] "GET /shopdetail/8730381/ HTTP/1.1" 404 76485 "-" "meta-externalagent/1.1 (+https://developers.facebook.com/docs/sharing/webmasters/crawler)"
57.141.4.14 - - [06/Jul/2025:08:06:34 -0400] "GET /shopdetail/20491036/ HTTP/1.1" 404 76487 "-" "meta-externalagent/1.1 (+https://developers.facebook.com/docs/sharing/webmasters/crawler)"
23.92.177.29 - - [06/Jul/2025:08:07:13 -0400] "POST /wp-cron.php?doing_wp_cron=1751803633.0341570377349853515625 HTTP/1.1" 200 0 "-" "WordPress/6.7.2; https://bodyguardslosangeles.net"
57.141.4.2 - - [06/Jul/2025:08:07:12 -0400] "GET /shopdetail/22904114/ HTTP/1.1" 404 76487 "-" "meta-externalagent/1.1 (+https://developers.facebook.com/docs/sharing/webmasters/crawler)"
57.141.4.17 - - [06/Jul/2025:08:07:52 -0400] "GET /shopdetail/20077336/ HTTP/1.1" 404 76487 "-" "meta-externalagent/1.1 (+https://developers.facebook.com/docs/sharing/webmasters/crawler)"
57.141.4.22 - - [06/Jul/2025:08:07:57 -0400] "GET /shopdetail/21143570/ HTTP/1.1" 404 76487 "-" "meta-externalagent/1.1 (+https://developers.facebook.com/docs/sharing/webmasters/crawler)"
57.141.4.19 - - [06/Jul/2025:08:08:01 -0400] "GET /shopdetail/11217492/ HTTP/1.1" 404 76487 "-" "meta-externalagent/1.1 (+https://developers.facebook.com/docs/sharing/webmasters/crawler)"
23.92.177.29 - - [06/Jul/2025:08:08:13 -0400] "POST /wp-cron.php?doing_wp_cron=1751803693.5642259120941162109375 HTTP/1.1" 200 0 "-" "WordPress/6.7.2; https://bodyguardslosangeles.net"
216.73.216.121 - - [06/Jul/2025:08:08:12 -0400] "GET /sitemap394.xml HTTP/1.1" 404 17540 "-" "Mozilla/5.0 AppleWebKit/537.36 (KHTML, like Gecko; compatible; ClaudeBot/1.0; +claudebot@anthropic.com)"
57.141.4.6 - - [06/Jul/2025:08:08:36 -0400] "GET /shopdetail/2456370/ HTTP/1.1" 404 76485 "-" "meta-externalagent/1.1 (+https://developers.facebook.com/docs/sharing/webmasters/crawler)"
57.141.4.8 - - [06/Jul/2025:08:09:10 -0400] "GET /shopdetail/12950747/ HTTP/1.1" 404 76487 "-" "meta-externalagent/1.1 (+https://developers.facebook.com/docs/sharing/webmasters/crawler)"
57.141.4.20 - - [06/Jul/2025:08:09:55 -0400] "GET /shopdetail/1711270/ HTTP/1.1" 404 76485 "-" "meta-externalagent/1.1 (+https://developers.facebook.com/docs/sharing/webmasters/crawler)"
57.141.4.2 - - [06/Jul/2025:08:09:56 -0400] "GET /shopdetail/14970625/ HTTP/1.1" 404 76487 "-" "meta-externalagent/1.1 (+https://developers.facebook.com/docs/sharing/webmasters/crawler)"
23.92.177.29 - - [06/Jul/2025:08:10:13 -0400] "POST /wp-cron.php?doing_wp_cron=1751803813.8348879814147949218750 HTTP/1.1" 200 0 "-" "WordPress/6.7.2; https://bodyguardslosangeles.net"
57.141.4.21 - - [06/Jul/2025:08:10:13 -0400] "GET /shopdetail/6269347/ HTTP/1.1" 404 76485 "-" "meta-externalagent/1.1 (+https://developers.facebook.com/docs/sharing/webmasters/crawler)"
23.92.177.29 - - [06/Jul/2025:08:11:14 -0400] "POST /wp-cron.php?doing_wp_cron=1751803874.2805740833282470703125 HTTP/1.1" 200 0 "-" "WordPress/6.7.2; https://bodyguardslosangeles.net"
57.141.4.2 - - [06/Jul/2025:08:11:13 -0400] "GET /shopdetail/21698847/ HTTP/1.1" 404 76487 "-" "meta-externalagent/1.1 (+https://developers.facebook.com/docs/sharing/webmasters/crawler)"
57.141.4.8 - - [06/Jul/2025:08:11:20 -0400] "GET /shopdetail/10487281/ HTTP/1.1" 404 76487 "-" "meta-externalagent/1.1 (+https://developers.facebook.com/docs/sharing/webmasters/crawler)"
23.92.177.29 - - [06/Jul/2025:08:12:17 -0400] "POST /wp-cron.php?doing_wp_cron=1751803937.0970640182495117187500 HTTP/1.1" 200 0 "-" "WordPress/6.7.2; https://bodyguardslosangeles.net"
57.141.4.9 - - [06/Jul/2025:08:12:16 -0400] "GET /shopdetail/10713314/ HTTP/1.1" 404 76487 "-" "meta-externalagent/1.1 (+https://developers.facebook.com/docs/sharing/webmasters/crawler)"
216.73.216.121 - - [06/Jul/2025:08:12:16 -0400] "GET /sitemap534.xml HTTP/1.1" 404 17540 "-" "Mozilla/5.0 AppleWebKit/537.36 (KHTML, like Gecko; compatible; ClaudeBot/1.0; +claudebot@anthropic.com)"
57.141.4.24 - - [06/Jul/2025:08:12:26 -0400] "GET /shopdetail/10782736/ HTTP/1.1" 404 76487 "-" "meta-externalagent/1.1 (+https://developers.facebook.com/docs/sharing/webmasters/crawler)"
57.141.4.27 - - [06/Jul/2025:08:12:38 -0400] "GET /shopdetail/22021281/ HTTP/1.1" 404 76487 "-" "meta-externalagent/1.1 (+https://developers.facebook.com/docs/sharing/webmasters/crawler)"
57.141.4.2 - - [06/Jul/2025:08:13:00 -0400] "GET /shopdetail/17649703/ HTTP/1.1" 404 76487 "-" "meta-externalagent/1.1 (+https://developers.facebook.com/docs/sharing/webmasters/crawler)"
23.92.177.29 - - [06/Jul/2025:08:13:34 -0400] "POST /wp-cron.php?doing_wp_cron=1751804014.0749700069427490234375 HTTP/1.1" 200 0 "-" "WordPress/6.7.2; https://bodyguardslosangeles.net"
57.141.4.15 - - [06/Jul/2025:08:13:33 -0400] "GET /shopdetail/13902858/ HTTP/1.1" 404 76487 "-" "meta-externalagent/1.1 (+https://developers.facebook.com/docs/sharing/webmasters/crawler)"
57.141.4.24 - - [06/Jul/2025:08:14:05 -0400] "GET /shopdetail/20539969/ HTTP/1.1" 404 76487 "-" "meta-externalagent/1.1 (+https://developers.facebook.com/docs/sharing/webmasters/crawler)"
57.141.4.17 - - [06/Jul/2025:08:14:06 -0400] "GET /shopdetail/12441614/ HTTP/1.1" 404 76487 "-" "meta-externalagent/1.1 (+https://developers.facebook.com/docs/sharing/webmasters/crawler)"
57.141.4.21 - - [06/Jul/2025:08:15:43 -0400] "GET /shopdetail/19732081/ HTTP/1.1" 404 76487 "-" "meta-externalagent/1.1 (+https://developers.facebook.com/docs/sharing/webmasters/crawler)"
23.92.177.29 - - [06/Jul/2025:08:16:19 -0400] "POST /wp-cron.php?doing_wp_cron=1751804179.5041630268096923828125 HTTP/1.1" 200 0 "-" "WordPress/6.7.2; https://bodyguardslosangeles.net"
57.141.4.28 - - [06/Jul/2025:08:16:18 -0400] "GET /shopdetail/7020481/ HTTP/1.1" 404 76485 "-" "meta-externalagent/1.1 (+https://developers.facebook.com/docs/sharing/webmasters/crawler)"
57.141.4.18 - - [06/Jul/2025:08:16:33 -0400] "GET /shopdetail/7465025/ HTTP/1.1" 404 76485 "-" "meta-externalagent/1.1 (+https://developers.facebook.com/docs/sharing/webmasters/crawler)"
57.141.4.12 - - [06/Jul/2025:08:16:47 -0400] "GET /shopdetail/7627681/ HTTP/1.1" 404 76485 "-" "meta-externalagent/1.1 (+https://developers.facebook.com/docs/sharing/webmasters/crawler)"
23.92.177.29 - - [06/Jul/2025:08:17:33 -0400] "POST /wp-cron.php?doing_wp_cron=1751804253.0783679485321044921875 HTTP/1.1" 200 0 "-" "WordPress/6.7.2; https://bodyguardslosangeles.net"
57.141.4.24 - - [06/Jul/2025:08:17:32 -0400] "GET /shopdetail/9771070/ HTTP/1.1" 404 76485 "-" "meta-externalagent/1.1 (+https://developers.facebook.com/docs/sharing/webmasters/crawler)"
57.141.4.23 - - [06/Jul/2025:08:17:47 -0400] "GET /shopdetail/19478625/ HTTP/1.1" 404 76487 "-" "meta-externalagent/1.1 (+https://developers.facebook.com/docs/sharing/webmasters/crawler)"
23.92.177.29 - - [06/Jul/2025:08:18:47 -0400] "POST /wp-cron.php?doing_wp_cron=1751804327.5832729339599609375000 HTTP/1.1" 200 0 "-" "WordPress/6.7.2; https://bodyguardslosangeles.net"
57.141.4.20 - - [06/Jul/2025:08:18:46 -0400] "GET /shopdetail/21124192/ HTTP/1.1" 404 76487 "-" "meta-externalagent/1.1 (+https://developers.facebook.com/docs/sharing/webmasters/crawler)"
66.249.79.197 - - [06/Jul/2025:08:18:57 -0400] "GET /shopdetail/9105181/ HTTP/1.1" 404 17538 "-" "Mozilla/5.0 (Linux; Android 6.0.1; Nexus 5X Build/MMB29P) AppleWebKit/537.36 (KHTML, like Gecko) Chrome/137.0.7151.103 Mobile Safari/537.36 (compatible; Googlebot/2.1; +http://www.google.com/bot.html)"
23.92.177.29 - - [06/Jul/2025:08:19:20 -0400] "POST /wp-cron.php?doing_wp_cron=1751804360.0121629238128662109375 HTTP/1.1" 200 0 "-" "WordPress/6.7.2; https://bodyguardslosangeles.net"
57.141.4.11 - - [06/Jul/2025:08:19:19 -0400] "GET /shopdetail/24465925/ HTTP/1.1" 404 76487 "-" "meta-externalagent/1.1 (+https://developers.facebook.com/docs/sharing/webmasters/crawler)"
57.141.4.19 - - [06/Jul/2025:08:19:34 -0400] "GET /shopdetail/21853325/ HTTP/1.1" 404 76487 "-" "meta-externalagent/1.1 (+https://developers.facebook.com/docs/sharing/webmasters/crawler)"
23.92.177.29 - - [06/Jul/2025:08:20:22 -0400] "POST /wp-cron.php?doing_wp_cron=1751804422.7391650676727294921875 HTTP/1.1" 200 0 "-" "WordPress/6.7.2; https://bodyguardslosangeles.net"
57.141.4.1 - - [06/Jul/2025:08:20:22 -0400] "GET /shopdetail/10050725/ HTTP/1.1" 404 76487 "-" "meta-externalagent/1.1 (+https://developers.facebook.com/docs/sharing/webmasters/crawler)"
57.141.4.22 - - [06/Jul/2025:08:20:35 -0400] "GET /shopdetail/21055936/ HTTP/1.1" 404 76487 "-" "meta-externalagent/1.1 (+https://developers.facebook.com/docs/sharing/webmasters/crawler)"
23.92.177.29 - - [06/Jul/2025:08:21:46 -0400] "POST /wp-cron.php?doing_wp_cron=1751804506.5919599533081054687500 HTTP/1.1" 200 0 "-" "WordPress/6.7.2; https://bodyguardslosangeles.net"
57.141.4.25 - - [06/Jul/2025:08:21:44 -0400] "GET /shopdetail/22182647/ HTTP/1.1" 404 76487 "-" "meta-externalagent/1.1 (+https://developers.facebook.com/docs/sharing/webmasters/crawler)"
23.92.177.29 - - [06/Jul/2025:08:22:47 -0400] "POST /wp-cron.php?doing_wp_cron=1751804567.5670390129089355468750 HTTP/1.1" 200 0 "-" "WordPress/6.7.2; https://bodyguardslosangeles.net"
216.73.216.121 - - [06/Jul/2025:08:22:46 -0400] "GET /sitemap438.xml HTTP/1.1" 404 17540 "-" "Mozilla/5.0 AppleWebKit/537.36 (KHTML, like Gecko; compatible; ClaudeBot/1.0; +claudebot@anthropic.com)"
57.141.4.19 - - [06/Jul/2025:08:24:17 -0400] "GET /shopdetail/20619547/ HTTP/1.1" 404 76487 "-" "meta-externalagent/1.1 (+https://developers.facebook.com/docs/sharing/webmasters/crawler)"
57.141.4.12 - - [06/Jul/2025:08:24:19 -0400] "GET /shopdetail/9852214/ HTTP/1.1" 404 76485 "-" "meta-externalagent/1.1 (+https://developers.facebook.com/docs/sharing/webmasters/crawler)"
57.141.4.23 - - [06/Jul/2025:08:25:11 -0400] "GET /shopdetail/6052847/ HTTP/1.1" 404 76485 "-" "meta-externalagent/1.1 (+https://developers.facebook.com/docs/sharing/webmasters/crawler)"
57.141.4.2 - - [06/Jul/2025:08:25:30 -0400] "GET /shopdetail/13719758/ HTTP/1.1" 404 76487 "-" "meta-externalagent/1.1 (+https://developers.facebook.com/docs/sharing/webmasters/crawler)"
57.141.4.9 - - [06/Jul/2025:08:25:31 -0400] "GET /shopdetail/25835681/ HTTP/1.1" 404 76487 "-" "meta-externalagent/1.1 (+https://developers.facebook.com/docs/sharing/webmasters/crawler)"
23.92.177.29 - - [06/Jul/2025:08:25:40 -0400] "POST /wp-cron.php?doing_wp_cron=1751804740.4810369014739990234375 HTTP/1.1" 200 0 "-" "WordPress/6.7.2; https://bodyguardslosangeles.net"
57.141.4.17 - - [06/Jul/2025:08:25:39 -0400] "GET /shopdetail/23926525/ HTTP/1.1" 404 76487 "-" "meta-externalagent/1.1 (+https://developers.facebook.com/docs/sharing/webmasters/crawler)"
57.141.4.3 - - [06/Jul/2025:08:26:47 -0400] "GET /shopdetail/23314958/ HTTP/1.1" 404 76487 "-" "meta-externalagent/1.1 (+https://developers.facebook.com/docs/sharing/webmasters/crawler)"
23.92.177.29 - - [06/Jul/2025:08:27:43 -0400] "POST /wp-cron.php?doing_wp_cron=1751804863.6102859973907470703125 HTTP/1.1" 200 0 "-" "WordPress/6.7.2; https://bodyguardslosangeles.net"
57.141.4.27 - - [06/Jul/2025:08:27:42 -0400] "GET /shopdetail/1465081/ HTTP/1.1" 404 76485 "-" "meta-externalagent/1.1 (+https://developers.facebook.com/docs/sharing/webmasters/crawler)"
66.249.79.197 - - [06/Jul/2025:08:27:52 -0400] "GET /shopdetail/19306558/ HTTP/1.1" 404 17539 "-" "Mozilla/5.0 (Linux; Android 6.0.1; Nexus 5X Build/MMB29P) AppleWebKit/537.36 (KHTML, like Gecko) Chrome/137.0.7151.103 Mobile Safari/537.36 (compatible; Googlebot/2.1; +http://www.google.com/bot.html)"
23.92.177.29 - - [06/Jul/2025:08:28:39 -0400] "POST /wp-cron.php?doing_wp_cron=1751804919.7633860111236572265625 HTTP/1.1" 200 0 "-" "WordPress/6.7.2; https://bodyguardslosangeles.net"
57.141.4.17 - - [06/Jul/2025:08:28:39 -0400] "GET /shopdetail/8442647/ HTTP/1.1" 404 76485 "-" "meta-externalagent/1.1 (+https://developers.facebook.com/docs/sharing/webmasters/crawler)"
23.92.177.29 - - [06/Jul/2025:08:29:38 -0400] "POST /wp-cron.php?doing_wp_cron=1751804978.5786480903625488281250 HTTP/1.1" 200 0 "-" "WordPress/6.7.2; https://bodyguardslosangeles.net"
216.73.216.121 - - [06/Jul/2025:08:29:37 -0400] "GET /sitemap376.xml HTTP/1.1" 404 17540 "-" "Mozilla/5.0 AppleWebKit/537.36 (KHTML, like Gecko; compatible; ClaudeBot/1.0; +claudebot@anthropic.com)"
66.249.79.196 - - [06/Jul/2025:08:29:53 -0400] "GET /shopdetail/25293736/ HTTP/1.1" 404 17539 "-" "Mozilla/5.0 (Linux; Android 6.0.1; Nexus 5X Build/MMB29P) AppleWebKit/537.36 (KHTML, like Gecko) Chrome/137.0.7151.103 Mobile Safari/537.36 (compatible; Googlebot/2.1; +http://www.google.com/bot.html)"
57.141.4.29 - - [06/Jul/2025:08:30:38 -0400] "GET /shopdetail/6073669/ HTTP/1.1" 404 76485 "-" "meta-externalagent/1.1 (+https://developers.facebook.com/docs/sharing/webmasters/crawler)"
57.141.4.21 - - [06/Jul/2025:08:31:05 -0400] "GET /shopdetail/21523770/ HTTP/1.1" 404 76487 "-" "meta-externalagent/1.1 (+https://developers.facebook.com/docs/sharing/webmasters/crawler)"
23.92.177.29 - - [06/Jul/2025:08:31:17 -0400] "POST /wp-cron.php?doing_wp_cron=1751805077.1940479278564453125000 HTTP/1.1" 200 0 "-" "WordPress/6.7.2; https://bodyguardslosangeles.net"
57.141.4.16 - - [06/Jul/2025:08:31:16 -0400] "GET /shopdetail/9377170/ HTTP/1.1" 404 76485 "-" "meta-externalagent/1.1 (+https://developers.facebook.com/docs/sharing/webmasters/crawler)"
57.141.4.21 - - [06/Jul/2025:08:31:46 -0400] "GET /shopdetail/20346736/ HTTP/1.1" 404 76487 "-" "meta-externalagent/1.1 (+https://developers.facebook.com/docs/sharing/webmasters/crawler)"
57.141.4.19 - - [06/Jul/2025:08:32:22 -0400] "GET /shopdetail/21817558/ HTTP/1.1" 404 76487 "-" "meta-externalagent/1.1 (+https://developers.facebook.com/docs/sharing/webmasters/crawler)"
57.141.4.23 - - [06/Jul/2025:08:33:02 -0400] "GET /shopdetail/12336758/ HTTP/1.1" 404 76487 "-" "meta-externalagent/1.1 (+https://developers.facebook.com/docs/sharing/webmasters/crawler)"
23.92.177.29 - - [06/Jul/2025:08:33:24 -0400] "POST /wp-cron.php?doing_wp_cron=1751805204.6988608837127685546875 HTTP/1.1" 200 0 "-" "WordPress/6.7.2; https://bodyguardslosangeles.net"
57.141.4.13 - - [06/Jul/2025:08:33:23 -0400] "GET /shopdetail/13520736/ HTTP/1.1" 404 76487 "-" "meta-externalagent/1.1 (+https://developers.facebook.com/docs/sharing/webmasters/crawler)"
23.92.177.29 - - [06/Jul/2025:08:34:54 -0400] "POST /wp-cron.php?doing_wp_cron=1751805294.8025460243225097656250 HTTP/1.1" 200 0 "-" "WordPress/6.7.2; https://bodyguardslosangeles.net"
57.141.4.18 - - [06/Jul/2025:08:34:54 -0400] "GET /shopdetail/9270647/ HTTP/1.1" 404 76485 "-" "meta-externalagent/1.1 (+https://developers.facebook.com/docs/sharing/webmasters/crawler)"
23.92.177.29 - - [06/Jul/2025:08:35:13 -0400] "POST /wp-cron.php?doing_wp_cron=1751805313.1691329479217529296875 HTTP/1.1" 200 0 "-" "WordPress/6.7.2; https://bodyguardslosangeles.net"
57.141.4.19 - - [06/Jul/2025:08:35:12 -0400] "GET /shopdetail/26184703/ HTTP/1.1" 404 76487 "-" "meta-externalagent/1.1 (+https://developers.facebook.com/docs/sharing/webmasters/crawler)"
216.73.216.121 - - [06/Jul/2025:08:35:55 -0400] "GET /sitemap450.xml HTTP/1.1" 404 17540 "-" "Mozilla/5.0 AppleWebKit/537.36 (KHTML, like Gecko; compatible; ClaudeBot/1.0; +claudebot@anthropic.com)"
23.92.177.29 - - [06/Jul/2025:08:36:39 -0400] "POST /wp-cron.php?doing_wp_cron=1751805399.8535048961639404296875 HTTP/1.1" 200 0 "-" "WordPress/6.7.2; https://bodyguardslosangeles.net"
57.141.4.9 - - [06/Jul/2025:08:36:39 -0400] "GET /shopdetail/18946969/ HTTP/1.1" 404 76487 "-" "meta-externalagent/1.1 (+https://developers.facebook.com/docs/sharing/webmasters/crawler)"
66.249.79.196 - - [06/Jul/2025:08:38:41 -0400] "GET /shopdetail/23551570/ HTTP/1.1" 404 17538 "-" "Mozilla/5.0 (Linux; Android 6.0.1; Nexus 5X Build/MMB29P) AppleWebKit/537.36 (KHTML, like Gecko) Chrome/137.0.7151.103 Mobile Safari/537.36 (compatible; Googlebot/2.1; +http://www.google.com/bot.html)"
66.249.79.196 - - [06/Jul/2025:08:38:56 -0400] "GET /shopdetail/4185125/ HTTP/1.1" 404 17538 "-" "Mozilla/5.0 (Linux; Android 6.0.1; Nexus 5X Build/MMB29P) AppleWebKit/537.36 (KHTML, like Gecko) Chrome/137.0.7151.103 Mobile Safari/537.36 (compatible; Googlebot/2.1; +http://www.google.com/bot.html)"
23.92.177.29 - - [06/Jul/2025:08:39:28 -0400] "POST /wp-cron.php?doing_wp_cron=1751805568.5048871040344238281250 HTTP/1.1" 200 0 "-" "WordPress/6.7.2; https://bodyguardslosangeles.net"
66.249.79.198 - - [06/Jul/2025:08:39:27 -0400] "GET /shopdetail/7100725/ HTTP/1.1" 404 17575 "-" "Mozilla/5.0 (Linux; Android 6.0.1; Nexus 5X Build/MMB29P) AppleWebKit/537.36 (KHTML, like Gecko) Chrome/137.0.7151.103 Mobile Safari/537.36 (compatible; Googlebot/2.1; +http://www.google.com/bot.html)"
57.141.4.27 - - [06/Jul/2025:08:39:27 -0400] "GET /shopdetail/2221481/ HTTP/1.1" 404 76485 "-" "meta-externalagent/1.1 (+https://developers.facebook.com/docs/sharing/webmasters/crawler)"
57.141.4.6 - - [06/Jul/2025:08:39:48 -0400] "GET /shopdetail/18733803/ HTTP/1.1" 404 76487 "-" "meta-externalagent/1.1 (+https://developers.facebook.com/docs/sharing/webmasters/crawler)"
66.249.79.196 - - [06/Jul/2025:08:40:22 -0400] "GET /shopdetail/7977570/ HTTP/1.1" 404 17538 "-" "Mozilla/5.0 (Linux; Android 6.0.1; Nexus 5X Build/MMB29P) AppleWebKit/537.36 (KHTML, like Gecko) Chrome/137.0.7151.103 Mobile Safari/537.36 (compatible; Googlebot/2.1; +http://www.google.com/bot.html)"
66.249.79.196 - - [06/Jul/2025:08:40:23 -0400] "GET /shopdetail/14448936/ HTTP/1.1" 404 17538 "-" "Mozilla/5.0 (Linux; Android 6.0.1; Nexus 5X Build/MMB29P) AppleWebKit/537.36 (KHTML, like Gecko) Chrome/137.0.7151.103 Mobile Safari/537.36 (compatible; Googlebot/2.1; +http://www.google.com/bot.html)"
66.249.79.197 - - [06/Jul/2025:08:40:24 -0400] "GET /shopdetail/18435758/ HTTP/1.1" 404 17539 "-" "Mozilla/5.0 (Linux; Android 6.0.1; Nexus 5X Build/MMB29P) AppleWebKit/537.36 (KHTML, like Gecko) Chrome/137.0.7151.103 Mobile Safari/537.36 (compatible; Googlebot/2.1; +http://www.google.com/bot.html)"
66.249.79.197 - - [06/Jul/2025:08:40:25 -0400] "GET /shopdetail/12426636/ HTTP/1.1" 404 17539 "-" "Mozilla/5.0 (Linux; Android 6.0.1; Nexus 5X Build/MMB29P) AppleWebKit/537.36 (KHTML, like Gecko) Chrome/137.0.7151.103 Mobile Safari/537.36 (compatible; Googlebot/2.1; +http://www.google.com/bot.html)"
66.249.79.197 - - [06/Jul/2025:08:40:29 -0400] "GET /shopdetail/23934581/ HTTP/1.1" 404 17539 "-" "Mozilla/5.0 (Linux; Android 6.0.1; Nexus 5X Build/MMB29P) AppleWebKit/537.36 (KHTML, like Gecko) Chrome/137.0.7151.103 Mobile Safari/537.36 (compatible; Googlebot/2.1; +http://www.google.com/bot.html)"
66.249.79.196 - - [06/Jul/2025:08:40:34 -0400] "GET /shopdetail/24531547/ HTTP/1.1" 404 17539 "-" "Mozilla/5.0 (Linux; Android 6.0.1; Nexus 5X Build/MMB29P) AppleWebKit/537.36 (KHTML, like Gecko) Chrome/137.0.7151.103 Mobile Safari/537.36 (compatible; Googlebot/2.1; +http://www.google.com/bot.html)"
57.141.4.1 - - [06/Jul/2025:08:40:38 -0400] "GET /shopdetail/19842558/ HTTP/1.1" 404 76487 "-" "meta-externalagent/1.1 (+https://developers.facebook.com/docs/sharing/webmasters/crawler)"
66.249.79.197 - - [06/Jul/2025:08:41:11 -0400] "GET /shopdetail/5251769/ HTTP/1.1" 404 17539 "-" "Mozilla/5.0 (Linux; Android 6.0.1; Nexus 5X Build/MMB29P) AppleWebKit/537.36 (KHTML, like Gecko) Chrome/137.0.7151.103 Mobile Safari/537.36 (compatible; Googlebot/2.1; +http://www.google.com/bot.html)"
23.92.177.29 - - [06/Jul/2025:08:41:13 -0400] "POST /wp-cron.php?doing_wp_cron=1751805673.9143190383911132812500 HTTP/1.1" 200 0 "-" "WordPress/6.7.2; https://bodyguardslosangeles.net"
66.249.79.196 - - [06/Jul/2025:08:41:13 -0400] "GET /shopdetail/15286747/ HTTP/1.1" 404 17539 "-" "Mozilla/5.0 (Linux; Android 6.0.1; Nexus 5X Build/MMB29P) AppleWebKit/537.36 (KHTML, like Gecko) Chrome/137.0.7151.103 Mobile Safari/537.36 (compatible; Googlebot/2.1; +http://www.google.com/bot.html)"
66.249.79.197 - - [06/Jul/2025:08:41:22 -0400] "GET /shopdetail/2362769/ HTTP/1.1" 404 17539 "-" "Mozilla/5.0 (Linux; Android 6.0.1; Nexus 5X Build/MMB29P) AppleWebKit/537.36 (KHTML, like Gecko) Chrome/137.0.7151.103 Mobile Safari/537.36 (compatible; Googlebot/2.1; +http://www.google.com/bot.html)"
57.141.4.24 - - [06/Jul/2025:08:41:24 -0400] "GET /shopdetail/11824036/ HTTP/1.1" 404 76487 "-" "meta-externalagent/1.1 (+https://developers.facebook.com/docs/sharing/webmasters/crawler)"
57.141.4.10 - - [06/Jul/2025:08:41:27 -0400] "GET /shopdetail/14220647/ HTTP/1.1" 404 76487 "-" "meta-externalagent/1.1 (+https://developers.facebook.com/docs/sharing/webmasters/crawler)"
66.249.79.196 - - [06/Jul/2025:08:41:31 -0400] "GET /shopdetail/22249236/ HTTP/1.1" 404 17539 "-" "Mozilla/5.0 (Linux; Android 6.0.1; Nexus 5X Build/MMB29P) AppleWebKit/537.36 (KHTML, like Gecko) Chrome/137.0.7151.103 Mobile Safari/537.36 (compatible; Googlebot/2.1; +http://www.google.com/bot.html)"
66.249.79.196 - - [06/Jul/2025:08:41:32 -0400] "GET /shopdetail/19446481/ HTTP/1.1" 404 17539 "-" "Mozilla/5.0 (Linux; Android 6.0.1; Nexus 5X Build/MMB29P) AppleWebKit/537.36 (KHTML, like Gecko) Chrome/137.0.7151.103 Mobile Safari/537.36 (compatible; Googlebot/2.1; +http://www.google.com/bot.html)"
66.249.79.196 - - [06/Jul/2025:08:41:37 -0400] "GET /shopdetail/3142792/ HTTP/1.1" 404 17536 "-" "Mozilla/5.0 (Linux; Android 6.0.1; Nexus 5X Build/MMB29P) AppleWebKit/537.36 (KHTML, like Gecko) Chrome/137.0.7151.103 Mobile Safari/537.36 (compatible; Googlebot/2.1; +http://www.google.com/bot.html)"
57.141.4.3 - - [06/Jul/2025:08:41:42 -0400] "GET /shopdetail/11688370/ HTTP/1.1" 404 76487 "-" "meta-externalagent/1.1 (+https://developers.facebook.com/docs/sharing/webmasters/crawler)"
66.249.79.196 - - [06/Jul/2025:08:41:56 -0400] "GET /shopdetail/20458058/ HTTP/1.1" 404 17539 "-" "Mozilla/5.0 (Linux; Android 6.0.1; Nexus 5X Build/MMB29P) AppleWebKit/537.36 (KHTML, like Gecko) Chrome/137.0.7151.103 Mobile Safari/537.36 (compatible; Googlebot/2.1; +http://www.google.com/bot.html)"
23.92.177.29 - - [06/Jul/2025:08:42:16 -0400] "POST /wp-cron.php?doing_wp_cron=1751805736.0680260658264160156250 HTTP/1.1" 200 0 "-" "WordPress/6.7.2; https://bodyguardslosangeles.net"
66.249.79.198 - - [06/Jul/2025:08:42:15 -0400] "GET /shopdetail/7418514/ HTTP/1.1" 404 17539 "-" "Mozilla/5.0 (Linux; Android 6.0.1; Nexus 5X Build/MMB29P) AppleWebKit/537.36 (KHTML, like Gecko) Chrome/137.0.7151.103 Mobile Safari/537.36 (compatible; Googlebot/2.1; +http://www.google.com/bot.html)"
57.141.4.15 - - [06/Jul/2025:08:42:15 -0400] "GET /shopdetail/24336770/ HTTP/1.1" 404 76487 "-" "meta-externalagent/1.1 (+https://developers.facebook.com/docs/sharing/webmasters/crawler)"
57.141.4.26 - - [06/Jul/2025:08:42:21 -0400] "GET /shopdetail/21857658/ HTTP/1.1" 404 76487 "-" "meta-externalagent/1.1 (+https://developers.facebook.com/docs/sharing/webmasters/crawler)"
66.249.79.196 - - [06/Jul/2025:08:42:26 -0400] "GET /shopdetail/25687147/ HTTP/1.1" 404 17539 "-" "Mozilla/5.0 (Linux; Android 6.0.1; Nexus 5X Build/MMB29P) AppleWebKit/537.36 (KHTML, like Gecko) Chrome/137.0.7151.103 Mobile Safari/537.36 (compatible; Googlebot/2.1; +http://www.google.com/bot.html)"
66.249.79.196 - - [06/Jul/2025:08:42:37 -0400] "GET /shopdetail/1756070/ HTTP/1.1" 404 17538 "-" "Mozilla/5.0 (Linux; Android 6.0.1; Nexus 5X Build/MMB29P) AppleWebKit/537.36 (KHTML, like Gecko) Chrome/137.0.7151.103 Mobile Safari/537.36 (compatible; Googlebot/2.1; +http://www.google.com/bot.html)"
57.141.4.27 - - [06/Jul/2025:08:42:46 -0400] "GET /shopdetail/14697092/ HTTP/1.1" 404 76487 "-" "meta-externalagent/1.1 (+https://developers.facebook.com/docs/sharing/webmasters/crawler)"
66.249.79.196 - - [06/Jul/2025:08:42:46 -0400] "GET /shopdetail/9942992/ HTTP/1.1" 404 17537 "-" "Mozilla/5.0 (Linux; Android 6.0.1; Nexus 5X Build/MMB29P) AppleWebKit/537.36 (KHTML, like Gecko) Chrome/137.0.7151.103 Mobile Safari/537.36 (compatible; Googlebot/2.1; +http://www.google.com/bot.html)"
66.249.79.196 - - [06/Jul/2025:08:42:47 -0400] "GET /shopdetail/14304481/ HTTP/1.1" 404 17539 "-" "Mozilla/5.0 (Linux; Android 6.0.1; Nexus 5X Build/MMB29P) AppleWebKit/537.36 (KHTML, like Gecko) Chrome/137.0.7151.103 Mobile Safari/537.36 (compatible; Googlebot/2.1; +http://www.google.com/bot.html)"
66.249.79.196 - - [06/Jul/2025:08:42:58 -0400] "GET /shopdetail/11357703/ HTTP/1.1" 404 17539 "-" "Mozilla/5.0 (Linux; Android 6.0.1; Nexus 5X Build/MMB29P) AppleWebKit/537.36 (KHTML, like Gecko) Chrome/137.0.7151.103 Mobile Safari/537.36 (compatible; Googlebot/2.1; +http://www.google.com/bot.html)"
66.249.79.196 - - [06/Jul/2025:08:43:05 -0400] "GET /shopdetail/15055625/ HTTP/1.1" 404 17539 "-" "Mozilla/5.0 (Linux; Android 6.0.1; Nexus 5X Build/MMB29P) AppleWebKit/537.36 (KHTML, like Gecko) Chrome/137.0.7151.103 Mobile Safari/537.36 (compatible; Googlebot/2.1; +http://www.google.com/bot.html)"
23.92.177.29 - - [06/Jul/2025:08:43:20 -0400] "POST /wp-cron.php?doing_wp_cron=1751805800.5921320915222167968750 HTTP/1.1" 200 0 "-" "WordPress/6.7.2; https://bodyguardslosangeles.net"
66.249.79.196 - - [06/Jul/2025:08:43:19 -0400] "GET /shopdetail/6638481/ HTTP/1.1" 404 17539 "-" "Mozilla/5.0 (Linux; Android 6.0.1; Nexus 5X Build/MMB29P) AppleWebKit/537.36 (KHTML, like Gecko) Chrome/137.0.7151.103 Mobile Safari/537.36 (compatible; Googlebot/2.1; +http://www.google.com/bot.html)"
66.249.79.196 - - [06/Jul/2025:08:43:27 -0400] "GET /shopdetail/18551314/ HTTP/1.1" 404 17539 "-" "Mozilla/5.0 (Linux; Android 6.0.1; Nexus 5X Build/MMB29P) AppleWebKit/537.36 (KHTML, like Gecko) Chrome/137.0.7151.103 Mobile Safari/537.36 (compatible; Googlebot/2.1; +http://www.google.com/bot.html)"
57.141.4.18 - - [06/Jul/2025:08:43:46 -0400] "GET /shopdetail/9443981/ HTTP/1.1" 404 76485 "-" "meta-externalagent/1.1 (+https://developers.facebook.com/docs/sharing/webmasters/crawler)"
57.141.4.17 - - [06/Jul/2025:08:43:50 -0400] "GET /shopdetail/14768392/ HTTP/1.1" 404 76487 "-" "meta-externalagent/1.1 (+https://developers.facebook.com/docs/sharing/webmasters/crawler)"
23.92.177.29 - - [06/Jul/2025:08:44:13 -0400] "POST /wp-cron.php?doing_wp_cron=1751805853.3569650650024414062500 HTTP/1.1" 200 0 "-" "WordPress/6.7.2; https://bodyguardslosangeles.net"
66.249.79.196 - - [06/Jul/2025:08:44:12 -0400] "GET /shopdetail/20833625/ HTTP/1.1" 404 17539 "-" "Mozilla/5.0 (Linux; Android 6.0.1; Nexus 5X Build/MMB29P) AppleWebKit/537.36 (KHTML, like Gecko) Chrome/137.0.7151.103 Mobile Safari/537.36 (compatible; Googlebot/2.1; +http://www.google.com/bot.html)"
66.249.79.196 - - [06/Jul/2025:08:44:12 -0400] "GET /shopdetail/10317669/ HTTP/1.1" 404 17539 "-" "Mozilla/5.0 (Linux; Android 6.0.1; Nexus 5X Build/MMB29P) AppleWebKit/537.36 (KHTML, like Gecko) Chrome/137.0.7151.103 Mobile Safari/537.36 (compatible; Googlebot/2.1; +http://www.google.com/bot.html)"
66.249.79.196 - - [06/Jul/2025:08:44:14 -0400] "GET /shopdetail/12946658/ HTTP/1.1" 404 17539 "-" "Mozilla/5.0 (Linux; Android 6.0.1; Nexus 5X Build/MMB29P) AppleWebKit/537.36 (KHTML, like Gecko) Chrome/137.0.7151.103 Mobile Safari/537.36 (compatible; Googlebot/2.1; +http://www.google.com/bot.html)"
57.141.4.19 - - [06/Jul/2025:08:44:14 -0400] "GET /shopdetail/4408092/ HTTP/1.1" 404 76485 "-" "meta-externalagent/1.1 (+https://developers.facebook.com/docs/sharing/webmasters/crawler)"
66.249.79.197 - - [06/Jul/2025:08:44:21 -0400] "GET /shopdetail/11126581/ HTTP/1.1" 404 17539 "-" "Mozilla/5.0 (Linux; Android 6.0.1; Nexus 5X Build/MMB29P) AppleWebKit/537.36 (KHTML, like Gecko) Chrome/137.0.7151.103 Mobile Safari/537.36 (compatible; Googlebot/2.1; +http://www.google.com/bot.html)"
57.141.4.15 - - [06/Jul/2025:08:44:26 -0400] "GET /shopdetail/16320769/ HTTP/1.1" 404 76487 "-" "meta-externalagent/1.1 (+https://developers.facebook.com/docs/sharing/webmasters/crawler)"
66.249.79.196 - - [06/Jul/2025:08:44:32 -0400] "GET /shopdetail/2218314/ HTTP/1.1" 404 17538 "-" "Mozilla/5.0 (Linux; Android 6.0.1; Nexus 5X Build/MMB29P) AppleWebKit/537.36 (KHTML, like Gecko) Chrome/137.0.7151.103 Mobile Safari/537.36 (compatible; Googlebot/2.1; +http://www.google.com/bot.html)"
66.249.79.196 - - [06/Jul/2025:08:44:43 -0400] "GET /shopdetail/5829569/ HTTP/1.1" 404 17539 "-" "Mozilla/5.0 (Linux; Android 6.0.1; Nexus 5X Build/MMB29P) AppleWebKit/537.36 (KHTML, like Gecko) Chrome/137.0.7151.103 Mobile Safari/537.36 (compatible; Googlebot/2.1; +http://www.google.com/bot.html)"
57.141.4.5 - - [06/Jul/2025:08:44:55 -0400] "GET /shopdetail/20048836/ HTTP/1.1" 404 76487 "-" "meta-externalagent/1.1 (+https://developers.facebook.com/docs/sharing/webmasters/crawler)"
57.141.4.7 - - [06/Jul/2025:08:45:00 -0400] "GET /shopdetail/26191158/ HTTP/1.1" 404 76487 "-" "meta-externalagent/1.1 (+https://developers.facebook.com/docs/sharing/webmasters/crawler)"
66.249.79.198 - - [06/Jul/2025:08:45:05 -0400] "GET /shopdetail/16434481/ HTTP/1.1" 404 17539 "-" "Mozilla/5.0 (Linux; Android 6.0.1; Nexus 5X Build/MMB29P) AppleWebKit/537.36 (KHTML, like Gecko) Chrome/137.0.7151.103 Mobile Safari/537.36 (compatible; Googlebot/2.1; +http://www.google.com/bot.html)"
23.92.177.29 - - [06/Jul/2025:08:45:17 -0400] "POST /wp-cron.php?doing_wp_cron=1751805917.1532690525054931640625 HTTP/1.1" 200 0 "-" "WordPress/6.7.2; https://bodyguardslosangeles.net"
66.249.79.196 - - [06/Jul/2025:08:45:16 -0400] "GET /shopdetail/11176503/ HTTP/1.1" 404 17539 "-" "Mozilla/5.0 (Linux; Android 6.0.1; Nexus 5X Build/MMB29P) AppleWebKit/537.36 (KHTML, like Gecko) Chrome/137.0.7151.103 Mobile Safari/537.36 (compatible; Googlebot/2.1; +http://www.google.com/bot.html)"
66.249.79.196 - - [06/Jul/2025:08:45:27 -0400] "GET /shopdetail/21576903/ HTTP/1.1" 404 17539 "-" "Mozilla/5.0 (Linux; Android 6.0.1; Nexus 5X Build/MMB29P) AppleWebKit/537.36 (KHTML, like Gecko) Chrome/137.0.7151.103 Mobile Safari/537.36 (compatible; Googlebot/2.1; +http://www.google.com/bot.html)"
66.249.79.196 - - [06/Jul/2025:08:45:40 -0400] "GET /shopdetail/4734036/ HTTP/1.1" 404 17538 "-" "Mozilla/5.0 (Linux; Android 6.0.1; Nexus 5X Build/MMB29P) AppleWebKit/537.36 (KHTML, like Gecko) Chrome/137.0.7151.103 Mobile Safari/537.36 (compatible; Googlebot/2.1; +http://www.google.com/bot.html)"
49.51.243.156 - - [06/Jul/2025:08:45:40 -0400] "GET / HTTP/1.1" 301 0 "-" "Mozilla/5.0 (iPhone; CPU iPhone OS 13_2_3 like Mac OS X) AppleWebKit/605.1.15 (KHTML, like Gecko) Version/13.0.3 Mobile/15E148 Safari/604.1"
66.249.79.196 - - [06/Jul/2025:08:45:41 -0400] "GET /shopdetail/2314714/ HTTP/1.1" 404 17538 "-" "Mozilla/5.0 (Linux; Android 6.0.1; Nexus 5X Build/MMB29P) AppleWebKit/537.36 (KHTML, like Gecko) Chrome/137.0.7151.103 Mobile Safari/537.36 (compatible; Googlebot/2.1; +http://www.google.com/bot.html)"
66.249.79.197 - - [06/Jul/2025:08:46:00 -0400] "GET /shopdetail/23147114/ HTTP/1.1" 404 17572 "-" "Mozilla/5.0 (Linux; Android 6.0.1; Nexus 5X Build/MMB29P) AppleWebKit/537.36 (KHTML, like Gecko) Chrome/137.0.7151.103 Mobile Safari/537.36 (compatible; Googlebot/2.1; +http://www.google.com/bot.html)"
57.141.4.16 - - [06/Jul/2025:08:46:01 -0400] "GET /shopdetail/18785269/ HTTP/1.1" 404 76487 "-" "meta-externalagent/1.1 (+https://developers.facebook.com/docs/sharing/webmasters/crawler)"
66.249.79.196 - - [06/Jul/2025:08:46:11 -0400] "GET /shopdetail/24158269/ HTTP/1.1" 404 17539 "-" "Mozilla/5.0 (Linux; Android 6.0.1; Nexus 5X Build/MMB29P) AppleWebKit/537.36 (KHTML, like Gecko) Chrome/137.0.7151.103 Mobile Safari/537.36 (compatible; Googlebot/2.1; +http://www.google.com/bot.html)"
23.92.177.29 - - [06/Jul/2025:08:46:22 -0400] "POST /wp-cron.php?doing_wp_cron=1751805982.8779149055480957031250 HTTP/1.1" 200 0 "-" "WordPress/6.7.2; https://bodyguardslosangeles.net"
66.249.79.196 - - [06/Jul/2025:08:46:22 -0400] "GET /shopdetail/13863270/ HTTP/1.1" 404 17539 "-" "Mozilla/5.0 (Linux; Android 6.0.1; Nexus 5X Build/MMB29P) AppleWebKit/537.36 (KHTML, like Gecko) Chrome/137.0.7151.103 Mobile Safari/537.36 (compatible; Googlebot/2.1; +http://www.google.com/bot.html)"
57.141.4.26 - - [06/Jul/2025:08:46:36 -0400] "GET /shopdetail/1701469/ HTTP/1.1" 404 76485 "-" "meta-externalagent/1.1 (+https://developers.facebook.com/docs/sharing/webmasters/crawler)"
57.141.4.9 - - [06/Jul/2025:08:46:37 -0400] "GET /shopdetail/15811003/ HTTP/1.1" 404 76487 "-" "meta-externalagent/1.1 (+https://developers.facebook.com/docs/sharing/webmasters/crawler)"
57.141.4.21 - - [06/Jul/2025:08:46:48 -0400] "GET /shopdetail/14181947/ HTTP/1.1" 404 76487 "-" "meta-externalagent/1.1 (+https://developers.facebook.com/docs/sharing/webmasters/crawler)"
66.249.79.196 - - [06/Jul/2025:08:46:49 -0400] "GET /shopdetail/21201336/ HTTP/1.1" 404 17539 "-" "Mozilla/5.0 (Linux; Android 6.0.1; Nexus 5X Build/MMB29P) AppleWebKit/537.36 (KHTML, like Gecko) Chrome/137.0.7151.103 Mobile Safari/537.36 (compatible; Googlebot/2.1; +http://www.google.com/bot.html)"
66.249.79.196 - - [06/Jul/2025:08:46:54 -0400] "GET /shopdetail/5456281/ HTTP/1.1" 404 17539 "-" "Mozilla/5.0 (Linux; Android 6.0.1; Nexus 5X Build/MMB29P) AppleWebKit/537.36 (KHTML, like Gecko) Chrome/137.0.7151.103 Mobile Safari/537.36 (compatible; Googlebot/2.1; +http://www.google.com/bot.html)"
66.249.79.198 - - [06/Jul/2025:08:47:00 -0400] "GET /shopdetail/11263170/ HTTP/1.1" 404 17537 "-" "Mozilla/5.0 (Linux; Android 6.0.1; Nexus 5X Build/MMB29P) AppleWebKit/537.36 (KHTML, like Gecko) Chrome/137.0.7151.103 Mobile Safari/537.36 (compatible; Googlebot/2.1; +http://www.google.com/bot.html)"
57.141.4.6 - - [06/Jul/2025:08:47:00 -0400] "GET /shopdetail/5951558/ HTTP/1.1" 404 76485 "-" "meta-externalagent/1.1 (+https://developers.facebook.com/docs/sharing/webmasters/crawler)"
66.249.79.197 - - [06/Jul/2025:08:47:11 -0400] "GET /shopdetail/10223136/ HTTP/1.1" 404 17539 "-" "Mozilla/5.0 (Linux; Android 6.0.1; Nexus 5X Build/MMB29P) AppleWebKit/537.36 (KHTML, like Gecko) Chrome/137.0.7151.103 Mobile Safari/537.36 (compatible; Googlebot/2.1; +http://www.google.com/bot.html)"
23.92.177.29 - - [06/Jul/2025:08:47:21 -0400] "POST /wp-cron.php?doing_wp_cron=1751806041.6930599212646484375000 HTTP/1.1" 200 0 "-" "WordPress/6.7.2; https://bodyguardslosangeles.net"
66.249.79.196 - - [06/Jul/2025:08:47:20 -0400] "GET /shopdetail/23089336/ HTTP/1.1" 404 17594 "-" "Mozilla/5.0 (Linux; Android 6.0.1; Nexus 5X Build/MMB29P) AppleWebKit/537.36 (KHTML, like Gecko) Chrome/137.0.7151.103 Mobile Safari/537.36 (compatible; Googlebot/2.1; +http://www.google.com/bot.html)"
66.249.79.196 - - [06/Jul/2025:08:47:30 -0400] "GET /shopdetail/5716292/ HTTP/1.1" 404 17536 "-" "Mozilla/5.0 (Linux; Android 6.0.1; Nexus 5X Build/MMB29P) AppleWebKit/537.36 (KHTML, like Gecko) Chrome/137.0.7151.103 Mobile Safari/537.36 (compatible; Googlebot/2.1; +http://www.google.com/bot.html)"
57.141.4.30 - - [06/Jul/2025:08:48:05 -0400] "GET /shopdetail/19669214/ HTTP/1.1" 404 76487 "-" "meta-externalagent/1.1 (+https://developers.facebook.com/docs/sharing/webmasters/crawler)"
66.249.79.198 - - [06/Jul/2025:08:48:06 -0400] "GET /shopdetail/6149647/ HTTP/1.1" 404 17539 "-" "Mozilla/5.0 (Linux; Android 6.0.1; Nexus 5X Build/MMB29P) AppleWebKit/537.36 (KHTML, like Gecko) Chrome/137.0.7151.103 Mobile Safari/537.36 (compatible; Googlebot/2.1; +http://www.google.com/bot.html)"
66.249.79.196 - - [06/Jul/2025:08:48:07 -0400] "GET /shopdetail/13401036/ HTTP/1.1" 404 17539 "-" "Mozilla/5.0 (Linux; Android 6.0.1; Nexus 5X Build/MMB29P) AppleWebKit/537.36 (KHTML, like Gecko) Chrome/137.0.7151.103 Mobile Safari/537.36 (compatible; Googlebot/2.1; +http://www.google.com/bot.html)"
23.92.177.29 - - [06/Jul/2025:08:48:13 -0400] "POST /wp-cron.php?doing_wp_cron=1751806093.7018771171569824218750 HTTP/1.1" 200 0 "-" "WordPress/6.7.2; https://bodyguardslosangeles.net"
57.141.4.4 - - [06/Jul/2025:08:48:13 -0400] "GET /shopdetail/21553781/ HTTP/1.1" 404 76487 "-" "meta-externalagent/1.1 (+https://developers.facebook.com/docs/sharing/webmasters/crawler)"
66.249.79.196 - - [06/Jul/2025:08:48:19 -0400] "GET /shopdetail/3722881/ HTTP/1.1" 404 17538 "-" "Mozilla/5.0 (Linux; Android 6.0.1; Nexus 5X Build/MMB29P) AppleWebKit/537.36 (KHTML, like Gecko) Chrome/137.0.7151.103 Mobile Safari/537.36 (compatible; Googlebot/2.1; +http://www.google.com/bot.html)"
57.141.4.5 - - [06/Jul/2025:08:48:21 -0400] "GET /shopdetail/10198381/ HTTP/1.1" 404 76487 "-" "meta-externalagent/1.1 (+https://developers.facebook.com/docs/sharing/webmasters/crawler)"
66.249.79.196 - - [06/Jul/2025:08:48:31 -0400] "GET /shopdetail/13776603/ HTTP/1.1" 404 17539 "-" "Mozilla/5.0 (Linux; Android 6.0.1; Nexus 5X Build/MMB29P) AppleWebKit/537.36 (KHTML, like Gecko) Chrome/137.0.7151.103 Mobile Safari/537.36 (compatible; Googlebot/2.1; +http://www.google.com/bot.html)"
57.141.4.24 - - [06/Jul/2025:08:48:39 -0400] "GET /shopdetail/2470481/ HTTP/1.1" 404 76485 "-" "meta-externalagent/1.1 (+https://developers.facebook.com/docs/sharing/webmasters/crawler)"
13.74.181.217 - - [06/Jul/2025:08:48:38 -0400] "GET /aa.php HTTP/1.1" 404 76457 "-" "-"
13.74.181.217 - - [06/Jul/2025:08:48:45 -0400] "GET /wikindex.php HTTP/1.1" 404 76457 "-" "-"
13.74.181.217 - - [06/Jul/2025:08:48:52 -0400] "GET /wp-content/uploads/2024/index.php HTTP/1.1" 301 0 "-" "-"
13.74.181.217 - - [06/Jul/2025:08:48:55 -0400] "GET /wp-content/uploads/2024/ HTTP/1.1" 403 1242 "-" "-"
13.74.181.217 - - [06/Jul/2025:08:48:56 -0400] "GET /wp-admin/css/network.php HTTP/1.1" 404 76457 "-" "-"
57.141.4.11 - - [06/Jul/2025:08:48:57 -0400] "GET /shopdetail/22695569/ HTTP/1.1" 404 76487 "-" "meta-externalagent/1.1 (+https://developers.facebook.com/docs/sharing/webmasters/crawler)"
57.141.4.1 - - [06/Jul/2025:08:48:57 -0400] "GET /shopdetail/11580014/ HTTP/1.1" 404 76487 "-" "meta-externalagent/1.1 (+https://developers.facebook.com/docs/sharing/webmasters/crawler)"
66.249.79.196 - - [06/Jul/2025:08:48:58 -0400] "GET /shopdetail/11494292/ HTTP/1.1" 404 17538 "-" "Mozilla/5.0 (Linux; Android 6.0.1; Nexus 5X Build/MMB29P) AppleWebKit/537.36 (KHTML, like Gecko) Chrome/137.0.7151.103 Mobile Safari/537.36 (compatible; Googlebot/2.1; +http://www.google.com/bot.html)"
13.74.181.217 - - [06/Jul/2025:08:49:02 -0400] "GET /class.php HTTP/1.1" 404 76457 "-" "-"
66.249.79.196 - - [06/Jul/2025:08:49:07 -0400] "GET /shopdetail/22472492/ HTTP/1.1" 404 17538 "-" "Mozilla/5.0 (Linux; Android 6.0.1; Nexus 5X Build/MMB29P) AppleWebKit/537.36 (KHTML, like Gecko) Chrome/137.0.7151.103 Mobile Safari/537.36 (compatible; Googlebot/2.1; +http://www.google.com/bot.html)"
23.92.177.29 - - [06/Jul/2025:08:49:14 -0400] "POST /wp-cron.php?doing_wp_cron=1751806154.3716440200805664062500 HTTP/1.1" 200 0 "-" "WordPress/6.7.2; https://bodyguardslosangeles.net"
13.74.181.217 - - [06/Jul/2025:08:49:09 -0400] "GET /content.php HTTP/1.1" 404 76457 "-" "-"
66.249.79.196 - - [06/Jul/2025:08:49:13 -0400] "GET /shopdetail/2913969/ HTTP/1.1" 404 17539 "-" "Mozilla/5.0 (Linux; Android 6.0.1; Nexus 5X Build/MMB29P) AppleWebKit/537.36 (KHTML, like Gecko) Chrome/137.0.7151.103 Mobile Safari/537.36 (compatible; Googlebot/2.1; +http://www.google.com/bot.html)"
13.74.181.217 - - [06/Jul/2025:08:49:17 -0400] "GET /css.php HTTP/1.1" 404 76457 "-" "-"
66.249.79.196 - - [06/Jul/2025:08:49:21 -0400] "GET /shopdetail/25198303/ HTTP/1.1" 404 17539 "-" "Mozilla/5.0 (Linux; Android 6.0.1; Nexus 5X Build/MMB29P) AppleWebKit/537.36 (KHTML, like Gecko) Chrome/137.0.7151.103 Mobile Safari/537.36 (compatible; Googlebot/2.1; +http://www.google.com/bot.html)"
13.74.181.217 - - [06/Jul/2025:08:49:24 -0400] "GET /wp-includes/images/smilies/about.php HTTP/1.1" 404 76457 "-" "-"
13.74.181.217 - - [06/Jul/2025:08:49:28 -0400] "GET /admin/function.php HTTP/1.1" 404 76457 "-" "-"
13.74.181.217 - - [06/Jul/2025:08:49:32 -0400] "GET /mah.php HTTP/1.1" 404 76457 "-" "-"
13.74.181.217 - - [06/Jul/2025:08:49:36 -0400] "GET /wp-admin/user/wp-login.php HTTP/1.1" 404 76457 "-" "-"
13.74.181.217 - - [06/Jul/2025:08:49:41 -0400] "GET /wp-content/upgrade-temp-backup/about.php HTTP/1.1" 404 76457 "-" "-"
57.141.4.15 - - [06/Jul/2025:08:49:45 -0400] "GET /shopdetail/14014103/ HTTP/1.1" 404 76487 "-" "meta-externalagent/1.1 (+https://developers.facebook.com/docs/sharing/webmasters/crawler)"
13.74.181.217 - - [06/Jul/2025:08:49:49 -0400] "GET /index/function.php HTTP/1.1" 404 76457 "-" "-"
13.74.181.217 - - [06/Jul/2025:08:49:55 -0400] "GET /wp-includes/SimplePie/about.php HTTP/1.1" 404 76457 "-" "-"
13.74.181.217 - - [06/Jul/2025:08:50:01 -0400] "GET /wp-2019.php HTTP/1.1" 404 76457 "-" "-"
13.74.181.217 - - [06/Jul/2025:08:50:07 -0400] "GET /makeasmtp.php HTTP/1.1" 404 76457 "-" "-"
13.74.181.217 - - [06/Jul/2025:08:50:13 -0400] "GET /autoload_classmap.php HTTP/1.1" 404 76457 "-" "-"
66.249.79.197 - - [06/Jul/2025:08:50:15 -0400] "GET /shopdetail/19034581/ HTTP/1.1" 404 17539 "-" "Mozilla/5.0 (Linux; Android 6.0.1; Nexus 5X Build/MMB29P) AppleWebKit/537.36 (KHTML, like Gecko) Chrome/137.0.7151.103 Mobile Safari/537.36 (compatible; Googlebot/2.1; +http://www.google.com/bot.html)"
57.141.4.8 - - [06/Jul/2025:08:50:17 -0400] "GET /shopdetail/9965436/ HTTP/1.1" 404 76485 "-" "meta-externalagent/1.1 (+https://developers.facebook.com/docs/sharing/webmasters/crawler)"
66.249.79.197 - - [06/Jul/2025:08:50:18 -0400] "GET /shopdetail/4849592/ HTTP/1.1" 404 17537 "-" "Mozilla/5.0 (Linux; Android 6.0.1; Nexus 5X Build/MMB29P) AppleWebKit/537.36 (KHTML, like Gecko) Chrome/137.0.7151.103 Mobile Safari/537.36 (compatible; Googlebot/2.1; +http://www.google.com/bot.html)"
13.74.181.217 - - [06/Jul/2025:08:50:19 -0400] "GET /wp-content/uploads/cong.php HTTP/1.1" 404 76457 "-" "-"
57.141.4.15 - - [06/Jul/2025:08:50:22 -0400] "GET /shopdetail/19391958/ HTTP/1.1" 404 76487 "-" "meta-externalagent/1.1 (+https://developers.facebook.com/docs/sharing/webmasters/crawler)"
13.74.181.217 - - [06/Jul/2025:08:50:25 -0400] "GET /wp-commentin.php HTTP/1.1" 404 76457 "-" "-"
66.249.79.197 - - [06/Jul/2025:08:50:25 -0400] "GET /shopdetail/20392414/ HTTP/1.1" 404 17539 "-" "Mozilla/5.0 (Linux; Android 6.0.1; Nexus 5X Build/MMB29P) AppleWebKit/537.36 (KHTML, like Gecko) Chrome/137.0.7151.103 Mobile Safari/537.36 (compatible; Googlebot/2.1; +http://www.google.com/bot.html)"
13.74.181.217 - - [06/Jul/2025:08:50:31 -0400] "GET /images/index.php HTTP/1.1" 301 0 "-" "-"
66.249.79.197 - - [06/Jul/2025:08:50:28 -0400] "GET /shopdetail/9847569/ HTTP/1.1" 404 17539 "-" "Mozilla/5.0 (Linux; Android 6.0.1; Nexus 5X Build/MMB29P) AppleWebKit/537.36 (KHTML, like Gecko) Chrome/137.0.7151.103 Mobile Safari/537.36 (compatible; Googlebot/2.1; +http://www.google.com/bot.html)"
66.249.79.196 - - [06/Jul/2025:08:50:29 -0400] "GET /shopdetail/23869369/ HTTP/1.1" 404 17538 "-" "Mozilla/5.0 (Linux; Android 6.0.1; Nexus 5X Build/MMB29P) AppleWebKit/537.36 (KHTML, like Gecko) Chrome/137.0.7151.103 Mobile Safari/537.36 (compatible; Googlebot/2.1; +http://www.google.com/bot.html)"
66.249.79.196 - - [06/Jul/2025:08:50:32 -0400] "GET /shopdetail/10887603/ HTTP/1.1" 404 17539 "-" "Mozilla/5.0 (Linux; Android 6.0.1; Nexus 5X Build/MMB29P) AppleWebKit/537.36 (KHTML, like Gecko) Chrome/137.0.7151.103 Mobile Safari/537.36 (compatible; Googlebot/2.1; +http://www.google.com/bot.html)"
13.74.181.217 - - [06/Jul/2025:08:50:34 -0400] "GET /images/ HTTP/1.1" 404 76457 "-" "-"
66.249.79.196 - - [06/Jul/2025:08:50:37 -0400] "GET /shopdetail/25833881/ HTTP/1.1" 404 17539 "-" "Mozilla/5.0 (Linux; Android 6.0.1; Nexus 5X Build/MMB29P) AppleWebKit/537.36 (KHTML, like Gecko) Chrome/137.0.7151.103 Mobile Safari/537.36 (compatible; Googlebot/2.1; +http://www.google.com/bot.html)"
66.249.79.196 - - [06/Jul/2025:08:50:40 -0400] "GET /shopdetail/22858214/ HTTP/1.1" 404 17539 "-" "Mozilla/5.0 (Linux; Android 6.0.1; Nexus 5X Build/MMB29P) AppleWebKit/537.36 (KHTML, like Gecko) Chrome/137.0.7151.103 Mobile Safari/537.36 (compatible; Googlebot/2.1; +http://www.google.com/bot.html)"
66.249.79.196 - - [06/Jul/2025:08:50:40 -0400] "GET /shopdetail/17338836/ HTTP/1.1" 404 17538 "-" "Mozilla/5.0 (Linux; Android 6.0.1; Nexus 5X Build/MMB29P) AppleWebKit/537.36 (KHTML, like Gecko) Chrome/137.0.7151.103 Mobile Safari/537.36 (compatible; Googlebot/2.1; +http://www.google.com/bot.html)"
13.74.181.217 - - [06/Jul/2025:08:50:39 -0400] "GET /doc.php HTTP/1.1" 404 76457 "-" "-"
13.74.181.217 - - [06/Jul/2025:08:50:45 -0400] "GET /wp-config-sample.php HTTP/1.1" 500 2431 "-" "-"
66.249.79.196 - - [06/Jul/2025:08:50:44 -0400] "GET /shopdetail/25893470/ HTTP/1.1" 404 17539 "-" "Mozilla/5.0 (Linux; Android 6.0.1; Nexus 5X Build/MMB29P) AppleWebKit/537.36 (KHTML, like Gecko) Chrome/137.0.7151.103 Mobile Safari/537.36 (compatible; Googlebot/2.1; +http://www.google.com/bot.html)"
13.74.181.217 - - [06/Jul/2025:08:50:45 -0400] "GET /edit.php HTTP/1.1" 404 76457 "-" "-"
66.249.79.196 - - [06/Jul/2025:08:50:47 -0400] "GET /shopdetail/25862770/ HTTP/1.1" 404 17538 "-" "Mozilla/5.0 (Linux; Android 6.0.1; Nexus 5X Build/MMB29P) AppleWebKit/537.36 (KHTML, like Gecko) Chrome/137.0.7151.103 Mobile Safari/537.36 (compatible; Googlebot/2.1; +http://www.google.com/bot.html)"
13.74.181.217 - - [06/Jul/2025:08:50:51 -0400] "GET /ws.php HTTP/1.1" 404 76457 "-" "-"
13.74.181.217 - - [06/Jul/2025:08:50:54 -0400] "GET /go.php HTTP/1.1" 404 76457 "-" "-"
13.74.181.217 - - [06/Jul/2025:08:50:57 -0400] "GET /ioxi-o.php HTTP/1.1" 404 76457 "-" "-"
13.74.181.217 - - [06/Jul/2025:08:51:00 -0400] "GET /public/makeasmtp.php HTTP/1.1" 404 76457 "-" "-"
66.249.79.196 - - [06/Jul/2025:08:51:00 -0400] "GET /shopdetail/22915992/ HTTP/1.1" 404 17538 "-" "Mozilla/5.0 (Linux; Android 6.0.1; Nexus 5X Build/MMB29P) AppleWebKit/537.36 (KHTML, like Gecko) Chrome/137.0.7151.103 Mobile Safari/537.36 (compatible; Googlebot/2.1; +http://www.google.com/bot.html)"
13.74.181.217 - - [06/Jul/2025:08:51:04 -0400] "GET /xleetshell.php HTTP/1.1" 404 76457 "-" "-"
13.74.181.217 - - [06/Jul/2025:08:51:06 -0400] "GET /wp-includes/widgets/about.php HTTP/1.1" 404 76457 "-" "-"
13.74.181.217 - - [06/Jul/2025:08:51:08 -0400] "GET /options.php HTTP/1.1" 404 76457 "-" "-"
13.74.181.217 - - [06/Jul/2025:08:51:10 -0400] "GET /wp-admin/6myKRCf7pkL.php HTTP/1.1" 404 76457 "-" "-"
23.92.177.29 - - [06/Jul/2025:08:51:14 -0400] "POST /wp-cron.php?doing_wp_cron=1751806274.7146000862121582031250 HTTP/1.1" 200 0 "-" "WordPress/6.7.2; https://bodyguardslosangeles.net"
13.74.181.217 - - [06/Jul/2025:08:51:13 -0400] "GET /css/access.php HTTP/1.1" 404 76457 "-" "-"
13.74.181.217 - - [06/Jul/2025:08:51:17 -0400] "GET /cgi-bin/index.php HTTP/1.1" 404 1251 "-" "-"
23.92.177.29 - - [06/Jul/2025:08:51:18 -0400] "POST /wp-cron.php?doing_wp_cron=1751806278.3131730556488037109375 HTTP/1.1" 200 0 "-" "WordPress/6.7.2; https://bodyguardslosangeles.net"
57.141.4.5 - - [06/Jul/2025:08:51:14 -0400] "GET /shopdetail/20016869/ HTTP/1.1" 404 76487 "-" "meta-externalagent/1.1 (+https://developers.facebook.com/docs/sharing/webmasters/crawler)"
57.141.4.13 - - [06/Jul/2025:08:51:14 -0400] "GET /shopdetail/24066670/ HTTP/1.1" 404 76487 "-" "meta-externalagent/1.1 (+https://developers.facebook.com/docs/sharing/webmasters/crawler)"
13.74.181.217 - - [06/Jul/2025:08:51:17 -0400] "GET /xl.php HTTP/1.1" 404 76457 "-" "-"
13.74.181.217 - - [06/Jul/2025:08:51:21 -0400] "GET /wp-content/plugins/revslider/includes/external/page/index.php HTTP/1.1" 301 0 "-" "-"
13.74.181.217 - - [06/Jul/2025:08:51:22 -0400] "GET /wp-content/plugins/revslider/includes/external/page/ HTTP/1.1" 404 76457 "-" "-"
13.74.181.217 - - [06/Jul/2025:08:51:25 -0400] "GET /wp-admin/user/index.php HTTP/1.1" 302 0 "-" "-"
13.74.181.217 - - [06/Jul/2025:08:51:32 -0400] "GET /makeasmtp.php HTTP/1.1" 404 76457 "-" "-"
13.74.181.217 - - [06/Jul/2025:08:51:34 -0400] "GET /update/upload.php HTTP/1.1" 404 76457 "-" "-"
13.74.181.217 - - [06/Jul/2025:08:51:35 -0400] "GET /wp-admin/images/cloud.php HTTP/1.1" 404 76457 "-" "-"
13.74.181.217 - - [06/Jul/2025:08:51:38 -0400] "GET /wp-content/uploads/index.php HTTP/1.1" 301 0 "-" "-"
13.74.181.217 - - [06/Jul/2025:08:51:38 -0400] "GET /wp-content/uploads/ HTTP/1.1" 403 1242 "-" "-"
66.249.79.196 - - [06/Jul/2025:08:51:38 -0400] "GET /shopdetail/24764958/ HTTP/1.1" 404 17538 "-" "Mozilla/5.0 (Linux; Android 6.0.1; Nexus 5X Build/MMB29P) AppleWebKit/537.36 (KHTML, like Gecko) Chrome/137.0.7151.103 Mobile Safari/537.36 (compatible; Googlebot/2.1; +http://www.google.com/bot.html)"
13.74.181.217 - - [06/Jul/2025:08:51:39 -0400] "GET /.well-known/ktlldmmx.php HTTP/1.1" 404 76457 "-" "-"
13.74.181.217 - - [06/Jul/2025:08:51:40 -0400] "GET /.well-known/nzhlgkwk.php HTTP/1.1" 404 76457 "-" "-"
66.249.79.196 - - [06/Jul/2025:08:51:41 -0400] "GET /shopdetail/3578436/ HTTP/1.1" 404 17539 "-" "Mozilla/5.0 (Linux; Android 6.0.1; Nexus 5X Build/MMB29P) AppleWebKit/537.36 (KHTML, like Gecko) Chrome/137.0.7151.103 Mobile Safari/537.36 (compatible; Googlebot/2.1; +http://www.google.com/bot.html)"
13.74.181.217 - - [06/Jul/2025:08:51:42 -0400] "GET /wp-includes/customize/about.php HTTP/1.1" 404 76457 "-" "-"
13.74.181.217 - - [06/Jul/2025:08:51:44 -0400] "GET /wp-includes/js/tinymce/plugins/compat3x/css/index.php HTTP/1.1" 301 0 "-" "-"
13.74.181.217 - - [06/Jul/2025:08:51:45 -0400] "GET /wp-includes/js/tinymce/plugins/compat3x/css/ HTTP/1.1" 403 1242 "-" "-"
13.74.181.217 - - [06/Jul/2025:08:51:45 -0400] "GET /.well-known/bqdoemhl.php HTTP/1.1" 404 76457 "-" "-"
