57.141.4.17 - - [06/Jul/2025:14:59:24 -0400] "GET /shopdetail/4975847/ HTTP/1.1" 404 76485 "-" "meta-externalagent/1.1 (+https://developers.facebook.com/docs/sharing/webmasters/crawler)"
23.92.177.29 - - [06/Jul/2025:15:00:00 -0400] "POST /wp-cron.php?doing_wp_cron=1751828400.5445590019226074218750 HTTP/1.1" 200 0 "-" "WordPress/6.7.2; https://bodyguardslosangeles.net"
57.141.4.22 - - [06/Jul/2025:14:59:59 -0400] "GET /shopdetail/14560770/ HTTP/1.1" 404 76487 "-" "meta-externalagent/1.1 (+https://developers.facebook.com/docs/sharing/webmasters/crawler)"
23.92.177.29 - - [06/Jul/2025:15:00:44 -0400] "POST /wp-cron.php?doing_wp_cron=1751828444.8781480789184570312500 HTTP/1.1" 200 0 "-" "WordPress/6.7.2; https://bodyguardslosangeles.net"
57.141.4.6 - - [06/Jul/2025:15:00:44 -0400] "GET /shopdetail/9166158/ HTTP/1.1" 404 76485 "-" "meta-externalagent/1.1 (+https://developers.facebook.com/docs/sharing/webmasters/crawler)"
23.92.177.29 - - [06/Jul/2025:15:01:29 -0400] "POST /wp-cron.php?doing_wp_cron=1751828489.9693489074707031250000 HTTP/1.1" 200 0 "-" "WordPress/6.7.2; https://bodyguardslosangeles.net"
57.141.4.3 - - [06/Jul/2025:15:01:28 -0400] "GET /shopdetail/8428181/ HTTP/1.1" 404 76485 "-" "meta-externalagent/1.1 (+https://developers.facebook.com/docs/sharing/webmasters/crawler)"
57.141.4.9 - - [06/Jul/2025:15:02:00 -0400] "GET /shopdetail/11143847/ HTTP/1.1" 404 76487 "-" "meta-externalagent/1.1 (+https://developers.facebook.com/docs/sharing/webmasters/crawler)"
23.92.177.29 - - [06/Jul/2025:15:02:38 -0400] "POST /wp-cron.php?doing_wp_cron=1751828558.9073688983917236328125 HTTP/1.1" 200 0 "-" "WordPress/6.7.2; https://bodyguardslosangeles.net"
57.141.4.25 - - [06/Jul/2025:15:02:38 -0400] "GET /shopdetail/14474614/ HTTP/1.1" 404 76487 "-" "meta-externalagent/1.1 (+https://developers.facebook.com/docs/sharing/webmasters/crawler)"
57.141.4.18 - - [06/Jul/2025:15:02:51 -0400] "GET /shopdetail/7750547/ HTTP/1.1" 404 76485 "-" "meta-externalagent/1.1 (+https://developers.facebook.com/docs/sharing/webmasters/crawler)"
57.141.4.30 - - [06/Jul/2025:15:03:32 -0400] "GET /shopdetail/21764536/ HTTP/1.1" 404 76487 "-" "meta-externalagent/1.1 (+https://developers.facebook.com/docs/sharing/webmasters/crawler)"
23.92.177.29 - - [06/Jul/2025:15:04:21 -0400] "POST /wp-cron.php?doing_wp_cron=1751828661.4406878948211669921875 HTTP/1.1" 200 0 "-" "WordPress/6.7.2; https://bodyguardslosangeles.net"
57.141.4.24 - - [06/Jul/2025:15:04:20 -0400] "GET /shopdetail/24411225/ HTTP/1.1" 404 76487 "-" "meta-externalagent/1.1 (+https://developers.facebook.com/docs/sharing/webmasters/crawler)"
57.141.4.16 - - [06/Jul/2025:15:04:23 -0400] "GET /shopdetail/23440669/ HTTP/1.1" 404 76487 "-" "meta-externalagent/1.1 (+https://developers.facebook.com/docs/sharing/webmasters/crawler)"
57.141.4.24 - - [06/Jul/2025:15:04:27 -0400] "GET /shopdetail/10446103/ HTTP/1.1" 404 76487 "-" "meta-externalagent/1.1 (+https://developers.facebook.com/docs/sharing/webmasters/crawler)"
57.141.4.3 - - [06/Jul/2025:15:04:33 -0400] "GET /shopdetail/15346192/ HTTP/1.1" 404 76487 "-" "meta-externalagent/1.1 (+https://developers.facebook.com/docs/sharing/webmasters/crawler)"
57.141.4.22 - - [06/Jul/2025:15:04:51 -0400] "GET /shopdetail/17823914/ HTTP/1.1" 404 76487 "-" "meta-externalagent/1.1 (+https://developers.facebook.com/docs/sharing/webmasters/crawler)"
57.141.4.23 - - [06/Jul/2025:15:05:01 -0400] "GET /shopdetail/14638925/ HTTP/1.1" 404 76487 "-" "meta-externalagent/1.1 (+https://developers.facebook.com/docs/sharing/webmasters/crawler)"
23.92.177.29 - - [06/Jul/2025:15:05:14 -0400] "POST /wp-cron.php?doing_wp_cron=1751828714.5495719909667968750000 HTTP/1.1" 200 0 "-" "WordPress/6.7.2; https://bodyguardslosangeles.net"
57.141.4.21 - - [06/Jul/2025:15:05:13 -0400] "GET /shopdetail/5731047/ HTTP/1.1" 404 76485 "-" "meta-externalagent/1.1 (+https://developers.facebook.com/docs/sharing/webmasters/crawler)"
57.141.4.30 - - [06/Jul/2025:15:05:41 -0400] "GET /shopdetail/24442781/ HTTP/1.1" 404 76487 "-" "meta-externalagent/1.1 (+https://developers.facebook.com/docs/sharing/webmasters/crawler)"
23.92.177.29 - - [06/Jul/2025:15:06:15 -0400] "POST /wp-cron.php?doing_wp_cron=1751828775.8880178928375244140625 HTTP/1.1" 200 0 "-" "WordPress/6.7.2; https://bodyguardslosangeles.net"
57.141.4.20 - - [06/Jul/2025:15:06:15 -0400] "GET /shopdetail/14239725/ HTTP/1.1" 404 76487 "-" "meta-externalagent/1.1 (+https://developers.facebook.com/docs/sharing/webmasters/crawler)"
57.141.4.21 - - [06/Jul/2025:15:06:35 -0400] "GET /shopdetail/24391336/ HTTP/1.1" 404 76487 "-" "meta-externalagent/1.1 (+https://developers.facebook.com/docs/sharing/webmasters/crawler)"
57.141.4.20 - - [06/Jul/2025:15:06:41 -0400] "GET /shopdetail/21935536/ HTTP/1.1" 404 76487 "-" "meta-externalagent/1.1 (+https://developers.facebook.com/docs/sharing/webmasters/crawler)"
57.141.4.1 - - [06/Jul/2025:15:06:44 -0400] "GET /shopdetail/7994836/ HTTP/1.1" 404 76485 "-" "meta-externalagent/1.1 (+https://developers.facebook.com/docs/sharing/webmasters/crawler)"
57.141.4.17 - - [06/Jul/2025:15:06:54 -0400] "GET /shopdetail/13261236/ HTTP/1.1" 404 76487 "-" "meta-externalagent/1.1 (+https://developers.facebook.com/docs/sharing/webmasters/crawler)"
57.141.4.15 - - [06/Jul/2025:15:07:46 -0400] "GET /shopdetail/20710370/ HTTP/1.1" 404 76487 "-" "meta-externalagent/1.1 (+https://developers.facebook.com/docs/sharing/webmasters/crawler)"
57.141.4.7 - - [06/Jul/2025:15:07:47 -0400] "GET /shopdetail/6168403/ HTTP/1.1" 404 76485 "-" "meta-externalagent/1.1 (+https://developers.facebook.com/docs/sharing/webmasters/crawler)"
57.141.4.5 - - [06/Jul/2025:15:07:52 -0400] "GET /shopdetail/3626081/ HTTP/1.1" 404 76485 "-" "meta-externalagent/1.1 (+https://developers.facebook.com/docs/sharing/webmasters/crawler)"
23.92.177.29 - - [06/Jul/2025:15:08:25 -0400] "POST /wp-cron.php?doing_wp_cron=1751828905.0094978809356689453125 HTTP/1.1" 200 0 "-" "WordPress/6.7.2; https://bodyguardslosangeles.net"
57.141.4.24 - - [06/Jul/2025:15:08:24 -0400] "GET /shopdetail/20227370/ HTTP/1.1" 404 76487 "-" "meta-externalagent/1.1 (+https://developers.facebook.com/docs/sharing/webmasters/crawler)"
57.141.4.5 - - [06/Jul/2025:15:08:26 -0400] "GET /shopdetail/6886647/ HTTP/1.1" 404 76485 "-" "meta-externalagent/1.1 (+https://developers.facebook.com/docs/sharing/webmasters/crawler)"
57.141.4.21 - - [06/Jul/2025:15:08:30 -0400] "GET /shopdetail/15057292/ HTTP/1.1" 404 76487 "-" "meta-externalagent/1.1 (+https://developers.facebook.com/docs/sharing/webmasters/crawler)"
57.141.4.4 - - [06/Jul/2025:15:08:31 -0400] "GET /shopdetail/4979903/ HTTP/1.1" 404 76485 "-" "meta-externalagent/1.1 (+https://developers.facebook.com/docs/sharing/webmasters/crawler)"
57.141.4.10 - - [06/Jul/2025:15:08:35 -0400] "GET /shopdetail/4044814/ HTTP/1.1" 404 76485 "-" "meta-externalagent/1.1 (+https://developers.facebook.com/docs/sharing/webmasters/crawler)"
66.249.64.165 - - [06/Jul/2025:15:08:42 -0400] "GET /shopdetail/16823314/ HTTP/1.1" 404 17539 "-" "Mozilla/5.0 (Linux; Android 6.0.1; Nexus 5X Build/MMB29P) AppleWebKit/537.36 (KHTML, like Gecko) Chrome/137.0.7151.103 Mobile Safari/537.36 (compatible; GoogleOther)"
57.141.4.23 - - [06/Jul/2025:15:09:31 -0400] "GET /shopdetail/17215392/ HTTP/1.1" 404 76487 "-" "meta-externalagent/1.1 (+https://developers.facebook.com/docs/sharing/webmasters/crawler)"
57.141.4.23 - - [06/Jul/2025:15:09:38 -0400] "GET /shopdetail/16379803/ HTTP/1.1" 404 76487 "-" "meta-externalagent/1.1 (+https://developers.facebook.com/docs/sharing/webmasters/crawler)"
57.141.4.21 - - [06/Jul/2025:15:09:57 -0400] "GET /shopdetail/11360536/ HTTP/1.1" 404 76487 "-" "meta-externalagent/1.1 (+https://developers.facebook.com/docs/sharing/webmasters/crawler)"
57.141.4.17 - - [06/Jul/2025:15:10:23 -0400] "GET /shopdetail/26054870/ HTTP/1.1" 404 76487 "-" "meta-externalagent/1.1 (+https://developers.facebook.com/docs/sharing/webmasters/crawler)"
57.141.4.7 - - [06/Jul/2025:15:10:25 -0400] "GET /shopdetail/26124581/ HTTP/1.1" 404 76487 "-" "meta-externalagent/1.1 (+https://developers.facebook.com/docs/sharing/webmasters/crawler)"
216.73.216.121 - - [06/Jul/2025:15:10:30 -0400] "GET /sitemap856.xml HTTP/1.1" 404 17540 "-" "Mozilla/5.0 AppleWebKit/537.36 (KHTML, like Gecko; compatible; ClaudeBot/1.0; +claudebot@anthropic.com)"
57.141.4.3 - - [06/Jul/2025:15:10:32 -0400] "GET /shopdetail/8298192/ HTTP/1.1" 404 76485 "-" "meta-externalagent/1.1 (+https://developers.facebook.com/docs/sharing/webmasters/crawler)"
57.141.4.12 - - [06/Jul/2025:15:10:34 -0400] "GET /shopdetail/10581769/ HTTP/1.1" 404 76487 "-" "meta-externalagent/1.1 (+https://developers.facebook.com/docs/sharing/webmasters/crawler)"
57.141.4.19 - - [06/Jul/2025:15:10:42 -0400] "GET /shopdetail/5121558/ HTTP/1.1" 404 76485 "-" "meta-externalagent/1.1 (+https://developers.facebook.com/docs/sharing/webmasters/crawler)"
23.92.177.29 - - [06/Jul/2025:15:11:17 -0400] "POST /wp-cron.php?doing_wp_cron=1751829077.7675280570983886718750 HTTP/1.1" 200 0 "-" "WordPress/6.7.2; https://bodyguardslosangeles.net"
57.141.4.13 - - [06/Jul/2025:15:11:16 -0400] "GET /shopdetail/25845981/ HTTP/1.1" 404 76487 "-" "meta-externalagent/1.1 (+https://developers.facebook.com/docs/sharing/webmasters/crawler)"
57.141.4.26 - - [06/Jul/2025:15:11:33 -0400] "GET /shopdetail/3668203/ HTTP/1.1" 404 76485 "-" "meta-externalagent/1.1 (+https://developers.facebook.com/docs/sharing/webmasters/crawler)"
57.141.4.1 - - [06/Jul/2025:15:11:34 -0400] "GET /shopdetail/6463058/ HTTP/1.1" 404 76485 "-" "meta-externalagent/1.1 (+https://developers.facebook.com/docs/sharing/webmasters/crawler)"
57.141.4.25 - - [06/Jul/2025:15:11:41 -0400] "GET /shopdetail/24746758/ HTTP/1.1" 404 76487 "-" "meta-externalagent/1.1 (+https://developers.facebook.com/docs/sharing/webmasters/crawler)"
57.141.4.17 - - [06/Jul/2025:15:11:44 -0400] "GET /shopdetail/26036992/ HTTP/1.1" 404 76487 "-" "meta-externalagent/1.1 (+https://developers.facebook.com/docs/sharing/webmasters/crawler)"
57.141.4.23 - - [06/Jul/2025:15:12:07 -0400] "GET /shopdetail/21292658/ HTTP/1.1" 404 76487 "-" "meta-externalagent/1.1 (+https://developers.facebook.com/docs/sharing/webmasters/crawler)"
23.92.177.29 - - [06/Jul/2025:15:12:15 -0400] "POST /wp-cron.php?doing_wp_cron=1751829135.3447430133819580078125 HTTP/1.1" 200 0 "-" "WordPress/6.7.2; https://bodyguardslosangeles.net"
57.141.4.20 - - [06/Jul/2025:15:12:14 -0400] "GET /shopdetail/3619425/ HTTP/1.1" 404 76485 "-" "meta-externalagent/1.1 (+https://developers.facebook.com/docs/sharing/webmasters/crawler)"
57.141.4.13 - - [06/Jul/2025:15:12:29 -0400] "GET /shopdetail/14241947/ HTTP/1.1" 404 76487 "-" "meta-externalagent/1.1 (+https://developers.facebook.com/docs/sharing/webmasters/crawler)"
216.73.216.121 - - [06/Jul/2025:15:12:38 -0400] "GET /sitemap334.xml HTTP/1.1" 404 17540 "-" "Mozilla/5.0 AppleWebKit/537.36 (KHTML, like Gecko; compatible; ClaudeBot/1.0; +claudebot@anthropic.com)"
57.141.4.24 - - [06/Jul/2025:15:13:00 -0400] "GET /shopdetail/10339570/ HTTP/1.1" 404 76487 "-" "meta-externalagent/1.1 (+https://developers.facebook.com/docs/sharing/webmasters/crawler)"
57.141.4.13 - - [06/Jul/2025:15:13:11 -0400] "GET /shopdetail/8840558/ HTTP/1.1" 404 76485 "-" "meta-externalagent/1.1 (+https://developers.facebook.com/docs/sharing/webmasters/crawler)"
23.92.177.29 - - [06/Jul/2025:15:13:14 -0400] "POST /wp-cron.php?doing_wp_cron=1751829194.4846899509429931640625 HTTP/1.1" 200 0 "-" "WordPress/6.7.2; https://bodyguardslosangeles.net"
66.249.64.164 - - [06/Jul/2025:15:13:13 -0400] "GET /shopdetail/7370469/ HTTP/1.1" 404 17539 "-" "Mozilla/5.0 (Linux; Android 6.0.1; Nexus 5X Build/MMB29P) AppleWebKit/537.36 (KHTML, like Gecko) Chrome/137.0.7151.103 Mobile Safari/537.36 (compatible; Googlebot/2.1; +http://www.google.com/bot.html)"
57.141.4.7 - - [06/Jul/2025:15:14:06 -0400] "GET /shopdetail/5650369/ HTTP/1.1" 404 76485 "-" "meta-externalagent/1.1 (+https://developers.facebook.com/docs/sharing/webmasters/crawler)"
23.92.177.29 - - [06/Jul/2025:15:14:35 -0400] "POST /wp-cron.php?doing_wp_cron=1751829275.1791579723358154296875 HTTP/1.1" 200 0 "-" "WordPress/6.7.2; https://bodyguardslosangeles.net"
66.249.64.165 - - [06/Jul/2025:15:14:34 -0400] "GET /shopdetail/6273969/ HTTP/1.1" 404 17593 "-" "Mozilla/5.0 (Linux; Android 6.0.1; Nexus 5X Build/MMB29P) AppleWebKit/537.36 (KHTML, like Gecko) Chrome/137.0.7151.103 Mobile Safari/537.36 (compatible; Googlebot/2.1; +http://www.google.com/bot.html)"
57.141.4.23 - - [06/Jul/2025:15:14:39 -0400] "GET /shopdetail/23136981/ HTTP/1.1" 404 76487 "-" "meta-externalagent/1.1 (+https://developers.facebook.com/docs/sharing/webmasters/crawler)"
23.92.177.29 - - [06/Jul/2025:15:15:58 -0400] "POST /wp-cron.php?doing_wp_cron=1751829358.0615329742431640625000 HTTP/1.1" 200 0 "-" "WordPress/6.7.2; https://bodyguardslosangeles.net"
57.141.4.26 - - [06/Jul/2025:15:15:57 -0400] "GET /shopdetail/20195958/ HTTP/1.1" 404 76487 "-" "meta-externalagent/1.1 (+https://developers.facebook.com/docs/sharing/webmasters/crawler)"
57.141.4.17 - - [06/Jul/2025:15:16:03 -0400] "GET /shopdetail/16874414/ HTTP/1.1" 404 76487 "-" "meta-externalagent/1.1 (+https://developers.facebook.com/docs/sharing/webmasters/crawler)"
23.92.177.29 - - [06/Jul/2025:15:16:17 -0400] "POST /wp-cron.php?doing_wp_cron=1751829377.1590750217437744140625 HTTP/1.1" 200 0 "-" "WordPress/6.7.2; https://bodyguardslosangeles.net"
66.249.64.164 - - [06/Jul/2025:15:16:16 -0400] "GET /shopdetail/17049936/ HTTP/1.1" 404 17539 "-" "Mozilla/5.0 (Linux; Android 6.0.1; Nexus 5X Build/MMB29P) AppleWebKit/537.36 (KHTML, like Gecko) Chrome/137.0.7151.103 Mobile Safari/537.36 (compatible; Googlebot/2.1; +http://www.google.com/bot.html)"
57.141.4.4 - - [06/Jul/2025:15:16:58 -0400] "GET /shopdetail/4041970/ HTTP/1.1" 404 76485 "-" "meta-externalagent/1.1 (+https://developers.facebook.com/docs/sharing/webmasters/crawler)"
23.92.177.29 - - [06/Jul/2025:15:17:14 -0400] "POST /wp-cron.php?doing_wp_cron=1751829434.5217499732971191406250 HTTP/1.1" 200 0 "-" "WordPress/6.7.2; https://bodyguardslosangeles.net"
57.141.4.8 - - [06/Jul/2025:15:17:13 -0400] "GET /shopdetail/4937581/ HTTP/1.1" 404 76485 "-" "meta-externalagent/1.1 (+https://developers.facebook.com/docs/sharing/webmasters/crawler)"
57.141.4.19 - - [06/Jul/2025:15:17:19 -0400] "GET /shopdetail/2780103/ HTTP/1.1" 404 76485 "-" "meta-externalagent/1.1 (+https://developers.facebook.com/docs/sharing/webmasters/crawler)"
57.141.4.3 - - [06/Jul/2025:15:17:38 -0400] "GET /shopdetail/4435003/ HTTP/1.1" 404 76485 "-" "meta-externalagent/1.1 (+https://developers.facebook.com/docs/sharing/webmasters/crawler)"
57.141.4.25 - - [06/Jul/2025:15:17:40 -0400] "GET /shopdetail/19835358/ HTTP/1.1" 404 76487 "-" "meta-externalagent/1.1 (+https://developers.facebook.com/docs/sharing/webmasters/crawler)"
57.141.4.19 - - [06/Jul/2025:15:17:44 -0400] "GET /shopdetail/1643681/ HTTP/1.1" 404 76485 "-" "meta-externalagent/1.1 (+https://developers.facebook.com/docs/sharing/webmasters/crawler)"
57.141.4.28 - - [06/Jul/2025:15:17:46 -0400] "GET /shopdetail/2346858/ HTTP/1.1" 404 76485 "-" "meta-externalagent/1.1 (+https://developers.facebook.com/docs/sharing/webmasters/crawler)"
57.141.4.29 - - [06/Jul/2025:15:17:53 -0400] "GET /shopdetail/8867147/ HTTP/1.1" 404 76485 "-" "meta-externalagent/1.1 (+https://developers.facebook.com/docs/sharing/webmasters/crawler)"
23.92.177.29 - - [06/Jul/2025:15:18:37 -0400] "POST /wp-cron.php?doing_wp_cron=1751829517.3705248832702636718750 HTTP/1.1" 200 0 "-" "WordPress/6.7.2; https://bodyguardslosangeles.net"
57.141.4.1 - - [06/Jul/2025:15:18:36 -0400] "GET /shopdetail/22079981/ HTTP/1.1" 404 76487 "-" "meta-externalagent/1.1 (+https://developers.facebook.com/docs/sharing/webmasters/crawler)"
57.141.4.20 - - [06/Jul/2025:15:18:57 -0400] "GET /shopdetail/23833425/ HTTP/1.1" 404 76487 "-" "meta-externalagent/1.1 (+https://developers.facebook.com/docs/sharing/webmasters/crawler)"
57.141.4.9 - - [06/Jul/2025:15:19:11 -0400] "GET /shopdetail/12092836/ HTTP/1.1" 404 76487 "-" "meta-externalagent/1.1 (+https://developers.facebook.com/docs/sharing/webmasters/crawler)"
57.141.4.8 - - [06/Jul/2025:15:19:17 -0400] "GET /shopdetail/1817947/ HTTP/1.1" 404 76485 "-" "meta-externalagent/1.1 (+https://developers.facebook.com/docs/sharing/webmasters/crawler)"
57.141.4.24 - - [06/Jul/2025:15:19:26 -0400] "GET /shopdetail/20224847/ HTTP/1.1" 404 76487 "-" "meta-externalagent/1.1 (+https://developers.facebook.com/docs/sharing/webmasters/crawler)"
57.141.4.4 - - [06/Jul/2025:15:20:06 -0400] "GET /shopdetail/13863292/ HTTP/1.1" 404 76487 "-" "meta-externalagent/1.1 (+https://developers.facebook.com/docs/sharing/webmasters/crawler)"
57.141.4.24 - - [06/Jul/2025:15:21:03 -0400] "GET /shopdetail/17768070/ HTTP/1.1" 404 76487 "-" "meta-externalagent/1.1 (+https://developers.facebook.com/docs/sharing/webmasters/crawler)"
23.92.177.29 - - [06/Jul/2025:15:21:40 -0400] "POST /wp-cron.php?doing_wp_cron=1751829700.0727889537811279296875 HTTP/1.1" 200 0 "-" "WordPress/6.7.2; https://bodyguardslosangeles.net"
57.141.4.26 - - [06/Jul/2025:15:21:39 -0400] "GET /shopdetail/18004070/ HTTP/1.1" 404 76487 "-" "meta-externalagent/1.1 (+https://developers.facebook.com/docs/sharing/webmasters/crawler)"
34.59.185.88 - - [06/Jul/2025:15:21:46 -0400] "HEAD /wordpress HTTP/1.1" 404 0 "-" "Mozilla/5.0 (Windows NT 10.0; Win64; x64) AppleWebKit/537.36 (KHTML, like Gecko) Chrome/74.0.3729.169 Safari/537.36"
34.59.185.88 - - [06/Jul/2025:15:21:46 -0400] "HEAD /wordpress HTTP/1.1" 404 0 "-" "Mozilla/5.0 (Windows NT 10.0; Win64; x64) AppleWebKit/537.36 (KHTML, like Gecko) Chrome/74.0.3729.169 Safari/537.36"
34.59.185.88 - - [06/Jul/2025:15:21:47 -0400] "HEAD / HTTP/1.1" 301 0 "-" "Mozilla/5.0 (Windows NT 10.0; Win64; x64) AppleWebKit/537.36 (KHTML, like Gecko) Chrome/74.0.3729.169 Safari/537.36"
34.59.185.88 - - [06/Jul/2025:15:21:47 -0400] "HEAD / HTTP/1.1" 301 0 "-" "Mozilla/5.0 (Windows NT 10.0; Win64; x64) AppleWebKit/537.36 (KHTML, like Gecko) Chrome/74.0.3729.169 Safari/537.36"
34.59.185.88 - - [06/Jul/2025:15:21:49 -0400] "HEAD /wp HTTP/1.1" 404 0 "-" "Mozilla/5.0 (Windows NT 10.0; Win64; x64) AppleWebKit/537.36 (KHTML, like Gecko) Chrome/74.0.3729.169 Safari/537.36"
34.59.185.88 - - [06/Jul/2025:15:21:49 -0400] "HEAD /wp HTTP/1.1" 404 0 "-" "Mozilla/5.0 (Windows NT 10.0; Win64; x64) AppleWebKit/537.36 (KHTML, like Gecko) Chrome/74.0.3729.169 Safari/537.36"
34.59.185.88 - - [06/Jul/2025:15:21:49 -0400] "HEAD /bc HTTP/1.1" 404 0 "-" "Mozilla/5.0 (Windows NT 10.0; Win64; x64) AppleWebKit/537.36 (KHTML, like Gecko) Chrome/74.0.3729.169 Safari/537.36"
34.59.185.88 - - [06/Jul/2025:15:21:49 -0400] "HEAD /bc HTTP/1.1" 404 0 "-" "Mozilla/5.0 (Windows NT 10.0; Win64; x64) AppleWebKit/537.36 (KHTML, like Gecko) Chrome/74.0.3729.169 Safari/537.36"
34.59.185.88 - - [06/Jul/2025:15:21:50 -0400] "HEAD /bk HTTP/1.1" 404 0 "-" "Mozilla/5.0 (Windows NT 10.0; Win64; x64) AppleWebKit/537.36 (KHTML, like Gecko) Chrome/74.0.3729.169 Safari/537.36"
34.59.185.88 - - [06/Jul/2025:15:21:50 -0400] "HEAD /bk HTTP/1.1" 404 0 "-" "Mozilla/5.0 (Windows NT 10.0; Win64; x64) AppleWebKit/537.36 (KHTML, like Gecko) Chrome/74.0.3729.169 Safari/537.36"
34.59.185.88 - - [06/Jul/2025:15:21:50 -0400] "HEAD /backup HTTP/1.1" 404 0 "-" "Mozilla/5.0 (Windows NT 10.0; Win64; x64) AppleWebKit/537.36 (KHTML, like Gecko) Chrome/74.0.3729.169 Safari/537.36"
34.59.185.88 - - [06/Jul/2025:15:21:50 -0400] "HEAD /backup HTTP/1.1" 404 0 "-" "Mozilla/5.0 (Windows NT 10.0; Win64; x64) AppleWebKit/537.36 (KHTML, like Gecko) Chrome/74.0.3729.169 Safari/537.36"
34.59.185.88 - - [06/Jul/2025:15:21:51 -0400] "HEAD /old HTTP/1.1" 404 0 "-" "Mozilla/5.0 (Windows NT 10.0; Win64; x64) AppleWebKit/537.36 (KHTML, like Gecko) Chrome/74.0.3729.169 Safari/537.36"
34.59.185.88 - - [06/Jul/2025:15:21:51 -0400] "HEAD /old HTTP/1.1" 404 0 "-" "Mozilla/5.0 (Windows NT 10.0; Win64; x64) AppleWebKit/537.36 (KHTML, like Gecko) Chrome/74.0.3729.169 Safari/537.36"
34.59.185.88 - - [06/Jul/2025:15:21:51 -0400] "HEAD /new HTTP/1.1" 404 0 "-" "Mozilla/5.0 (Windows NT 10.0; Win64; x64) AppleWebKit/537.36 (KHTML, like Gecko) Chrome/74.0.3729.169 Safari/537.36"
34.59.185.88 - - [06/Jul/2025:15:21:52 -0400] "HEAD /new HTTP/1.1" 404 0 "-" "Mozilla/5.0 (Windows NT 10.0; Win64; x64) AppleWebKit/537.36 (KHTML, like Gecko) Chrome/74.0.3729.169 Safari/537.36"
34.59.185.88 - - [06/Jul/2025:15:21:52 -0400] "HEAD /main HTTP/1.1" 404 0 "-" "Mozilla/5.0 (Windows NT 10.0; Win64; x64) AppleWebKit/537.36 (KHTML, like Gecko) Chrome/74.0.3729.169 Safari/537.36"
34.59.185.88 - - [06/Jul/2025:15:21:52 -0400] "HEAD /main HTTP/1.1" 404 0 "-" "Mozilla/5.0 (Windows NT 10.0; Win64; x64) AppleWebKit/537.36 (KHTML, like Gecko) Chrome/74.0.3729.169 Safari/537.36"
34.59.185.88 - - [06/Jul/2025:15:21:53 -0400] "HEAD /home HTTP/1.1" 301 0 "-" "Mozilla/5.0 (Windows NT 10.0; Win64; x64) AppleWebKit/537.36 (KHTML, like Gecko) Chrome/74.0.3729.169 Safari/537.36"
34.59.185.88 - - [06/Jul/2025:15:21:53 -0400] "HEAD /home HTTP/1.1" 200 0 "-" "Mozilla/5.0 (Windows NT 10.0; Win64; x64) AppleWebKit/537.36 (KHTML, like Gecko) Chrome/74.0.3729.169 Safari/537.36"
23.92.177.29 - - [06/Jul/2025:15:22:16 -0400] "POST /wp-cron.php?doing_wp_cron=1751829736.3833489418029785156250 HTTP/1.1" 200 0 "-" "WordPress/6.7.2; https://bodyguardslosangeles.net"
66.249.64.164 - - [06/Jul/2025:15:22:15 -0400] "GET /shopdetail/9541736/ HTTP/1.1" 404 17539 "-" "Mozilla/5.0 (Linux; Android 6.0.1; Nexus 5X Build/MMB29P) AppleWebKit/537.36 (KHTML, like Gecko) Chrome/137.0.7151.103 Mobile Safari/537.36 (compatible; Googlebot/2.1; +http://www.google.com/bot.html)"
23.92.177.29 - - [06/Jul/2025:15:23:13 -0400] "POST /wp-cron.php?doing_wp_cron=1751829793.3998849391937255859375 HTTP/1.1" 200 0 "-" "WordPress/6.7.2; https://bodyguardslosangeles.net"
57.141.4.28 - - [06/Jul/2025:15:23:12 -0400] "GET /shopdetail/23739669/ HTTP/1.1" 404 76487 "-" "meta-externalagent/1.1 (+https://developers.facebook.com/docs/sharing/webmasters/crawler)"
216.73.216.121 - - [06/Jul/2025:15:23:50 -0400] "GET /sitemap402.xml HTTP/1.1" 404 17540 "-" "Mozilla/5.0 AppleWebKit/537.36 (KHTML, like Gecko; compatible; ClaudeBot/1.0; +claudebot@anthropic.com)"
57.141.4.8 - - [06/Jul/2025:15:23:53 -0400] "GET /shopdetail/8177092/ HTTP/1.1" 404 76485 "-" "meta-externalagent/1.1 (+https://developers.facebook.com/docs/sharing/webmasters/crawler)"
57.141.4.25 - - [06/Jul/2025:15:23:57 -0400] "GET /shopdetail/20644270/ HTTP/1.1" 404 76487 "-" "meta-externalagent/1.1 (+https://developers.facebook.com/docs/sharing/webmasters/crawler)"
57.141.4.22 - - [06/Jul/2025:15:24:06 -0400] "GET /shopdetail/16145603/ HTTP/1.1" 404 76487 "-" "meta-externalagent/1.1 (+https://developers.facebook.com/docs/sharing/webmasters/crawler)"
23.92.177.29 - - [06/Jul/2025:15:24:24 -0400] "POST /wp-cron.php?doing_wp_cron=1751829864.1016941070556640625000 HTTP/1.1" 200 0 "-" "WordPress/6.7.2; https://bodyguardslosangeles.net"
57.141.4.27 - - [06/Jul/2025:15:24:23 -0400] "GET /shopdetail/14424358/ HTTP/1.1" 404 76487 "-" "meta-externalagent/1.1 (+https://developers.facebook.com/docs/sharing/webmasters/crawler)"
216.73.216.121 - - [06/Jul/2025:15:24:30 -0400] "GET /sitemap357.xml HTTP/1.1" 404 17538 "-" "Mozilla/5.0 AppleWebKit/537.36 (KHTML, like Gecko; compatible; ClaudeBot/1.0; +claudebot@anthropic.com)"
57.141.4.10 - - [06/Jul/2025:15:24:40 -0400] "GET /shopdetail/21551114/ HTTP/1.1" 404 76487 "-" "meta-externalagent/1.1 (+https://developers.facebook.com/docs/sharing/webmasters/crawler)"
57.141.4.4 - - [06/Jul/2025:15:24:51 -0400] "GET /shopdetail/11292947/ HTTP/1.1" 404 76487 "-" "meta-externalagent/1.1 (+https://developers.facebook.com/docs/sharing/webmasters/crawler)"
23.92.177.29 - - [06/Jul/2025:15:25:28 -0400] "POST /wp-cron.php?doing_wp_cron=1751829928.4363129138946533203125 HTTP/1.1" 200 0 "-" "WordPress/6.7.2; https://bodyguardslosangeles.net"
57.141.4.9 - - [06/Jul/2025:15:25:27 -0400] "GET /shopdetail/9212869/ HTTP/1.1" 404 76485 "-" "meta-externalagent/1.1 (+https://developers.facebook.com/docs/sharing/webmasters/crawler)"
57.141.4.28 - - [06/Jul/2025:15:25:30 -0400] "GET /shopdetail/4420892/ HTTP/1.1" 404 76485 "-" "meta-externalagent/1.1 (+https://developers.facebook.com/docs/sharing/webmasters/crawler)"
23.92.177.29 - - [06/Jul/2025:15:25:34 -0400] "POST /wp-cron.php?doing_wp_cron=1751829934.9764130115509033203125 HTTP/1.1" 200 0 "-" "WordPress/6.7.2; https://bodyguardslosangeles.net"
57.141.4.23 - - [06/Jul/2025:15:25:34 -0400] "GET /shopdetail/4039814/ HTTP/1.1" 404 76485 "-" "meta-externalagent/1.1 (+https://developers.facebook.com/docs/sharing/webmasters/crawler)"
57.141.4.10 - - [06/Jul/2025:15:25:41 -0400] "GET /shopdetail/2143214/ HTTP/1.1" 404 76485 "-" "meta-externalagent/1.1 (+https://developers.facebook.com/docs/sharing/webmasters/crawler)"
57.141.4.25 - - [06/Jul/2025:15:25:47 -0400] "GET /shopdetail/22973158/ HTTP/1.1" 404 76487 "-" "meta-externalagent/1.1 (+https://developers.facebook.com/docs/sharing/webmasters/crawler)"
57.141.4.1 - - [06/Jul/2025:15:27:20 -0400] "GET /shopdetail/5601481/ HTTP/1.1" 404 76485 "-" "meta-externalagent/1.1 (+https://developers.facebook.com/docs/sharing/webmasters/crawler)"
23.92.177.29 - - [06/Jul/2025:15:27:50 -0400] "POST /wp-cron.php?doing_wp_cron=1751830070.1991438865661621093750 HTTP/1.1" 200 0 "-" "WordPress/6.7.2; https://bodyguardslosangeles.net"
57.141.4.8 - - [06/Jul/2025:15:27:49 -0400] "GET /shopdetail/14623625/ HTTP/1.1" 404 76487 "-" "meta-externalagent/1.1 (+https://developers.facebook.com/docs/sharing/webmasters/crawler)"
57.141.4.29 - - [06/Jul/2025:15:27:54 -0400] "GET /shopdetail/2943736/ HTTP/1.1" 404 76485 "-" "meta-externalagent/1.1 (+https://developers.facebook.com/docs/sharing/webmasters/crawler)"
57.141.4.16 - - [06/Jul/2025:15:28:06 -0400] "GET /shopdetail/2421769/ HTTP/1.1" 404 76485 "-" "meta-externalagent/1.1 (+https://developers.facebook.com/docs/sharing/webmasters/crawler)"
57.141.4.19 - - [06/Jul/2025:15:28:37 -0400] "GET /shopdetail/16960270/ HTTP/1.1" 404 76487 "-" "meta-externalagent/1.1 (+https://developers.facebook.com/docs/sharing/webmasters/crawler)"
57.141.4.14 - - [06/Jul/2025:15:28:40 -0400] "GET /shopdetail/26297003/ HTTP/1.1" 404 76487 "-" "meta-externalagent/1.1 (+https://developers.facebook.com/docs/sharing/webmasters/crawler)"
66.249.64.164 - - [06/Jul/2025:15:29:12 -0400] "GET /shopdetail/14709847/ HTTP/1.1" 404 17539 "-" "Mozilla/5.0 (Linux; Android 6.0.1; Nexus 5X Build/MMB29P) AppleWebKit/537.36 (KHTML, like Gecko) Chrome/137.0.7151.103 Mobile Safari/537.36 (compatible; Googlebot/2.1; +http://www.google.com/bot.html)"
57.141.4.15 - - [06/Jul/2025:15:29:13 -0400] "GET /shopdetail/5353892/ HTTP/1.1" 404 76485 "-" "meta-externalagent/1.1 (+https://developers.facebook.com/docs/sharing/webmasters/crawler)"
57.141.4.3 - - [06/Jul/2025:15:29:17 -0400] "GET /shopdetail/3664158/ HTTP/1.1" 404 76485 "-" "meta-externalagent/1.1 (+https://developers.facebook.com/docs/sharing/webmasters/crawler)"
57.141.4.3 - - [06/Jul/2025:15:29:38 -0400] "GET /shopdetail/16257158/ HTTP/1.1" 404 76487 "-" "meta-externalagent/1.1 (+https://developers.facebook.com/docs/sharing/webmasters/crawler)"
66.249.64.164 - - [06/Jul/2025:15:29:55 -0400] "GET /shopdetail/19850947/ HTTP/1.1" 404 17539 "-" "Mozilla/5.0 (Linux; Android 6.0.1; Nexus 5X Build/MMB29P) AppleWebKit/537.36 (KHTML, like Gecko) Chrome/137.0.7151.103 Mobile Safari/537.36 (compatible; Googlebot/2.1; +http://www.google.com/bot.html)"
57.141.4.7 - - [06/Jul/2025:15:30:23 -0400] "GET /shopdetail/18642070/ HTTP/1.1" 404 76487 "-" "meta-externalagent/1.1 (+https://developers.facebook.com/docs/sharing/webmasters/crawler)"
57.141.4.6 - - [06/Jul/2025:15:30:26 -0400] "GET /shopdetail/15227481/ HTTP/1.1" 404 76487 "-" "meta-externalagent/1.1 (+https://developers.facebook.com/docs/sharing/webmasters/crawler)"
57.141.4.11 - - [06/Jul/2025:15:30:29 -0400] "GET /shopdetail/12228492/ HTTP/1.1" 404 76487 "-" "meta-externalagent/1.1 (+https://developers.facebook.com/docs/sharing/webmasters/crawler)"
57.141.4.17 - - [06/Jul/2025:15:30:33 -0400] "GET /shopdetail/8818214/ HTTP/1.1" 404 76485 "-" "meta-externalagent/1.1 (+https://developers.facebook.com/docs/sharing/webmasters/crawler)"
57.141.4.30 - - [06/Jul/2025:15:30:33 -0400] "GET /shopdetail/5250281/ HTTP/1.1" 404 76485 "-" "meta-externalagent/1.1 (+https://developers.facebook.com/docs/sharing/webmasters/crawler)"
57.141.4.13 - - [06/Jul/2025:15:30:39 -0400] "GET /shopdetail/11881814/ HTTP/1.1" 404 76487 "-" "meta-externalagent/1.1 (+https://developers.facebook.com/docs/sharing/webmasters/crawler)"
57.141.4.1 - - [06/Jul/2025:15:31:20 -0400] "GET /shopdetail/17104181/ HTTP/1.1" 404 76487 "-" "meta-externalagent/1.1 (+https://developers.facebook.com/docs/sharing/webmasters/crawler)"
23.92.177.29 - - [06/Jul/2025:15:32:19 -0400] "POST /wp-cron.php?doing_wp_cron=1751830339.9883100986480712890625 HTTP/1.1" 200 0 "-" "WordPress/6.7.2; https://bodyguardslosangeles.net"
57.141.4.12 - - [06/Jul/2025:15:32:19 -0400] "GET /shopdetail/24332481/ HTTP/1.1" 404 76487 "-" "meta-externalagent/1.1 (+https://developers.facebook.com/docs/sharing/webmasters/crawler)"
57.141.4.27 - - [06/Jul/2025:15:33:10 -0400] "GET /shopdetail/9236881/ HTTP/1.1" 404 76485 "-" "meta-externalagent/1.1 (+https://developers.facebook.com/docs/sharing/webmasters/crawler)"
23.92.177.29 - - [06/Jul/2025:15:33:38 -0400] "POST /wp-cron.php?doing_wp_cron=1751830418.5881469249725341796875 HTTP/1.1" 200 0 "-" "WordPress/6.7.2; https://bodyguardslosangeles.net"
57.141.4.12 - - [06/Jul/2025:15:33:37 -0400] "GET /shopdetail/19351114/ HTTP/1.1" 404 76487 "-" "meta-externalagent/1.1 (+https://developers.facebook.com/docs/sharing/webmasters/crawler)"
57.141.4.15 - - [06/Jul/2025:15:33:52 -0400] "GET /shopdetail/21126658/ HTTP/1.1" 404 76487 "-" "meta-externalagent/1.1 (+https://developers.facebook.com/docs/sharing/webmasters/crawler)"
57.141.4.27 - - [06/Jul/2025:15:34:00 -0400] "GET /shopdetail/22193125/ HTTP/1.1" 404 76487 "-" "meta-externalagent/1.1 (+https://developers.facebook.com/docs/sharing/webmasters/crawler)"
23.92.177.29 - - [06/Jul/2025:15:34:23 -0400] "POST /wp-cron.php?doing_wp_cron=1751830463.9220159053802490234375 HTTP/1.1" 200 0 "-" "WordPress/6.7.2; https://bodyguardslosangeles.net"
57.141.4.21 - - [06/Jul/2025:15:34:23 -0400] "GET /shopdetail/14557514/ HTTP/1.1" 404 76487 "-" "meta-externalagent/1.1 (+https://developers.facebook.com/docs/sharing/webmasters/crawler)"
57.141.4.7 - - [06/Jul/2025:15:34:43 -0400] "GET /shopdetail/18894270/ HTTP/1.1" 404 76487 "-" "meta-externalagent/1.1 (+https://developers.facebook.com/docs/sharing/webmasters/crawler)"
57.141.4.30 - - [06/Jul/2025:15:34:54 -0400] "GET /shopdetail/10832925/ HTTP/1.1" 404 76487 "-" "meta-externalagent/1.1 (+https://developers.facebook.com/docs/sharing/webmasters/crawler)"
57.141.4.4 - - [06/Jul/2025:15:34:56 -0400] "GET /shopdetail/13277325/ HTTP/1.1" 404 76487 "-" "meta-externalagent/1.1 (+https://developers.facebook.com/docs/sharing/webmasters/crawler)"
23.92.177.29 - - [06/Jul/2025:15:35:15 -0400] "POST /wp-cron.php?doing_wp_cron=1751830515.8214120864868164062500 HTTP/1.1" 200 0 "-" "WordPress/6.7.2; https://bodyguardslosangeles.net"
57.141.4.17 - - [06/Jul/2025:15:35:15 -0400] "GET /shopdetail/10521569/ HTTP/1.1" 404 76487 "-" "meta-externalagent/1.1 (+https://developers.facebook.com/docs/sharing/webmasters/crawler)"
57.141.4.12 - - [06/Jul/2025:15:35:59 -0400] "GET /shopdetail/7866103/ HTTP/1.1" 404 76485 "-" "meta-externalagent/1.1 (+https://developers.facebook.com/docs/sharing/webmasters/crawler)"
57.141.4.28 - - [06/Jul/2025:15:36:35 -0400] "GET /shopdetail/19913236/ HTTP/1.1" 404 76487 "-" "meta-externalagent/1.1 (+https://developers.facebook.com/docs/sharing/webmasters/crawler)"
23.92.177.29 - - [06/Jul/2025:15:37:05 -0400] "POST /wp-cron.php?doing_wp_cron=1751830625.1269431114196777343750 HTTP/1.1" 200 0 "-" "WordPress/6.7.2; https://bodyguardslosangeles.net"
57.141.4.6 - - [06/Jul/2025:15:37:04 -0400] "GET /shopdetail/16842492/ HTTP/1.1" 404 76487 "-" "meta-externalagent/1.1 (+https://developers.facebook.com/docs/sharing/webmasters/crawler)"
216.73.216.121 - - [06/Jul/2025:15:37:48 -0400] "GET /robots.txt HTTP/1.1" 200 145 "-" "Mozilla/5.0 AppleWebKit/537.36 (KHTML, like Gecko; compatible; ClaudeBot/1.0; +claudebot@anthropic.com)"
23.92.177.29 - - [06/Jul/2025:15:37:49 -0400] "POST /wp-cron.php?doing_wp_cron=1751830669.2019081115722656250000 HTTP/1.1" 200 0 "-" "WordPress/6.7.2; https://bodyguardslosangeles.net"
216.73.216.121 - - [06/Jul/2025:15:37:48 -0400] "GET /sitemap886.xml HTTP/1.1" 404 17540 "-" "Mozilla/5.0 AppleWebKit/537.36 (KHTML, like Gecko; compatible; ClaudeBot/1.0; +claudebot@anthropic.com)"
57.141.4.1 - - [06/Jul/2025:15:37:50 -0400] "GET /shopdetail/10379536/ HTTP/1.1" 404 76487 "-" "meta-externalagent/1.1 (+https://developers.facebook.com/docs/sharing/webmasters/crawler)"
57.141.4.19 - - [06/Jul/2025:15:37:53 -0400] "GET /shopdetail/22542225/ HTTP/1.1" 404 76487 "-" "meta-externalagent/1.1 (+https://developers.facebook.com/docs/sharing/webmasters/crawler)"
57.141.4.21 - - [06/Jul/2025:15:38:06 -0400] "GET /shopdetail/2317869/ HTTP/1.1" 404 76485 "-" "meta-externalagent/1.1 (+https://developers.facebook.com/docs/sharing/webmasters/crawler)"
54.36.148.141 - - [06/Jul/2025:15:38:16 -0400] "GET /sitemap886.xml HTTP/1.1" 404 17540 "-" "Mozilla/5.0 (compatible; AhrefsBot/7.0; +http://ahrefs.com/robot/)"
23.92.177.29 - - [06/Jul/2025:15:39:19 -0400] "POST /wp-cron.php?doing_wp_cron=1751830759.7746999263763427734375 HTTP/1.1" 200 0 "-" "WordPress/6.7.2; https://bodyguardslosangeles.net"
57.141.4.19 - - [06/Jul/2025:15:39:19 -0400] "GET /shopdetail/9039525/ HTTP/1.1" 404 76485 "-" "meta-externalagent/1.1 (+https://developers.facebook.com/docs/sharing/webmasters/crawler)"
23.92.177.29 - - [06/Jul/2025:15:41:17 -0400] "POST /wp-cron.php?doing_wp_cron=1751830877.8943560123443603515625 HTTP/1.1" 200 0 "-" "WordPress/6.7.2; https://bodyguardslosangeles.net"
66.249.64.165 - - [06/Jul/2025:15:41:16 -0400] "GET /shopdetail/23638247/ HTTP/1.1" 404 17572 "-" "Mozilla/5.0 (Linux; Android 6.0.1; Nexus 5X Build/MMB29P) AppleWebKit/537.36 (KHTML, like Gecko) Chrome/137.0.7151.103 Mobile Safari/537.36 (compatible; Googlebot/2.1; +http://www.google.com/bot.html)"
57.141.4.1 - - [06/Jul/2025:15:41:39 -0400] "GET /shopdetail/9973814/ HTTP/1.1" 404 76485 "-" "meta-externalagent/1.1 (+https://developers.facebook.com/docs/sharing/webmasters/crawler)"
216.73.216.121 - - [06/Jul/2025:15:42:01 -0400] "GET /sitemap604.xml HTTP/1.1" 404 17540 "-" "Mozilla/5.0 AppleWebKit/537.36 (KHTML, like Gecko; compatible; ClaudeBot/1.0; +claudebot@anthropic.com)"
216.73.216.121 - - [06/Jul/2025:15:42:02 -0400] "GET /sitemap234.xml HTTP/1.1" 404 17540 "-" "Mozilla/5.0 AppleWebKit/537.36 (KHTML, like Gecko; compatible; ClaudeBot/1.0; +claudebot@anthropic.com)"
23.92.177.29 - - [06/Jul/2025:15:43:25 -0400] "POST /wp-cron.php?doing_wp_cron=1751831005.9654130935668945312500 HTTP/1.1" 200 0 "-" "WordPress/6.7.2; https://bodyguardslosangeles.net"
57.141.4.6 - - [06/Jul/2025:15:43:25 -0400] "GET /shopdetail/23845692/ HTTP/1.1" 404 76487 "-" "meta-externalagent/1.1 (+https://developers.facebook.com/docs/sharing/webmasters/crawler)"
57.141.4.13 - - [06/Jul/2025:15:43:56 -0400] "GET /shopdetail/19445425/ HTTP/1.1" 404 76487 "-" "meta-externalagent/1.1 (+https://developers.facebook.com/docs/sharing/webmasters/crawler)"
23.92.177.29 - - [06/Jul/2025:15:44:25 -0400] "POST /wp-cron.php?doing_wp_cron=1751831065.1900401115417480468750 HTTP/1.1" 200 0 "-" "WordPress/6.7.2; https://bodyguardslosangeles.net"
57.141.4.23 - - [06/Jul/2025:15:44:24 -0400] "GET /shopdetail/12595214/ HTTP/1.1" 404 76487 "-" "meta-externalagent/1.1 (+https://developers.facebook.com/docs/sharing/webmasters/crawler)"
66.249.64.164 - - [06/Jul/2025:15:44:53 -0400] "GET /shopdetail/22687025/ HTTP/1.1" 404 17539 "-" "Mozilla/5.0 (Linux; Android 6.0.1; Nexus 5X Build/MMB29P) AppleWebKit/537.36 (KHTML, like Gecko) Chrome/137.0.7151.103 Mobile Safari/537.36 (compatible; GoogleOther)"
66.249.64.164 - - [06/Jul/2025:15:45:07 -0400] "GET /shopdetail/20950081/ HTTP/1.1" 404 17539 "-" "Mozilla/5.0 (Linux; Android 6.0.1; Nexus 5X Build/MMB29P) AppleWebKit/537.36 (KHTML, like Gecko) Chrome/137.0.7151.103 Mobile Safari/537.36 (compatible; Googlebot/2.1; +http://www.google.com/bot.html)"
23.92.177.29 - - [06/Jul/2025:15:45:42 -0400] "POST /wp-cron.php?doing_wp_cron=1751831142.1754920482635498046875 HTTP/1.1" 200 0 "-" "WordPress/6.7.2; https://bodyguardslosangeles.net"
57.141.4.21 - - [06/Jul/2025:15:45:41 -0400] "GET /shopdetail/7439569/ HTTP/1.1" 404 76485 "-" "meta-externalagent/1.1 (+https://developers.facebook.com/docs/sharing/webmasters/crawler)"
57.141.4.18 - - [06/Jul/2025:15:45:53 -0400] "GET /shopdetail/4146103/ HTTP/1.1" 404 76485 "-" "meta-externalagent/1.1 (+https://developers.facebook.com/docs/sharing/webmasters/crawler)"
57.141.4.30 - - [06/Jul/2025:15:46:03 -0400] "GET /shopdetail/4533647/ HTTP/1.1" 404 76485 "-" "meta-externalagent/1.1 (+https://developers.facebook.com/docs/sharing/webmasters/crawler)"
23.92.177.29 - - [06/Jul/2025:15:46:33 -0400] "POST /wp-cron.php?doing_wp_cron=1751831193.9434831142425537109375 HTTP/1.1" 200 0 "-" "WordPress/6.7.2; https://bodyguardslosangeles.net"
66.249.64.165 - - [06/Jul/2025:15:46:33 -0400] "GET /shopdetail/2690281/ HTTP/1.1" 404 17538 "-" "Mozilla/5.0 (Linux; Android 6.0.1; Nexus 5X Build/MMB29P) AppleWebKit/537.36 (KHTML, like Gecko) Chrome/137.0.7151.103 Mobile Safari/537.36 (compatible; Googlebot/2.1; +http://www.google.com/bot.html)"
23.92.177.29 - - [06/Jul/2025:15:47:31 -0400] "POST /wp-cron.php?doing_wp_cron=1751831251.7654299736022949218750 HTTP/1.1" 200 0 "-" "WordPress/6.7.2; https://bodyguardslosangeles.net"
57.141.4.18 - - [06/Jul/2025:15:47:31 -0400] "GET /shopdetail/24574825/ HTTP/1.1" 404 76487 "-" "meta-externalagent/1.1 (+https://developers.facebook.com/docs/sharing/webmasters/crawler)"
57.141.4.24 - - [06/Jul/2025:15:47:38 -0400] "GET /shopdetail/21558214/ HTTP/1.1" 404 76487 "-" "meta-externalagent/1.1 (+https://developers.facebook.com/docs/sharing/webmasters/crawler)"
66.249.64.165 - - [06/Jul/2025:15:48:05 -0400] "GET /shopdetail/22848069/ HTTP/1.1" 404 17539 "-" "Mozilla/5.0 (Linux; Android 6.0.1; Nexus 5X Build/MMB29P) AppleWebKit/537.36 (KHTML, like Gecko) Chrome/137.0.7151.103 Mobile Safari/537.36 (compatible; Googlebot/2.1; +http://www.google.com/bot.html)"
66.249.64.164 - - [06/Jul/2025:15:48:30 -0400] "GET /shopdetail/5858458/ HTTP/1.1" 404 17539 "-" "Mozilla/5.0 (Linux; Android 6.0.1; Nexus 5X Build/MMB29P) AppleWebKit/537.36 (KHTML, like Gecko) Chrome/137.0.7151.103 Mobile Safari/537.36 (compatible; Googlebot/2.1; +http://www.google.com/bot.html)"
66.249.64.166 - - [06/Jul/2025:15:50:06 -0400] "GET /shopdetail/21498092/ HTTP/1.1" 404 17538 "-" "Mozilla/5.0 (Linux; Android 6.0.1; Nexus 5X Build/MMB29P) AppleWebKit/537.36 (KHTML, like Gecko) Chrome/137.0.7151.103 Mobile Safari/537.36 (compatible; Googlebot/2.1; +http://www.google.com/bot.html)"
23.92.177.29 - - [06/Jul/2025:15:51:13 -0400] "POST /wp-cron.php?doing_wp_cron=1751831473.5850229263305664062500 HTTP/1.1" 200 0 "-" "WordPress/6.7.2; https://bodyguardslosangeles.net"
57.141.4.26 - - [06/Jul/2025:15:51:12 -0400] "GET /shopdetail/21323270/ HTTP/1.1" 404 76487 "-" "meta-externalagent/1.1 (+https://developers.facebook.com/docs/sharing/webmasters/crawler)"
23.92.177.29 - - [06/Jul/2025:15:51:31 -0400] "POST /wp-cron.php?doing_wp_cron=1751831491.8752140998840332031250 HTTP/1.1" 200 0 "-" "WordPress/6.7.2; https://bodyguardslosangeles.net"
66.249.64.165 - - [06/Jul/2025:15:51:31 -0400] "GET /shopdetail/21642125/ HTTP/1.1" 404 17539 "-" "Mozilla/5.0 (Linux; Android 6.0.1; Nexus 5X Build/MMB29P) AppleWebKit/537.36 (KHTML, like Gecko) Chrome/137.0.7151.103 Mobile Safari/537.36 (compatible; Googlebot/2.1; +http://www.google.com/bot.html)"
57.141.4.14 - - [06/Jul/2025:15:51:43 -0400] "GET /shopdetail/10739169/ HTTP/1.1" 404 76487 "-" "meta-externalagent/1.1 (+https://developers.facebook.com/docs/sharing/webmasters/crawler)"
57.141.4.21 - - [06/Jul/2025:15:51:50 -0400] "GET /shopdetail/16149725/ HTTP/1.1" 404 76487 "-" "meta-externalagent/1.1 (+https://developers.facebook.com/docs/sharing/webmasters/crawler)"
23.92.177.29 - - [06/Jul/2025:15:52:21 -0400] "POST /wp-cron.php?doing_wp_cron=1751831541.6349370479583740234375 HTTP/1.1" 200 0 "-" "WordPress/6.7.2; https://bodyguardslosangeles.net"
57.141.4.11 - - [06/Jul/2025:15:52:21 -0400] "GET /shopdetail/7372303/ HTTP/1.1" 404 76485 "-" "meta-externalagent/1.1 (+https://developers.facebook.com/docs/sharing/webmasters/crawler)"
66.249.64.166 - - [06/Jul/2025:15:52:29 -0400] "GET /shopdetail/9306092/ HTTP/1.1" 404 17536 "-" "Mozilla/5.0 (Linux; Android 6.0.1; Nexus 5X Build/MMB29P) AppleWebKit/537.36 (KHTML, like Gecko) Chrome/137.0.7151.103 Mobile Safari/537.36 (compatible; Googlebot/2.1; +http://www.google.com/bot.html)"
57.141.4.2 - - [06/Jul/2025:15:52:35 -0400] "GET /shopdetail/18991414/ HTTP/1.1" 404 76487 "-" "meta-externalagent/1.1 (+https://developers.facebook.com/docs/sharing/webmasters/crawler)"
216.73.216.121 - - [06/Jul/2025:15:52:52 -0400] "GET /sitemap.xml HTTP/1.1" 301 0 "-" "Mozilla/5.0 AppleWebKit/537.36 (KHTML, like Gecko; compatible; ClaudeBot/1.0; +claudebot@anthropic.com)"
23.92.177.29 - - [06/Jul/2025:15:53:27 -0400] "POST /wp-cron.php?doing_wp_cron=1751831607.9103150367736816406250 HTTP/1.1" 200 0 "-" "WordPress/6.7.2; https://bodyguardslosangeles.net"
57.141.4.29 - - [06/Jul/2025:15:53:26 -0400] "GET /shopdetail/10407169/ HTTP/1.1" 404 76487 "-" "meta-externalagent/1.1 (+https://developers.facebook.com/docs/sharing/webmasters/crawler)"
57.141.4.24 - - [06/Jul/2025:15:53:31 -0400] "GET /shopdetail/21744314/ HTTP/1.1" 404 76487 "-" "meta-externalagent/1.1 (+https://developers.facebook.com/docs/sharing/webmasters/crawler)"
57.141.4.12 - - [06/Jul/2025:15:53:56 -0400] "GET /shopdetail/22108914/ HTTP/1.1" 404 76487 "-" "meta-externalagent/1.1 (+https://developers.facebook.com/docs/sharing/webmasters/crawler)"
57.141.4.16 - - [06/Jul/2025:15:55:05 -0400] "GET /shopdetail/3785314/ HTTP/1.1" 404 76485 "-" "meta-externalagent/1.1 (+https://developers.facebook.com/docs/sharing/webmasters/crawler)"
23.92.177.29 - - [06/Jul/2025:15:55:15 -0400] "POST /wp-cron.php?doing_wp_cron=1751831715.3248469829559326171875 HTTP/1.1" 200 0 "-" "WordPress/6.7.2; https://bodyguardslosangeles.net"
57.141.4.19 - - [06/Jul/2025:15:55:14 -0400] "GET /shopdetail/20537747/ HTTP/1.1" 404 76487 "-" "meta-externalagent/1.1 (+https://developers.facebook.com/docs/sharing/webmasters/crawler)"
23.92.177.29 - - [06/Jul/2025:15:56:58 -0400] "POST /wp-cron.php?doing_wp_cron=1751831818.3395049571990966796875 HTTP/1.1" 200 0 "-" "WordPress/6.7.2; https://bodyguardslosangeles.net"
57.141.4.2 - - [06/Jul/2025:15:56:57 -0400] "GET /shopdetail/2608270/ HTTP/1.1" 404 76485 "-" "meta-externalagent/1.1 (+https://developers.facebook.com/docs/sharing/webmasters/crawler)"
57.141.4.5 - - [06/Jul/2025:15:57:36 -0400] "GET /shopdetail/9245014/ HTTP/1.1" 404 76485 "-" "meta-externalagent/1.1 (+https://developers.facebook.com/docs/sharing/webmasters/crawler)"
57.141.4.11 - - [06/Jul/2025:15:57:39 -0400] "GET /shopdetail/3866381/ HTTP/1.1" 404 76485 "-" "meta-externalagent/1.1 (+https://developers.facebook.com/docs/sharing/webmasters/crawler)"
57.141.4.2 - - [06/Jul/2025:15:57:44 -0400] "GET /shopdetail/12388936/ HTTP/1.1" 404 76487 "-" "meta-externalagent/1.1 (+https://developers.facebook.com/docs/sharing/webmasters/crawler)"
23.92.177.29 - - [06/Jul/2025:15:58:26 -0400] "POST /wp-cron.php?doing_wp_cron=1751831906.0062320232391357421875 HTTP/1.1" 200 0 "-" "WordPress/6.7.2; https://bodyguardslosangeles.net"
57.141.4.17 - - [06/Jul/2025:15:58:25 -0400] "GET /shopdetail/23668014/ HTTP/1.1" 404 76487 "-" "meta-externalagent/1.1 (+https://developers.facebook.com/docs/sharing/webmasters/crawler)"
57.141.4.18 - - [06/Jul/2025:15:58:27 -0400] "GET /shopdetail/11621958/ HTTP/1.1" 404 76487 "-" "meta-externalagent/1.1 (+https://developers.facebook.com/docs/sharing/webmasters/crawler)"
216.73.216.121 - - [06/Jul/2025:15:58:57 -0400] "GET /sitemap255.xml HTTP/1.1" 404 17540 "-" "Mozilla/5.0 AppleWebKit/537.36 (KHTML, like Gecko; compatible; ClaudeBot/1.0; +claudebot@anthropic.com)"
23.92.177.29 - - [06/Jul/2025:15:59:13 -0400] "POST /wp-cron.php?doing_wp_cron=1751831953.6886079311370849609375 HTTP/1.1" 200 0 "-" "WordPress/6.7.2; https://bodyguardslosangeles.net"
57.141.4.29 - - [06/Jul/2025:15:59:13 -0400] "GET /shopdetail/16289081/ HTTP/1.1" 404 76487 "-" "meta-externalagent/1.1 (+https://developers.facebook.com/docs/sharing/webmasters/crawler)"
57.141.4.21 - - [06/Jul/2025:15:59:29 -0400] "GET /shopdetail/23599225/ HTTP/1.1" 404 76487 "-" "meta-externalagent/1.1 (+https://developers.facebook.com/docs/sharing/webmasters/crawler)"
57.141.4.2 - - [06/Jul/2025:15:59:49 -0400] "GET /shopdetail/20425958/ HTTP/1.1" 404 76487 "-" "meta-externalagent/1.1 (+https://developers.facebook.com/docs/sharing/webmasters/crawler)"
57.141.4.10 - - [06/Jul/2025:16:00:17 -0400] "GET /shopdetail/6771081/ HTTP/1.1" 404 76485 "-" "meta-externalagent/1.1 (+https://developers.facebook.com/docs/sharing/webmasters/crawler)"
57.141.4.19 - - [06/Jul/2025:16:03:00 -0400] "GET /shopdetail/5698092/ HTTP/1.1" 404 76485 "-" "meta-externalagent/1.1 (+https://developers.facebook.com/docs/sharing/webmasters/crawler)"
66.249.64.164 - - [06/Jul/2025:16:03:18 -0400] "GET /shopdetail/9422970/ HTTP/1.1" 404 17538 "-" "Mozilla/5.0 (Linux; Android 6.0.1; Nexus 5X Build/MMB29P) AppleWebKit/537.36 (KHTML, like Gecko) Chrome/137.0.7151.103 Mobile Safari/537.36 (compatible; Googlebot/2.1; +http://www.google.com/bot.html)"
66.249.64.164 - - [06/Jul/2025:16:03:28 -0400] "GET /shopdetail/19130014/ HTTP/1.1" 404 17539 "-" "Mozilla/5.0 (Linux; Android 6.0.1; Nexus 5X Build/MMB29P) AppleWebKit/537.36 (KHTML, like Gecko) Chrome/137.0.7151.103 Mobile Safari/537.36 (compatible; Googlebot/2.1; +http://www.google.com/bot.html)"
57.141.4.29 - - [06/Jul/2025:16:03:45 -0400] "GET /shopdetail/16469758/ HTTP/1.1" 404 76487 "-" "meta-externalagent/1.1 (+https://developers.facebook.com/docs/sharing/webmasters/crawler)"
57.141.4.3 - - [06/Jul/2025:16:04:00 -0400] "GET /shopdetail/17264147/ HTTP/1.1" 404 76487 "-" "meta-externalagent/1.1 (+https://developers.facebook.com/docs/sharing/webmasters/crawler)"
57.141.4.1 - - [06/Jul/2025:16:04:10 -0400] "GET /shopdetail/18085358/ HTTP/1.1" 404 76487 "-" "meta-externalagent/1.1 (+https://developers.facebook.com/docs/sharing/webmasters/crawler)"
57.141.4.23 - - [06/Jul/2025:16:04:44 -0400] "GET /shopdetail/1760203/ HTTP/1.1" 404 76485 "-" "meta-externalagent/1.1 (+https://developers.facebook.com/docs/sharing/webmasters/crawler)"
57.141.4.23 - - [06/Jul/2025:16:04:48 -0400] "GET /shopdetail/19907058/ HTTP/1.1" 404 76487 "-" "meta-externalagent/1.1 (+https://developers.facebook.com/docs/sharing/webmasters/crawler)"
57.141.4.1 - - [06/Jul/2025:16:04:53 -0400] "GET /shopdetail/7945470/ HTTP/1.1" 404 76485 "-" "meta-externalagent/1.1 (+https://developers.facebook.com/docs/sharing/webmasters/crawler)"
57.141.4.19 - - [06/Jul/2025:16:04:59 -0400] "GET /shopdetail/8204970/ HTTP/1.1" 404 76485 "-" "meta-externalagent/1.1 (+https://developers.facebook.com/docs/sharing/webmasters/crawler)"
23.92.177.29 - - [06/Jul/2025:16:05:16 -0400] "POST /wp-cron.php?doing_wp_cron=1751832316.7114789485931396484375 HTTP/1.1" 200 0 "-" "WordPress/6.7.2; https://bodyguardslosangeles.net"
57.141.4.11 - - [06/Jul/2025:16:05:16 -0400] "GET /shopdetail/11287681/ HTTP/1.1" 404 76487 "-" "meta-externalagent/1.1 (+https://developers.facebook.com/docs/sharing/webmasters/crawler)"
57.141.4.29 - - [06/Jul/2025:16:05:38 -0400] "GET /shopdetail/23222681/ HTTP/1.1" 404 76487 "-" "meta-externalagent/1.1 (+https://developers.facebook.com/docs/sharing/webmasters/crawler)"
57.141.4.17 - - [06/Jul/2025:16:05:45 -0400] "GET /shopdetail/18026536/ HTTP/1.1" 404 76487 "-" "meta-externalagent/1.1 (+https://developers.facebook.com/docs/sharing/webmasters/crawler)"
43.166.255.102 - - [06/Jul/2025:16:05:51 -0400] "GET / HTTP/1.1" 301 0 "-" "Mozilla/5.0 (iPhone; CPU iPhone OS 13_2_3 like Mac OS X) AppleWebKit/605.1.15 (KHTML, like Gecko) Version/13.0.3 Mobile/15E148 Safari/604.1"
23.92.177.29 - - [06/Jul/2025:16:06:27 -0400] "POST /wp-cron.php?doing_wp_cron=1751832387.8635571002960205078125 HTTP/1.1" 200 0 "-" "WordPress/6.7.2; https://bodyguardslosangeles.net"
57.141.4.29 - - [06/Jul/2025:16:06:27 -0400] "GET /shopdetail/22002203/ HTTP/1.1" 404 76487 "-" "meta-externalagent/1.1 (+https://developers.facebook.com/docs/sharing/webmasters/crawler)"
216.73.216.121 - - [06/Jul/2025:16:06:39 -0400] "GET /sitemap602.xml HTTP/1.1" 404 17540 "-" "Mozilla/5.0 AppleWebKit/537.36 (KHTML, like Gecko; compatible; ClaudeBot/1.0; +claudebot@anthropic.com)"
57.141.4.23 - - [06/Jul/2025:16:07:02 -0400] "GET /shopdetail/19691003/ HTTP/1.1" 404 76487 "-" "meta-externalagent/1.1 (+https://developers.facebook.com/docs/sharing/webmasters/crawler)"
23.92.177.29 - - [06/Jul/2025:16:07:22 -0400] "POST /wp-cron.php?doing_wp_cron=1751832442.8684930801391601562500 HTTP/1.1" 200 0 "-" "WordPress/6.7.2; https://bodyguardslosangeles.net"
57.141.4.22 - - [06/Jul/2025:16:07:22 -0400] "GET /shopdetail/8365303/ HTTP/1.1" 404 76485 "-" "meta-externalagent/1.1 (+https://developers.facebook.com/docs/sharing/webmasters/crawler)"
57.141.4.1 - - [06/Jul/2025:16:07:48 -0400] "GET /shopdetail/7248347/ HTTP/1.1" 404 76485 "-" "meta-externalagent/1.1 (+https://developers.facebook.com/docs/sharing/webmasters/crawler)"
23.92.177.29 - - [06/Jul/2025:16:08:39 -0400] "POST /wp-cron.php?doing_wp_cron=1751832519.6526401042938232421875 HTTP/1.1" 200 0 "-" "WordPress/6.7.2; https://bodyguardslosangeles.net"
