23.92.177.29 - - [06/Jul/2025:19:10:16 -0400] "POST /wp-cron.php?doing_wp_cron=1751843416.8808000087738037109375 HTTP/1.1" 200 0 "-" "WordPress/6.7.2; https://bodyguardslosangeles.net"
216.73.216.121 - - [06/Jul/2025:19:10:15 -0400] "GET /sitemap604.xml HTTP/1.1" 404 17540 "-" "Mozilla/5.0 AppleWebKit/537.36 (KHTML, like Gecko; compatible; ClaudeBot/1.0; +claudebot@anthropic.com)"
23.92.177.29 - - [06/Jul/2025:19:11:29 -0400] "POST /wp-cron.php?doing_wp_cron=1751843489.5886569023132324218750 HTTP/1.1" 200 0 "-" "WordPress/6.7.2; https://bodyguardslosangeles.net"
57.141.4.5 - - [06/Jul/2025:19:11:28 -0400] "GET /shopdetail/18584336/ HTTP/1.1" 404 76487 "-" "meta-externalagent/1.1 (+https://developers.facebook.com/docs/sharing/webmasters/crawler)"
57.141.4.6 - - [06/Jul/2025:19:12:57 -0400] "GET /shopdetail/3895270/ HTTP/1.1" 404 76485 "-" "meta-externalagent/1.1 (+https://developers.facebook.com/docs/sharing/webmasters/crawler)"
23.92.177.29 - - [06/Jul/2025:19:14:13 -0400] "POST /wp-cron.php?doing_wp_cron=1751843653.3538570404052734375000 HTTP/1.1" 200 0 "-" "WordPress/6.7.2; https://bodyguardslosangeles.net"
57.141.4.8 - - [06/Jul/2025:19:14:12 -0400] "GET /shopdetail/23729058/ HTTP/1.1" 404 76487 "-" "meta-externalagent/1.1 (+https://developers.facebook.com/docs/sharing/webmasters/crawler)"
57.141.4.9 - - [06/Jul/2025:19:14:16 -0400] "GET /shopdetail/3741647/ HTTP/1.1" 404 76485 "-" "meta-externalagent/1.1 (+https://developers.facebook.com/docs/sharing/webmasters/crawler)"
57.141.4.29 - - [06/Jul/2025:19:14:32 -0400] "GET /shopdetail/20057681/ HTTP/1.1" 404 76487 "-" "meta-externalagent/1.1 (+https://developers.facebook.com/docs/sharing/webmasters/crawler)"
66.249.64.164 - - [06/Jul/2025:19:14:36 -0400] "GET /ads.txt HTTP/1.1" 404 17540 "-" "Mozilla/5.0 (compatible; Googlebot/2.1; +http://www.google.com/bot.html)"
23.92.177.29 - - [06/Jul/2025:19:15:25 -0400] "POST /wp-cron.php?doing_wp_cron=1751843725.3453640937805175781250 HTTP/1.1" 200 0 "-" "WordPress/6.7.2; https://bodyguardslosangeles.net"
57.141.4.21 - - [06/Jul/2025:19:15:24 -0400] "GET /shopdetail/10458903/ HTTP/1.1" 404 76487 "-" "meta-externalagent/1.1 (+https://developers.facebook.com/docs/sharing/webmasters/crawler)"
57.141.4.6 - - [06/Jul/2025:19:15:49 -0400] "GET /shopdetail/7540503/ HTTP/1.1" 404 76485 "-" "meta-externalagent/1.1 (+https://developers.facebook.com/docs/sharing/webmasters/crawler)"
57.141.4.26 - - [06/Jul/2025:19:16:04 -0400] "GET /shopdetail/5861625/ HTTP/1.1" 404 76485 "-" "meta-externalagent/1.1 (+https://developers.facebook.com/docs/sharing/webmasters/crawler)"
57.141.4.17 - - [06/Jul/2025:19:16:10 -0400] "GET /shopdetail/5939269/ HTTP/1.1" 404 76485 "-" "meta-externalagent/1.1 (+https://developers.facebook.com/docs/sharing/webmasters/crawler)"
57.141.4.23 - - [06/Jul/2025:19:16:21 -0400] "GET /shopdetail/14187447/ HTTP/1.1" 404 76487 "-" "meta-externalagent/1.1 (+https://developers.facebook.com/docs/sharing/webmasters/crawler)"
57.141.4.11 - - [06/Jul/2025:19:16:23 -0400] "GET /shopdetail/15832447/ HTTP/1.1" 404 76487 "-" "meta-externalagent/1.1 (+https://developers.facebook.com/docs/sharing/webmasters/crawler)"
57.141.4.23 - - [06/Jul/2025:19:16:59 -0400] "GET /shopdetail/15332281/ HTTP/1.1" 404 76487 "-" "meta-externalagent/1.1 (+https://developers.facebook.com/docs/sharing/webmasters/crawler)"
23.92.177.29 - - [06/Jul/2025:19:18:31 -0400] "POST /wp-cron.php?doing_wp_cron=1751843911.4696350097656250000000 HTTP/1.1" 200 0 "-" "WordPress/6.7.2; https://bodyguardslosangeles.net"
57.141.4.1 - - [06/Jul/2025:19:18:30 -0400] "GET /shopdetail/24471670/ HTTP/1.1" 404 76487 "-" "meta-externalagent/1.1 (+https://developers.facebook.com/docs/sharing/webmasters/crawler)"
57.141.4.4 - - [06/Jul/2025:19:19:07 -0400] "GET /shopdetail/13325058/ HTTP/1.1" 404 76487 "-" "meta-externalagent/1.1 (+https://developers.facebook.com/docs/sharing/webmasters/crawler)"
23.92.177.29 - - [06/Jul/2025:19:19:24 -0400] "POST /wp-cron.php?doing_wp_cron=1751843964.9913580417633056640625 HTTP/1.1" 200 0 "-" "WordPress/6.7.2; https://bodyguardslosangeles.net"
57.141.4.26 - - [06/Jul/2025:19:19:24 -0400] "GET /shopdetail/13286358/ HTTP/1.1" 404 76487 "-" "meta-externalagent/1.1 (+https://developers.facebook.com/docs/sharing/webmasters/crawler)"
57.141.4.7 - - [06/Jul/2025:19:19:58 -0400] "GET /shopdetail/4759170/ HTTP/1.1" 404 76485 "-" "meta-externalagent/1.1 (+https://developers.facebook.com/docs/sharing/webmasters/crawler)"
23.92.177.29 - - [06/Jul/2025:19:20:13 -0400] "POST /wp-cron.php?doing_wp_cron=1751844013.1877090930938720703125 HTTP/1.1" 200 0 "-" "WordPress/6.7.2; https://bodyguardslosangeles.net"
57.141.4.13 - - [06/Jul/2025:19:20:12 -0400] "GET /shopdetail/14790858/ HTTP/1.1" 404 76487 "-" "meta-externalagent/1.1 (+https://developers.facebook.com/docs/sharing/webmasters/crawler)"
57.141.4.29 - - [06/Jul/2025:19:20:26 -0400] "GET /shopdetail/20702158/ HTTP/1.1" 404 76487 "-" "meta-externalagent/1.1 (+https://developers.facebook.com/docs/sharing/webmasters/crawler)"
23.92.177.29 - - [06/Jul/2025:19:20:28 -0400] "GET /.well-known/acme-challenge/NBUPCPDRUGV7VCKM3Q-2WAIOFB80Y-WD HTTP/1.1" 200 64 "-" "Cpanel-HTTP-Client/1.0"
23.92.177.29 - - [06/Jul/2025:19:20:29 -0400] "GET /.well-known/acme-challenge/U0EI8URPUH13DVNKZYBWN126-6OB5-B0 HTTP/1.1" 200 64 "-" "Cpanel-HTTP-Client/1.0"
23.92.177.29 - - [06/Jul/2025:19:20:29 -0400] "GET /.well-known/acme-challenge/_CQM_7GJE0RUCU-MPR9_RCE4LF2-QMXI HTTP/1.1" 200 64 "-" "Cpanel-HTTP-Client/1.0"
23.92.177.29 - - [06/Jul/2025:19:20:30 -0400] "GET /.well-known/acme-challenge/Q7Q4QO6806G0_P0B3AY5IYH8M8ULE9MY HTTP/1.1" 200 64 "-" "Cpanel-HTTP-Client/1.0"
23.92.177.29 - - [06/Jul/2025:19:20:31 -0400] "GET /.well-known/acme-challenge/16O4HUP6FMJIXCUAX6PWS36R2DSTC4CO HTTP/1.1" 200 64 "-" "Cpanel-HTTP-Client/1.0"
23.92.177.29 - - [06/Jul/2025:19:20:31 -0400] "GET /.well-known/acme-challenge/AVYPBRYZUY8MBMN0IPIZZKS4VHL8WHFK HTTP/1.1" 200 64 "-" "Cpanel-HTTP-Client/1.0"
23.92.177.29 - - [06/Jul/2025:19:20:31 -0400] "GET /.well-known/acme-challenge/ST84-L-L74GAVL-W7WPHSFQU3X4O0V16 HTTP/1.1" 200 64 "-" "Cpanel-HTTP-Client/1.0"
23.92.177.29 - - [06/Jul/2025:19:20:32 -0400] "GET /.well-known/acme-challenge/DO9B91X3ZIX7-A25P0B3Y29XBWYI16_L HTTP/1.1" 200 64 "-" "Cpanel-HTTP-Client/1.0"
23.92.177.29 - - [06/Jul/2025:19:20:32 -0400] "GET /.well-known/acme-challenge/YZO_L_YCWSZ8UFS2ZR843-SO7Y5HXU2U HTTP/1.1" 200 64 "-" "Cpanel-HTTP-Client/1.0"
57.141.4.19 - - [06/Jul/2025:19:21:07 -0400] "GET /shopdetail/7973858/ HTTP/1.1" 404 76485 "-" "meta-externalagent/1.1 (+https://developers.facebook.com/docs/sharing/webmasters/crawler)"
23.92.177.29 - - [06/Jul/2025:19:21:27 -0400] "POST /wp-cron.php?doing_wp_cron=1751844086.9996719360351562500000 HTTP/1.1" 200 0 "-" "WordPress/6.7.2; https://bodyguardslosangeles.net"
57.141.4.30 - - [06/Jul/2025:19:21:26 -0400] "GET /shopdetail/14445725/ HTTP/1.1" 404 76487 "-" "meta-externalagent/1.1 (+https://developers.facebook.com/docs/sharing/webmasters/crawler)"
57.141.4.25 - - [06/Jul/2025:19:21:53 -0400] "GET /shopdetail/20855536/ HTTP/1.1" 404 76487 "-" "meta-externalagent/1.1 (+https://developers.facebook.com/docs/sharing/webmasters/crawler)"
57.141.4.23 - - [06/Jul/2025:19:22:03 -0400] "GET /shopdetail/7895147/ HTTP/1.1" 404 76485 "-" "meta-externalagent/1.1 (+https://developers.facebook.com/docs/sharing/webmasters/crawler)"
57.141.4.10 - - [06/Jul/2025:19:22:07 -0400] "GET /shopdetail/9901570/ HTTP/1.1" 404 76485 "-" "meta-externalagent/1.1 (+https://developers.facebook.com/docs/sharing/webmasters/crawler)"
57.141.4.1 - - [06/Jul/2025:19:22:08 -0400] "GET /shopdetail/13087381/ HTTP/1.1" 404 76487 "-" "meta-externalagent/1.1 (+https://developers.facebook.com/docs/sharing/webmasters/crawler)"
23.92.177.29 - - [06/Jul/2025:19:22:20 -0400] "POST /wp-cron.php?doing_wp_cron=1751844140.7811329364776611328125 HTTP/1.1" 200 0 "-" "WordPress/6.7.2; https://bodyguardslosangeles.net"
57.141.4.30 - - [06/Jul/2025:19:22:19 -0400] "GET /shopdetail/1773114/ HTTP/1.1" 404 76485 "-" "meta-externalagent/1.1 (+https://developers.facebook.com/docs/sharing/webmasters/crawler)"
57.141.4.8 - - [06/Jul/2025:19:22:47 -0400] "GET /shopdetail/7680192/ HTTP/1.1" 404 76485 "-" "meta-externalagent/1.1 (+https://developers.facebook.com/docs/sharing/webmasters/crawler)"
57.141.4.27 - - [06/Jul/2025:19:22:54 -0400] "GET /shopdetail/11085847/ HTTP/1.1" 404 76487 "-" "meta-externalagent/1.1 (+https://developers.facebook.com/docs/sharing/webmasters/crawler)"
57.141.4.15 - - [06/Jul/2025:19:23:19 -0400] "GET /shopdetail/20044781/ HTTP/1.1" 404 76487 "-" "meta-externalagent/1.1 (+https://developers.facebook.com/docs/sharing/webmasters/crawler)"
57.141.4.27 - - [06/Jul/2025:19:23:32 -0400] "GET /shopdetail/9938370/ HTTP/1.1" 404 76485 "-" "meta-externalagent/1.1 (+https://developers.facebook.com/docs/sharing/webmasters/crawler)"
57.141.4.4 - - [06/Jul/2025:19:23:38 -0400] "GET /shopdetail/1472569/ HTTP/1.1" 404 76485 "-" "meta-externalagent/1.1 (+https://developers.facebook.com/docs/sharing/webmasters/crawler)"
57.141.4.25 - - [06/Jul/2025:19:23:54 -0400] "GET /shopdetail/18873192/ HTTP/1.1" 404 76487 "-" "meta-externalagent/1.1 (+https://developers.facebook.com/docs/sharing/webmasters/crawler)"
23.92.177.29 - - [06/Jul/2025:19:24:21 -0400] "POST /wp-cron.php?doing_wp_cron=1751844261.7324419021606445312500 HTTP/1.1" 200 0 "-" "WordPress/6.7.2; https://bodyguardslosangeles.net"
57.141.4.23 - - [06/Jul/2025:19:24:20 -0400] "GET /shopdetail/13624003/ HTTP/1.1" 404 76487 "-" "meta-externalagent/1.1 (+https://developers.facebook.com/docs/sharing/webmasters/crawler)"
57.141.4.9 - - [06/Jul/2025:19:24:31 -0400] "GET /shopdetail/4591425/ HTTP/1.1" 404 76485 "-" "meta-externalagent/1.1 (+https://developers.facebook.com/docs/sharing/webmasters/crawler)"
57.141.4.5 - - [06/Jul/2025:19:24:47 -0400] "GET /shopdetail/20635125/ HTTP/1.1" 404 76487 "-" "meta-externalagent/1.1 (+https://developers.facebook.com/docs/sharing/webmasters/crawler)"
23.92.177.29 - - [06/Jul/2025:19:25:21 -0400] "POST /wp-cron.php?doing_wp_cron=1751844321.0674710273742675781250 HTTP/1.1" 200 0 "-" "WordPress/6.7.2; https://bodyguardslosangeles.net"
57.141.4.7 - - [06/Jul/2025:19:25:20 -0400] "GET /shopdetail/15914481/ HTTP/1.1" 404 76487 "-" "meta-externalagent/1.1 (+https://developers.facebook.com/docs/sharing/webmasters/crawler)"
57.141.4.28 - - [06/Jul/2025:19:25:22 -0400] "GET /shopdetail/4594236/ HTTP/1.1" 404 76485 "-" "meta-externalagent/1.1 (+https://developers.facebook.com/docs/sharing/webmasters/crawler)"
23.92.177.29 - - [06/Jul/2025:19:25:35 -0400] "POST /wp-cron.php?doing_wp_cron=1751844335.7350161075592041015625 HTTP/1.1" 200 0 "-" "WordPress/6.7.2; https://bodyguardslosangeles.net"
57.141.4.9 - - [06/Jul/2025:19:25:35 -0400] "GET /shopdetail/18581870/ HTTP/1.1" 404 76487 "-" "meta-externalagent/1.1 (+https://developers.facebook.com/docs/sharing/webmasters/crawler)"
57.141.4.4 - - [06/Jul/2025:19:25:38 -0400] "GET /shopdetail/18168814/ HTTP/1.1" 404 76487 "-" "meta-externalagent/1.1 (+https://developers.facebook.com/docs/sharing/webmasters/crawler)"
140.143.98.18 - - [06/Jul/2025:19:25:42 -0400] "GET / HTTP/1.1" 301 0 "-" "Mozilla/5.0 (iPhone; CPU iPhone OS 13_2_3 like Mac OS X) AppleWebKit/605.1.15 (KHTML, like Gecko) Version/13.0.3 Mobile/15E148 Safari/604.1"
57.141.4.27 - - [06/Jul/2025:19:26:00 -0400] "GET /shopdetail/6187470/ HTTP/1.1" 404 76485 "-" "meta-externalagent/1.1 (+https://developers.facebook.com/docs/sharing/webmasters/crawler)"
23.92.177.29 - - [06/Jul/2025:19:26:16 -0400] "POST /wp-cron.php?doing_wp_cron=1751844376.5263500213623046875000 HTTP/1.1" 200 0 "-" "WordPress/6.7.2; https://bodyguardslosangeles.net"
66.249.64.165 - - [06/Jul/2025:19:26:15 -0400] "GET /shopdetail/15786492/ HTTP/1.1" 404 17538 "-" "Mozilla/5.0 (Linux; Android 6.0.1; Nexus 5X Build/MMB29P) AppleWebKit/537.36 (KHTML, like Gecko) Chrome/137.0.7151.103 Mobile Safari/537.36 (compatible; GoogleOther)"
57.141.4.22 - - [06/Jul/2025:19:26:26 -0400] "GET /shopdetail/9409836/ HTTP/1.1" 404 76485 "-" "meta-externalagent/1.1 (+https://developers.facebook.com/docs/sharing/webmasters/crawler)"
57.141.4.28 - - [06/Jul/2025:19:26:30 -0400] "GET /shopdetail/13805514/ HTTP/1.1" 404 76487 "-" "meta-externalagent/1.1 (+https://developers.facebook.com/docs/sharing/webmasters/crawler)"
57.141.4.21 - - [06/Jul/2025:19:27:00 -0400] "GET /shopdetail/10833969/ HTTP/1.1" 404 76487 "-" "meta-externalagent/1.1 (+https://developers.facebook.com/docs/sharing/webmasters/crawler)"
57.141.4.19 - - [06/Jul/2025:19:27:09 -0400] "GET /shopdetail/14841547/ HTTP/1.1" 404 76487 "-" "meta-externalagent/1.1 (+https://developers.facebook.com/docs/sharing/webmasters/crawler)"
57.141.4.10 - - [06/Jul/2025:19:27:55 -0400] "GET /shopdetail/24625158/ HTTP/1.1" 404 76487 "-" "meta-externalagent/1.1 (+https://developers.facebook.com/docs/sharing/webmasters/crawler)"
57.141.4.24 - - [06/Jul/2025:19:28:18 -0400] "GET /shopdetail/22886481/ HTTP/1.1" 404 76487 "-" "meta-externalagent/1.1 (+https://developers.facebook.com/docs/sharing/webmasters/crawler)"
57.141.4.11 - - [06/Jul/2025:19:28:37 -0400] "GET /shopdetail/4572792/ HTTP/1.1" 404 76485 "-" "meta-externalagent/1.1 (+https://developers.facebook.com/docs/sharing/webmasters/crawler)"
216.73.216.121 - - [06/Jul/2025:19:29:02 -0400] "GET /sitemap334.xml HTTP/1.1" 404 17540 "-" "Mozilla/5.0 AppleWebKit/537.36 (KHTML, like Gecko; compatible; ClaudeBot/1.0; +claudebot@anthropic.com)"
216.73.216.121 - - [06/Jul/2025:19:29:03 -0400] "GET /sitemap856.xml HTTP/1.1" 404 17540 "-" "Mozilla/5.0 AppleWebKit/537.36 (KHTML, like Gecko; compatible; ClaudeBot/1.0; +claudebot@anthropic.com)"
23.92.177.29 - - [06/Jul/2025:19:29:23 -0400] "POST /wp-cron.php?doing_wp_cron=1751844563.0912489891052246093750 HTTP/1.1" 200 0 "-" "WordPress/6.7.2; https://bodyguardslosangeles.net"
57.141.4.9 - - [06/Jul/2025:19:29:21 -0400] "GET /shopdetail/2503658/ HTTP/1.1" 404 76485 "-" "meta-externalagent/1.1 (+https://developers.facebook.com/docs/sharing/webmasters/crawler)"
57.141.4.5 - - [06/Jul/2025:19:29:53 -0400] "GET /shopdetail/26179614/ HTTP/1.1" 404 76487 "-" "meta-externalagent/1.1 (+https://developers.facebook.com/docs/sharing/webmasters/crawler)"
23.92.177.29 - - [06/Jul/2025:19:30:55 -0400] "POST /wp-cron.php?doing_wp_cron=1751844655.6752359867095947265625 HTTP/1.1" 200 0 "-" "WordPress/6.7.2; https://bodyguardslosangeles.net"
57.141.4.13 - - [06/Jul/2025:19:30:54 -0400] "GET /shopdetail/10781258/ HTTP/1.1" 404 76487 "-" "meta-externalagent/1.1 (+https://developers.facebook.com/docs/sharing/webmasters/crawler)"
216.73.216.121 - - [06/Jul/2025:19:30:59 -0400] "GET /sitemap376.xml HTTP/1.1" 404 17592 "-" "Mozilla/5.0 AppleWebKit/537.36 (KHTML, like Gecko; compatible; ClaudeBot/1.0; +claudebot@anthropic.com)"
57.141.4.6 - - [06/Jul/2025:19:31:00 -0400] "GET /shopdetail/19006570/ HTTP/1.1" 404 76487 "-" "meta-externalagent/1.1 (+https://developers.facebook.com/docs/sharing/webmasters/crawler)"
57.141.4.6 - - [06/Jul/2025:19:31:10 -0400] "GET /shopdetail/18751458/ HTTP/1.1" 404 76487 "-" "meta-externalagent/1.1 (+https://developers.facebook.com/docs/sharing/webmasters/crawler)"
57.141.4.20 - - [06/Jul/2025:19:31:48 -0400] "GET /shopdetail/18815414/ HTTP/1.1" 404 76487 "-" "meta-externalagent/1.1 (+https://developers.facebook.com/docs/sharing/webmasters/crawler)"
23.92.177.29 - - [06/Jul/2025:19:32:26 -0400] "POST /wp-cron.php?doing_wp_cron=1751844746.7208518981933593750000 HTTP/1.1" 200 0 "-" "WordPress/6.7.2; https://bodyguardslosangeles.net"
57.141.4.4 - - [06/Jul/2025:19:32:26 -0400] "GET /shopdetail/6582370/ HTTP/1.1" 404 76485 "-" "meta-externalagent/1.1 (+https://developers.facebook.com/docs/sharing/webmasters/crawler)"
57.141.4.3 - - [06/Jul/2025:19:32:29 -0400] "GET /shopdetail/12847747/ HTTP/1.1" 404 76487 "-" "meta-externalagent/1.1 (+https://developers.facebook.com/docs/sharing/webmasters/crawler)"
57.141.4.28 - - [06/Jul/2025:19:33:10 -0400] "GET /shopdetail/26043481/ HTTP/1.1" 404 76487 "-" "meta-externalagent/1.1 (+https://developers.facebook.com/docs/sharing/webmasters/crawler)"
23.92.177.29 - - [06/Jul/2025:19:33:17 -0400] "POST /wp-cron.php?doing_wp_cron=1751844797.0943970680236816406250 HTTP/1.1" 200 0 "-" "WordPress/6.7.2; https://bodyguardslosangeles.net"
57.141.4.26 - - [06/Jul/2025:19:33:16 -0400] "GET /shopdetail/1618569/ HTTP/1.1" 404 76485 "-" "meta-externalagent/1.1 (+https://developers.facebook.com/docs/sharing/webmasters/crawler)"
57.141.4.26 - - [06/Jul/2025:19:33:25 -0400] "GET /shopdetail/13486758/ HTTP/1.1" 404 76487 "-" "meta-externalagent/1.1 (+https://developers.facebook.com/docs/sharing/webmasters/crawler)"
57.141.4.15 - - [06/Jul/2025:19:33:37 -0400] "GET /shopdetail/20622581/ HTTP/1.1" 404 76487 "-" "meta-externalagent/1.1 (+https://developers.facebook.com/docs/sharing/webmasters/crawler)"
57.141.4.2 - - [06/Jul/2025:19:33:51 -0400] "GET /shopdetail/12641747/ HTTP/1.1" 404 76487 "-" "meta-externalagent/1.1 (+https://developers.facebook.com/docs/sharing/webmasters/crawler)"
57.141.4.30 - - [06/Jul/2025:19:34:06 -0400] "GET /shopdetail/7185914/ HTTP/1.1" 404 76485 "-" "meta-externalagent/1.1 (+https://developers.facebook.com/docs/sharing/webmasters/crawler)"
23.92.177.29 - - [06/Jul/2025:19:34:21 -0400] "POST /wp-cron.php?doing_wp_cron=1751844861.9386699199676513671875 HTTP/1.1" 200 0 "-" "WordPress/6.7.2; https://bodyguardslosangeles.net"
57.141.4.26 - - [06/Jul/2025:19:34:21 -0400] "GET /shopdetail/8824869/ HTTP/1.1" 404 76485 "-" "meta-externalagent/1.1 (+https://developers.facebook.com/docs/sharing/webmasters/crawler)"
57.141.4.28 - - [06/Jul/2025:19:34:32 -0400] "GET /shopdetail/5988258/ HTTP/1.1" 404 76485 "-" "meta-externalagent/1.1 (+https://developers.facebook.com/docs/sharing/webmasters/crawler)"
57.141.4.23 - - [06/Jul/2025:19:34:52 -0400] "GET /shopdetail/8175047/ HTTP/1.1" 404 76485 "-" "meta-externalagent/1.1 (+https://developers.facebook.com/docs/sharing/webmasters/crawler)"
23.92.177.29 - - [06/Jul/2025:19:35:19 -0400] "POST /wp-cron.php?doing_wp_cron=1751844919.8850619792938232421875 HTTP/1.1" 200 0 "-" "WordPress/6.7.2; https://bodyguardslosangeles.net"
57.141.4.25 - - [06/Jul/2025:19:35:19 -0400] "GET /shopdetail/15464170/ HTTP/1.1" 404 76487 "-" "meta-externalagent/1.1 (+https://developers.facebook.com/docs/sharing/webmasters/crawler)"
57.141.4.26 - - [06/Jul/2025:19:35:37 -0400] "GET /shopdetail/7364869/ HTTP/1.1" 404 76485 "-" "meta-externalagent/1.1 (+https://developers.facebook.com/docs/sharing/webmasters/crawler)"
23.92.177.29 - - [06/Jul/2025:19:36:23 -0400] "POST /wp-cron.php?doing_wp_cron=1751844983.9639248847961425781250 HTTP/1.1" 200 0 "-" "WordPress/6.7.2; https://bodyguardslosangeles.net"
57.141.4.14 - - [06/Jul/2025:19:36:23 -0400] "GET /shopdetail/12915136/ HTTP/1.1" 404 76487 "-" "meta-externalagent/1.1 (+https://developers.facebook.com/docs/sharing/webmasters/crawler)"
57.141.4.29 - - [06/Jul/2025:19:37:01 -0400] "GET /shopdetail/9074903/ HTTP/1.1" 404 76485 "-" "meta-externalagent/1.1 (+https://developers.facebook.com/docs/sharing/webmasters/crawler)"
57.141.4.5 - - [06/Jul/2025:19:37:18 -0400] "GET /shopdetail/18999481/ HTTP/1.1" 404 76487 "-" "meta-externalagent/1.1 (+https://developers.facebook.com/docs/sharing/webmasters/crawler)"
23.92.177.29 - - [06/Jul/2025:19:37:42 -0400] "POST /wp-cron.php?doing_wp_cron=1751845062.5236608982086181640625 HTTP/1.1" 200 0 "-" "WordPress/6.7.2; https://bodyguardslosangeles.net"
57.141.4.3 - - [06/Jul/2025:19:37:42 -0400] "GET /shopdetail/9153258/ HTTP/1.1" 404 76485 "-" "meta-externalagent/1.1 (+https://developers.facebook.com/docs/sharing/webmasters/crawler)"
57.141.4.14 - - [06/Jul/2025:19:38:08 -0400] "GET /shopdetail/4450403/ HTTP/1.1" 404 76485 "-" "meta-externalagent/1.1 (+https://developers.facebook.com/docs/sharing/webmasters/crawler)"
23.92.177.29 - - [06/Jul/2025:19:38:27 -0400] "POST /wp-cron.php?doing_wp_cron=1751845107.0738680362701416015625 HTTP/1.1" 200 0 "-" "WordPress/6.7.2; https://bodyguardslosangeles.net"
57.141.4.7 - - [06/Jul/2025:19:38:26 -0400] "GET /shopdetail/16549092/ HTTP/1.1" 404 76487 "-" "meta-externalagent/1.1 (+https://developers.facebook.com/docs/sharing/webmasters/crawler)"
57.141.4.19 - - [06/Jul/2025:19:38:56 -0400] "GET /shopdetail/2960192/ HTTP/1.1" 404 76485 "-" "meta-externalagent/1.1 (+https://developers.facebook.com/docs/sharing/webmasters/crawler)"
23.92.177.29 - - [06/Jul/2025:19:39:24 -0400] "POST /wp-cron.php?doing_wp_cron=1751845164.2114748954772949218750 HTTP/1.1" 200 0 "-" "WordPress/6.7.2; https://bodyguardslosangeles.net"
57.141.4.17 - - [06/Jul/2025:19:39:23 -0400] "GET /shopdetail/24563603/ HTTP/1.1" 404 76487 "-" "meta-externalagent/1.1 (+https://developers.facebook.com/docs/sharing/webmasters/crawler)"
57.141.4.24 - - [06/Jul/2025:19:39:38 -0400] "GET /shopdetail/12447536/ HTTP/1.1" 404 76487 "-" "meta-externalagent/1.1 (+https://developers.facebook.com/docs/sharing/webmasters/crawler)"
57.141.4.11 - - [06/Jul/2025:19:39:52 -0400] "GET /shopdetail/18258858/ HTTP/1.1" 404 76487 "-" "meta-externalagent/1.1 (+https://developers.facebook.com/docs/sharing/webmasters/crawler)"
23.92.177.29 - - [06/Jul/2025:19:40:44 -0400] "POST /wp-cron.php?doing_wp_cron=1751845244.2500870227813720703125 HTTP/1.1" 200 0 "-" "WordPress/6.7.2; https://bodyguardslosangeles.net"
57.141.4.27 - - [06/Jul/2025:19:40:43 -0400] "GET /shopdetail/8170992/ HTTP/1.1" 404 76485 "-" "meta-externalagent/1.1 (+https://developers.facebook.com/docs/sharing/webmasters/crawler)"
57.141.4.9 - - [06/Jul/2025:19:41:01 -0400] "GET /shopdetail/20488614/ HTTP/1.1" 404 76487 "-" "meta-externalagent/1.1 (+https://developers.facebook.com/docs/sharing/webmasters/crawler)"
57.141.4.18 - - [06/Jul/2025:19:41:01 -0400] "GET /shopdetail/13894003/ HTTP/1.1" 404 76487 "-" "meta-externalagent/1.1 (+https://developers.facebook.com/docs/sharing/webmasters/crawler)"
57.141.4.17 - - [06/Jul/2025:19:41:03 -0400] "GET /shopdetail/19983969/ HTTP/1.1" 404 76487 "-" "meta-externalagent/1.1 (+https://developers.facebook.com/docs/sharing/webmasters/crawler)"
23.92.177.29 - - [06/Jul/2025:19:42:22 -0400] "POST /wp-cron.php?doing_wp_cron=1751845342.4796690940856933593750 HTTP/1.1" 200 0 "-" "WordPress/6.7.2; https://bodyguardslosangeles.net"
57.141.4.23 - - [06/Jul/2025:19:42:21 -0400] "GET /shopdetail/22975570/ HTTP/1.1" 404 76487 "-" "meta-externalagent/1.1 (+https://developers.facebook.com/docs/sharing/webmasters/crawler)"
57.141.4.9 - - [06/Jul/2025:19:43:11 -0400] "GET /shopdetail/7821270/ HTTP/1.1" 404 76485 "-" "meta-externalagent/1.1 (+https://developers.facebook.com/docs/sharing/webmasters/crawler)"
57.141.4.10 - - [06/Jul/2025:19:43:38 -0400] "GET /shopdetail/10610658/ HTTP/1.1" 404 76487 "-" "meta-externalagent/1.1 (+https://developers.facebook.com/docs/sharing/webmasters/crawler)"
57.141.4.11 - - [06/Jul/2025:19:43:44 -0400] "GET /shopdetail/22068058/ HTTP/1.1" 404 76487 "-" "meta-externalagent/1.1 (+https://developers.facebook.com/docs/sharing/webmasters/crawler)"
57.141.4.17 - - [06/Jul/2025:19:44:49 -0400] "GET /shopdetail/11668514/ HTTP/1.1" 404 76487 "-" "meta-externalagent/1.1 (+https://developers.facebook.com/docs/sharing/webmasters/crawler)"
66.249.64.164 - - [06/Jul/2025:19:44:56 -0400] "GET /shopdetail/19938936/ HTTP/1.1" 404 17538 "-" "Mozilla/5.0 (Linux; Android 6.0.1; Nexus 5X Build/MMB29P) AppleWebKit/537.36 (KHTML, like Gecko) Chrome/137.0.7151.103 Mobile Safari/537.36 (compatible; Googlebot/2.1; +http://www.google.com/bot.html)"
66.249.64.166 - - [06/Jul/2025:19:45:10 -0400] "GET /shopdetail/4251669/ HTTP/1.1" 404 17538 "-" "Mozilla/5.0 (Linux; Android 6.0.1; Nexus 5X Build/MMB29P) AppleWebKit/537.36 (KHTML, like Gecko) Chrome/137.0.7151.103 Mobile Safari/537.36 (compatible; Googlebot/2.1; +http://www.google.com/bot.html)"
23.92.177.29 - - [06/Jul/2025:19:45:43 -0400] "POST /wp-cron.php?doing_wp_cron=1751845543.0416460037231445312500 HTTP/1.1" 200 0 "-" "WordPress/6.7.2; https://bodyguardslosangeles.net"
57.141.4.1 - - [06/Jul/2025:19:45:42 -0400] "GET /shopdetail/17586092/ HTTP/1.1" 404 76487 "-" "meta-externalagent/1.1 (+https://developers.facebook.com/docs/sharing/webmasters/crawler)"
54.36.148.112 - - [06/Jul/2025:19:45:53 -0400] "GET /sitemap886.xml HTTP/1.1" 404 17540 "-" "Mozilla/5.0 (compatible; AhrefsBot/7.0; +http://ahrefs.com/robot/)"
57.141.4.23 - - [06/Jul/2025:19:46:40 -0400] "GET /shopdetail/3491147/ HTTP/1.1" 404 76485 "-" "meta-externalagent/1.1 (+https://developers.facebook.com/docs/sharing/webmasters/crawler)"
57.141.4.29 - - [06/Jul/2025:19:46:55 -0400] "GET /shopdetail/23807814/ HTTP/1.1" 404 76487 "-" "meta-externalagent/1.1 (+https://developers.facebook.com/docs/sharing/webmasters/crawler)"
57.141.4.24 - - [06/Jul/2025:19:46:56 -0400] "GET /shopdetail/3473569/ HTTP/1.1" 404 76485 "-" "meta-externalagent/1.1 (+https://developers.facebook.com/docs/sharing/webmasters/crawler)"
57.141.4.24 - - [06/Jul/2025:19:47:03 -0400] "GET /shopdetail/15220158/ HTTP/1.1" 404 76487 "-" "meta-externalagent/1.1 (+https://developers.facebook.com/docs/sharing/webmasters/crawler)"
23.92.177.29 - - [06/Jul/2025:19:49:11 -0400] "POST /wp-cron.php?doing_wp_cron=1751845751.4862740039825439453125 HTTP/1.1" 200 0 "-" "WordPress/6.7.2; https://bodyguardslosangeles.net"
57.141.4.29 - - [06/Jul/2025:19:49:10 -0400] "GET /shopdetail/10623603/ HTTP/1.1" 404 76487 "-" "meta-externalagent/1.1 (+https://developers.facebook.com/docs/sharing/webmasters/crawler)"
57.141.4.22 - - [06/Jul/2025:19:50:50 -0400] "GET /shopdetail/20751081/ HTTP/1.1" 404 76487 "-" "meta-externalagent/1.1 (+https://developers.facebook.com/docs/sharing/webmasters/crawler)"
23.92.177.29 - - [06/Jul/2025:19:51:22 -0400] "POST /wp-cron.php?doing_wp_cron=1751845882.1481609344482421875000 HTTP/1.1" 200 0 "-" "WordPress/6.7.2; https://bodyguardslosangeles.net"
57.141.4.13 - - [06/Jul/2025:19:51:21 -0400] "GET /shopdetail/13031847/ HTTP/1.1" 404 76487 "-" "meta-externalagent/1.1 (+https://developers.facebook.com/docs/sharing/webmasters/crawler)"
57.141.4.9 - - [06/Jul/2025:19:51:25 -0400] "GET /shopdetail/2306658/ HTTP/1.1" 404 76485 "-" "meta-externalagent/1.1 (+https://developers.facebook.com/docs/sharing/webmasters/crawler)"
57.141.4.26 - - [06/Jul/2025:19:51:25 -0400] "GET /shopdetail/23688970/ HTTP/1.1" 404 76487 "-" "meta-externalagent/1.1 (+https://developers.facebook.com/docs/sharing/webmasters/crawler)"
57.141.4.19 - - [06/Jul/2025:19:51:27 -0400] "GET /shopdetail/22442658/ HTTP/1.1" 404 76487 "-" "meta-externalagent/1.1 (+https://developers.facebook.com/docs/sharing/webmasters/crawler)"
57.141.4.1 - - [06/Jul/2025:19:52:03 -0400] "GET /shopdetail/17070081/ HTTP/1.1" 404 76487 "-" "meta-externalagent/1.1 (+https://developers.facebook.com/docs/sharing/webmasters/crawler)"
57.141.4.6 - - [06/Jul/2025:19:52:26 -0400] "GET /shopdetail/21765569/ HTTP/1.1" 404 76487 "-" "meta-externalagent/1.1 (+https://developers.facebook.com/docs/sharing/webmasters/crawler)"
57.141.4.5 - - [06/Jul/2025:19:53:40 -0400] "GET /shopdetail/3028570/ HTTP/1.1" 404 76485 "-" "meta-externalagent/1.1 (+https://developers.facebook.com/docs/sharing/webmasters/crawler)"
57.141.4.3 - - [06/Jul/2025:19:53:45 -0400] "GET /shopdetail/4477125/ HTTP/1.1" 404 76485 "-" "meta-externalagent/1.1 (+https://developers.facebook.com/docs/sharing/webmasters/crawler)"
13.73.6.38 - - [06/Jul/2025:19:54:05 -0400] "GET /wp-content/plugins/hellopress/wp_filemanager.php HTTP/1.1" 404 76457 "-" "-"
13.73.6.38 - - [06/Jul/2025:19:54:07 -0400] "GET /wp-includes/pomo/mpvloi.php HTTP/1.1" 404 76457 "-" "-"
13.73.6.38 - - [06/Jul/2025:19:54:08 -0400] "GET /wp-admin/images/edit-tags.php HTTP/1.1" 404 76457 "-" "-"
13.73.6.38 - - [06/Jul/2025:19:54:10 -0400] "GET /wp-admin/includes/media.php.INFECTED.php HTTP/1.1" 404 76457 "-" "-"
13.73.6.38 - - [06/Jul/2025:19:54:12 -0400] "GET /wp-includes/block-bindings.php HTTP/1.1" 200 0 "-" "-"
57.141.4.1 - - [06/Jul/2025:19:54:10 -0400] "GET /shopdetail/10458392/ HTTP/1.1" 404 76487 "-" "meta-externalagent/1.1 (+https://developers.facebook.com/docs/sharing/webmasters/crawler)"
13.73.6.38 - - [06/Jul/2025:19:54:12 -0400] "GET /wp-admin/css/colors/ectoplasm/str_shuffcle.php HTTP/1.1" 404 76457 "-" "-"
13.73.6.38 - - [06/Jul/2025:19:54:14 -0400] "GET /wp-admin/maint/wp-act.php HTTP/1.1" 404 76457 "-" "-"
13.73.6.38 - - [06/Jul/2025:19:54:15 -0400] "GET /wp-includes/css/dist/niil.php HTTP/1.1" 404 76457 "-" "-"
57.141.4.22 - - [06/Jul/2025:19:54:16 -0400] "GET /shopdetail/22744603/ HTTP/1.1" 404 76487 "-" "meta-externalagent/1.1 (+https://developers.facebook.com/docs/sharing/webmasters/crawler)"
13.73.6.38 - - [06/Jul/2025:19:54:17 -0400] "GET /files/css_compare.php HTTP/1.1" 404 76457 "-" "-"
13.73.6.38 - - [06/Jul/2025:19:54:18 -0400] "GET /wp-includes/class-json-ajax-session.php HTTP/1.1" 404 76457 "-" "-"
13.73.6.38 - - [06/Jul/2025:19:54:20 -0400] "GET /wp-includes/0.php HTTP/1.1" 404 76457 "-" "-"
13.73.6.38 - - [06/Jul/2025:19:54:22 -0400] "GET /wp-admin/css/acces.php HTTP/1.1" 404 76457 "-" "-"
13.73.6.38 - - [06/Jul/2025:19:54:24 -0400] "GET /wp-includes/about.php HTTP/1.1" 404 76457 "-" "-"
13.73.6.38 - - [06/Jul/2025:19:54:25 -0400] "GET /wp-admin/maint/go.php HTTP/1.1" 404 76457 "-" "-"
13.73.6.38 - - [06/Jul/2025:19:54:27 -0400] "GET /wp-admin/includes/wp-login.php HTTP/1.1" 404 76457 "-" "-"
13.73.6.38 - - [06/Jul/2025:19:54:28 -0400] "GET /wp-content/uploads/suit5y.php HTTP/1.1" 404 76457 "-" "-"
13.73.6.38 - - [06/Jul/2025:19:54:30 -0400] "GET /uploads/update_with_pics.php HTTP/1.1" 404 76457 "-" "-"
13.73.6.38 - - [06/Jul/2025:19:54:32 -0400] "GET /wp-admin/includes/admin-ajax.php HTTP/1.1" 404 76457 "-" "-"
13.73.6.38 - - [06/Jul/2025:19:54:34 -0400] "GET /wp-admin/maint/wp-damin.php HTTP/1.1" 404 76457 "-" "-"
13.73.6.38 - - [06/Jul/2025:19:54:35 -0400] "GET /wp-admin/includes/go.php HTTP/1.1" 404 76457 "-" "-"
13.73.6.38 - - [06/Jul/2025:19:54:37 -0400] "GET /uploads/upload.php HTTP/1.1" 404 76457 "-" "-"
13.73.6.38 - - [06/Jul/2025:19:54:39 -0400] "GET /wp-includes/class-wp-simplepie-sanitize-kses-stream.php HTTP/1.1" 404 76457 "-" "-"
13.73.6.38 - - [06/Jul/2025:19:54:40 -0400] "GET /wp-includes/prayer_intentions.php HTTP/1.1" 404 76457 "-" "-"
13.73.6.38 - - [06/Jul/2025:19:54:42 -0400] "GET /wp-includes/fonts/class-wp-font-collection.php HTTP/1.1" 200 0 "-" "-"
13.73.6.38 - - [06/Jul/2025:19:54:42 -0400] "GET /wp-admin/includes/class-wp-pagebuilders-BDsjLk.php HTTP/1.1" 404 76457 "-" "-"
13.73.6.38 - - [06/Jul/2025:19:54:44 -0400] "GET /wp-admin/css/bgFbMo.php HTTP/1.1" 404 76457 "-" "-"
13.73.6.38 - - [06/Jul/2025:19:54:45 -0400] "GET /wp-includes/cof.php HTTP/1.1" 404 76457 "-" "-"
13.73.6.38 - - [06/Jul/2025:19:54:47 -0400] "GET /wp-admin/includes/class-wp-pagebuilders-5tgxav.php HTTP/1.1" 404 76457 "-" "-"
13.73.6.38 - - [06/Jul/2025:19:54:49 -0400] "GET /wp-admin/css/OK.php HTTP/1.1" 404 76457 "-" "-"
13.73.6.38 - - [06/Jul/2025:19:54:52 -0400] "GET /wp-admin/maint/doc.php HTTP/1.1" 404 76457 "-" "-"
13.73.6.38 - - [06/Jul/2025:19:54:54 -0400] "GET /wp-admin/css/go.php HTTP/1.1" 404 76457 "-" "-"
13.73.6.38 - - [06/Jul/2025:19:54:56 -0400] "GET /wp-admin/maint/cong.php HTTP/1.1" 404 76457 "-" "-"
13.73.6.38 - - [06/Jul/2025:19:54:58 -0400] "GET /wp-admin/maint/yes.php HTTP/1.1" 404 76457 "-" "-"
13.73.6.38 - - [06/Jul/2025:19:54:59 -0400] "GET /wp-content/upgrade/about.php HTTP/1.1" 404 76457 "-" "-"
13.73.6.38 - - [06/Jul/2025:19:55:01 -0400] "GET /wp-admin/includes/class-wp-media-list-table-ezd.php HTTP/1.1" 404 76457 "-" "-"
13.73.6.38 - - [06/Jul/2025:19:55:03 -0400] "GET /wp-includes/pomo/yellow.php HTTP/1.1" 404 76457 "-" "-"
13.73.6.38 - - [06/Jul/2025:19:55:04 -0400] "GET /images/test.php HTTP/1.1" 404 76457 "-" "-"
13.73.6.38 - - [06/Jul/2025:19:55:06 -0400] "GET /wp-admin/css/colors/dkSUq.php HTTP/1.1" 404 76457 "-" "-"
13.73.6.38 - - [06/Jul/2025:19:55:08 -0400] "GET /wp-admin/images/wp-ksv1i.php HTTP/1.1" 404 76457 "-" "-"
13.73.6.38 - - [06/Jul/2025:19:55:10 -0400] "GET /wp-admin/js/widgets/hYdXrMgTbH.php HTTP/1.1" 404 76457 "-" "-"
13.73.6.38 - - [06/Jul/2025:19:55:12 -0400] "GET /wp-includes/Text/Diff/Renderer/last.php HTTP/1.1" 404 76457 "-" "-"
23.92.177.29 - - [06/Jul/2025:19:55:14 -0400] "POST /wp-cron.php?doing_wp_cron=1751846114.3950378894805908203125 HTTP/1.1" 200 0 "-" "WordPress/6.7.2; https://bodyguardslosangeles.net"
13.73.6.38 - - [06/Jul/2025:19:55:13 -0400] "GET /wp-content/uploads/admin.php HTTP/1.1" 404 76457 "-" "-"
13.73.6.38 - - [06/Jul/2025:19:55:15 -0400] "GET /wp-content/languages/ru_RU_lite.mo.php HTTP/1.1" 404 76457 "-" "-"
13.73.6.38 - - [06/Jul/2025:19:55:17 -0400] "GET /wp-includes/widgets/hehe.php HTTP/1.1" 404 76457 "-" "-"
13.73.6.38 - - [06/Jul/2025:19:55:19 -0400] "GET /wp-admin/css/colors/midnight/strcmp.php HTTP/1.1" 404 76457 "-" "-"
13.73.6.38 - - [06/Jul/2025:19:55:20 -0400] "GET /wp-content/uploads/emvvuhwx.php HTTP/1.1" 404 76457 "-" "-"
13.73.6.38 - - [06/Jul/2025:19:55:22 -0400] "GET /wp-includes/css/str_replace.php HTTP/1.1" 404 76457 "-" "-"
13.73.6.38 - - [06/Jul/2025:19:55:24 -0400] "GET /wp-admin/includes/ace.php HTTP/1.1" 404 76457 "-" "-"
13.73.6.38 - - [06/Jul/2025:19:55:25 -0400] "GET /wp-includes/wp-admin-css.php HTTP/1.1" 404 76457 "-" "-"
13.73.6.38 - - [06/Jul/2025:19:55:27 -0400] "GET /wp-content/upgrade/120f9.php HTTP/1.1" 404 76457 "-" "-"
13.73.6.38 - - [06/Jul/2025:19:55:29 -0400] "GET /wp-includes/Text/moon.php HTTP/1.1" 404 76457 "-" "-"
13.73.6.38 - - [06/Jul/2025:19:55:31 -0400] "GET /wp-admin/css/colors/light/qwas.php HTTP/1.1" 404 76457 "-" "-"
13.73.6.38 - - [06/Jul/2025:19:55:32 -0400] "GET /wp-includes/davoeqyv.php HTTP/1.1" 404 76457 "-" "-"
13.73.6.38 - - [06/Jul/2025:19:55:34 -0400] "GET /wp-includes/js/codemirror/87.php HTTP/1.1" 404 76457 "-" "-"
13.73.6.38 - - [06/Jul/2025:19:55:35 -0400] "GET /wp-includes/block-template-utils.php HTTP/1.1" 200 0 "-" "-"
13.73.6.38 - - [06/Jul/2025:19:55:36 -0400] "GET /wp-includes/fonts/browser.php HTTP/1.1" 404 76457 "-" "-"
13.73.6.38 - - [06/Jul/2025:19:55:37 -0400] "GET /wp-admin/maint/smile.php HTTP/1.1" 404 76457 "-" "-"
13.73.6.38 - - [06/Jul/2025:19:55:39 -0400] "GET /wp-includes/wp-2019.php HTTP/1.1" 404 76457 "-" "-"
13.73.6.38 - - [06/Jul/2025:19:55:40 -0400] "GET /wp-includes/Text/Diff/Engine.php HTTP/1.1" 404 76457 "-" "-"
13.73.6.38 - - [06/Jul/2025:19:55:42 -0400] "GET /images/up.php HTTP/1.1" 404 76457 "-" "-"
13.73.6.38 - - [06/Jul/2025:19:55:43 -0400] "GET /wp-includes/link-template-git.php HTTP/1.1" 404 76457 "-" "-"
13.73.6.38 - - [06/Jul/2025:19:55:45 -0400] "GET /wp-admin/images/searchl.php HTTP/1.1" 404 76457 "-" "-"
13.73.6.38 - - [06/Jul/2025:19:55:46 -0400] "GET /wp-content/uploads/js.php HTTP/1.1" 404 76457 "-" "-"
13.73.6.38 - - [06/Jul/2025:19:55:48 -0400] "GET /wp-includes/PHPMailer/brand.php HTTP/1.1" 404 76457 "-" "-"
13.73.6.38 - - [06/Jul/2025:19:55:49 -0400] "GET /wp-includes/widgets/class-wp-widget-media-audio-module.php HTTP/1.1" 404 76457 "-" "-"
13.73.6.38 - - [06/Jul/2025:19:55:51 -0400] "GET /wp-admin/includes/class-wp-pagebuilders-3bv4aS.php HTTP/1.1" 404 76457 "-" "-"
13.73.6.38 - - [06/Jul/2025:19:55:53 -0400] "GET /wp-admin/includes/rfzhh.php HTTP/1.1" 404 76457 "-" "-"
13.73.6.38 - - [06/Jul/2025:19:55:54 -0400] "GET /wp-includes/ID3/favicon.php HTTP/1.1" 404 76457 "-" "-"
13.73.6.38 - - [06/Jul/2025:19:55:56 -0400] "GET /uploads/phUploader.php HTTP/1.1" 404 76457 "-" "-"
13.73.6.38 - - [06/Jul/2025:19:55:57 -0400] "GET /wp-includes/fonts/themes.php HTTP/1.1" 404 76457 "-" "-"
13.73.6.38 - - [06/Jul/2025:19:55:59 -0400] "GET /wp-admin/css/wp-damin.php HTTP/1.1" 404 76457 "-" "-"
13.73.6.38 - - [06/Jul/2025:19:56:00 -0400] "GET /wp-content/up HTTP/1.1" 404 76457 "-" "-"
13.73.6.38 - - [06/Jul/2025:19:56:02 -0400] "GET /text.php?fm=true HTTP/1.1" 404 76457 "-" "-"
13.73.6.38 - - [06/Jul/2025:19:56:03 -0400] "GET /admin.php HTTP/1.1" 404 76457 "-" "-"
13.73.6.38 - - [06/Jul/2025:19:56:05 -0400] "GET /ty.php?p= HTTP/1.1" 301 0 "-" "-"
13.73.6.38 - - [06/Jul/2025:19:56:06 -0400] "GET /ty.php HTTP/1.1" 404 76457 "-" "-"
13.73.6.38 - - [06/Jul/2025:19:56:08 -0400] "GET /wp-content/plugins/index.php HTTP/1.1" 200 0 "-" "-"
13.73.6.38 - - [06/Jul/2025:19:56:09 -0400] "GET /file.php?fm=true HTTP/1.1" 404 76457 "-" "-"
13.73.6.38 - - [06/Jul/2025:19:56:10 -0400] "GET /function.php HTTP/1.1" 404 76457 "-" "-"
23.92.177.29 - - [06/Jul/2025:19:56:13 -0400] "POST /wp-cron.php?doing_wp_cron=1751846173.1167891025543212890625 HTTP/1.1" 200 0 "-" "WordPress/6.7.2; https://bodyguardslosangeles.net"
13.73.6.38 - - [06/Jul/2025:19:56:12 -0400] "GET /wp-admin/css/colors/blue/index.php HTTP/1.1" 301 0 "-" "-"
13.73.6.38 - - [06/Jul/2025:19:56:13 -0400] "GET /wp-admin/css/colors/blue/ HTTP/1.1" 403 1242 "-" "-"
13.73.6.38 - - [06/Jul/2025:19:56:13 -0400] "GET /.well-known/wp-login.php HTTP/1.1" 404 76457 "-" "-"
13.73.6.38 - - [06/Jul/2025:19:56:15 -0400] "GET /xleet.php HTTP/1.1" 404 76457 "-" "-"
13.73.6.38 - - [06/Jul/2025:19:56:16 -0400] "GET /.well-known/pki-validation/xp.php HTTP/1.1" 404 1251 "-" "-"
13.73.6.38 - - [06/Jul/2025:19:56:17 -0400] "GET /wp-content/languages/index.php HTTP/1.1" 301 0 "-" "-"
57.141.4.14 - - [06/Jul/2025:19:56:17 -0400] "GET /shopdetail/18716814/ HTTP/1.1" 404 76487 "-" "meta-externalagent/1.1 (+https://developers.facebook.com/docs/sharing/webmasters/crawler)"
13.73.6.38 - - [06/Jul/2025:19:56:17 -0400] "GET /wp-content/languages/ HTTP/1.1" 404 76457 "-" "-"
57.141.4.8 - - [06/Jul/2025:19:56:18 -0400] "GET /shopdetail/13025481/ HTTP/1.1" 404 76487 "-" "meta-externalagent/1.1 (+https://developers.facebook.com/docs/sharing/webmasters/crawler)"
13.73.6.38 - - [06/Jul/2025:19:56:19 -0400] "GET /dropdown.php?p= HTTP/1.1" 301 0 "-" "-"
13.73.6.38 - - [06/Jul/2025:19:56:20 -0400] "GET /dropdown.php HTTP/1.1" 404 76457 "-" "-"
13.73.6.38 - - [06/Jul/2025:19:56:21 -0400] "GET /radio.php HTTP/1.1" 404 76457 "-" "-"
13.73.6.38 - - [06/Jul/2025:19:56:23 -0400] "GET /moon.php HTTP/1.1" 404 76457 "-" "-"
13.73.6.38 - - [06/Jul/2025:19:56:24 -0400] "GET /img/wp-login.php HTTP/1.1" 404 76457 "-" "-"
13.73.6.38 - - [06/Jul/2025:19:56:26 -0400] "GET /wp-admin/maint/maint.php HTTP/1.1" 404 76457 "-" "-"
13.73.6.38 - - [06/Jul/2025:19:56:27 -0400] "GET /mah.php?p= HTTP/1.1" 301 0 "-" "-"
13.73.6.38 - - [06/Jul/2025:19:56:28 -0400] "GET /mah.php HTTP/1.1" 404 76457 "-" "-"
13.73.6.38 - - [06/Jul/2025:19:56:30 -0400] "GET /images/anjay.php HTTP/1.1" 404 76457 "-" "-"
13.73.6.38 - - [06/Jul/2025:19:56:31 -0400] "GET /vendor/phpunit/phpunit/src/Util/PHP/small.php HTTP/1.1" 404 76457 "-" "-"
13.73.6.38 - - [06/Jul/2025:19:56:33 -0400] "GET /webadmin.php HTTP/1.1" 404 76457 "-" "-"
13.73.6.38 - - [06/Jul/2025:19:56:34 -0400] "GET /core.php HTTP/1.1" 404 76457 "-" "-"
57.141.4.26 - - [06/Jul/2025:19:56:36 -0400] "GET /shopdetail/13049970/ HTTP/1.1" 404 76487 "-" "meta-externalagent/1.1 (+https://developers.facebook.com/docs/sharing/webmasters/crawler)"
13.73.6.38 - - [06/Jul/2025:19:56:36 -0400] "GET /wp-content/plugins/core-plugin/include.php HTTP/1.1" 404 76457 "-" "-"
13.73.6.38 - - [06/Jul/2025:19:56:37 -0400] "GET /vendor/phpunit/phpunit/src/Util/PHP/astab.php HTTP/1.1" 404 76457 "-" "-"
13.73.6.38 - - [06/Jul/2025:19:56:39 -0400] "GET /astab.php HTTP/1.1" 404 76457 "-" "-"
13.73.6.38 - - [06/Jul/2025:19:56:40 -0400] "GET /makeasmtp.php?p= HTTP/1.1" 301 0 "-" "-"
13.73.6.38 - - [06/Jul/2025:19:56:41 -0400] "GET /makeasmtp.php HTTP/1.1" 404 76457 "-" "-"
13.73.6.38 - - [06/Jul/2025:19:56:42 -0400] "GET /abe.php HTTP/1.1" 404 76457 "-" "-"
13.73.6.38 - - [06/Jul/2025:19:56:44 -0400] "GET /cgi-bin/index.php HTTP/1.1" 404 1251 "-" "-"
13.73.6.38 - - [06/Jul/2025:19:56:44 -0400] "GET /packed.php HTTP/1.1" 404 76457 "-" "-"
13.73.6.38 - - [06/Jul/2025:19:56:45 -0400] "GET /wp-content/themes/seotheme/mar.php HTTP/1.1" 404 76457 "-" "-"
13.73.6.38 - - [06/Jul/2025:19:56:47 -0400] "GET /about/function.php HTTP/1.1" 404 76457 "-" "-"
13.73.6.38 - - [06/Jul/2025:19:56:49 -0400] "GET /index/admin.php HTTP/1.1" 404 76457 "-" "-"
13.73.6.38 - - [06/Jul/2025:19:56:50 -0400] "GET /wp-admin/css/colors/blue/admin.php HTTP/1.1" 404 76457 "-" "-"
13.73.6.38 - - [06/Jul/2025:19:56:52 -0400] "GET /wp-includes/fonts/index.php HTTP/1.1" 301 0 "-" "-"
13.73.6.38 - - [06/Jul/2025:19:56:53 -0400] "GET /wp-includes/fonts/ HTTP/1.1" 403 1242 "-" "-"
13.73.6.38 - - [06/Jul/2025:19:56:53 -0400] "GET /wp-admin/images/about.php HTTP/1.1" 404 76457 "-" "-"
13.73.6.38 - - [06/Jul/2025:19:56:55 -0400] "GET /simple.php HTTP/1.1" 404 76457 "-" "-"
13.73.6.38 - - [06/Jul/2025:19:56:57 -0400] "GET /index/function.php HTTP/1.1" 404 76457 "-" "-"
13.73.6.38 - - [06/Jul/2025:19:56:59 -0400] "GET /item.php HTTP/1.1" 404 76457 "-" "-"
13.73.6.38 - - [06/Jul/2025:19:57:01 -0400] "GET /classwithtostring.php HTTP/1.1" 404 76457 "-" "-"
13.73.6.38 - - [06/Jul/2025:19:57:03 -0400] "GET /cgi-bin/xmrlpc.php?p= HTTP/1.1" 301 0 "-" "-"
13.73.6.38 - - [06/Jul/2025:19:57:03 -0400] "GET /cgi-bin/xmrlpc.php HTTP/1.1" 404 76457 "-" "-"
13.73.6.38 - - [06/Jul/2025:19:57:05 -0400] "GET /wp-admin/includes/index.php HTTP/1.1" 301 0 "-" "-"
13.73.6.38 - - [06/Jul/2025:19:57:06 -0400] "GET /wp-admin/includes/ HTTP/1.1" 403 1242 "-" "-"
13.73.6.38 - - [06/Jul/2025:19:57:06 -0400] "GET /readme.php HTTP/1.1" 404 76457 "-" "-"
13.73.6.38 - - [06/Jul/2025:19:57:07 -0400] "GET /wp-content/uploads/index.php HTTP/1.1" 301 0 "-" "-"
13.73.6.38 - - [06/Jul/2025:19:57:08 -0400] "GET /wp-content/uploads/ HTTP/1.1" 403 1242 "-" "-"
13.73.6.38 - - [06/Jul/2025:19:57:09 -0400] "GET /wp-admin/images/index.php HTTP/1.1" 301 0 "-" "-"
13.73.6.38 - - [06/Jul/2025:19:57:09 -0400] "GET /wp-admin/images/ HTTP/1.1" 403 1242 "-" "-"
13.73.6.38 - - [06/Jul/2025:19:57:10 -0400] "GET /filemanager.php HTTP/1.1" 404 76457 "-" "-"
13.73.6.38 - - [06/Jul/2025:19:57:11 -0400] "GET /shell20211028.php HTTP/1.1" 404 76457 "-" "-"
23.92.177.29 - - [06/Jul/2025:19:57:14 -0400] "POST /wp-cron.php?doing_wp_cron=1751846234.4150550365447998046875 HTTP/1.1" 200 0 "-" "WordPress/6.7.2; https://bodyguardslosangeles.net"
13.73.6.38 - - [06/Jul/2025:19:57:13 -0400] "GET /.well-known/index.php HTTP/1.1" 301 0 "-" "-"
13.73.6.38 - - [06/Jul/2025:19:57:14 -0400] "GET /.well-known/ HTTP/1.1" 403 1242 "-" "-"
13.73.6.38 - - [06/Jul/2025:19:57:14 -0400] "GET /info.php HTTP/1.1" 404 76457 "-" "-"
13.73.6.38 - - [06/Jul/2025:19:57:16 -0400] "GET /file.php HTTP/1.1" 404 76457 "-" "-"
13.73.6.38 - - [06/Jul/2025:19:57:18 -0400] "GET /wp-mail.php HTTP/1.1" 403 2520 "-" "-"
13.73.6.38 - - [06/Jul/2025:19:57:19 -0400] "GET /defaults.php HTTP/1.1" 404 76457 "-" "-"
13.73.6.38 - - [06/Jul/2025:19:57:21 -0400] "GET /about.php HTTP/1.1" 404 76457 "-" "-"
13.73.6.38 - - [06/Jul/2025:19:57:23 -0400] "GET /wp-content/uploads/autoload_classmap.php HTTP/1.1" 404 76457 "-" "-"
13.73.6.38 - - [06/Jul/2025:19:57:24 -0400] "GET /wp-admin/404.php HTTP/1.1" 404 76457 "-" "-"
13.73.6.38 - - [06/Jul/2025:19:57:27 -0400] "GET /db.php HTTP/1.1" 404 76457 "-" "-"
13.73.6.38 - - [06/Jul/2025:19:57:29 -0400] "GET /wp-admin/css/colors/coffee/index.php HTTP/1.1" 301 0 "-" "-"
13.73.6.38 - - [06/Jul/2025:19:57:31 -0400] "GET /wp-admin/css/colors/coffee/ HTTP/1.1" 403 1242 "-" "-"
13.73.6.38 - - [06/Jul/2025:19:57:31 -0400] "GET /wp-content/plugins/seoplugins/mar.php HTTP/1.1" 404 76457 "-" "-"
13.73.6.38 - - [06/Jul/2025:19:57:33 -0400] "GET /cong.php HTTP/1.1" 404 76457 "-" "-"
13.73.6.38 - - [06/Jul/2025:19:57:35 -0400] "GET /wp-admin/css/colors/index.php HTTP/1.1" 301 0 "-" "-"
13.73.6.38 - - [06/Jul/2025:19:57:36 -0400] "GET /wp-admin/css/colors/ HTTP/1.1" 403 1242 "-" "-"
13.73.6.38 - - [06/Jul/2025:19:57:36 -0400] "GET /install.php HTTP/1.1" 404 76457 "-" "-"
13.73.6.38 - - [06/Jul/2025:19:57:37 -0400] "GET /wp-content/themes/ HTTP/1.1" 200 0 "-" "-"
13.73.6.38 - - [06/Jul/2025:19:57:38 -0400] "GET /wp-content/themes/index.php HTTP/1.1" 200 0 "-" "-"
13.73.6.38 - - [06/Jul/2025:19:57:38 -0400] "GET /.well-known/pki-validation/about.php HTTP/1.1" 404 1251 "-" "-"
13.73.6.38 - - [06/Jul/2025:19:57:38 -0400] "GET /mah.php HTTP/1.1" 404 76457 "-" "-"
13.73.6.38 - - [06/Jul/2025:19:57:40 -0400] "GET /alfa.php HTTP/1.1" 404 76457 "-" "-"
13.73.6.38 - - [06/Jul/2025:19:57:41 -0400] "GET /wp-admin/js/index.php HTTP/1.1" 301 0 "-" "-"
13.73.6.38 - - [06/Jul/2025:19:57:42 -0400] "GET /wp-admin/js/ HTTP/1.1" 403 1242 "-" "-"
13.73.6.38 - - [06/Jul/2025:19:57:43 -0400] "GET /wp-admin/index.php HTTP/1.1" 302 0 "-" "-"
13.73.6.38 - - [06/Jul/2025:19:57:49 -0400] "GET /randkeyword.php HTTP/1.1" 404 76457 "-" "-"
13.73.6.38 - - [06/Jul/2025:19:57:51 -0400] "GET /wp-content/about.php HTTP/1.1" 404 76457 "-" "-"
13.73.6.38 - - [06/Jul/2025:19:57:52 -0400] "GET /buy.php HTTP/1.1" 404 76457 "-" "-"
13.73.6.38 - - [06/Jul/2025:19:57:54 -0400] "GET /wp-admin/autoload_classmap.php HTTP/1.1" 404 76457 "-" "-"
13.73.6.38 - - [06/Jul/2025:19:57:56 -0400] "GET /wp-content/file.php HTTP/1.1" 404 76457 "-" "-"
57.141.4.14 - - [06/Jul/2025:19:57:57 -0400] "GET /shopdetail/20792881/ HTTP/1.1" 404 76487 "-" "meta-externalagent/1.1 (+https://developers.facebook.com/docs/sharing/webmasters/crawler)"
13.73.6.38 - - [06/Jul/2025:19:57:58 -0400] "GET /autoload_classmap.php HTTP/1.1" 404 76457 "-" "-"
13.73.6.38 - - [06/Jul/2025:19:57:59 -0400] "GET /wp-admin/user/index.php HTTP/1.1" 302 0 "-" "-"
13.73.6.38 - - [06/Jul/2025:19:58:02 -0400] "GET /wp-content/plugins/dummyyummy/wp-signup.php HTTP/1.1" 404 76457 "-" "-"
216.73.216.121 - - [06/Jul/2025:19:58:37 -0400] "GET /robots.txt HTTP/1.1" 200 145 "-" "Mozilla/5.0 AppleWebKit/537.36 (KHTML, like Gecko; compatible; ClaudeBot/1.0; +claudebot@anthropic.com)"
216.73.216.121 - - [06/Jul/2025:19:58:37 -0400] "GET /sitemap357.xml HTTP/1.1" 404 17540 "-" "Mozilla/5.0 AppleWebKit/537.36 (KHTML, like Gecko; compatible; ClaudeBot/1.0; +claudebot@anthropic.com)"
23.92.177.29 - - [06/Jul/2025:19:59:20 -0400] "POST /wp-cron.php?doing_wp_cron=1751846360.8857779502868652343750 HTTP/1.1" 200 0 "-" "WordPress/6.7.2; https://bodyguardslosangeles.net"
57.141.4.3 - - [06/Jul/2025:19:59:20 -0400] "GET /shopdetail/14006770/ HTTP/1.1" 404 76487 "-" "meta-externalagent/1.1 (+https://developers.facebook.com/docs/sharing/webmasters/crawler)"
57.141.4.4 - - [06/Jul/2025:19:59:57 -0400] "GET /shopdetail/14357503/ HTTP/1.1" 404 76487 "-" "meta-externalagent/1.1 (+https://developers.facebook.com/docs/sharing/webmasters/crawler)"
23.92.177.29 - - [06/Jul/2025:20:00:21 -0400] "POST /wp-cron.php?doing_wp_cron=1751846421.1251549720764160156250 HTTP/1.1" 200 0 "-" "WordPress/6.7.2; https://bodyguardslosangeles.net"
57.141.4.11 - - [06/Jul/2025:20:00:20 -0400] "GET /shopdetail/20580047/ HTTP/1.1" 404 76487 "-" "meta-externalagent/1.1 (+https://developers.facebook.com/docs/sharing/webmasters/crawler)"
57.141.4.16 - - [06/Jul/2025:20:00:24 -0400] "GET /shopdetail/4775025/ HTTP/1.1" 404 76485 "-" "meta-externalagent/1.1 (+https://developers.facebook.com/docs/sharing/webmasters/crawler)"
57.141.4.24 - - [06/Jul/2025:20:01:21 -0400] "GET /shopdetail/4993092/ HTTP/1.1" 404 76485 "-" "meta-externalagent/1.1 (+https://developers.facebook.com/docs/sharing/webmasters/crawler)"
57.141.4.13 - - [06/Jul/2025:20:01:37 -0400] "GET /shopdetail/17824303/ HTTP/1.1" 404 76487 "-" "meta-externalagent/1.1 (+https://developers.facebook.com/docs/sharing/webmasters/crawler)"
23.92.177.29 - - [06/Jul/2025:20:02:21 -0400] "POST /wp-cron.php?doing_wp_cron=1751846541.1450629234313964843750 HTTP/1.1" 200 0 "-" "WordPress/6.7.2; https://bodyguardslosangeles.net"
57.141.4.2 - - [06/Jul/2025:20:02:20 -0400] "GET /shopdetail/11792725/ HTTP/1.1" 404 76487 "-" "meta-externalagent/1.1 (+https://developers.facebook.com/docs/sharing/webmasters/crawler)"
57.141.4.11 - - [06/Jul/2025:20:02:30 -0400] "GET /shopdetail/15278903/ HTTP/1.1" 404 76487 "-" "meta-externalagent/1.1 (+https://developers.facebook.com/docs/sharing/webmasters/crawler)"
57.141.4.13 - - [06/Jul/2025:20:02:55 -0400] "GET /shopdetail/9715214/ HTTP/1.1" 404 76485 "-" "meta-externalagent/1.1 (+https://developers.facebook.com/docs/sharing/webmasters/crawler)"
57.141.4.27 - - [06/Jul/2025:20:03:00 -0400] "GET /shopdetail/7724458/ HTTP/1.1" 404 76485 "-" "meta-externalagent/1.1 (+https://developers.facebook.com/docs/sharing/webmasters/crawler)"
23.92.177.29 - - [06/Jul/2025:20:03:58 -0400] "POST /wp-cron.php?doing_wp_cron=1751846638.1915960311889648437500 HTTP/1.1" 200 0 "-" "WordPress/6.7.2; https://bodyguardslosangeles.net"
57.141.4.14 - - [06/Jul/2025:20:03:57 -0400] "GET /shopdetail/23255625/ HTTP/1.1" 404 76487 "-" "meta-externalagent/1.1 (+https://developers.facebook.com/docs/sharing/webmasters/crawler)"
216.73.216.210 - - [06/Jul/2025:20:04:47 -0400] "GET /robots.txt HTTP/1.1" 200 145 "-" "Mozilla/5.0 AppleWebKit/537.36 (KHTML, like Gecko; compatible; ClaudeBot/1.0; +claudebot@anthropic.com)"
216.73.216.210 - - [06/Jul/2025:20:04:47 -0400] "GET /bodyguardslosangeles.php?Action=1&k=spokane-photographers&PageID=224322 HTTP/1.1" 301 0 "-" "Mozilla/5.0 AppleWebKit/537.36 (KHTML, like Gecko; compatible; ClaudeBot/1.0; +claudebot@anthropic.com)"
57.141.4.16 - - [06/Jul/2025:20:04:49 -0400] "GET /shopdetail/26153470/ HTTP/1.1" 404 76487 "-" "meta-externalagent/1.1 (+https://developers.facebook.com/docs/sharing/webmasters/crawler)"
23.92.177.29 - - [06/Jul/2025:20:05:13 -0400] "POST /wp-cron.php?doing_wp_cron=1751846713.6507019996643066406250 HTTP/1.1" 200 0 "-" "WordPress/6.7.2; https://bodyguardslosangeles.net"
57.141.4.23 - - [06/Jul/2025:20:05:12 -0400] "GET /shopdetail/9727625/ HTTP/1.1" 404 76485 "-" "meta-externalagent/1.1 (+https://developers.facebook.com/docs/sharing/webmasters/crawler)"
57.141.4.26 - - [06/Jul/2025:20:05:14 -0400] "GET /shopdetail/20615481/ HTTP/1.1" 404 76487 "-" "meta-externalagent/1.1 (+https://developers.facebook.com/docs/sharing/webmasters/crawler)"
