13.74.181.217 - - [06/Jul/2025:08:51:48 -0400] "GET /wp-includes/sodium_compat/src/Core32/Curve25519/Ge/index.php HTTP/1.1" 301 0 "-" "-"
13.74.181.217 - - [06/Jul/2025:08:51:50 -0400] "GET /wp-includes/sodium_compat/src/Core32/Curve25519/Ge/ HTTP/1.1" 403 1242 "-" "-"
13.74.181.217 - - [06/Jul/2025:08:51:50 -0400] "GET /chosen HTTP/1.1" 404 76457 "-" "-"
57.141.4.11 - - [06/Jul/2025:08:51:51 -0400] "GET /shopdetail/7075969/ HTTP/1.1" 404 76485 "-" "meta-externalagent/1.1 (+https://developers.facebook.com/docs/sharing/webmasters/crawler)"
66.249.79.196 - - [06/Jul/2025:08:51:53 -0400] "GET /shopdetail/4329570/ HTTP/1.1" 404 17537 "-" "Mozilla/5.0 (Linux; Android 6.0.1; Nexus 5X Build/MMB29P) AppleWebKit/537.36 (KHTML, like Gecko) Chrome/137.0.7151.103 Mobile Safari/537.36 (compatible; Googlebot/2.1; +http://www.google.com/bot.html)"
13.74.181.217 - - [06/Jul/2025:08:51:53 -0400] "GET /images/wp-ok.php HTTP/1.1" 404 76457 "-" "-"
13.74.181.217 - - [06/Jul/2025:08:51:56 -0400] "GET /wp-admin/css/about.php HTTP/1.1" 404 76457 "-" "-"
13.74.181.217 - - [06/Jul/2025:08:51:59 -0400] "GET /css/uslipjzt.php HTTP/1.1" 404 76457 "-" "-"
13.74.181.217 - - [06/Jul/2025:08:52:01 -0400] "GET /ge.php HTTP/1.1" 404 76457 "-" "-"
13.74.181.217 - - [06/Jul/2025:08:52:04 -0400] "GET /wp-trackback.php HTTP/1.1" 404 135 "-" "-"
13.74.181.217 - - [06/Jul/2025:08:52:05 -0400] "GET /.well-known/afcsthua.php HTTP/1.1" 404 76457 "-" "-"
13.74.181.217 - - [06/Jul/2025:08:52:07 -0400] "GET /worksec.php HTTP/1.1" 404 76457 "-" "-"
13.74.181.217 - - [06/Jul/2025:08:52:09 -0400] "GET /wp-content/index.php HTTP/1.1" 200 0 "-" "-"
13.74.181.217 - - [06/Jul/2025:08:52:09 -0400] "GET /wp-includes/Text/index.php HTTP/1.1" 301 0 "-" "-"
13.74.181.217 - - [06/Jul/2025:08:52:11 -0400] "GET /wp-includes/Text/ HTTP/1.1" 403 1242 "-" "-"
13.74.181.217 - - [06/Jul/2025:08:52:11 -0400] "GET /l/index.php HTTP/1.1" 301 0 "-" "-"
13.74.181.217 - - [06/Jul/2025:08:52:12 -0400] "GET /l/ HTTP/1.1" 301 0 "-" "-"
57.141.4.23 - - [06/Jul/2025:08:52:14 -0400] "GET /shopdetail/6443192/ HTTP/1.1" 404 76485 "-" "meta-externalagent/1.1 (+https://developers.facebook.com/docs/sharing/webmasters/crawler)"
13.74.181.217 - - [06/Jul/2025:08:52:15 -0400] "GET /xx.php HTTP/1.1" 404 76457 "-" "-"
13.74.181.217 - - [06/Jul/2025:08:52:17 -0400] "GET /.well-known/pki-validation/file.php HTTP/1.1" 404 1251 "-" "-"
23.92.177.29 - - [06/Jul/2025:08:52:18 -0400] "POST /wp-cron.php?doing_wp_cron=1751806338.9209830760955810546875 HTTP/1.1" 200 0 "-" "WordPress/6.7.2; https://bodyguardslosangeles.net"
13.74.181.217 - - [06/Jul/2025:08:52:17 -0400] "GET /vendor/phpunit/phpunit/src/Util/PHP/ffl82xdf59.php HTTP/1.1" 404 76457 "-" "-"
13.74.181.217 - - [06/Jul/2025:08:52:19 -0400] "GET /.well-known/acme-challenge/about.php HTTP/1.1" 404 76457 "-" "-"
13.74.181.217 - - [06/Jul/2025:08:52:21 -0400] "GET /wp-cron.php HTTP/1.1" 200 0 "-" "-"
13.74.181.217 - - [06/Jul/2025:08:52:21 -0400] "GET /.well-known/tiny.php HTTP/1.1" 404 76457 "-" "-"
13.74.181.217 - - [06/Jul/2025:08:52:23 -0400] "GET /defaults.php HTTP/1.1" 404 76457 "-" "-"
13.74.181.217 - - [06/Jul/2025:08:52:24 -0400] "GET /log.php HTTP/1.1" 404 76457 "-" "-"
13.74.181.217 - - [06/Jul/2025:08:52:26 -0400] "GET /.well-known/worksec.php HTTP/1.1" 404 76457 "-" "-"
13.74.181.217 - - [06/Jul/2025:08:52:27 -0400] "GET /wp-content/install.php HTTP/1.1" 404 76457 "-" "-"
13.74.181.217 - - [06/Jul/2025:08:52:29 -0400] "GET /themes/index.php HTTP/1.1" 301 0 "-" "-"
13.74.181.217 - - [06/Jul/2025:08:52:31 -0400] "GET /themes/ HTTP/1.1" 404 76457 "-" "-"
13.74.181.217 - - [06/Jul/2025:08:52:33 -0400] "GET /.well-known/xin1.php HTTP/1.1" 404 76457 "-" "-"
13.74.181.217 - - [06/Jul/2025:08:52:36 -0400] "GET /wp-admin/css/colors/HaUaphPh.php HTTP/1.1" 404 76457 "-" "-"
13.74.181.217 - - [06/Jul/2025:08:52:37 -0400] "GET /wp-includes/js/tinymce/skins/lightgray/img/index.php HTTP/1.1" 301 0 "-" "-"
13.74.181.217 - - [06/Jul/2025:08:52:38 -0400] "GET /wp-includes/js/tinymce/skins/lightgray/img/ HTTP/1.1" 403 1242 "-" "-"
13.74.181.217 - - [06/Jul/2025:08:52:38 -0400] "GET /comfunctions.php HTTP/1.1" 404 76457 "-" "-"
13.74.181.217 - - [06/Jul/2025:08:52:39 -0400] "GET /wp-admin/user/xmrlpc.php HTTP/1.1" 404 76457 "-" "-"
13.74.181.217 - - [06/Jul/2025:08:52:41 -0400] "GET /wp-admin/css/colors/about.php HTTP/1.1" 404 76457 "-" "-"
13.74.181.217 - - [06/Jul/2025:08:52:42 -0400] "GET /css/nqfvanbd.php HTTP/1.1" 404 76457 "-" "-"
13.74.181.217 - - [06/Jul/2025:08:52:43 -0400] "GET /chosen HTTP/1.1" 404 76457 "-" "-"
13.74.181.217 - - [06/Jul/2025:08:52:45 -0400] "GET /ini.php HTTP/1.1" 404 76457 "-" "-"
13.74.181.217 - - [06/Jul/2025:08:52:47 -0400] "GET /custom-plugin.php HTTP/1.1" 404 76457 "-" "-"
13.74.181.217 - - [06/Jul/2025:08:52:48 -0400] "GET /moderation.php HTTP/1.1" 404 76457 "-" "-"
13.74.181.217 - - [06/Jul/2025:08:52:49 -0400] "GET /wp-content/themes/sky-pro/js.php HTTP/1.1" 404 76457 "-" "-"
13.74.181.217 - - [06/Jul/2025:08:52:51 -0400] "GET /wp-includes/blocks/about.php HTTP/1.1" 404 76457 "-" "-"
13.74.181.217 - - [06/Jul/2025:08:52:52 -0400] "GET /wp-admin/includes/class-walker-nav-edit.php HTTP/1.1" 404 76457 "-" "-"
13.74.181.217 - - [06/Jul/2025:08:52:54 -0400] "GET /wp-content/themes/pridmag/custom-plugin.php HTTP/1.1" 404 76457 "-" "-"
13.74.181.217 - - [06/Jul/2025:08:52:55 -0400] "GET /yanz.php/chosen.php HTTP/1.1" 404 76457 "-" "-"
13.74.181.217 - - [06/Jul/2025:08:52:57 -0400] "GET /wp-admin/includes/about.php HTTP/1.1" 404 76457 "-" "-"
13.74.181.217 - - [06/Jul/2025:08:52:58 -0400] "GET /wp-includes/js/tinymce/plugins/compat3x/css/ HTTP/1.1" 403 1242 "-" "-"
13.74.181.217 - - [06/Jul/2025:08:52:58 -0400] "GET /mar.php HTTP/1.1" 404 76457 "-" "-"
13.74.181.217 - - [06/Jul/2025:08:53:00 -0400] "GET /.well-known/oduexytv.php HTTP/1.1" 404 76457 "-" "-"
13.74.181.217 - - [06/Jul/2025:08:53:01 -0400] "GET /wp-includes/ID3/wp-login.php HTTP/1.1" 404 76457 "-" "-"
13.74.181.217 - - [06/Jul/2025:08:53:03 -0400] "GET /wp-content/themes/twentytwenty/functions.php HTTP/1.1" 404 76457 "-" "-"
13.74.181.217 - - [06/Jul/2025:08:53:06 -0400] "GET /about.php HTTP/1.1" 404 76457 "-" "-"
13.74.181.217 - - [06/Jul/2025:08:53:08 -0400] "GET /login.php HTTP/1.1" 302 0 "-" "-"
13.74.181.217 - - [06/Jul/2025:08:53:10 -0400] "GET /about/sxo.php HTTP/1.1" 404 76457 "-" "-"
13.74.181.217 - - [06/Jul/2025:08:53:12 -0400] "GET /wp-content/plugins/index.php HTTP/1.1" 200 0 "-" "-"
23.92.177.29 - - [06/Jul/2025:08:53:13 -0400] "POST /wp-cron.php?doing_wp_cron=1751806393.5813128948211669921875 HTTP/1.1" 200 0 "-" "WordPress/6.7.2; https://bodyguardslosangeles.net"
13.74.181.217 - - [06/Jul/2025:08:53:12 -0400] "GET /default.php HTTP/1.1" 404 76457 "-" "-"
13.74.181.217 - - [06/Jul/2025:08:53:14 -0400] "GET /mini.php HTTP/1.1" 404 76457 "-" "-"
13.74.181.217 - - [06/Jul/2025:08:53:18 -0400] "GET /wp-includes/IXR/index.php HTTP/1.1" 301 0 "-" "-"
13.74.181.217 - - [06/Jul/2025:08:53:19 -0400] "GET /wp-includes/IXR/ HTTP/1.1" 403 1242 "-" "-"
13.74.181.217 - - [06/Jul/2025:08:53:19 -0400] "GET /wp-includes/dkmjxfdu.php HTTP/1.1" 404 76457 "-" "-"
13.74.181.217 - - [06/Jul/2025:08:53:21 -0400] "GET /wp-includes/images/smilies/dVSRAByORS.php HTTP/1.1" 404 76457 "-" "-"
13.74.181.217 - - [06/Jul/2025:08:53:23 -0400] "GET /1.php HTTP/1.1" 404 76457 "-" "-"
13.74.181.217 - - [06/Jul/2025:08:53:25 -0400] "GET /wp-admin/sxo.php HTTP/1.1" 404 76457 "-" "-"
13.74.181.217 - - [06/Jul/2025:08:53:26 -0400] "GET /wp-content/themes/twenty/twenty.php HTTP/1.1" 404 76457 "-" "-"
13.74.181.217 - - [06/Jul/2025:08:53:28 -0400] "GET /wp-admin/css/colors/midnight/colors.php HTTP/1.1" 404 76457 "-" "-"
13.74.181.217 - - [06/Jul/2025:08:53:29 -0400] "GET /wp-admin/maint/index.php HTTP/1.1" 301 0 "-" "-"
13.74.181.217 - - [06/Jul/2025:08:53:30 -0400] "GET /wp-admin/maint/ HTTP/1.1" 403 1242 "-" "-"
13.74.181.217 - - [06/Jul/2025:08:53:30 -0400] "GET /click.php HTTP/1.1" 404 76457 "-" "-"
13.74.181.217 - - [06/Jul/2025:08:53:32 -0400] "GET /images/mzeogsze.php HTTP/1.1" 404 76457 "-" "-"
13.74.181.217 - - [06/Jul/2025:08:53:34 -0400] "GET /wp-admin.php HTTP/1.1" 404 76457 "-" "-"
13.74.181.217 - - [06/Jul/2025:08:53:35 -0400] "GET /upload.php HTTP/1.1" 404 76457 "-" "-"
13.74.181.217 - - [06/Jul/2025:08:53:37 -0400] "GET /.well-known/acme-challenge/about.php HTTP/1.1" 404 76457 "-" "-"
13.74.181.217 - - [06/Jul/2025:08:53:39 -0400] "GET /wp-content/uploads/ HTTP/1.1" 403 1242 "-" "-"
13.74.181.217 - - [06/Jul/2025:08:53:39 -0400] "GET /wp-content/index.php HTTP/1.1" 200 0 "-" "-"
13.74.181.217 - - [06/Jul/2025:08:53:39 -0400] "GET /epinyins.php HTTP/1.1" 404 76457 "-" "-"
13.74.181.217 - - [06/Jul/2025:08:53:41 -0400] "GET /wso.php HTTP/1.1" 404 76457 "-" "-"
13.74.181.217 - - [06/Jul/2025:08:53:42 -0400] "GET /item.php HTTP/1.1" 404 76457 "-" "-"
13.74.181.217 - - [06/Jul/2025:08:53:44 -0400] "GET /wp-content/plugins/xt/ HTTP/1.1" 404 76457 "-" "-"
13.74.181.217 - - [06/Jul/2025:08:53:46 -0400] "GET /wp-admin/images/admin.php HTTP/1.1" 404 76457 "-" "-"
13.74.181.217 - - [06/Jul/2025:08:53:48 -0400] "GET /.well-known/pki-validation/about.php HTTP/1.1" 404 1251 "-" "-"
13.74.181.217 - - [06/Jul/2025:08:53:48 -0400] "GET /as.php HTTP/1.1" 404 76457 "-" "-"
13.74.181.217 - - [06/Jul/2025:08:53:50 -0400] "GET /wp-content/uploads/file.php HTTP/1.1" 404 76457 "-" "-"
13.74.181.217 - - [06/Jul/2025:08:53:51 -0400] "GET /wp-content/plugins/alfa-rex.php HTTP/1.1" 404 76457 "-" "-"
13.74.181.217 - - [06/Jul/2025:08:53:52 -0400] "GET /wp-includes/css/index.php HTTP/1.1" 301 0 "-" "-"
13.74.181.217 - - [06/Jul/2025:08:53:53 -0400] "GET /wp-includes/css/ HTTP/1.1" 403 1242 "-" "-"
13.74.181.217 - - [06/Jul/2025:08:53:53 -0400] "GET /wp-admin/css/colors/blue/blue.php HTTP/1.1" 404 76457 "-" "-"
13.74.181.217 - - [06/Jul/2025:08:53:54 -0400] "GET /wp-includes/images/wp-login.php HTTP/1.1" 404 76457 "-" "-"
13.74.181.217 - - [06/Jul/2025:08:53:55 -0400] "GET /wp-content/plugins/content-management/content.php HTTP/1.1" 404 76457 "-" "-"
13.74.181.217 - - [06/Jul/2025:08:53:56 -0400] "GET /wp-includes/Text/about.php HTTP/1.1" 404 76457 "-" "-"
13.74.181.217 - - [06/Jul/2025:08:53:57 -0400] "GET /wp-content/plugins/WordPressCore/include.php HTTP/1.1" 404 76457 "-" "-"
13.74.181.217 - - [06/Jul/2025:08:53:58 -0400] "GET /wso112233.php HTTP/1.1" 404 76457 "-" "-"
13.74.181.217 - - [06/Jul/2025:08:54:00 -0400] "GET /wp-includes/customize/index.php HTTP/1.1" 301 0 "-" "-"
13.74.181.217 - - [06/Jul/2025:08:54:00 -0400] "GET /wp-includes/customize/ HTTP/1.1" 403 1242 "-" "-"
13.74.181.217 - - [06/Jul/2025:08:54:00 -0400] "GET /wp-content/themes/about.php HTTP/1.1" 404 76457 "-" "-"
13.74.181.217 - - [06/Jul/2025:08:54:02 -0400] "GET /wp-admin/users.php HTTP/1.1" 302 0 "-" "-"
13.74.181.217 - - [06/Jul/2025:08:54:06 -0400] "GET /inputs.php HTTP/1.1" 404 76457 "-" "-"
13.74.181.217 - - [06/Jul/2025:08:54:07 -0400] "GET /wp-content/themes/pridmag/db.php HTTP/1.1" 404 76457 "-" "-"
13.74.181.217 - - [06/Jul/2025:08:54:09 -0400] "GET /wp-includes/SimplePie/gzdecodes.php.suspected HTTP/1.1" 404 76457 "-" "-"
13.74.181.217 - - [06/Jul/2025:08:54:10 -0400] "GET /wp-includes/IXR/index.php HTTP/1.1" 301 0 "-" "-"
13.74.181.217 - - [06/Jul/2025:08:54:11 -0400] "GET /wp-includes/IXR/ HTTP/1.1" 403 1242 "-" "-"
13.74.181.217 - - [06/Jul/2025:08:54:11 -0400] "GET /wp-includes/block-patterns/about.php HTTP/1.1" 404 76457 "-" "-"
23.92.177.29 - - [06/Jul/2025:08:54:13 -0400] "POST /wp-cron.php?doing_wp_cron=1751806453.5875990390777587890625 HTTP/1.1" 200 0 "-" "WordPress/6.7.2; https://bodyguardslosangeles.net"
13.74.181.217 - - [06/Jul/2025:08:54:12 -0400] "GET /wp-admin/network/index.php HTTP/1.1" 302 0 "-" "-"
13.74.181.217 - - [06/Jul/2025:08:54:16 -0400] "GET /wp-content/plugins/linkpreview/custom-plugin.php HTTP/1.1" 404 76457 "-" "-"
13.74.181.217 - - [06/Jul/2025:08:54:17 -0400] "GET /db.php HTTP/1.1" 404 76457 "-" "-"
13.74.181.217 - - [06/Jul/2025:08:54:18 -0400] "GET /wp-content/plugins/admin.php HTTP/1.1" 404 76457 "-" "-"
13.74.181.217 - - [06/Jul/2025:08:54:19 -0400] "GET /classwithtostring.php HTTP/1.1" 404 76457 "-" "-"
13.74.181.217 - - [06/Jul/2025:08:54:21 -0400] "GET /wp-login.php HTTP/1.1" 302 0 "-" "-"
13.74.181.217 - - [06/Jul/2025:08:54:23 -0400] "GET /wp-content/plugins/ioptimization/IOptimize.php?rchk HTTP/1.1" 404 76457 "-" "-"
13.74.181.217 - - [06/Jul/2025:08:54:24 -0400] "GET /ok.php HTTP/1.1" 404 76457 "-" "-"
13.74.181.217 - - [06/Jul/2025:08:54:25 -0400] "GET /randkeyword.PhP7 HTTP/1.1" 404 76457 "-" "-"
13.74.181.217 - - [06/Jul/2025:08:54:26 -0400] "GET /wp-admin/css/colors/blue/xmrlpc.php HTTP/1.1" 404 76457 "-" "-"
13.74.181.217 - - [06/Jul/2025:08:54:28 -0400] "GET /wp-content/plugins/core/include.php HTTP/1.1" 404 76457 "-" "-"
13.74.181.217 - - [06/Jul/2025:08:54:29 -0400] "GET /wp-admin/images/about.php HTTP/1.1" 404 76457 "-" "-"
13.74.181.217 - - [06/Jul/2025:08:54:30 -0400] "GET /simple/function.php HTTP/1.1" 404 76457 "-" "-"
13.74.181.217 - - [06/Jul/2025:08:54:31 -0400] "GET /about/function.php HTTP/1.1" 404 76457 "-" "-"
13.74.181.217 - - [06/Jul/2025:08:54:33 -0400] "GET /include/Lurd.class.php HTTP/1.1" 404 76457 "-" "-"
13.74.181.217 - - [06/Jul/2025:08:54:34 -0400] "GET /wp-includes/js/plupload/wp-admin.php HTTP/1.1" 404 76457 "-" "-"
13.74.181.217 - - [06/Jul/2025:08:54:36 -0400] "GET /about.php HTTP/1.1" 404 76457 "-" "-"
13.74.181.217 - - [06/Jul/2025:08:54:37 -0400] "GET /images/about.php HTTP/1.1" 404 76457 "-" "-"
57.141.4.12 - - [06/Jul/2025:08:54:37 -0400] "GET /shopdetail/25757803/ HTTP/1.1" 404 76487 "-" "meta-externalagent/1.1 (+https://developers.facebook.com/docs/sharing/webmasters/crawler)"
13.74.181.217 - - [06/Jul/2025:08:54:39 -0400] "GET /wp-admin/options.php HTTP/1.1" 302 0 "-" "-"
13.74.181.217 - - [06/Jul/2025:08:54:44 -0400] "GET /lv.php HTTP/1.1" 404 76457 "-" "-"
13.74.181.217 - - [06/Jul/2025:08:54:46 -0400] "GET /test.php HTTP/1.1" 404 76457 "-" "-"
13.74.181.217 - - [06/Jul/2025:08:54:48 -0400] "GET /wp-content/plugins/simple/simple.php HTTP/1.1" 404 76457 "-" "-"
13.74.181.217 - - [06/Jul/2025:08:54:50 -0400] "GET /includes/1975Team.php HTTP/1.1" 404 76457 "-" "-"
13.74.181.217 - - [06/Jul/2025:08:54:51 -0400] "GET /login/files.php HTTP/1.1" 404 76457 "-" "-"
13.74.181.217 - - [06/Jul/2025:08:54:53 -0400] "GET /wp-admin/classwithtostring.php HTTP/1.1" 404 76457 "-" "-"
13.74.181.217 - - [06/Jul/2025:08:54:55 -0400] "GET /wp-admin/js/index.php HTTP/1.1" 301 0 "-" "-"
13.74.181.217 - - [06/Jul/2025:08:54:56 -0400] "GET /wp-admin/js/ HTTP/1.1" 403 1242 "-" "-"
13.74.181.217 - - [06/Jul/2025:08:54:56 -0400] "GET /wp-admin/css/colors/fridSiB.php HTTP/1.1" 404 76457 "-" "-"
13.74.181.217 - - [06/Jul/2025:08:54:57 -0400] "GET /wp-includes/widgets/about.php HTTP/1.1" 404 76457 "-" "-"
13.74.181.217 - - [06/Jul/2025:08:54:59 -0400] "GET /.well-known/zwso.php HTTP/1.1" 404 76457 "-" "-"
13.74.181.217 - - [06/Jul/2025:08:55:01 -0400] "GET /wp-admin/css/colors/coffee/index.php HTTP/1.1" 301 0 "-" "-"
13.74.181.217 - - [06/Jul/2025:08:55:02 -0400] "GET /wp-admin/css/colors/coffee/ HTTP/1.1" 403 1242 "-" "-"
13.74.181.217 - - [06/Jul/2025:08:55:02 -0400] "GET /.well-known/acme-challenge/index.php HTTP/1.1" 301 0 "-" "-"
13.74.181.217 - - [06/Jul/2025:08:55:03 -0400] "GET /.well-known/acme-challenge/ HTTP/1.1" 403 1242 "-" "-"
13.74.181.217 - - [06/Jul/2025:08:55:03 -0400] "GET /admin.php HTTP/1.1" 404 76457 "-" "-"
13.74.181.217 - - [06/Jul/2025:08:55:06 -0400] "GET /admin.php HTTP/1.1" 404 76457 "-" "-"
13.74.181.217 - - [06/Jul/2025:08:55:07 -0400] "GET /ova-tools.php HTTP/1.1" 404 76457 "-" "-"
13.74.181.217 - - [06/Jul/2025:08:55:09 -0400] "GET /css/flower.php HTTP/1.1" 404 76457 "-" "-"
13.74.181.217 - - [06/Jul/2025:08:55:10 -0400] "GET /wp-content/plugins/about.php HTTP/1.1" 404 76457 "-" "-"
13.74.181.217 - - [06/Jul/2025:08:55:11 -0400] "GET /wp-content/themes/seotheme/mar.php HTTP/1.1" 404 76457 "-" "-"
23.92.177.29 - - [06/Jul/2025:08:55:14 -0400] "POST /wp-cron.php?doing_wp_cron=1751806514.1634740829467773437500 HTTP/1.1" 200 0 "-" "WordPress/6.7.2; https://bodyguardslosangeles.net"
13.74.181.217 - - [06/Jul/2025:08:55:13 -0400] "GET /wp-configs.php HTTP/1.1" 404 76457 "-" "-"
13.74.181.217 - - [06/Jul/2025:08:55:14 -0400] "GET /templates/atomic/templates.php HTTP/1.1" 404 76457 "-" "-"
13.74.181.217 - - [06/Jul/2025:08:55:16 -0400] "GET /wp-includes/Requests/chosen.php HTTP/1.1" 404 76457 "-" "-"
13.74.181.217 - - [06/Jul/2025:08:55:17 -0400] "GET /cgi-bin/wp-login.php HTTP/1.1" 404 76457 "-" "-"
13.74.181.217 - - [06/Jul/2025:08:55:19 -0400] "GET /.well-known/acme-challenge/shop.php HTTP/1.1" 404 76457 "-" "-"
13.74.181.217 - - [06/Jul/2025:08:55:23 -0400] "GET /wp-includes/images/sxo.php HTTP/1.1" 404 76457 "-" "-"
13.74.181.217 - - [06/Jul/2025:08:55:27 -0400] "GET /wp-includes/assets/index.php HTTP/1.1" 301 0 "-" "-"
13.74.181.217 - - [06/Jul/2025:08:55:28 -0400] "GET /wp-includes/assets/ HTTP/1.1" 403 1242 "-" "-"
57.141.4.16 - - [06/Jul/2025:08:55:26 -0400] "GET /shopdetail/23973825/ HTTP/1.1" 404 76487 "-" "meta-externalagent/1.1 (+https://developers.facebook.com/docs/sharing/webmasters/crawler)"
13.74.181.217 - - [06/Jul/2025:08:55:28 -0400] "GET /themes.php HTTP/1.1" 404 76457 "-" "-"
13.74.181.217 - - [06/Jul/2025:08:55:29 -0400] "GET /user.php HTTP/1.1" 404 76457 "-" "-"
13.74.181.217 - - [06/Jul/2025:08:55:32 -0400] "GET /wp-admin/js/QXUho.php HTTP/1.1" 404 76457 "-" "-"
13.74.181.217 - - [06/Jul/2025:08:55:34 -0400] "GET /wp-admin/css/colors/index.php HTTP/1.1" 301 0 "-" "-"
13.74.181.217 - - [06/Jul/2025:08:55:35 -0400] "GET /wp-admin/css/colors/ HTTP/1.1" 403 1242 "-" "-"
13.74.181.217 - - [06/Jul/2025:08:55:35 -0400] "GET /index.php HTTP/1.1" 301 0 "-" "-"
13.74.181.217 - - [06/Jul/2025:08:55:37 -0400] "GET /css/sxo.php HTTP/1.1" 404 76457 "-" "-"
13.74.181.217 - - [06/Jul/2025:08:55:38 -0400] "GET /templates/beez3/index.php HTTP/1.1" 301 0 "-" "-"
13.74.181.217 - - [06/Jul/2025:08:55:39 -0400] "GET /templates/beez3/ HTTP/1.1" 404 76457 "-" "-"
13.74.181.217 - - [06/Jul/2025:08:55:40 -0400] "GET /wp-admin/css/colors/blue/about.php HTTP/1.1" 404 76457 "-" "-"
13.74.181.217 - - [06/Jul/2025:08:55:41 -0400] "GET /system_log.php HTTP/1.1" 404 76457 "-" "-"
13.74.181.217 - - [06/Jul/2025:08:55:43 -0400] "GET /bak.php HTTP/1.1" 404 76457 "-" "-"
13.74.181.217 - - [06/Jul/2025:08:55:44 -0400] "GET /wp-mail.php HTTP/1.1" 403 2520 "-" "-"
13.74.181.217 - - [06/Jul/2025:08:55:44 -0400] "GET /index.php HTTP/1.1" 301 0 "-" "-"
57.141.4.3 - - [06/Jul/2025:08:55:46 -0400] "GET /shopdetail/7239314/ HTTP/1.1" 404 76485 "-" "meta-externalagent/1.1 (+https://developers.facebook.com/docs/sharing/webmasters/crawler)"
13.74.181.217 - - [06/Jul/2025:08:55:47 -0400] "GET /log.php HTTP/1.1" 404 76457 "-" "-"
13.74.181.217 - - [06/Jul/2025:08:55:48 -0400] "GET /wp-login.php?action=register HTTP/1.1" 302 0 "-" "-"
57.141.4.4 - - [06/Jul/2025:08:55:49 -0400] "GET /shopdetail/5596358/ HTTP/1.1" 404 76485 "-" "meta-externalagent/1.1 (+https://developers.facebook.com/docs/sharing/webmasters/crawler)"
13.74.181.217 - - [06/Jul/2025:08:55:50 -0400] "GET /files.php HTTP/1.1" 404 76457 "-" "-"
13.74.181.217 - - [06/Jul/2025:08:55:51 -0400] "GET /wp-admin/css/imdnbpma.php HTTP/1.1" 404 76457 "-" "-"
13.74.181.217 - - [06/Jul/2025:08:55:52 -0400] "GET /k.php HTTP/1.1" 404 76457 "-" "-"
13.74.181.217 - - [06/Jul/2025:08:55:54 -0400] "GET /dropdown.php HTTP/1.1" 404 76457 "-" "-"
13.74.181.217 - - [06/Jul/2025:08:55:55 -0400] "GET /.well-known/mfeypwze.php HTTP/1.1" 404 76457 "-" "-"
13.74.181.217 - - [06/Jul/2025:08:55:56 -0400] "GET /.well-known/pki-validation/xmrlpc.php HTTP/1.1" 404 1251 "-" "-"
13.74.181.217 - - [06/Jul/2025:08:55:56 -0400] "GET /wp-content/sxo.php HTTP/1.1" 404 76457 "-" "-"
13.74.181.217 - - [06/Jul/2025:08:55:58 -0400] "GET /filemanager.php HTTP/1.1" 404 76457 "-" "-"
13.74.181.217 - - [06/Jul/2025:08:55:59 -0400] "GET /wp-includes/mtnidwgu.php HTTP/1.1" 404 76457 "-" "-"
13.74.181.217 - - [06/Jul/2025:08:56:01 -0400] "GET /wp-includes/buy.php HTTP/1.1" 404 76457 "-" "-"
13.74.181.217 - - [06/Jul/2025:08:56:03 -0400] "GET /cgi-bin/about.php HTTP/1.1" 404 76457 "-" "-"
13.74.181.217 - - [06/Jul/2025:08:56:05 -0400] "GET /wp-content/uploads/wp-login.php HTTP/1.1" 404 76457 "-" "-"
13.74.181.217 - - [06/Jul/2025:08:56:06 -0400] "GET /wp-includes/rest-api/about.php HTTP/1.1" 404 76457 "-" "-"
13.74.181.217 - - [06/Jul/2025:08:56:08 -0400] "GET /wp-admin/axcjwclf.php HTTP/1.1" 404 76457 "-" "-"
13.74.181.217 - - [06/Jul/2025:08:56:09 -0400] "GET /wp-content/plugins/about.php HTTP/1.1" 404 76457 "-" "-"
13.74.181.217 - - [06/Jul/2025:08:56:10 -0400] "GET /.well-known/apap.php HTTP/1.1" 404 76457 "-" "-"
13.74.181.217 - - [06/Jul/2025:08:56:11 -0400] "GET /xmlrpc.php HTTP/1.1" 405 42 "-" "-"
23.92.177.29 - - [06/Jul/2025:08:56:13 -0400] "POST /wp-cron.php?doing_wp_cron=1751806573.2101709842681884765625 HTTP/1.1" 200 0 "-" "WordPress/6.7.2; https://bodyguardslosangeles.net"
13.74.181.217 - - [06/Jul/2025:08:56:12 -0400] "GET /wp-back.php HTTP/1.1" 404 76457 "-" "-"
13.74.181.217 - - [06/Jul/2025:08:56:13 -0400] "GET /new.php HTTP/1.1" 404 76457 "-" "-"
13.74.181.217 - - [06/Jul/2025:08:56:14 -0400] "GET /wp-admin/js/widgets/about.php7 HTTP/1.1" 404 76457 "-" "-"
13.74.181.217 - - [06/Jul/2025:08:56:16 -0400] "GET /radio.php HTTP/1.1" 404 76457 "-" "-"
13.74.181.217 - - [06/Jul/2025:08:56:17 -0400] "GET /ty.php HTTP/1.1" 404 76457 "-" "-"
13.74.181.217 - - [06/Jul/2025:08:56:18 -0400] "GET /baxa1.phP8 HTTP/1.1" 404 76457 "-" "-"
13.74.181.217 - - [06/Jul/2025:08:56:20 -0400] "GET /x.php HTTP/1.1" 404 76457 "-" "-"
13.74.181.217 - - [06/Jul/2025:08:56:21 -0400] "GET /link.php HTTP/1.1" 404 76457 "-" "-"
13.74.181.217 - - [06/Jul/2025:08:56:22 -0400] "GET /wp-includes/style-engine/about.php HTTP/1.1" 404 76457 "-" "-"
13.74.181.217 - - [06/Jul/2025:08:56:24 -0400] "GET /wp-includes/about.php HTTP/1.1" 404 76457 "-" "-"
13.74.181.217 - - [06/Jul/2025:08:56:25 -0400] "GET /mail.php HTTP/1.1" 404 76457 "-" "-"
13.74.181.217 - - [06/Jul/2025:08:56:27 -0400] "GET /ws.php HTTP/1.1" 404 76457 "-" "-"
13.74.181.217 - - [06/Jul/2025:08:56:28 -0400] "GET /.well-known/esjmskva.php HTTP/1.1" 404 76457 "-" "-"
13.74.181.217 - - [06/Jul/2025:08:56:30 -0400] "GET /wp-load.php HTTP/1.1" 200 0 "-" "-"
13.74.181.217 - - [06/Jul/2025:08:56:31 -0400] "GET /shell.php HTTP/1.1" 404 76457 "-" "-"
13.74.181.217 - - [06/Jul/2025:08:56:33 -0400] "GET /shell.php HTTP/1.1" 404 76457 "-" "-"
13.74.181.217 - - [06/Jul/2025:08:56:35 -0400] "GET /wp-admin/pages.php HTTP/1.1" 404 76457 "-" "-"
13.74.181.217 - - [06/Jul/2025:08:56:36 -0400] "GET /cong.php HTTP/1.1" 404 76457 "-" "-"
13.74.181.217 - - [06/Jul/2025:08:56:38 -0400] "GET /home/function.php HTTP/1.1" 404 76457 "-" "-"
13.74.181.217 - - [06/Jul/2025:08:56:40 -0400] "GET /about.php?525 HTTP/1.1" 404 76457 "-" "-"
13.74.181.217 - - [06/Jul/2025:08:56:41 -0400] "GET /wp-admin/images/index.php HTTP/1.1" 301 0 "-" "-"
13.74.181.217 - - [06/Jul/2025:08:56:42 -0400] "GET /wp-admin/images/ HTTP/1.1" 403 1242 "-" "-"
13.74.181.217 - - [06/Jul/2025:08:56:42 -0400] "GET /.well-known/eror.php HTTP/1.1" 404 76457 "-" "-"
13.74.181.217 - - [06/Jul/2025:08:56:44 -0400] "GET /tools.php HTTP/1.1" 404 76457 "-" "-"
13.74.181.217 - - [06/Jul/2025:08:56:45 -0400] "GET /cong.php HTTP/1.1" 404 76457 "-" "-"
66.249.79.196 - - [06/Jul/2025:08:56:47 -0400] "GET /shopdetail/25631658/ HTTP/1.1" 404 17539 "-" "Mozilla/5.0 (Linux; Android 6.0.1; Nexus 5X Build/MMB29P) AppleWebKit/537.36 (KHTML, like Gecko) Chrome/137.0.7151.103 Mobile Safari/537.36 (compatible; Googlebot/2.1; +http://www.google.com/bot.html)"
23.92.177.29 - - [06/Jul/2025:08:57:13 -0400] "POST /wp-cron.php?doing_wp_cron=1751806633.6388919353485107421875 HTTP/1.1" 200 0 "-" "WordPress/6.7.2; https://bodyguardslosangeles.net"
57.141.4.3 - - [06/Jul/2025:08:57:12 -0400] "GET /shopdetail/16343670/ HTTP/1.1" 404 76487 "-" "meta-externalagent/1.1 (+https://developers.facebook.com/docs/sharing/webmasters/crawler)"
57.141.4.7 - - [06/Jul/2025:08:57:14 -0400] "GET /shopdetail/19616236/ HTTP/1.1" 404 76487 "-" "meta-externalagent/1.1 (+https://developers.facebook.com/docs/sharing/webmasters/crawler)"
57.141.4.6 - - [06/Jul/2025:08:57:29 -0400] "GET /shopdetail/2780203/ HTTP/1.1" 404 76485 "-" "meta-externalagent/1.1 (+https://developers.facebook.com/docs/sharing/webmasters/crawler)"
66.249.79.197 - - [06/Jul/2025:08:57:32 -0400] "GET /shopdetail/17107714/ HTTP/1.1" 404 17539 "-" "Mozilla/5.0 (Linux; Android 6.0.1; Nexus 5X Build/MMB29P) AppleWebKit/537.36 (KHTML, like Gecko) Chrome/137.0.7151.103 Mobile Safari/537.36 (compatible; Googlebot/2.1; +http://www.google.com/bot.html)"
66.249.79.197 - - [06/Jul/2025:08:57:34 -0400] "GET /shopdetail/17974414/ HTTP/1.1" 404 17539 "-" "Mozilla/5.0 (Linux; Android 6.0.1; Nexus 5X Build/MMB29P) AppleWebKit/537.36 (KHTML, like Gecko) Chrome/137.0.7151.103 Mobile Safari/537.36 (compatible; Googlebot/2.1; +http://www.google.com/bot.html)"
66.249.79.196 - - [06/Jul/2025:08:57:40 -0400] "GET /shopdetail/2344925/ HTTP/1.1" 404 17539 "-" "Mozilla/5.0 (Linux; Android 6.0.1; Nexus 5X Build/MMB29P) AppleWebKit/537.36 (KHTML, like Gecko) Chrome/137.0.7151.103 Mobile Safari/537.36 (compatible; Googlebot/2.1; +http://www.google.com/bot.html)"
216.73.216.121 - - [06/Jul/2025:08:57:49 -0400] "GET /robots.txt HTTP/1.1" 200 145 "-" "Mozilla/5.0 AppleWebKit/537.36 (KHTML, like Gecko; compatible; ClaudeBot/1.0; +claudebot@anthropic.com)"
216.73.216.121 - - [06/Jul/2025:08:57:49 -0400] "GET /sitemap604.xml HTTP/1.1" 404 17540 "-" "Mozilla/5.0 AppleWebKit/537.36 (KHTML, like Gecko; compatible; ClaudeBot/1.0; +claudebot@anthropic.com)"
23.92.177.29 - - [06/Jul/2025:08:58:31 -0400] "POST /wp-cron.php?doing_wp_cron=1751806711.6924779415130615234375 HTTP/1.1" 200 0 "-" "WordPress/6.7.2; https://bodyguardslosangeles.net"
66.249.79.197 - - [06/Jul/2025:08:58:30 -0400] "GET /shopdetail/25322625/ HTTP/1.1" 404 17572 "-" "Mozilla/5.0 (Linux; Android 6.0.1; Nexus 5X Build/MMB29P) AppleWebKit/537.36 (KHTML, like Gecko) Chrome/137.0.7151.103 Mobile Safari/537.36 (compatible; Googlebot/2.1; +http://www.google.com/bot.html)"
66.249.79.196 - - [06/Jul/2025:08:58:31 -0400] "GET /shopdetail/23358103/ HTTP/1.1" 404 17539 "-" "Mozilla/5.0 (Linux; Android 6.0.1; Nexus 5X Build/MMB29P) AppleWebKit/537.36 (KHTML, like Gecko) Chrome/137.0.7151.103 Mobile Safari/537.36 (compatible; Googlebot/2.1; +http://www.google.com/bot.html)"
57.141.4.6 - - [06/Jul/2025:08:58:40 -0400] "GET /shopdetail/12575170/ HTTP/1.1" 404 76487 "-" "meta-externalagent/1.1 (+https://developers.facebook.com/docs/sharing/webmasters/crawler)"
23.92.177.29 - - [06/Jul/2025:08:59:15 -0400] "POST /wp-cron.php?doing_wp_cron=1751806755.5498280525207519531250 HTTP/1.1" 200 0 "-" "WordPress/6.7.2; https://bodyguardslosangeles.net"
66.249.79.197 - - [06/Jul/2025:08:59:14 -0400] "GET /shopdetail/9971881/ HTTP/1.1" 404 17539 "-" "Mozilla/5.0 (Linux; Android 6.0.1; Nexus 5X Build/MMB29P) AppleWebKit/537.36 (KHTML, like Gecko) Chrome/137.0.7151.103 Mobile Safari/537.36 (compatible; Googlebot/2.1; +http://www.google.com/bot.html)"
66.249.79.198 - - [06/Jul/2025:08:59:17 -0400] "GET /shopdetail/3413858/ HTTP/1.1" 404 17539 "-" "Mozilla/5.0 (Linux; Android 6.0.1; Nexus 5X Build/MMB29P) AppleWebKit/537.36 (KHTML, like Gecko) Chrome/137.0.7151.103 Mobile Safari/537.36 (compatible; Googlebot/2.1; +http://www.google.com/bot.html)"
66.249.79.197 - - [06/Jul/2025:08:59:23 -0400] "GET /shopdetail/3529414/ HTTP/1.1" 404 17539 "-" "Mozilla/5.0 (Linux; Android 6.0.1; Nexus 5X Build/MMB29P) AppleWebKit/537.36 (KHTML, like Gecko) Chrome/137.0.7151.103 Mobile Safari/537.36 (compatible; Googlebot/2.1; +http://www.google.com/bot.html)"
66.249.79.196 - - [06/Jul/2025:08:59:30 -0400] "GET /shopdetail/16847703/ HTTP/1.1" 404 17539 "-" "Mozilla/5.0 (Linux; Android 6.0.1; Nexus 5X Build/MMB29P) AppleWebKit/537.36 (KHTML, like Gecko) Chrome/137.0.7151.103 Mobile Safari/537.36 (compatible; Googlebot/2.1; +http://www.google.com/bot.html)"
57.141.4.4 - - [06/Jul/2025:08:59:40 -0400] "GET /shopdetail/17855869/ HTTP/1.1" 404 76487 "-" "meta-externalagent/1.1 (+https://developers.facebook.com/docs/sharing/webmasters/crawler)"
66.249.79.196 - - [06/Jul/2025:08:59:57 -0400] "GET /shopdetail/13872036/ HTTP/1.1" 404 17539 "-" "Mozilla/5.0 (Linux; Android 6.0.1; Nexus 5X Build/MMB29P) AppleWebKit/537.36 (KHTML, like Gecko) Chrome/137.0.7151.103 Mobile Safari/537.36 (compatible; Googlebot/2.1; +http://www.google.com/bot.html)"
23.92.177.29 - - [06/Jul/2025:09:00:15 -0400] "POST /wp-cron.php?doing_wp_cron=1751806815.2125430107116699218750 HTTP/1.1" 200 0 "-" "WordPress/6.7.2; https://bodyguardslosangeles.net"
66.249.79.197 - - [06/Jul/2025:09:00:14 -0400] "GET /shopdetail/3182736/ HTTP/1.1" 404 17575 "-" "Mozilla/5.0 (Linux; Android 6.0.1; Nexus 5X Build/MMB29P) AppleWebKit/537.36 (KHTML, like Gecko) Chrome/137.0.7151.103 Mobile Safari/537.36 (compatible; Googlebot/2.1; +http://www.google.com/bot.html)"
66.249.79.196 - - [06/Jul/2025:09:00:26 -0400] "GET /shopdetail/3673869/ HTTP/1.1" 404 17539 "-" "Mozilla/5.0 (Linux; Android 6.0.1; Nexus 5X Build/MMB29P) AppleWebKit/537.36 (KHTML, like Gecko) Chrome/137.0.7151.103 Mobile Safari/537.36 (compatible; Googlebot/2.1; +http://www.google.com/bot.html)"
54.36.148.209 - - [06/Jul/2025:09:00:52 -0400] "GET /sitemap886.xml HTTP/1.1" 404 17592 "-" "Mozilla/5.0 (compatible; AhrefsBot/7.0; +http://ahrefs.com/robot/)"
23.92.177.29 - - [06/Jul/2025:09:01:23 -0400] "POST /wp-cron.php?doing_wp_cron=1751806883.7916910648345947265625 HTTP/1.1" 200 0 "-" "WordPress/6.7.2; https://bodyguardslosangeles.net"
66.249.79.196 - - [06/Jul/2025:09:01:23 -0400] "GET /shopdetail/18494436/ HTTP/1.1" 404 17538 "-" "Mozilla/5.0 (Linux; Android 6.0.1; Nexus 5X Build/MMB29P) AppleWebKit/537.36 (KHTML, like Gecko) Chrome/137.0.7151.103 Mobile Safari/537.36 (compatible; Googlebot/2.1; +http://www.google.com/bot.html)"
66.249.79.197 - - [06/Jul/2025:09:01:24 -0400] "GET /shopdetail/5031692/ HTTP/1.1" 404 17535 "-" "Mozilla/5.0 (Linux; Android 6.0.1; Nexus 5X Build/MMB29P) AppleWebKit/537.36 (KHTML, like Gecko) Chrome/137.0.7151.103 Mobile Safari/537.36 (compatible; Googlebot/2.1; +http://www.google.com/bot.html)"
66.249.79.198 - - [06/Jul/2025:09:01:26 -0400] "GET /shopdetail/19216681/ HTTP/1.1" 404 17539 "-" "Mozilla/5.0 (Linux; Android 6.0.1; Nexus 5X Build/MMB29P) AppleWebKit/537.36 (KHTML, like Gecko) Chrome/137.0.7151.103 Mobile Safari/537.36 (compatible; Googlebot/2.1; +http://www.google.com/bot.html)"
23.92.177.29 - - [06/Jul/2025:09:02:13 -0400] "POST /wp-cron.php?doing_wp_cron=1751806933.6503651142120361328125 HTTP/1.1" 200 0 "-" "WordPress/6.7.2; https://bodyguardslosangeles.net"
66.249.79.198 - - [06/Jul/2025:09:02:13 -0400] "GET /shopdetail/18003303/ HTTP/1.1" 404 17539 "-" "Mozilla/5.0 (Linux; Android 6.0.1; Nexus 5X Build/MMB29P) AppleWebKit/537.36 (KHTML, like Gecko) Chrome/137.0.7151.103 Mobile Safari/537.36 (compatible; Googlebot/2.1; +http://www.google.com/bot.html)"
66.249.79.198 - - [06/Jul/2025:09:02:15 -0400] "GET /shopdetail/4280558/ HTTP/1.1" 404 17538 "-" "Mozilla/5.0 (Linux; Android 6.0.1; Nexus 5X Build/MMB29P) AppleWebKit/537.36 (KHTML, like Gecko) Chrome/137.0.7151.103 Mobile Safari/537.36 (compatible; Googlebot/2.1; +http://www.google.com/bot.html)"
66.249.79.197 - - [06/Jul/2025:09:02:19 -0400] "GET /shopdetail/22202503/ HTTP/1.1" 404 17539 "-" "Mozilla/5.0 (Linux; Android 6.0.1; Nexus 5X Build/MMB29P) AppleWebKit/537.36 (KHTML, like Gecko) Chrome/137.0.7151.103 Mobile Safari/537.36 (compatible; Googlebot/2.1; +http://www.google.com/bot.html)"
66.249.79.196 - - [06/Jul/2025:09:02:36 -0400] "GET /shopdetail/2084914/ HTTP/1.1" 404 17538 "-" "Mozilla/5.0 (Linux; Android 6.0.1; Nexus 5X Build/MMB29P) AppleWebKit/537.36 (KHTML, like Gecko) Chrome/137.0.7151.103 Mobile Safari/537.36 (compatible; Googlebot/2.1; +http://www.google.com/bot.html)"
66.249.79.196 - - [06/Jul/2025:09:02:46 -0400] "GET /shopdetail/18552214/ HTTP/1.1" 404 17539 "-" "Mozilla/5.0 (Linux; Android 6.0.1; Nexus 5X Build/MMB29P) AppleWebKit/537.36 (KHTML, like Gecko) Chrome/137.0.7151.103 Mobile Safari/537.36 (compatible; Googlebot/2.1; +http://www.google.com/bot.html)"
66.249.79.198 - - [06/Jul/2025:09:03:08 -0400] "GET /shopdetail/20227836/ HTTP/1.1" 404 17539 "-" "Mozilla/5.0 (Linux; Android 6.0.1; Nexus 5X Build/MMB29P) AppleWebKit/537.36 (KHTML, like Gecko) Chrome/137.0.7151.103 Mobile Safari/537.36 (compatible; Googlebot/2.1; +http://www.google.com/bot.html)"
23.92.177.29 - - [06/Jul/2025:09:03:30 -0400] "POST /wp-cron.php?doing_wp_cron=1751807010.7959349155426025390625 HTTP/1.1" 200 0 "-" "WordPress/6.7.2; https://bodyguardslosangeles.net"
66.249.79.197 - - [06/Jul/2025:09:03:30 -0400] "GET /shopdetail/11705281/ HTTP/1.1" 404 17539 "-" "Mozilla/5.0 (Linux; Android 6.0.1; Nexus 5X Build/MMB29P) AppleWebKit/537.36 (KHTML, like Gecko) Chrome/137.0.7151.103 Mobile Safari/537.36 (compatible; Googlebot/2.1; +http://www.google.com/bot.html)"
66.249.79.196 - - [06/Jul/2025:09:03:40 -0400] "GET /shopdetail/7227336/ HTTP/1.1" 404 17539 "-" "Mozilla/5.0 (Linux; Android 6.0.1; Nexus 5X Build/MMB29P) AppleWebKit/537.36 (KHTML, like Gecko) Chrome/137.0.7151.103 Mobile Safari/537.36 (compatible; Googlebot/2.1; +http://www.google.com/bot.html)"
66.249.79.197 - - [06/Jul/2025:09:04:02 -0400] "GET /shopdetail/16674369/ HTTP/1.1" 404 17538 "-" "Mozilla/5.0 (Linux; Android 6.0.1; Nexus 5X Build/MMB29P) AppleWebKit/537.36 (KHTML, like Gecko) Chrome/137.0.7151.103 Mobile Safari/537.36 (compatible; Googlebot/2.1; +http://www.google.com/bot.html)"
23.92.177.29 - - [06/Jul/2025:09:04:15 -0400] "POST /wp-cron.php?doing_wp_cron=1751807055.4883298873901367187500 HTTP/1.1" 200 0 "-" "WordPress/6.7.2; https://bodyguardslosangeles.net"
57.141.4.24 - - [06/Jul/2025:09:04:14 -0400] "GET /shopdetail/17278670/ HTTP/1.1" 404 76487 "-" "meta-externalagent/1.1 (+https://developers.facebook.com/docs/sharing/webmasters/crawler)"
66.249.79.196 - - [06/Jul/2025:09:04:27 -0400] "GET /shopdetail/25495969/ HTTP/1.1" 404 17538 "-" "Mozilla/5.0 (Linux; Android 6.0.1; Nexus 5X Build/MMB29P) AppleWebKit/537.36 (KHTML, like Gecko) Chrome/137.0.7151.103 Mobile Safari/537.36 (compatible; Googlebot/2.1; +http://www.google.com/bot.html)"
66.249.79.196 - - [06/Jul/2025:09:04:54 -0400] "GET /shopdetail/22635858/ HTTP/1.1" 404 17539 "-" "Mozilla/5.0 (Linux; Android 6.0.1; Nexus 5X Build/MMB29P) AppleWebKit/537.36 (KHTML, like Gecko) Chrome/137.0.7151.103 Mobile Safari/537.36 (compatible; Googlebot/2.1; +http://www.google.com/bot.html)"
23.92.177.29 - - [06/Jul/2025:09:05:27 -0400] "POST /wp-cron.php?doing_wp_cron=1751807127.4780600070953369140625 HTTP/1.1" 200 0 "-" "WordPress/6.7.2; https://bodyguardslosangeles.net"
66.249.79.198 - - [06/Jul/2025:09:05:26 -0400] "GET /shopdetail/11040814/ HTTP/1.1" 404 17539 "-" "Mozilla/5.0 (Linux; Android 6.0.1; Nexus 5X Build/MMB29P) AppleWebKit/537.36 (KHTML, like Gecko) Chrome/137.0.7151.103 Mobile Safari/537.36 (compatible; Googlebot/2.1; +http://www.google.com/bot.html)"
66.249.79.198 - - [06/Jul/2025:09:05:29 -0400] "GET /shopdetail/7053992/ HTTP/1.1" 404 17537 "-" "Mozilla/5.0 (Linux; Android 6.0.1; Nexus 5X Build/MMB29P) AppleWebKit/537.36 (KHTML, like Gecko) Chrome/137.0.7151.103 Mobile Safari/537.36 (compatible; Googlebot/2.1; +http://www.google.com/bot.html)"
66.249.79.197 - - [06/Jul/2025:09:05:32 -0400] "GET /shopdetail/16905481/ HTTP/1.1" 404 17539 "-" "Mozilla/5.0 (Linux; Android 6.0.1; Nexus 5X Build/MMB29P) AppleWebKit/537.36 (KHTML, like Gecko) Chrome/137.0.7151.103 Mobile Safari/537.36 (compatible; Googlebot/2.1; +http://www.google.com/bot.html)"
23.92.177.29 - - [06/Jul/2025:09:06:12 -0400] "POST /wp-cron.php?doing_wp_cron=1751807172.0473349094390869140625 HTTP/1.1" 200 0 "-" "WordPress/6.7.2; https://bodyguardslosangeles.net"
66.249.79.198 - - [06/Jul/2025:09:06:11 -0400] "GET /shopdetail/17021047/ HTTP/1.1" 404 17539 "-" "Mozilla/5.0 (Linux; Android 6.0.1; Nexus 5X Build/MMB29P) AppleWebKit/537.36 (KHTML, like Gecko) Chrome/137.0.7151.103 Mobile Safari/537.36 (compatible; Googlebot/2.1; +http://www.google.com/bot.html)"
57.141.4.9 - - [06/Jul/2025:09:06:16 -0400] "GET /shopdetail/9009770/ HTTP/1.1" 404 76485 "-" "meta-externalagent/1.1 (+https://developers.facebook.com/docs/sharing/webmasters/crawler)"
66.249.79.197 - - [06/Jul/2025:09:06:16 -0400] "GET /shopdetail/24398147/ HTTP/1.1" 404 17594 "-" "Mozilla/5.0 (Linux; Android 6.0.1; Nexus 5X Build/MMB29P) AppleWebKit/537.36 (KHTML, like Gecko) Chrome/137.0.7151.103 Mobile Safari/537.36 (compatible; Googlebot/2.1; +http://www.google.com/bot.html)"
57.141.4.1 - - [06/Jul/2025:09:06:17 -0400] "GET /shopdetail/3554469/ HTTP/1.1" 404 76485 "-" "meta-externalagent/1.1 (+https://developers.facebook.com/docs/sharing/webmasters/crawler)"
66.249.79.196 - - [06/Jul/2025:09:06:24 -0400] "GET /shopdetail/12803103/ HTTP/1.1" 404 17539 "-" "Mozilla/5.0 (Linux; Android 6.0.1; Nexus 5X Build/MMB29P) AppleWebKit/537.36 (KHTML, like Gecko) Chrome/137.0.7151.103 Mobile Safari/537.36 (compatible; Googlebot/2.1; +http://www.google.com/bot.html)"
23.92.177.29 - - [06/Jul/2025:09:07:20 -0400] "POST /wp-cron.php?doing_wp_cron=1751807240.7962980270385742187500 HTTP/1.1" 200 0 "-" "WordPress/6.7.2; https://bodyguardslosangeles.net"
66.249.79.198 - - [06/Jul/2025:09:07:20 -0400] "GET /shopdetail/5349481/ HTTP/1.1" 404 17539 "-" "Mozilla/5.0 (Linux; Android 6.0.1; Nexus 5X Build/MMB29P) AppleWebKit/537.36 (KHTML, like Gecko) Chrome/137.0.7151.103 Mobile Safari/537.36 (compatible; Googlebot/2.1; +http://www.google.com/bot.html)"
66.249.79.198 - - [06/Jul/2025:09:07:21 -0400] "GET /shopdetail/5609492/ HTTP/1.1" 404 17537 "-" "Mozilla/5.0 (Linux; Android 6.0.1; Nexus 5X Build/MMB29P) AppleWebKit/537.36 (KHTML, like Gecko) Chrome/137.0.7151.103 Mobile Safari/537.36 (compatible; Googlebot/2.1; +http://www.google.com/bot.html)"
66.249.79.196 - - [06/Jul/2025:09:07:34 -0400] "GET /shopdetail/1333770/ HTTP/1.1" 404 17537 "-" "Mozilla/5.0 (Linux; Android 6.0.1; Nexus 5X Build/MMB29P) AppleWebKit/537.36 (KHTML, like Gecko) Chrome/137.0.7151.103 Mobile Safari/537.36 (compatible; Googlebot/2.1; +http://www.google.com/bot.html)"
66.249.79.196 - - [06/Jul/2025:09:07:54 -0400] "GET /shopdetail/5638381/ HTTP/1.1" 404 17539 "-" "Mozilla/5.0 (Linux; Android 6.0.1; Nexus 5X Build/MMB29P) AppleWebKit/537.36 (KHTML, like Gecko) Chrome/137.0.7151.103 Mobile Safari/537.36 (compatible; Googlebot/2.1; +http://www.google.com/bot.html)"
66.249.79.197 - - [06/Jul/2025:09:08:05 -0400] "GET /shopdetail/3356070/ HTTP/1.1" 404 17574 "-" "Mozilla/5.0 (Linux; Android 6.0.1; Nexus 5X Build/MMB29P) AppleWebKit/537.36 (KHTML, like Gecko) Chrome/137.0.7151.103 Mobile Safari/537.36 (compatible; Googlebot/2.1; +http://www.google.com/bot.html)"
23.92.177.29 - - [06/Jul/2025:09:08:29 -0400] "POST /wp-cron.php?doing_wp_cron=1751807309.7823650836944580078125 HTTP/1.1" 200 0 "-" "WordPress/6.7.2; https://bodyguardslosangeles.net"
66.249.79.196 - - [06/Jul/2025:09:08:28 -0400] "GET /shopdetail/5205036/ HTTP/1.1" 404 17538 "-" "Mozilla/5.0 (Linux; Android 6.0.1; Nexus 5X Build/MMB29P) AppleWebKit/537.36 (KHTML, like Gecko) Chrome/137.0.7151.103 Mobile Safari/537.36 (compatible; Googlebot/2.1; +http://www.google.com/bot.html)"
57.141.4.8 - - [06/Jul/2025:09:08:44 -0400] "GET /shopdetail/17872770/ HTTP/1.1" 404 76487 "-" "meta-externalagent/1.1 (+https://developers.facebook.com/docs/sharing/webmasters/crawler)"
66.249.79.196 - - [06/Jul/2025:09:08:48 -0400] "GET /shopdetail/5233925/ HTTP/1.1" 404 17539 "-" "Mozilla/5.0 (Linux; Android 6.0.1; Nexus 5X Build/MMB29P) AppleWebKit/537.36 (KHTML, like Gecko) Chrome/137.0.7151.103 Mobile Safari/537.36 (compatible; Googlebot/2.1; +http://www.google.com/bot.html)"
57.141.4.5 - - [06/Jul/2025:09:08:51 -0400] "GET /shopdetail/3400714/ HTTP/1.1" 404 76485 "-" "meta-externalagent/1.1 (+https://developers.facebook.com/docs/sharing/webmasters/crawler)"
57.141.4.2 - - [06/Jul/2025:09:08:57 -0400] "GET /shopdetail/19496847/ HTTP/1.1" 404 76487 "-" "meta-externalagent/1.1 (+https://developers.facebook.com/docs/sharing/webmasters/crawler)"
66.249.79.197 - - [06/Jul/2025:09:09:10 -0400] "GET /shopdetail/10491903/ HTTP/1.1" 404 17539 "-" "Mozilla/5.0 (Linux; Android 6.0.1; Nexus 5X Build/MMB29P) AppleWebKit/537.36 (KHTML, like Gecko) Chrome/137.0.7151.103 Mobile Safari/537.36 (compatible; Googlebot/2.1; +http://www.google.com/bot.html)"
23.92.177.29 - - [06/Jul/2025:09:09:20 -0400] "POST /wp-cron.php?doing_wp_cron=1751807360.8643419742584228515625 HTTP/1.1" 200 0 "-" "WordPress/6.7.2; https://bodyguardslosangeles.net"
66.249.79.196 - - [06/Jul/2025:09:09:20 -0400] "GET /shopdetail/24918169/ HTTP/1.1" 404 17539 "-" "Mozilla/5.0 (Linux; Android 6.0.1; Nexus 5X Build/MMB29P) AppleWebKit/537.36 (KHTML, like Gecko) Chrome/137.0.7151.103 Mobile Safari/537.36 (compatible; Googlebot/2.1; +http://www.google.com/bot.html)"
66.249.79.198 - - [06/Jul/2025:09:10:02 -0400] "GET /shopdetail/2402703/ HTTP/1.1" 404 17538 "-" "Mozilla/5.0 (Linux; Android 6.0.1; Nexus 5X Build/MMB29P) AppleWebKit/537.36 (KHTML, like Gecko) Chrome/137.0.7151.103 Mobile Safari/537.36 (compatible; Googlebot/2.1; +http://www.google.com/bot.html)"
66.249.79.198 - - [06/Jul/2025:09:10:05 -0400] "GET /shopdetail/21538036/ HTTP/1.1" 404 17539 "-" "Mozilla/5.0 (Linux; Android 6.0.1; Nexus 5X Build/MMB29P) AppleWebKit/537.36 (KHTML, like Gecko) Chrome/137.0.7151.103 Mobile Safari/537.36 (compatible; Googlebot/2.1; +http://www.google.com/bot.html)"
57.141.4.25 - - [06/Jul/2025:09:10:10 -0400] "GET /shopdetail/7477636/ HTTP/1.1" 404 76485 "-" "meta-externalagent/1.1 (+https://developers.facebook.com/docs/sharing/webmasters/crawler)"
23.92.177.29 - - [06/Jul/2025:09:10:28 -0400] "POST /wp-cron.php?doing_wp_cron=1751807428.1771299839019775390625 HTTP/1.1" 200 0 "-" "WordPress/6.7.2; https://bodyguardslosangeles.net"
66.249.79.197 - - [06/Jul/2025:09:10:27 -0400] "GET /shopdetail/24253692/ HTTP/1.1" 404 17538 "-" "Mozilla/5.0 (Linux; Android 6.0.1; Nexus 5X Build/MMB29P) AppleWebKit/537.36 (KHTML, like Gecko) Chrome/137.0.7151.103 Mobile Safari/537.36 (compatible; Googlebot/2.1; +http://www.google.com/bot.html)"
57.141.4.21 - - [06/Jul/2025:09:10:44 -0400] "GET /shopdetail/8472947/ HTTP/1.1" 404 76485 "-" "meta-externalagent/1.1 (+https://developers.facebook.com/docs/sharing/webmasters/crawler)"
66.249.79.196 - - [06/Jul/2025:09:10:56 -0400] "GET /shopdetail/9191858/ HTTP/1.1" 404 17539 "-" "Mozilla/5.0 (Linux; Android 6.0.1; Nexus 5X Build/MMB29P) AppleWebKit/537.36 (KHTML, like Gecko) Chrome/137.0.7151.103 Mobile Safari/537.36 (compatible; Googlebot/2.1; +http://www.google.com/bot.html)"
66.249.79.196 - - [06/Jul/2025:09:11:00 -0400] "GET /shopdetail/11127481/ HTTP/1.1" 404 17539 "-" "Mozilla/5.0 (Linux; Android 6.0.1; Nexus 5X Build/MMB29P) AppleWebKit/537.36 (KHTML, like Gecko) Chrome/137.0.7151.103 Mobile Safari/537.36 (compatible; Googlebot/2.1; +http://www.google.com/bot.html)"
23.92.177.29 - - [06/Jul/2025:09:11:20 -0400] "POST /wp-cron.php?doing_wp_cron=1751807480.1053891181945800781250 HTTP/1.1" 200 0 "-" "WordPress/6.7.2; https://bodyguardslosangeles.net"
66.249.79.196 - - [06/Jul/2025:09:11:19 -0400] "GET /shopdetail/6533970/ HTTP/1.1" 404 17538 "-" "Mozilla/5.0 (Linux; Android 6.0.1; Nexus 5X Build/MMB29P) AppleWebKit/537.36 (KHTML, like Gecko) Chrome/137.0.7151.103 Mobile Safari/537.36 (compatible; Googlebot/2.1; +http://www.google.com/bot.html)"
66.249.79.196 - - [06/Jul/2025:09:11:31 -0400] "GET /shopdetail/2778270/ HTTP/1.1" 404 17540 "-" "Mozilla/5.0 (Linux; Android 6.0.1; Nexus 5X Build/MMB29P) AppleWebKit/537.36 (KHTML, like Gecko) Chrome/137.0.7151.103 Mobile Safari/537.36 (compatible; Googlebot/2.1; +http://www.google.com/bot.html)"
57.141.4.29 - - [06/Jul/2025:09:11:39 -0400] "GET /shopdetail/14529581/ HTTP/1.1" 404 76487 "-" "meta-externalagent/1.1 (+https://developers.facebook.com/docs/sharing/webmasters/crawler)"
57.141.4.10 - - [06/Jul/2025:09:11:49 -0400] "GET /shopdetail/13970936/ HTTP/1.1" 404 76487 "-" "meta-externalagent/1.1 (+https://developers.facebook.com/docs/sharing/webmasters/crawler)"
66.249.79.196 - - [06/Jul/2025:09:11:50 -0400] "GET /shopdetail/18176647/ HTTP/1.1" 404 17539 "-" "Mozilla/5.0 (Linux; Android 6.0.1; Nexus 5X Build/MMB29P) AppleWebKit/537.36 (KHTML, like Gecko) Chrome/137.0.7151.103 Mobile Safari/537.36 (compatible; Googlebot/2.1; +http://www.google.com/bot.html)"
66.249.79.196 - - [06/Jul/2025:09:11:56 -0400] "GET /shopdetail/1593781/ HTTP/1.1" 404 17539 "-" "Mozilla/5.0 (Linux; Android 6.0.1; Nexus 5X Build/MMB29P) AppleWebKit/537.36 (KHTML, like Gecko) Chrome/137.0.7151.103 Mobile Safari/537.36 (compatible; Googlebot/2.1; +http://www.google.com/bot.html)"
23.92.177.29 - - [06/Jul/2025:09:12:18 -0400] "POST /wp-cron.php?doing_wp_cron=1751807538.8465669155120849609375 HTTP/1.1" 200 0 "-" "WordPress/6.7.2; https://bodyguardslosangeles.net"
66.249.79.198 - - [06/Jul/2025:09:12:17 -0400] "GET /shopdetail/7111770/ HTTP/1.1" 404 17538 "-" "Mozilla/5.0 (Linux; Android 6.0.1; Nexus 5X Build/MMB29P) AppleWebKit/537.36 (KHTML, like Gecko) Chrome/137.0.7151.103 Mobile Safari/537.36 (compatible; Googlebot/2.1; +http://www.google.com/bot.html)"
57.141.4.26 - - [06/Jul/2025:09:12:26 -0400] "GET /shopdetail/5919392/ HTTP/1.1" 404 76485 "-" "meta-externalagent/1.1 (+https://developers.facebook.com/docs/sharing/webmasters/crawler)"
66.249.79.196 - - [06/Jul/2025:09:12:28 -0400] "GET /shopdetail/4887247/ HTTP/1.1" 404 17538 "-" "Mozilla/5.0 (Linux; Android 6.0.1; Nexus 5X Build/MMB29P) AppleWebKit/537.36 (KHTML, like Gecko) Chrome/137.0.7151.103 Mobile Safari/537.36 (compatible; Googlebot/2.1; +http://www.google.com/bot.html)"
57.141.4.12 - - [06/Jul/2025:09:12:30 -0400] "GET /shopdetail/18090747/ HTTP/1.1" 404 76487 "-" "meta-externalagent/1.1 (+https://developers.facebook.com/docs/sharing/webmasters/crawler)"
57.141.4.6 - - [06/Jul/2025:09:12:39 -0400] "GET /shopdetail/22009303/ HTTP/1.1" 404 76487 "-" "meta-externalagent/1.1 (+https://developers.facebook.com/docs/sharing/webmasters/crawler)"
66.249.79.196 - - [06/Jul/2025:09:12:47 -0400] "GET /shopdetail/14652069/ HTTP/1.1" 404 17539 "-" "Mozilla/5.0 (Linux; Android 6.0.1; Nexus 5X Build/MMB29P) AppleWebKit/537.36 (KHTML, like Gecko) Chrome/137.0.7151.103 Mobile Safari/537.36 (compatible; Googlebot/2.1; +http://www.google.com/bot.html)"
57.141.4.11 - - [06/Jul/2025:09:12:49 -0400] "GET /shopdetail/9319392/ HTTP/1.1" 404 76485 "-" "meta-externalagent/1.1 (+https://developers.facebook.com/docs/sharing/webmasters/crawler)"
66.249.79.197 - - [06/Jul/2025:09:13:10 -0400] "GET /shopdetail/21473303/ HTTP/1.1" 404 17539 "-" "Mozilla/5.0 (Linux; Android 6.0.1; Nexus 5X Build/MMB29P) AppleWebKit/537.36 (KHTML, like Gecko) Chrome/137.0.7151.103 Mobile Safari/537.36 (compatible; Googlebot/2.1; +http://www.google.com/bot.html)"
23.92.177.29 - - [06/Jul/2025:09:13:21 -0400] "POST /wp-cron.php?doing_wp_cron=1751807601.3216559886932373046875 HTTP/1.1" 200 0 "-" "WordPress/6.7.2; https://bodyguardslosangeles.net"
66.249.79.197 - - [06/Jul/2025:09:13:20 -0400] "GET /shopdetail/8617258/ HTTP/1.1" 404 17539 "-" "Mozilla/5.0 (Linux; Android 6.0.1; Nexus 5X Build/MMB29P) AppleWebKit/537.36 (KHTML, like Gecko) Chrome/137.0.7151.103 Mobile Safari/537.36 (compatible; Googlebot/2.1; +http://www.google.com/bot.html)"
57.141.4.5 - - [06/Jul/2025:09:13:49 -0400] "GET /shopdetail/18988792/ HTTP/1.1" 404 76487 "-" "meta-externalagent/1.1 (+https://developers.facebook.com/docs/sharing/webmasters/crawler)"
66.249.79.196 - - [06/Jul/2025:09:13:57 -0400] "GET /shopdetail/21011069/ HTTP/1.1" 404 17593 "-" "Mozilla/5.0 (Linux; Android 6.0.1; Nexus 5X Build/MMB29P) AppleWebKit/537.36 (KHTML, like Gecko) Chrome/137.0.7151.103 Mobile Safari/537.36 (compatible; Googlebot/2.1; +http://www.google.com/bot.html)"
66.249.79.196 - - [06/Jul/2025:09:14:07 -0400] "GET /shopdetail/19277669/ HTTP/1.1" 404 17539 "-" "Mozilla/5.0 (Linux; Android 6.0.1; Nexus 5X Build/MMB29P) AppleWebKit/537.36 (KHTML, like Gecko) Chrome/137.0.7151.103 Mobile Safari/537.36 (compatible; Googlebot/2.1; +http://www.google.com/bot.html)"
23.92.177.29 - - [06/Jul/2025:09:14:13 -0400] "POST /wp-cron.php?doing_wp_cron=1751807653.9833300113677978515625 HTTP/1.1" 200 0 "-" "WordPress/6.7.2; https://bodyguardslosangeles.net"
57.141.4.12 - - [06/Jul/2025:09:14:13 -0400] "GET /shopdetail/1401558/ HTTP/1.1" 404 76485 "-" "meta-externalagent/1.1 (+https://developers.facebook.com/docs/sharing/webmasters/crawler)"
66.249.79.196 - - [06/Jul/2025:09:14:26 -0400] "GET /shopdetail/4283758/ HTTP/1.1" 404 17538 "-" "Mozilla/5.0 (Linux; Android 6.0.1; Nexus 5X Build/MMB29P) AppleWebKit/537.36 (KHTML, like Gecko) Chrome/137.0.7151.103 Mobile Safari/537.36 (compatible; Googlebot/2.1; +http://www.google.com/bot.html)"
57.141.4.16 - - [06/Jul/2025:09:14:51 -0400] "GET /shopdetail/15005714/ HTTP/1.1" 404 76487 "-" "meta-externalagent/1.1 (+https://developers.facebook.com/docs/sharing/webmasters/crawler)"
57.141.4.28 - - [06/Jul/2025:09:14:52 -0400] "GET /shopdetail/23498447/ HTTP/1.1" 404 76487 "-" "meta-externalagent/1.1 (+https://developers.facebook.com/docs/sharing/webmasters/crawler)"
57.141.4.20 - - [06/Jul/2025:09:14:57 -0400] "GET /shopdetail/20837869/ HTTP/1.1" 404 76487 "-" "meta-externalagent/1.1 (+https://developers.facebook.com/docs/sharing/webmasters/crawler)"
57.141.4.27 - - [06/Jul/2025:09:15:10 -0400] "GET /shopdetail/4191381/ HTTP/1.1" 404 76485 "-" "meta-externalagent/1.1 (+https://developers.facebook.com/docs/sharing/webmasters/crawler)"
23.92.177.29 - - [06/Jul/2025:09:15:28 -0400] "POST /wp-cron.php?doing_wp_cron=1751807728.4761838912963867187500 HTTP/1.1" 200 0 "-" "WordPress/6.7.2; https://bodyguardslosangeles.net"
