57.141.4.2 - - [06/Jul/2025:17:35:55 -0400] "GET /shopdetail/8196458/ HTTP/1.1" 404 76485 "-" "meta-externalagent/1.1 (+https://developers.facebook.com/docs/sharing/webmasters/crawler)"
23.92.177.29 - - [06/Jul/2025:17:36:31 -0400] "POST /wp-cron.php?doing_wp_cron=1751837791.6351571083068847656250 HTTP/1.1" 200 0 "-" "WordPress/6.7.2; https://bodyguardslosangeles.net"
57.141.4.15 - - [06/Jul/2025:17:36:30 -0400] "GET /shopdetail/22975725/ HTTP/1.1" 404 76487 "-" "meta-externalagent/1.1 (+https://developers.facebook.com/docs/sharing/webmasters/crawler)"
57.141.4.26 - - [06/Jul/2025:17:36:41 -0400] "GET /shopdetail/12328336/ HTTP/1.1" 404 76487 "-" "meta-externalagent/1.1 (+https://developers.facebook.com/docs/sharing/webmasters/crawler)"
23.92.177.29 - - [06/Jul/2025:17:37:13 -0400] "POST /wp-cron.php?doing_wp_cron=1751837833.5809929370880126953125 HTTP/1.1" 200 0 "-" "WordPress/6.7.2; https://bodyguardslosangeles.net"
57.141.4.12 - - [06/Jul/2025:17:37:12 -0400] "GET /shopdetail/16435369/ HTTP/1.1" 404 76487 "-" "meta-externalagent/1.1 (+https://developers.facebook.com/docs/sharing/webmasters/crawler)"
57.141.4.5 - - [06/Jul/2025:17:37:13 -0400] "GET /shopdetail/21213325/ HTTP/1.1" 404 76487 "-" "meta-externalagent/1.1 (+https://developers.facebook.com/docs/sharing/webmasters/crawler)"
57.141.4.9 - - [06/Jul/2025:17:37:14 -0400] "GET /shopdetail/17187469/ HTTP/1.1" 404 76487 "-" "meta-externalagent/1.1 (+https://developers.facebook.com/docs/sharing/webmasters/crawler)"
57.141.4.26 - - [06/Jul/2025:17:37:53 -0400] "GET /shopdetail/11492892/ HTTP/1.1" 404 76487 "-" "meta-externalagent/1.1 (+https://developers.facebook.com/docs/sharing/webmasters/crawler)"
57.141.4.5 - - [06/Jul/2025:17:38:00 -0400] "GET /shopdetail/11499525/ HTTP/1.1" 404 76487 "-" "meta-externalagent/1.1 (+https://developers.facebook.com/docs/sharing/webmasters/crawler)"
23.92.177.29 - - [06/Jul/2025:17:38:34 -0400] "POST /wp-cron.php?doing_wp_cron=1751837914.4029700756072998046875 HTTP/1.1" 200 0 "-" "WordPress/6.7.2; https://bodyguardslosangeles.net"
57.141.4.7 - - [06/Jul/2025:17:38:33 -0400] "GET /shopdetail/9872469/ HTTP/1.1" 404 76485 "-" "meta-externalagent/1.1 (+https://developers.facebook.com/docs/sharing/webmasters/crawler)"
57.141.4.21 - - [06/Jul/2025:17:38:48 -0400] "GET /shopdetail/10619447/ HTTP/1.1" 404 76487 "-" "meta-externalagent/1.1 (+https://developers.facebook.com/docs/sharing/webmasters/crawler)"
57.141.4.18 - - [06/Jul/2025:17:38:52 -0400] "GET /shopdetail/11351681/ HTTP/1.1" 404 76487 "-" "meta-externalagent/1.1 (+https://developers.facebook.com/docs/sharing/webmasters/crawler)"
57.141.4.24 - - [06/Jul/2025:17:39:06 -0400] "GET /shopdetail/6356525/ HTTP/1.1" 404 76485 "-" "meta-externalagent/1.1 (+https://developers.facebook.com/docs/sharing/webmasters/crawler)"
57.141.4.24 - - [06/Jul/2025:17:39:10 -0400] "GET /shopdetail/20202136/ HTTP/1.1" 404 76487 "-" "meta-externalagent/1.1 (+https://developers.facebook.com/docs/sharing/webmasters/crawler)"
23.92.177.29 - - [06/Jul/2025:17:39:22 -0400] "POST /wp-cron.php?doing_wp_cron=1751837962.6850790977478027343750 HTTP/1.1" 200 0 "-" "WordPress/6.7.2; https://bodyguardslosangeles.net"
57.141.4.3 - - [06/Jul/2025:17:39:21 -0400] "GET /shopdetail/24732292/ HTTP/1.1" 404 76487 "-" "meta-externalagent/1.1 (+https://developers.facebook.com/docs/sharing/webmasters/crawler)"
57.141.4.16 - - [06/Jul/2025:17:39:51 -0400] "GET /shopdetail/22686714/ HTTP/1.1" 404 76487 "-" "meta-externalagent/1.1 (+https://developers.facebook.com/docs/sharing/webmasters/crawler)"
57.141.4.7 - - [06/Jul/2025:17:40:03 -0400] "GET /shopdetail/23331147/ HTTP/1.1" 404 76487 "-" "meta-externalagent/1.1 (+https://developers.facebook.com/docs/sharing/webmasters/crawler)"
23.92.177.29 - - [06/Jul/2025:17:42:20 -0400] "POST /wp-cron.php?doing_wp_cron=1751838140.0292971134185791015625 HTTP/1.1" 200 0 "-" "WordPress/6.7.2; https://bodyguardslosangeles.net"
57.141.4.16 - - [06/Jul/2025:17:42:19 -0400] "GET /shopdetail/3834069/ HTTP/1.1" 404 76485 "-" "meta-externalagent/1.1 (+https://developers.facebook.com/docs/sharing/webmasters/crawler)"
57.141.4.2 - - [06/Jul/2025:17:42:30 -0400] "GET /shopdetail/23839858/ HTTP/1.1" 404 76487 "-" "meta-externalagent/1.1 (+https://developers.facebook.com/docs/sharing/webmasters/crawler)"
57.141.4.22 - - [06/Jul/2025:17:42:35 -0400] "GET /shopdetail/3492647/ HTTP/1.1" 404 76485 "-" "meta-externalagent/1.1 (+https://developers.facebook.com/docs/sharing/webmasters/crawler)"
57.141.4.24 - - [06/Jul/2025:17:43:24 -0400] "GET /shopdetail/9703992/ HTTP/1.1" 404 76485 "-" "meta-externalagent/1.1 (+https://developers.facebook.com/docs/sharing/webmasters/crawler)"
57.141.4.30 - - [06/Jul/2025:17:43:46 -0400] "GET /shopdetail/17365347/ HTTP/1.1" 404 76487 "-" "meta-externalagent/1.1 (+https://developers.facebook.com/docs/sharing/webmasters/crawler)"
57.141.4.18 - - [06/Jul/2025:17:44:39 -0400] "GET /shopdetail/19969758/ HTTP/1.1" 404 76487 "-" "meta-externalagent/1.1 (+https://developers.facebook.com/docs/sharing/webmasters/crawler)"
57.141.4.14 - - [06/Jul/2025:17:44:48 -0400] "GET /shopdetail/24519692/ HTTP/1.1" 404 76487 "-" "meta-externalagent/1.1 (+https://developers.facebook.com/docs/sharing/webmasters/crawler)"
57.141.4.9 - - [06/Jul/2025:17:45:09 -0400] "GET /shopdetail/11130670/ HTTP/1.1" 404 76487 "-" "meta-externalagent/1.1 (+https://developers.facebook.com/docs/sharing/webmasters/crawler)"
23.92.177.29 - - [06/Jul/2025:17:45:21 -0400] "POST /wp-cron.php?doing_wp_cron=1751838321.5828330516815185546875 HTTP/1.1" 200 0 "-" "WordPress/6.7.2; https://bodyguardslosangeles.net"
57.141.4.10 - - [06/Jul/2025:17:45:20 -0400] "GET /shopdetail/19335581/ HTTP/1.1" 404 76487 "-" "meta-externalagent/1.1 (+https://developers.facebook.com/docs/sharing/webmasters/crawler)"
57.141.4.20 - - [06/Jul/2025:17:46:06 -0400] "GET /shopdetail/21374692/ HTTP/1.1" 404 76487 "-" "meta-externalagent/1.1 (+https://developers.facebook.com/docs/sharing/webmasters/crawler)"
23.92.177.29 - - [06/Jul/2025:17:47:15 -0400] "POST /wp-cron.php?doing_wp_cron=1751838435.7445390224456787109375 HTTP/1.1" 200 0 "-" "WordPress/6.7.2; https://bodyguardslosangeles.net"
57.141.4.13 - - [06/Jul/2025:17:47:15 -0400] "GET /shopdetail/10834470/ HTTP/1.1" 404 76487 "-" "meta-externalagent/1.1 (+https://developers.facebook.com/docs/sharing/webmasters/crawler)"
57.141.4.8 - - [06/Jul/2025:17:47:24 -0400] "GET /shopdetail/16583581/ HTTP/1.1" 404 76487 "-" "meta-externalagent/1.1 (+https://developers.facebook.com/docs/sharing/webmasters/crawler)"
57.141.4.4 - - [06/Jul/2025:17:47:32 -0400] "GET /shopdetail/13466181/ HTTP/1.1" 404 76487 "-" "meta-externalagent/1.1 (+https://developers.facebook.com/docs/sharing/webmasters/crawler)"
57.141.4.13 - - [06/Jul/2025:17:47:44 -0400] "GET /shopdetail/17109647/ HTTP/1.1" 404 76487 "-" "meta-externalagent/1.1 (+https://developers.facebook.com/docs/sharing/webmasters/crawler)"
57.141.4.9 - - [06/Jul/2025:17:47:47 -0400] "GET /shopdetail/19875492/ HTTP/1.1" 404 76487 "-" "meta-externalagent/1.1 (+https://developers.facebook.com/docs/sharing/webmasters/crawler)"
57.141.4.30 - - [06/Jul/2025:17:47:52 -0400] "GET /shopdetail/5006147/ HTTP/1.1" 404 76485 "-" "meta-externalagent/1.1 (+https://developers.facebook.com/docs/sharing/webmasters/crawler)"
216.73.216.121 - - [06/Jul/2025:17:48:33 -0400] "GET /sitemap450.xml HTTP/1.1" 404 17540 "-" "Mozilla/5.0 AppleWebKit/537.36 (KHTML, like Gecko; compatible; ClaudeBot/1.0; +claudebot@anthropic.com)"
57.141.4.10 - - [06/Jul/2025:17:48:34 -0400] "GET /shopdetail/18515447/ HTTP/1.1" 404 76487 "-" "meta-externalagent/1.1 (+https://developers.facebook.com/docs/sharing/webmasters/crawler)"
57.141.4.13 - - [06/Jul/2025:17:48:51 -0400] "GET /shopdetail/2210470/ HTTP/1.1" 404 76485 "-" "meta-externalagent/1.1 (+https://developers.facebook.com/docs/sharing/webmasters/crawler)"
57.141.4.5 - - [06/Jul/2025:17:49:05 -0400] "GET /shopdetail/23734125/ HTTP/1.1" 404 76487 "-" "meta-externalagent/1.1 (+https://developers.facebook.com/docs/sharing/webmasters/crawler)"
23.92.177.29 - - [06/Jul/2025:17:51:25 -0400] "POST /wp-cron.php?doing_wp_cron=1751838685.2040719985961914062500 HTTP/1.1" 200 0 "-" "WordPress/6.7.2; https://bodyguardslosangeles.net"
57.141.4.26 - - [06/Jul/2025:17:51:24 -0400] "GET /shopdetail/13197858/ HTTP/1.1" 404 76487 "-" "meta-externalagent/1.1 (+https://developers.facebook.com/docs/sharing/webmasters/crawler)"
57.141.4.5 - - [06/Jul/2025:17:51:59 -0400] "GET /shopdetail/4701370/ HTTP/1.1" 404 76485 "-" "meta-externalagent/1.1 (+https://developers.facebook.com/docs/sharing/webmasters/crawler)"
57.141.4.13 - - [06/Jul/2025:17:54:58 -0400] "GET /shopdetail/15432869/ HTTP/1.1" 404 76487 "-" "meta-externalagent/1.1 (+https://developers.facebook.com/docs/sharing/webmasters/crawler)"
57.141.4.25 - - [06/Jul/2025:17:55:00 -0400] "GET /shopdetail/23437814/ HTTP/1.1" 404 76487 "-" "meta-externalagent/1.1 (+https://developers.facebook.com/docs/sharing/webmasters/crawler)"
23.92.177.29 - - [06/Jul/2025:17:55:16 -0400] "POST /wp-cron.php?doing_wp_cron=1751838916.4749159812927246093750 HTTP/1.1" 200 0 "-" "WordPress/6.7.2; https://bodyguardslosangeles.net"
57.141.4.26 - - [06/Jul/2025:17:55:15 -0400] "GET /shopdetail/14249536/ HTTP/1.1" 404 76487 "-" "meta-externalagent/1.1 (+https://developers.facebook.com/docs/sharing/webmasters/crawler)"
57.141.4.3 - - [06/Jul/2025:17:55:38 -0400] "GET /shopdetail/16377581/ HTTP/1.1" 404 76487 "-" "meta-externalagent/1.1 (+https://developers.facebook.com/docs/sharing/webmasters/crawler)"
57.141.4.3 - - [06/Jul/2025:17:55:55 -0400] "GET /shopdetail/3201914/ HTTP/1.1" 404 76485 "-" "meta-externalagent/1.1 (+https://developers.facebook.com/docs/sharing/webmasters/crawler)"
57.141.4.3 - - [06/Jul/2025:17:56:52 -0400] "GET /shopdetail/22274914/ HTTP/1.1" 404 76487 "-" "meta-externalagent/1.1 (+https://developers.facebook.com/docs/sharing/webmasters/crawler)"
57.141.4.30 - - [06/Jul/2025:17:57:06 -0400] "GET /shopdetail/8695069/ HTTP/1.1" 404 76485 "-" "meta-externalagent/1.1 (+https://developers.facebook.com/docs/sharing/webmasters/crawler)"
23.92.177.29 - - [06/Jul/2025:17:57:36 -0400] "POST /wp-cron.php?doing_wp_cron=1751839056.0787351131439208984375 HTTP/1.1" 200 0 "-" "WordPress/6.7.2; https://bodyguardslosangeles.net"
57.141.4.24 - - [06/Jul/2025:17:57:35 -0400] "GET /shopdetail/3438636/ HTTP/1.1" 404 76485 "-" "meta-externalagent/1.1 (+https://developers.facebook.com/docs/sharing/webmasters/crawler)"
57.141.4.23 - - [06/Jul/2025:17:57:57 -0400] "GET /shopdetail/6521447/ HTTP/1.1" 404 76485 "-" "meta-externalagent/1.1 (+https://developers.facebook.com/docs/sharing/webmasters/crawler)"
57.141.4.7 - - [06/Jul/2025:17:58:08 -0400] "GET /shopdetail/21590070/ HTTP/1.1" 404 76487 "-" "meta-externalagent/1.1 (+https://developers.facebook.com/docs/sharing/webmasters/crawler)"
23.92.177.29 - - [06/Jul/2025:17:58:35 -0400] "POST /wp-cron.php?doing_wp_cron=1751839115.6093230247497558593750 HTTP/1.1" 200 0 "-" "WordPress/6.7.2; https://bodyguardslosangeles.net"
57.141.4.16 - - [06/Jul/2025:17:58:34 -0400] "GET /shopdetail/20799970/ HTTP/1.1" 404 76487 "-" "meta-externalagent/1.1 (+https://developers.facebook.com/docs/sharing/webmasters/crawler)"
57.141.4.13 - - [06/Jul/2025:17:58:40 -0400] "GET /shopdetail/1546003/ HTTP/1.1" 404 76485 "-" "meta-externalagent/1.1 (+https://developers.facebook.com/docs/sharing/webmasters/crawler)"
23.92.177.29 - - [06/Jul/2025:18:00:15 -0400] "POST /wp-cron.php?doing_wp_cron=1751839215.9781351089477539062500 HTTP/1.1" 200 0 "-" "WordPress/6.7.2; https://bodyguardslosangeles.net"
66.249.64.164 - - [06/Jul/2025:18:00:14 -0400] "GET /shopdetail/2234469/ HTTP/1.1" 404 17539 "-" "Mozilla/5.0 (Linux; Android 6.0.1; Nexus 5X Build/MMB29P) AppleWebKit/537.36 (KHTML, like Gecko) Chrome/137.0.7151.103 Mobile Safari/537.36 (compatible; GoogleOther)"
57.141.4.15 - - [06/Jul/2025:18:01:35 -0400] "GET /shopdetail/1927936/ HTTP/1.1" 404 76485 "-" "meta-externalagent/1.1 (+https://developers.facebook.com/docs/sharing/webmasters/crawler)"
57.141.4.24 - - [06/Jul/2025:18:01:37 -0400] "GET /shopdetail/19942125/ HTTP/1.1" 404 76487 "-" "meta-externalagent/1.1 (+https://developers.facebook.com/docs/sharing/webmasters/crawler)"
57.141.4.15 - - [06/Jul/2025:18:02:01 -0400] "GET /shopdetail/6847147/ HTTP/1.1" 404 76485 "-" "meta-externalagent/1.1 (+https://developers.facebook.com/docs/sharing/webmasters/crawler)"
23.92.177.29 - - [06/Jul/2025:18:02:18 -0400] "POST /wp-cron.php?doing_wp_cron=1751839338.4387979507446289062500 HTTP/1.1" 200 0 "-" "WordPress/6.7.2; https://bodyguardslosangeles.net"
57.141.4.1 - - [06/Jul/2025:18:02:16 -0400] "GET /shopdetail/4276447/ HTTP/1.1" 404 76485 "-" "meta-externalagent/1.1 (+https://developers.facebook.com/docs/sharing/webmasters/crawler)"
57.141.4.10 - - [06/Jul/2025:18:02:33 -0400] "GET /shopdetail/14358547/ HTTP/1.1" 404 76487 "-" "meta-externalagent/1.1 (+https://developers.facebook.com/docs/sharing/webmasters/crawler)"
57.141.4.2 - - [06/Jul/2025:18:02:37 -0400] "GET /shopdetail/24234803/ HTTP/1.1" 404 76487 "-" "meta-externalagent/1.1 (+https://developers.facebook.com/docs/sharing/webmasters/crawler)"
57.141.4.13 - - [06/Jul/2025:18:03:58 -0400] "GET /shopdetail/15126281/ HTTP/1.1" 404 76487 "-" "meta-externalagent/1.1 (+https://developers.facebook.com/docs/sharing/webmasters/crawler)"
57.141.4.5 - - [06/Jul/2025:18:04:09 -0400] "GET /shopdetail/10206347/ HTTP/1.1" 404 76487 "-" "meta-externalagent/1.1 (+https://developers.facebook.com/docs/sharing/webmasters/crawler)"
23.92.177.29 - - [06/Jul/2025:18:04:33 -0400] "POST /wp-cron.php?doing_wp_cron=1751839473.4466209411621093750000 HTTP/1.1" 200 0 "-" "WordPress/6.7.2; https://bodyguardslosangeles.net"
57.141.4.1 - - [06/Jul/2025:18:04:32 -0400] "GET /shopdetail/7044614/ HTTP/1.1" 404 76485 "-" "meta-externalagent/1.1 (+https://developers.facebook.com/docs/sharing/webmasters/crawler)"
57.141.4.3 - - [06/Jul/2025:18:04:33 -0400] "GET /shopdetail/16039558/ HTTP/1.1" 404 76487 "-" "meta-externalagent/1.1 (+https://developers.facebook.com/docs/sharing/webmasters/crawler)"
57.141.4.5 - - [06/Jul/2025:18:04:52 -0400] "GET /shopdetail/14847370/ HTTP/1.1" 404 76487 "-" "meta-externalagent/1.1 (+https://developers.facebook.com/docs/sharing/webmasters/crawler)"
57.141.4.2 - - [06/Jul/2025:18:04:55 -0400] "GET /shopdetail/8752847/ HTTP/1.1" 404 76485 "-" "meta-externalagent/1.1 (+https://developers.facebook.com/docs/sharing/webmasters/crawler)"
57.141.4.26 - - [06/Jul/2025:18:05:07 -0400] "GET /shopdetail/23114458/ HTTP/1.1" 404 76487 "-" "meta-externalagent/1.1 (+https://developers.facebook.com/docs/sharing/webmasters/crawler)"
23.92.177.29 - - [06/Jul/2025:18:05:39 -0400] "POST /wp-cron.php?doing_wp_cron=1751839539.6770470142364501953125 HTTP/1.1" 200 0 "-" "WordPress/6.7.2; https://bodyguardslosangeles.net"
57.141.4.11 - - [06/Jul/2025:18:05:38 -0400] "GET /shopdetail/15826847/ HTTP/1.1" 404 76487 "-" "meta-externalagent/1.1 (+https://developers.facebook.com/docs/sharing/webmasters/crawler)"
57.141.4.15 - - [06/Jul/2025:18:05:41 -0400] "GET /shopdetail/23263558/ HTTP/1.1" 404 76487 "-" "meta-externalagent/1.1 (+https://developers.facebook.com/docs/sharing/webmasters/crawler)"
57.141.4.30 - - [06/Jul/2025:18:06:13 -0400] "GET /shopdetail/19017647/ HTTP/1.1" 404 76487 "-" "meta-externalagent/1.1 (+https://developers.facebook.com/docs/sharing/webmasters/crawler)"
57.141.4.13 - - [06/Jul/2025:18:06:15 -0400] "GET /shopdetail/9049336/ HTTP/1.1" 404 76485 "-" "meta-externalagent/1.1 (+https://developers.facebook.com/docs/sharing/webmasters/crawler)"
57.141.4.6 - - [06/Jul/2025:18:06:45 -0400] "GET /shopdetail/14048781/ HTTP/1.1" 404 76487 "-" "meta-externalagent/1.1 (+https://developers.facebook.com/docs/sharing/webmasters/crawler)"
23.92.177.29 - - [06/Jul/2025:18:07:52 -0400] "POST /wp-cron.php?doing_wp_cron=1751839672.1842470169067382812500 HTTP/1.1" 200 0 "-" "WordPress/6.7.2; https://bodyguardslosangeles.net"
57.141.4.28 - - [06/Jul/2025:18:07:51 -0400] "GET /shopdetail/3409236/ HTTP/1.1" 404 76485 "-" "meta-externalagent/1.1 (+https://developers.facebook.com/docs/sharing/webmasters/crawler)"
57.141.4.8 - - [06/Jul/2025:18:07:52 -0400] "GET /shopdetail/9069370/ HTTP/1.1" 404 76485 "-" "meta-externalagent/1.1 (+https://developers.facebook.com/docs/sharing/webmasters/crawler)"
23.92.177.29 - - [06/Jul/2025:18:08:30 -0400] "POST /wp-cron.php?doing_wp_cron=1751839710.7431740760803222656250 HTTP/1.1" 200 0 "-" "WordPress/6.7.2; https://bodyguardslosangeles.net"
57.141.4.23 - - [06/Jul/2025:18:08:29 -0400] "GET /shopdetail/13145670/ HTTP/1.1" 404 76487 "-" "meta-externalagent/1.1 (+https://developers.facebook.com/docs/sharing/webmasters/crawler)"
57.141.4.29 - - [06/Jul/2025:18:08:54 -0400] "GET /shopdetail/26262858/ HTTP/1.1" 404 76487 "-" "meta-externalagent/1.1 (+https://developers.facebook.com/docs/sharing/webmasters/crawler)"
57.141.4.17 - - [06/Jul/2025:18:09:57 -0400] "GET /shopdetail/11697403/ HTTP/1.1" 404 76487 "-" "meta-externalagent/1.1 (+https://developers.facebook.com/docs/sharing/webmasters/crawler)"
57.141.4.2 - - [06/Jul/2025:18:10:04 -0400] "GET /shopdetail/24089381/ HTTP/1.1" 404 76487 "-" "meta-externalagent/1.1 (+https://developers.facebook.com/docs/sharing/webmasters/crawler)"
66.249.64.165 - - [06/Jul/2025:18:11:44 -0400] "GET / HTTP/1.1" 301 0 "-" "Mozilla/5.0 (Linux; Android 6.0.1; Nexus 5X Build/MMB29P) AppleWebKit/537.36 (KHTML, like Gecko) Chrome/137.0.7151.103 Mobile Safari/537.36 (compatible; Googlebot/2.1; +http://www.google.com/bot.html)"
57.141.4.11 - - [06/Jul/2025:18:12:22 -0400] "GET /shopdetail/15348769/ HTTP/1.1" 404 76487 "-" "meta-externalagent/1.1 (+https://developers.facebook.com/docs/sharing/webmasters/crawler)"
57.141.4.15 - - [06/Jul/2025:18:12:34 -0400] "GET /shopdetail/3842581/ HTTP/1.1" 404 76485 "-" "meta-externalagent/1.1 (+https://developers.facebook.com/docs/sharing/webmasters/crawler)"
57.141.4.3 - - [06/Jul/2025:18:12:55 -0400] "GET /shopdetail/3925992/ HTTP/1.1" 404 76485 "-" "meta-externalagent/1.1 (+https://developers.facebook.com/docs/sharing/webmasters/crawler)"
57.141.4.17 - - [06/Jul/2025:18:13:36 -0400] "GET /shopdetail/5153247/ HTTP/1.1" 404 76485 "-" "meta-externalagent/1.1 (+https://developers.facebook.com/docs/sharing/webmasters/crawler)"
63.109.222.25 - - [06/Jul/2025:18:13:57 -0400] "GET /ALFA_DATA/alfacgiapi HTTP/1.1" 404 17540 "-" "Mozilla/5.0 (Windows NT 10.0; Win64; x64) AppleWebKit/537.36 (KHTML, like Gecko) Chrome/87.0.4280.141 Safari/537.36"
23.92.177.29 - - [06/Jul/2025:18:14:22 -0400] "POST /wp-cron.php?doing_wp_cron=1751840062.6058359146118164062500 HTTP/1.1" 200 0 "-" "WordPress/6.7.2; https://bodyguardslosangeles.net"
57.141.4.29 - - [06/Jul/2025:18:14:21 -0400] "GET /shopdetail/13916670/ HTTP/1.1" 404 76487 "-" "meta-externalagent/1.1 (+https://developers.facebook.com/docs/sharing/webmasters/crawler)"
57.141.4.19 - - [06/Jul/2025:18:14:26 -0400] "GET /shopdetail/18997547/ HTTP/1.1" 404 76487 "-" "meta-externalagent/1.1 (+https://developers.facebook.com/docs/sharing/webmasters/crawler)"
14.155.228.117 - - [06/Jul/2025:18:15:54 -0400] "GET /robots.txt HTTP/1.1" 200 173 "-" "Mozilla/5.0 (Windows NT 10.0; WOW64) AppleWebKit/537.36 (KHTML, like Gecko) Chrome/86.0.3804.156 Safari/537.36 LBBROWSER"
23.92.177.29 - - [06/Jul/2025:18:15:59 -0400] "POST /wp-cron.php?doing_wp_cron=1751840159.9937798976898193359375 HTTP/1.1" 200 0 "-" "WordPress/6.7.2; https://bodyguardslosangeles.net"
216.73.216.121 - - [06/Jul/2025:18:15:59 -0400] "GET /sitemap805.xml HTTP/1.1" 404 17540 "-" "Mozilla/5.0 AppleWebKit/537.36 (KHTML, like Gecko; compatible; ClaudeBot/1.0; +claudebot@anthropic.com)"
23.92.177.29 - - [06/Jul/2025:18:17:20 -0400] "POST /wp-cron.php?doing_wp_cron=1751840240.4869039058685302734375 HTTP/1.1" 200 0 "-" "WordPress/6.7.2; https://bodyguardslosangeles.net"
57.141.4.17 - - [06/Jul/2025:18:17:19 -0400] "GET /shopdetail/14508381/ HTTP/1.1" 404 76487 "-" "meta-externalagent/1.1 (+https://developers.facebook.com/docs/sharing/webmasters/crawler)"
23.92.177.29 - - [06/Jul/2025:18:19:12 -0400] "POST /wp-cron.php?doing_wp_cron=1751840352.9633159637451171875000 HTTP/1.1" 200 0 "-" "WordPress/6.7.2; https://bodyguardslosangeles.net"
57.141.4.4 - - [06/Jul/2025:18:19:11 -0400] "GET /shopdetail/19477469/ HTTP/1.1" 404 76487 "-" "meta-externalagent/1.1 (+https://developers.facebook.com/docs/sharing/webmasters/crawler)"
57.141.4.29 - - [06/Jul/2025:18:19:49 -0400] "GET /shopdetail/12538981/ HTTP/1.1" 404 76487 "-" "meta-externalagent/1.1 (+https://developers.facebook.com/docs/sharing/webmasters/crawler)"
63.109.222.25 - - [06/Jul/2025:18:19:55 -0400] "GET /wp-admin/ALFA_DATA/alfacgiapi/ HTTP/1.1" 404 17540 "-" "Mozilla/5.0 (Windows NT 10.0; Win64; x64) AppleWebKit/537.36 (KHTML, like Gecko) Chrome/87.0.4280.141 Safari/537.36"
216.73.216.121 - - [06/Jul/2025:18:20:03 -0400] "GET /sitemap886.xml HTTP/1.1" 404 17540 "-" "Mozilla/5.0 AppleWebKit/537.36 (KHTML, like Gecko; compatible; ClaudeBot/1.0; +claudebot@anthropic.com)"
57.141.4.4 - - [06/Jul/2025:18:20:31 -0400] "GET /shopdetail/19557703/ HTTP/1.1" 404 76487 "-" "meta-externalagent/1.1 (+https://developers.facebook.com/docs/sharing/webmasters/crawler)"
57.141.4.13 - - [06/Jul/2025:18:21:23 -0400] "GET /shopdetail/8279358/ HTTP/1.1" 404 76485 "-" "meta-externalagent/1.1 (+https://developers.facebook.com/docs/sharing/webmasters/crawler)"
57.141.4.13 - - [06/Jul/2025:18:21:29 -0400] "GET /shopdetail/13462958/ HTTP/1.1" 404 76487 "-" "meta-externalagent/1.1 (+https://developers.facebook.com/docs/sharing/webmasters/crawler)"
63.109.222.25 - - [06/Jul/2025:18:21:30 -0400] "GET /wp-content/ALFA_DATA/alfacgiapi/ HTTP/1.1" 404 17540 "-" "Mozilla/5.0 (Windows NT 10.0; Win64; x64) AppleWebKit/537.36 (KHTML, like Gecko) Chrome/87.0.4280.141 Safari/537.36"
23.92.177.29 - - [06/Jul/2025:18:22:13 -0400] "POST /wp-cron.php?doing_wp_cron=1751840533.8996169567108154296875 HTTP/1.1" 200 0 "-" "WordPress/6.7.2; https://bodyguardslosangeles.net"
57.141.4.10 - - [06/Jul/2025:18:22:13 -0400] "GET /shopdetail/4389192/ HTTP/1.1" 404 76485 "-" "meta-externalagent/1.1 (+https://developers.facebook.com/docs/sharing/webmasters/crawler)"
57.141.4.4 - - [06/Jul/2025:18:22:21 -0400] "GET /shopdetail/5432047/ HTTP/1.1" 404 76485 "-" "meta-externalagent/1.1 (+https://developers.facebook.com/docs/sharing/webmasters/crawler)"
63.109.222.25 - - [06/Jul/2025:18:23:08 -0400] "GET /wp-includes/ALFA_DATA/alfacgiapi/ HTTP/1.1" 404 17540 "-" "Mozilla/5.0 (Windows NT 10.0; Win64; x64) AppleWebKit/537.36 (KHTML, like Gecko) Chrome/87.0.4280.141 Safari/537.36"
216.73.216.121 - - [06/Jul/2025:18:24:01 -0400] "GET /sitemap346.xml HTTP/1.1" 404 17540 "-" "Mozilla/5.0 AppleWebKit/537.36 (KHTML, like Gecko; compatible; ClaudeBot/1.0; +claudebot@anthropic.com)"
23.92.177.29 - - [06/Jul/2025:18:24:22 -0400] "POST /wp-cron.php?doing_wp_cron=1751840662.8745529651641845703125 HTTP/1.1" 200 0 "-" "WordPress/6.7.2; https://bodyguardslosangeles.net"
57.141.4.21 - - [06/Jul/2025:18:24:22 -0400] "GET /shopdetail/9570769/ HTTP/1.1" 404 76485 "-" "meta-externalagent/1.1 (+https://developers.facebook.com/docs/sharing/webmasters/crawler)"
63.109.222.25 - - [06/Jul/2025:18:24:35 -0400] "GET /.well-known/ALFA_DATA/alfacgiapi/ HTTP/1.1" 404 17540 "-" "Mozilla/5.0 (Windows NT 10.0; Win64; x64) AppleWebKit/537.36 (KHTML, like Gecko) Chrome/87.0.4280.141 Safari/537.36"
63.109.222.25 - - [06/Jul/2025:18:25:51 -0400] "GET /files/ALFA_DATA/alfacgiapi/ HTTP/1.1" 404 17540 "-" "Mozilla/5.0 (Windows NT 10.0; Win64; x64) AppleWebKit/537.36 (KHTML, like Gecko) Chrome/87.0.4280.141 Safari/537.36"
57.141.4.3 - - [06/Jul/2025:18:27:45 -0400] "GET /shopdetail/21779881/ HTTP/1.1" 404 76487 "-" "meta-externalagent/1.1 (+https://developers.facebook.com/docs/sharing/webmasters/crawler)"
63.109.222.25 - - [06/Jul/2025:18:27:55 -0400] "GET /images/ALFA_DATA/alfacgiapi/ HTTP/1.1" 404 17540 "-" "Mozilla/5.0 (Windows NT 10.0; Win64; x64) AppleWebKit/537.36 (KHTML, like Gecko) Chrome/87.0.4280.141 Safari/537.36"
23.92.177.29 - - [06/Jul/2025:18:28:16 -0400] "POST /wp-cron.php?doing_wp_cron=1751840896.2104799747467041015625 HTTP/1.1" 200 0 "-" "WordPress/6.7.2; https://bodyguardslosangeles.net"
57.141.4.20 - - [06/Jul/2025:18:28:15 -0400] "GET /shopdetail/21084370/ HTTP/1.1" 404 76487 "-" "meta-externalagent/1.1 (+https://developers.facebook.com/docs/sharing/webmasters/crawler)"
57.141.4.23 - - [06/Jul/2025:18:28:23 -0400] "GET /shopdetail/3083536/ HTTP/1.1" 404 76485 "-" "meta-externalagent/1.1 (+https://developers.facebook.com/docs/sharing/webmasters/crawler)"
63.109.222.25 - - [06/Jul/2025:18:28:46 -0400] "GET /css/ALFA_DATA/alfacgiapi/ HTTP/1.1" 404 17540 "-" "Mozilla/5.0 (Windows NT 10.0; Win64; x64) AppleWebKit/537.36 (KHTML, like Gecko) Chrome/87.0.4280.141 Safari/537.36"
57.141.4.27 - - [06/Jul/2025:18:28:47 -0400] "GET /shopdetail/4528470/ HTTP/1.1" 404 76485 "-" "meta-externalagent/1.1 (+https://developers.facebook.com/docs/sharing/webmasters/crawler)"
23.92.177.29 - - [06/Jul/2025:18:29:57 -0400] "POST /wp-cron.php?doing_wp_cron=1751840997.5325949192047119140625 HTTP/1.1" 200 0 "-" "WordPress/6.7.2; https://bodyguardslosangeles.net"
57.141.4.20 - - [06/Jul/2025:18:29:56 -0400] "GET /shopdetail/18902125/ HTTP/1.1" 404 76487 "-" "meta-externalagent/1.1 (+https://developers.facebook.com/docs/sharing/webmasters/crawler)"
23.92.177.29 - - [06/Jul/2025:18:30:14 -0400] "POST /wp-cron.php?doing_wp_cron=1751841014.1253840923309326171875 HTTP/1.1" 200 0 "-" "WordPress/6.7.2; https://bodyguardslosangeles.net"
63.109.222.25 - - [06/Jul/2025:18:30:13 -0400] "GET /wp-admin/alfacgiapi/ HTTP/1.1" 404 17540 "-" "Mozilla/5.0 (Windows NT 10.0; Win64; x64) AppleWebKit/537.36 (KHTML, like Gecko) Chrome/87.0.4280.141 Safari/537.36"
57.141.4.14 - - [06/Jul/2025:18:30:28 -0400] "GET /shopdetail/25916781/ HTTP/1.1" 404 76487 "-" "meta-externalagent/1.1 (+https://developers.facebook.com/docs/sharing/webmasters/crawler)"
54.36.148.214 - - [06/Jul/2025:18:30:48 -0400] "GET /sitemap805.xml HTTP/1.1" 404 17540 "-" "Mozilla/5.0 (compatible; AhrefsBot/7.0; +http://ahrefs.com/robot/)"
23.92.177.29 - - [06/Jul/2025:18:31:41 -0400] "POST /wp-cron.php?doing_wp_cron=1751841101.5629050731658935546875 HTTP/1.1" 200 0 "-" "WordPress/6.7.2; https://bodyguardslosangeles.net"
63.109.222.25 - - [06/Jul/2025:18:31:40 -0400] "GET /wp-admin/css/about.php/alfacgiapi/ HTTP/1.1" 404 17592 "-" "Mozilla/5.0 (Windows NT 10.0; Win64; x64) AppleWebKit/537.36 (KHTML, like Gecko) Chrome/87.0.4280.141 Safari/537.36"
23.92.177.29 - - [06/Jul/2025:18:32:13 -0400] "POST /wp-cron.php?doing_wp_cron=1751841133.8896911144256591796875 HTTP/1.1" 200 0 "-" "WordPress/6.7.2; https://bodyguardslosangeles.net"
57.141.4.5 - - [06/Jul/2025:18:32:13 -0400] "GET /shopdetail/25055692/ HTTP/1.1" 404 76487 "-" "meta-externalagent/1.1 (+https://developers.facebook.com/docs/sharing/webmasters/crawler)"
57.141.4.7 - - [06/Jul/2025:18:32:28 -0400] "GET /shopdetail/1371247/ HTTP/1.1" 404 76485 "-" "meta-externalagent/1.1 (+https://developers.facebook.com/docs/sharing/webmasters/crawler)"
63.109.222.25 - - [06/Jul/2025:18:33:35 -0400] "GET /wp-includes/alfacgiapi/ HTTP/1.1" 404 17540 "-" "Mozilla/5.0 (Windows NT 10.0; Win64; x64) AppleWebKit/537.36 (KHTML, like Gecko) Chrome/87.0.4280.141 Safari/537.36"
57.141.4.5 - - [06/Jul/2025:18:34:10 -0400] "GET /shopdetail/22064047/ HTTP/1.1" 404 76487 "-" "meta-externalagent/1.1 (+https://developers.facebook.com/docs/sharing/webmasters/crawler)"
23.92.177.29 - - [06/Jul/2025:18:34:39 -0400] "POST /wp-cron.php?doing_wp_cron=1751841279.2883250713348388671875 HTTP/1.1" 200 0 "-" "WordPress/6.7.2; https://bodyguardslosangeles.net"
57.141.4.30 - - [06/Jul/2025:18:34:38 -0400] "GET /shopdetail/12661847/ HTTP/1.1" 404 76487 "-" "meta-externalagent/1.1 (+https://developers.facebook.com/docs/sharing/webmasters/crawler)"
57.141.4.11 - - [06/Jul/2025:18:34:49 -0400] "GET /shopdetail/6826069/ HTTP/1.1" 404 76485 "-" "meta-externalagent/1.1 (+https://developers.facebook.com/docs/sharing/webmasters/crawler)"
63.109.222.25 - - [06/Jul/2025:18:35:05 -0400] "GET /alfacgiapi/ HTTP/1.1" 404 17538 "-" "Mozilla/5.0 (Windows NT 10.0; Win64; x64) AppleWebKit/537.36 (KHTML, like Gecko) Chrome/87.0.4280.141 Safari/537.36"
57.141.4.26 - - [06/Jul/2025:18:35:41 -0400] "GET /shopdetail/12486081/ HTTP/1.1" 404 76487 "-" "meta-externalagent/1.1 (+https://developers.facebook.com/docs/sharing/webmasters/crawler)"
57.141.4.1 - - [06/Jul/2025:18:35:48 -0400] "GET /shopdetail/9381558/ HTTP/1.1" 404 76485 "-" "meta-externalagent/1.1 (+https://developers.facebook.com/docs/sharing/webmasters/crawler)"
57.141.4.28 - - [06/Jul/2025:18:35:57 -0400] "GET /shopdetail/19541025/ HTTP/1.1" 404 76487 "-" "meta-externalagent/1.1 (+https://developers.facebook.com/docs/sharing/webmasters/crawler)"
63.109.222.25 - - [06/Jul/2025:18:36:03 -0400] "GET /tmp_images/alfacgiapi/ HTTP/1.1" 404 17540 "-" "Mozilla/5.0 (Windows NT 10.0; Win64; x64) AppleWebKit/537.36 (KHTML, like Gecko) Chrome/87.0.4280.141 Safari/537.36"
23.92.177.29 - - [06/Jul/2025:18:37:28 -0400] "POST /wp-cron.php?doing_wp_cron=1751841448.0277180671691894531250 HTTP/1.1" 200 0 "-" "WordPress/6.7.2; https://bodyguardslosangeles.net"
57.141.4.14 - - [06/Jul/2025:18:37:27 -0400] "GET /shopdetail/15579736/ HTTP/1.1" 404 76487 "-" "meta-externalagent/1.1 (+https://developers.facebook.com/docs/sharing/webmasters/crawler)"
23.92.177.29 - - [06/Jul/2025:18:37:39 -0400] "POST /wp-cron.php?doing_wp_cron=1751841459.5638570785522460937500 HTTP/1.1" 200 0 "-" "WordPress/6.7.2; https://bodyguardslosangeles.net"
57.141.4.28 - - [06/Jul/2025:18:37:38 -0400] "GET /shopdetail/15852692/ HTTP/1.1" 404 76487 "-" "meta-externalagent/1.1 (+https://developers.facebook.com/docs/sharing/webmasters/crawler)"
23.92.177.29 - - [06/Jul/2025:18:38:23 -0400] "POST /wp-cron.php?doing_wp_cron=1751841503.1896250247955322265625 HTTP/1.1" 200 0 "-" "WordPress/6.7.2; https://bodyguardslosangeles.net"
63.109.222.25 - - [06/Jul/2025:18:38:22 -0400] "GET /wp-content/alfacgiapi/ HTTP/1.1" 404 17540 "-" "Mozilla/5.0 (Windows NT 10.0; Win64; x64) AppleWebKit/537.36 (KHTML, like Gecko) Chrome/87.0.4280.141 Safari/537.36"
57.141.4.16 - - [06/Jul/2025:18:38:44 -0400] "GET /shopdetail/2874947/ HTTP/1.1" 404 76485 "-" "meta-externalagent/1.1 (+https://developers.facebook.com/docs/sharing/webmasters/crawler)"
57.141.4.2 - - [06/Jul/2025:18:38:51 -0400] "GET /shopdetail/25088325/ HTTP/1.1" 404 76487 "-" "meta-externalagent/1.1 (+https://developers.facebook.com/docs/sharing/webmasters/crawler)"
23.92.177.29 - - [06/Jul/2025:18:39:31 -0400] "POST /wp-cron.php?doing_wp_cron=1751841571.2138020992279052734375 HTTP/1.1" 200 0 "-" "WordPress/6.7.2; https://bodyguardslosangeles.net"
57.141.4.5 - - [06/Jul/2025:18:39:30 -0400] "GET /shopdetail/13431769/ HTTP/1.1" 404 76487 "-" "meta-externalagent/1.1 (+https://developers.facebook.com/docs/sharing/webmasters/crawler)"
63.109.222.25 - - [06/Jul/2025:18:39:52 -0400] "GET /assets/upload/ALFA_DATA/alfacgiapi/ HTTP/1.1" 404 17540 "-" "Mozilla/5.0 (Windows NT 10.0; Win64; x64) AppleWebKit/537.36 (KHTML, like Gecko) Chrome/87.0.4280.141 Safari/537.36"
57.141.4.28 - - [06/Jul/2025:18:40:48 -0400] "GET /shopdetail/21370681/ HTTP/1.1" 404 76487 "-" "meta-externalagent/1.1 (+https://developers.facebook.com/docs/sharing/webmasters/crawler)"
23.92.177.29 - - [06/Jul/2025:18:41:23 -0400] "POST /wp-cron.php?doing_wp_cron=1751841683.2640860080718994140625 HTTP/1.1" 200 0 "-" "WordPress/6.7.2; https://bodyguardslosangeles.net"
57.141.4.6 - - [06/Jul/2025:18:41:22 -0400] "GET /shopdetail/15104592/ HTTP/1.1" 404 76487 "-" "meta-externalagent/1.1 (+https://developers.facebook.com/docs/sharing/webmasters/crawler)"
63.109.222.25 - - [06/Jul/2025:18:41:34 -0400] "GET /blog/ALFA_DATA/alfacgiapi/ HTTP/1.1" 404 17540 "-" "Mozilla/5.0 (Windows NT 10.0; Win64; x64) AppleWebKit/537.36 (KHTML, like Gecko) Chrome/87.0.4280.141 Safari/537.36"
63.109.222.25 - - [06/Jul/2025:18:41:57 -0400] "GET /wp/ALFA_DATA/alfacgiapi/ HTTP/1.1" 404 17540 "-" "Mozilla/5.0 (Windows NT 10.0; Win64; x64) AppleWebKit/537.36 (KHTML, like Gecko) Chrome/87.0.4280.141 Safari/537.36"
23.92.177.29 - - [06/Jul/2025:18:42:17 -0400] "POST /wp-cron.php?doing_wp_cron=1751841737.1086928844451904296875 HTTP/1.1" 200 0 "-" "WordPress/6.7.2; https://bodyguardslosangeles.net"
57.141.4.24 - - [06/Jul/2025:18:42:16 -0400] "GET /shopdetail/12968569/ HTTP/1.1" 404 76487 "-" "meta-externalagent/1.1 (+https://developers.facebook.com/docs/sharing/webmasters/crawler)"
57.141.4.21 - - [06/Jul/2025:18:42:56 -0400] "GET /shopdetail/15514658/ HTTP/1.1" 404 76487 "-" "meta-externalagent/1.1 (+https://developers.facebook.com/docs/sharing/webmasters/crawler)"
57.141.4.29 - - [06/Jul/2025:18:42:57 -0400] "GET /shopdetail/21279858/ HTTP/1.1" 404 76487 "-" "meta-externalagent/1.1 (+https://developers.facebook.com/docs/sharing/webmasters/crawler)"
23.92.177.29 - - [06/Jul/2025:18:43:40 -0400] "POST /wp-cron.php?doing_wp_cron=1751841820.0040929317474365234375 HTTP/1.1" 200 0 "-" "WordPress/6.7.2; https://bodyguardslosangeles.net"
66.249.64.165 - - [06/Jul/2025:18:43:39 -0400] "GET /shopdetail/24679914/ HTTP/1.1" 404 17539 "-" "Mozilla/5.0 (Linux; Android 6.0.1; Nexus 5X Build/MMB29P) AppleWebKit/537.36 (KHTML, like Gecko) Chrome/137.0.7151.103 Mobile Safari/537.36 (compatible; GoogleOther)"
66.249.64.164 - - [06/Jul/2025:18:43:47 -0400] "GET /shopdetail/5242758/ HTTP/1.1" 404 17539 "-" "Mozilla/5.0 (Linux; Android 6.0.1; Nexus 5X Build/MMB29P) AppleWebKit/537.36 (KHTML, like Gecko) Chrome/137.0.7151.103 Mobile Safari/537.36 (compatible; GoogleOther)"
63.109.222.25 - - [06/Jul/2025:18:43:52 -0400] "GET /wordpress/ALFA_DATA/alfacgiapi/ HTTP/1.1" 404 17540 "-" "Mozilla/5.0 (Windows NT 10.0; Win64; x64) AppleWebKit/537.36 (KHTML, like Gecko) Chrome/87.0.4280.141 Safari/537.36"
23.92.177.29 - - [06/Jul/2025:18:44:32 -0400] "POST /wp-cron.php?doing_wp_cron=1751841872.9570078849792480468750 HTTP/1.1" 200 0 "-" "WordPress/6.7.2; https://bodyguardslosangeles.net"
57.141.4.21 - - [06/Jul/2025:18:44:32 -0400] "GET /shopdetail/17021570/ HTTP/1.1" 404 76487 "-" "meta-externalagent/1.1 (+https://developers.facebook.com/docs/sharing/webmasters/crawler)"
216.73.216.121 - - [06/Jul/2025:18:44:40 -0400] "GET /robots.txt HTTP/1.1" 200 145 "-" "Mozilla/5.0 AppleWebKit/537.36 (KHTML, like Gecko; compatible; ClaudeBot/1.0; +claudebot@anthropic.com)"
216.73.216.121 - - [06/Jul/2025:18:44:40 -0400] "GET /sitemap568.xml HTTP/1.1" 404 17540 "-" "Mozilla/5.0 AppleWebKit/537.36 (KHTML, like Gecko; compatible; ClaudeBot/1.0; +claudebot@anthropic.com)"
57.141.4.7 - - [06/Jul/2025:18:44:47 -0400] "GET /shopdetail/3272747/ HTTP/1.1" 404 76485 "-" "meta-externalagent/1.1 (+https://developers.facebook.com/docs/sharing/webmasters/crawler)"
23.92.177.29 - - [06/Jul/2025:18:45:14 -0400] "POST /wp-cron.php?doing_wp_cron=1751841914.4160599708557128906250 HTTP/1.1" 200 0 "-" "WordPress/6.7.2; https://bodyguardslosangeles.net"
57.141.4.7 - - [06/Jul/2025:18:45:13 -0400] "GET /shopdetail/19414292/ HTTP/1.1" 404 76487 "-" "meta-externalagent/1.1 (+https://developers.facebook.com/docs/sharing/webmasters/crawler)"
63.109.222.25 - - [06/Jul/2025:18:45:24 -0400] "GET /components/ALFA_DATA/alfacgiapi/ HTTP/1.1" 404 17540 "-" "Mozilla/5.0 (Windows NT 10.0; Win64; x64) AppleWebKit/537.36 (KHTML, like Gecko) Chrome/87.0.4280.141 Safari/537.36"
57.141.4.24 - - [06/Jul/2025:18:46:03 -0400] "GET /shopdetail/6899836/ HTTP/1.1" 404 76485 "-" "meta-externalagent/1.1 (+https://developers.facebook.com/docs/sharing/webmasters/crawler)"
57.141.4.24 - - [06/Jul/2025:18:46:09 -0400] "GET /shopdetail/13872803/ HTTP/1.1" 404 76487 "-" "meta-externalagent/1.1 (+https://developers.facebook.com/docs/sharing/webmasters/crawler)"
23.92.177.29 - - [06/Jul/2025:18:46:14 -0400] "POST /wp-cron.php?doing_wp_cron=1751841974.6378788948059082031250 HTTP/1.1" 200 0 "-" "WordPress/6.7.2; https://bodyguardslosangeles.net"
57.141.4.5 - - [06/Jul/2025:18:46:13 -0400] "GET /shopdetail/2852414/ HTTP/1.1" 404 76485 "-" "meta-externalagent/1.1 (+https://developers.facebook.com/docs/sharing/webmasters/crawler)"
57.141.4.17 - - [06/Jul/2025:18:46:23 -0400] "GET /shopdetail/18485692/ HTTP/1.1" 404 76487 "-" "meta-externalagent/1.1 (+https://developers.facebook.com/docs/sharing/webmasters/crawler)"
57.141.4.11 - - [06/Jul/2025:18:46:33 -0400] "GET /shopdetail/12996592/ HTTP/1.1" 404 76487 "-" "meta-externalagent/1.1 (+https://developers.facebook.com/docs/sharing/webmasters/crawler)"
14.155.200.238 - - [06/Jul/2025:18:46:35 -0400] "GET /robots.txt HTTP/1.1" 200 173 "-" "Mozilla/5.0 (Windows NT 10.0; WOW64) AppleWebKit/537.36 (KHTML, like Gecko) Chrome/72.0.3513.152 Safari/537.36 QIHU 360EE"
57.141.4.24 - - [06/Jul/2025:18:46:51 -0400] "GET /shopdetail/21027047/ HTTP/1.1" 404 76487 "-" "meta-externalagent/1.1 (+https://developers.facebook.com/docs/sharing/webmasters/crawler)"
63.109.222.25 - - [06/Jul/2025:18:46:57 -0400] "GET /upload/ALFA_DATA/alfacgiapi/ HTTP/1.1" 404 17540 "-" "Mozilla/5.0 (Windows NT 10.0; Win64; x64) AppleWebKit/537.36 (KHTML, like Gecko) Chrome/87.0.4280.141 Safari/537.36"
57.141.4.9 - - [06/Jul/2025:18:47:24 -0400] "GET /shopdetail/1653492/ HTTP/1.1" 404 76485 "-" "meta-externalagent/1.1 (+https://developers.facebook.com/docs/sharing/webmasters/crawler)"
63.109.222.25 - - [06/Jul/2025:18:47:34 -0400] "GET /uploads/ALFA_DATA/alfacgiapi/ HTTP/1.1" 404 17540 "-" "Mozilla/5.0 (Windows NT 10.0; Win64; x64) AppleWebKit/537.36 (KHTML, like Gecko) Chrome/87.0.4280.141 Safari/537.36"
23.92.177.29 - - [06/Jul/2025:18:48:39 -0400] "POST /wp-cron.php?doing_wp_cron=1751842119.2602159976959228515625 HTTP/1.1" 200 0 "-" "WordPress/6.7.2; https://bodyguardslosangeles.net"
57.141.4.3 - - [06/Jul/2025:18:48:37 -0400] "GET /shopdetail/4170981/ HTTP/1.1" 404 76485 "-" "meta-externalagent/1.1 (+https://developers.facebook.com/docs/sharing/webmasters/crawler)"
63.109.222.25 - - [06/Jul/2025:18:49:00 -0400] "GET /cgi-bin/ALFA_DATA/alfacgiapi/ HTTP/1.1" 404 17540 "-" "Mozilla/5.0 (Windows NT 10.0; Win64; x64) AppleWebKit/537.36 (KHTML, like Gecko) Chrome/87.0.4280.141 Safari/537.36"
23.92.177.29 - - [06/Jul/2025:18:49:19 -0400] "POST /wp-cron.php?doing_wp_cron=1751842159.9031379222869873046875 HTTP/1.1" 200 0 "-" "WordPress/6.7.2; https://bodyguardslosangeles.net"
57.141.4.4 - - [06/Jul/2025:18:49:18 -0400] "GET /shopdetail/24379258/ HTTP/1.1" 404 76487 "-" "meta-externalagent/1.1 (+https://developers.facebook.com/docs/sharing/webmasters/crawler)"
57.141.4.15 - - [06/Jul/2025:18:49:54 -0400] "GET /shopdetail/24725936/ HTTP/1.1" 404 76487 "-" "meta-externalagent/1.1 (+https://developers.facebook.com/docs/sharing/webmasters/crawler)"
57.141.4.23 - - [06/Jul/2025:18:50:45 -0400] "GET /shopdetail/7128136/ HTTP/1.1" 404 76485 "-" "meta-externalagent/1.1 (+https://developers.facebook.com/docs/sharing/webmasters/crawler)"
63.109.222.25 - - [06/Jul/2025:18:50:55 -0400] "GET /wp-content/themes/seotheme/db.php?u HTTP/1.1" 404 17540 "-" "Mozilla/5.0 (Windows NT 10.0; Win64; x64) AppleWebKit/537.36 (KHTML, like Gecko) Chrome/87.0.4280.141 Safari/537.36"
57.141.4.16 - - [06/Jul/2025:18:51:07 -0400] "GET /shopdetail/24341681/ HTTP/1.1" 404 76487 "-" "meta-externalagent/1.1 (+https://developers.facebook.com/docs/sharing/webmasters/crawler)"
57.141.4.1 - - [06/Jul/2025:18:51:11 -0400] "GET /shopdetail/20335692/ HTTP/1.1" 404 76487 "-" "meta-externalagent/1.1 (+https://developers.facebook.com/docs/sharing/webmasters/crawler)"
23.92.177.29 - - [06/Jul/2025:18:52:18 -0400] "POST /wp-cron.php?doing_wp_cron=1751842338.4213919639587402343750 HTTP/1.1" 200 0 "-" "WordPress/6.7.2; https://bodyguardslosangeles.net"
63.109.222.25 - - [06/Jul/2025:18:52:17 -0400] "GET /Telerik.Web.UI.WebResource.axd?type=rau HTTP/1.1" 404 17540 "-" "Mozilla/5.0 (Windows NT 10.0; Win64; x64) AppleWebKit/537.36 (KHTML, like Gecko) Chrome/87.0.4280.141 Safari/537.36"
57.141.4.17 - - [06/Jul/2025:18:52:57 -0400] "GET /shopdetail/20722303/ HTTP/1.1" 404 76487 "-" "meta-externalagent/1.1 (+https://developers.facebook.com/docs/sharing/webmasters/crawler)"
205.169.39.24 - - [06/Jul/2025:18:53:03 -0400] "GET / HTTP/1.1" 301 0 "-" "Mozilla/5.0 (Windows NT 10.0) AppleWebKit/537.36 (KHTML, like Gecko) Chrome/106.0.0.0 Safari/537.36"
23.92.177.29 - - [06/Jul/2025:18:53:17 -0400] "POST /wp-cron.php?doing_wp_cron=1751842397.5606219768524169921875 HTTP/1.1" 200 0 "-" "WordPress/6.7.2; https://bodyguardslosangeles.net"
57.141.4.7 - - [06/Jul/2025:18:53:16 -0400] "GET /shopdetail/7306125/ HTTP/1.1" 404 76485 "-" "meta-externalagent/1.1 (+https://developers.facebook.com/docs/sharing/webmasters/crawler)"
57.141.4.26 - - [06/Jul/2025:18:53:19 -0400] "GET /shopdetail/16128647/ HTTP/1.1" 404 76487 "-" "meta-externalagent/1.1 (+https://developers.facebook.com/docs/sharing/webmasters/crawler)"
57.141.4.8 - - [06/Jul/2025:18:54:05 -0400] "GET /shopdetail/22160470/ HTTP/1.1" 404 76487 "-" "meta-externalagent/1.1 (+https://developers.facebook.com/docs/sharing/webmasters/crawler)"
63.109.222.25 - - [06/Jul/2025:18:54:06 -0400] "GET /deployment-config.json HTTP/1.1" 404 17540 "-" "Mozilla/5.0 (Windows NT 10.0; Win64; x64) AppleWebKit/537.36 (KHTML, like Gecko) Chrome/87.0.4280.141 Safari/537.36"
57.141.4.12 - - [06/Jul/2025:18:54:37 -0400] "GET /shopdetail/3366070/ HTTP/1.1" 404 76485 "-" "meta-externalagent/1.1 (+https://developers.facebook.com/docs/sharing/webmasters/crawler)"
57.141.4.2 - - [06/Jul/2025:18:54:47 -0400] "GET /shopdetail/5699358/ HTTP/1.1" 404 76485 "-" "meta-externalagent/1.1 (+https://developers.facebook.com/docs/sharing/webmasters/crawler)"
57.141.4.23 - - [06/Jul/2025:18:54:51 -0400] "GET /shopdetail/3840247/ HTTP/1.1" 404 76485 "-" "meta-externalagent/1.1 (+https://developers.facebook.com/docs/sharing/webmasters/crawler)"
63.109.222.25 - - [06/Jul/2025:18:55:08 -0400] "GET /sftp-config.json HTTP/1.1" 404 17540 "-" "Mozilla/5.0 (Windows NT 10.0; Win64; x64) AppleWebKit/537.36 (KHTML, like Gecko) Chrome/87.0.4280.141 Safari/537.36"
23.92.177.29 - - [06/Jul/2025:18:56:14 -0400] "POST /wp-cron.php?doing_wp_cron=1751842574.8325729370117187500000 HTTP/1.1" 200 0 "-" "WordPress/6.7.2; https://bodyguardslosangeles.net"
63.109.222.25 - - [06/Jul/2025:18:56:14 -0400] "GET /sftp.json HTTP/1.1" 404 17540 "-" "Mozilla/5.0 (Windows NT 10.0; Win64; x64) AppleWebKit/537.36 (KHTML, like Gecko) Chrome/87.0.4280.141 Safari/537.36"
57.141.4.22 - - [06/Jul/2025:18:56:16 -0400] "GET /shopdetail/10166792/ HTTP/1.1" 404 76487 "-" "meta-externalagent/1.1 (+https://developers.facebook.com/docs/sharing/webmasters/crawler)"
57.141.4.3 - - [06/Jul/2025:18:56:35 -0400] "GET /shopdetail/3766525/ HTTP/1.1" 404 76485 "-" "meta-externalagent/1.1 (+https://developers.facebook.com/docs/sharing/webmasters/crawler)"
63.109.222.25 - - [06/Jul/2025:18:57:20 -0400] "GET /.git/config HTTP/1.1" 403 1242 "-" "Mozilla/5.0 (Windows NT 10.0; Win64; x64) AppleWebKit/537.36 (KHTML, like Gecko) Chrome/87.0.4280.141 Safari/537.36"
23.92.177.29 - - [06/Jul/2025:18:57:33 -0400] "POST /wp-cron.php?doing_wp_cron=1751842653.6882209777832031250000 HTTP/1.1" 200 0 "-" "WordPress/6.7.2; https://bodyguardslosangeles.net"
57.141.4.29 - - [06/Jul/2025:18:57:32 -0400] "GET /shopdetail/25171214/ HTTP/1.1" 404 76487 "-" "meta-externalagent/1.1 (+https://developers.facebook.com/docs/sharing/webmasters/crawler)"
63.109.222.25 - - [06/Jul/2025:18:58:33 -0400] "GET /.ftpconfig HTTP/1.1" 404 17540 "-" "Mozilla/5.0 (Windows NT 10.0; Win64; x64) AppleWebKit/537.36 (KHTML, like Gecko) Chrome/87.0.4280.141 Safari/537.36"
63.109.222.25 - - [06/Jul/2025:18:59:52 -0400] "GET /config.json HTTP/1.1" 404 17540 "-" "Mozilla/5.0 (Windows NT 10.0; Win64; x64) AppleWebKit/537.36 (KHTML, like Gecko) Chrome/87.0.4280.141 Safari/537.36"
23.92.177.29 - - [06/Jul/2025:19:00:30 -0400] "POST /wp-cron.php?doing_wp_cron=1751842830.3060390949249267578125 HTTP/1.1" 200 0 "-" "WordPress/6.7.2; https://bodyguardslosangeles.net"
57.141.4.17 - - [06/Jul/2025:19:00:29 -0400] "GET /shopdetail/20066570/ HTTP/1.1" 404 76487 "-" "meta-externalagent/1.1 (+https://developers.facebook.com/docs/sharing/webmasters/crawler)"
57.141.4.28 - - [06/Jul/2025:19:00:37 -0400] "GET /shopdetail/21502181/ HTTP/1.1" 404 76487 "-" "meta-externalagent/1.1 (+https://developers.facebook.com/docs/sharing/webmasters/crawler)"
23.92.177.29 - - [06/Jul/2025:19:01:23 -0400] "POST /wp-cron.php?doing_wp_cron=1751842883.9145789146423339843750 HTTP/1.1" 200 0 "-" "WordPress/6.7.2; https://bodyguardslosangeles.net"
57.141.4.2 - - [06/Jul/2025:19:01:23 -0400] "GET /shopdetail/6164392/ HTTP/1.1" 404 76485 "-" "meta-externalagent/1.1 (+https://developers.facebook.com/docs/sharing/webmasters/crawler)"
63.109.222.25 - - [06/Jul/2025:19:01:25 -0400] "GET /.aws/credentials HTTP/1.1" 404 17540 "-" "Mozilla/5.0 (Windows NT 10.0; Win64; x64) AppleWebKit/537.36 (KHTML, like Gecko) Chrome/87.0.4280.141 Safari/537.36"
23.92.177.29 - - [06/Jul/2025:19:02:13 -0400] "POST /wp-cron.php?doing_wp_cron=1751842933.7981560230255126953125 HTTP/1.1" 200 0 "-" "WordPress/6.7.2; https://bodyguardslosangeles.net"
57.141.4.23 - - [06/Jul/2025:19:02:12 -0400] "GET /shopdetail/11601703/ HTTP/1.1" 404 76487 "-" "meta-externalagent/1.1 (+https://developers.facebook.com/docs/sharing/webmasters/crawler)"
57.141.4.20 - - [06/Jul/2025:19:02:20 -0400] "GET /shopdetail/23692258/ HTTP/1.1" 404 76487 "-" "meta-externalagent/1.1 (+https://developers.facebook.com/docs/sharing/webmasters/crawler)"
57.141.4.4 - - [06/Jul/2025:19:02:32 -0400] "GET /shopdetail/1725092/ HTTP/1.1" 404 76485 "-" "meta-externalagent/1.1 (+https://developers.facebook.com/docs/sharing/webmasters/crawler)"
57.141.4.29 - - [06/Jul/2025:19:02:34 -0400] "GET /shopdetail/14381892/ HTTP/1.1" 404 76487 "-" "meta-externalagent/1.1 (+https://developers.facebook.com/docs/sharing/webmasters/crawler)"
23.92.177.29 - - [06/Jul/2025:19:03:15 -0400] "POST /wp-cron.php?doing_wp_cron=1751842995.8282399177551269531250 HTTP/1.1" 200 0 "-" "WordPress/6.7.2; https://bodyguardslosangeles.net"
63.109.222.25 - - [06/Jul/2025:19:03:15 -0400] "GET /.env HTTP/1.1" 404 17540 "-" "Mozilla/5.0 (Windows NT 10.0; Win64; x64) AppleWebKit/537.36 (KHTML, like Gecko) Chrome/87.0.4280.141 Safari/537.36"
57.141.4.18 - - [06/Jul/2025:19:03:20 -0400] "GET /shopdetail/12154381/ HTTP/1.1" 404 76487 "-" "meta-externalagent/1.1 (+https://developers.facebook.com/docs/sharing/webmasters/crawler)"
57.141.4.21 - - [06/Jul/2025:19:04:00 -0400] "GET /shopdetail/17369658/ HTTP/1.1" 404 76487 "-" "meta-externalagent/1.1 (+https://developers.facebook.com/docs/sharing/webmasters/crawler)"
23.92.177.29 - - [06/Jul/2025:19:04:14 -0400] "POST /wp-cron.php?doing_wp_cron=1751843054.3880879878997802734375 HTTP/1.1" 200 0 "-" "WordPress/6.7.2; https://bodyguardslosangeles.net"
63.109.222.25 - - [06/Jul/2025:19:04:13 -0400] "GET /api/.env HTTP/1.1" 404 17538 "-" "Mozilla/5.0 (Windows NT 10.0; Win64; x64) AppleWebKit/537.36 (KHTML, like Gecko) Chrome/87.0.4280.141 Safari/537.36"
57.141.4.7 - - [06/Jul/2025:19:04:19 -0400] "GET /shopdetail/22246603/ HTTP/1.1" 404 76487 "-" "meta-externalagent/1.1 (+https://developers.facebook.com/docs/sharing/webmasters/crawler)"
57.141.4.17 - - [06/Jul/2025:19:04:53 -0400] "GET /shopdetail/4680903/ HTTP/1.1" 404 76485 "-" "meta-externalagent/1.1 (+https://developers.facebook.com/docs/sharing/webmasters/crawler)"
63.109.222.25 - - [06/Jul/2025:19:05:42 -0400] "GET /backend/.env HTTP/1.1" 404 17540 "-" "Mozilla/5.0 (Windows NT 10.0; Win64; x64) AppleWebKit/537.36 (KHTML, like Gecko) Chrome/87.0.4280.141 Safari/537.36"
57.141.4.6 - - [06/Jul/2025:19:06:05 -0400] "GET /shopdetail/18085869/ HTTP/1.1" 404 76487 "-" "meta-externalagent/1.1 (+https://developers.facebook.com/docs/sharing/webmasters/crawler)"
23.92.177.29 - - [06/Jul/2025:19:06:54 -0400] "POST /wp-cron.php?doing_wp_cron=1751843214.7705779075622558593750 HTTP/1.1" 200 0 "-" "WordPress/6.7.2; https://bodyguardslosangeles.net"
63.109.222.25 - - [06/Jul/2025:19:06:54 -0400] "GET /core/.env HTTP/1.1" 404 17540 "-" "Mozilla/5.0 (Windows NT 10.0; Win64; x64) AppleWebKit/537.36 (KHTML, like Gecko) Chrome/87.0.4280.141 Safari/537.36"
57.141.4.8 - - [06/Jul/2025:19:07:08 -0400] "GET /shopdetail/23504381/ HTTP/1.1" 404 76487 "-" "meta-externalagent/1.1 (+https://developers.facebook.com/docs/sharing/webmasters/crawler)"
23.92.177.29 - - [06/Jul/2025:19:07:14 -0400] "POST /wp-cron.php?doing_wp_cron=1751843234.2850899696350097656250 HTTP/1.1" 200 0 "-" "WordPress/6.7.2; https://bodyguardslosangeles.net"
57.141.4.6 - - [06/Jul/2025:19:07:13 -0400] "GET /shopdetail/4165447/ HTTP/1.1" 404 76485 "-" "meta-externalagent/1.1 (+https://developers.facebook.com/docs/sharing/webmasters/crawler)"
57.141.4.17 - - [06/Jul/2025:19:07:44 -0400] "GET /shopdetail/1494881/ HTTP/1.1" 404 76485 "-" "meta-externalagent/1.1 (+https://developers.facebook.com/docs/sharing/webmasters/crawler)"
57.141.4.21 - - [06/Jul/2025:19:07:51 -0400] "GET /shopdetail/24805947/ HTTP/1.1" 404 76487 "-" "meta-externalagent/1.1 (+https://developers.facebook.com/docs/sharing/webmasters/crawler)"
63.109.222.25 - - [06/Jul/2025:19:08:11 -0400] "GET /config/.env HTTP/1.1" 404 17540 "-" "Mozilla/5.0 (Windows NT 10.0; Win64; x64) AppleWebKit/537.36 (KHTML, like Gecko) Chrome/87.0.4280.141 Safari/537.36"
23.92.177.29 - - [06/Jul/2025:19:09:26 -0400] "POST /wp-cron.php?doing_wp_cron=1751843366.0459010601043701171875 HTTP/1.1" 200 0 "-" "WordPress/6.7.2; https://bodyguardslosangeles.net"
57.141.4.22 - - [06/Jul/2025:19:09:25 -0400] "GET /shopdetail/6957947/ HTTP/1.1" 404 76485 "-" "meta-externalagent/1.1 (+https://developers.facebook.com/docs/sharing/webmasters/crawler)"
63.109.222.25 - - [06/Jul/2025:19:09:31 -0400] "GET /sftp.json HTTP/1.1" 404 17540 "-" "Mozilla/5.0 (Windows NT 10.0; Win64; x64) AppleWebKit/537.36 (KHTML, like Gecko) Chrome/87.0.4280.141 Safari/537.36"
