57.141.4.1 - - [06/Jul/2025:12:57:55 -0400] "GET /shopdetail/4428347/ HTTP/1.1" 404 76485 "-" "meta-externalagent/1.1 (+https://developers.facebook.com/docs/sharing/webmasters/crawler)"
57.141.4.19 - - [06/Jul/2025:12:58:19 -0400] "GET /shopdetail/20104392/ HTTP/1.1" 404 76487 "-" "meta-externalagent/1.1 (+https://developers.facebook.com/docs/sharing/webmasters/crawler)"
66.249.79.198 - - [06/Jul/2025:12:58:25 -0400] "GET /shopdetail/17965658/ HTTP/1.1" 404 17538 "-" "Mozilla/5.0 (Linux; Android 6.0.1; Nexus 5X Build/MMB29P) AppleWebKit/537.36 (KHTML, like Gecko) Chrome/137.0.7151.103 Mobile Safari/537.36 (compatible; Googlebot/2.1; +http://www.google.com/bot.html)"
57.141.4.14 - - [06/Jul/2025:12:58:27 -0400] "GET /shopdetail/23411269/ HTTP/1.1" 404 76487 "-" "meta-externalagent/1.1 (+https://developers.facebook.com/docs/sharing/webmasters/crawler)"
57.141.4.24 - - [06/Jul/2025:12:58:45 -0400] "GET /shopdetail/2158447/ HTTP/1.1" 404 76485 "-" "meta-externalagent/1.1 (+https://developers.facebook.com/docs/sharing/webmasters/crawler)"
95.108.213.125 - - [06/Jul/2025:12:59:04 -0400] "GET /robots.txt HTTP/1.1" 200 1217 "-" "Mozilla/5.0 (compatible; YandexBot/3.0; +http://yandex.com/bots)"
5.255.231.202 - - [06/Jul/2025:12:59:04 -0400] "GET /sitemap602.xml HTTP/1.1" 404 19890 "-" "Mozilla/5.0 (compatible; YandexBot/3.0; +http://yandex.com/bots)"
23.92.177.29 - - [06/Jul/2025:12:59:25 -0400] "POST /wp-cron.php?doing_wp_cron=1751821165.3123559951782226562500 HTTP/1.1" 200 0 "-" "WordPress/6.7.2; https://bodyguardslosangeles.net"
5.255.231.3 - - [06/Jul/2025:12:59:24 -0400] "GET /sitemap805.xml HTTP/1.1" 404 19890 "-" "Mozilla/5.0 (compatible; YandexBot/3.0; +http://yandex.com/bots)"
57.141.4.24 - - [06/Jul/2025:12:59:26 -0400] "GET /shopdetail/5557703/ HTTP/1.1" 404 76485 "-" "meta-externalagent/1.1 (+https://developers.facebook.com/docs/sharing/webmasters/crawler)"
57.141.4.18 - - [06/Jul/2025:12:59:38 -0400] "GET /shopdetail/8232825/ HTTP/1.1" 404 76485 "-" "meta-externalagent/1.1 (+https://developers.facebook.com/docs/sharing/webmasters/crawler)"
57.141.4.19 - - [06/Jul/2025:12:59:47 -0400] "GET /shopdetail/10417214/ HTTP/1.1" 404 76487 "-" "meta-externalagent/1.1 (+https://developers.facebook.com/docs/sharing/webmasters/crawler)"
23.92.177.29 - - [06/Jul/2025:13:00:34 -0400] "POST /wp-cron.php?doing_wp_cron=1751821234.1065459251403808593750 HTTP/1.1" 200 0 "-" "WordPress/6.7.2; https://bodyguardslosangeles.net"
66.249.79.197 - - [06/Jul/2025:13:00:33 -0400] "GET /shopdetail/15452225/ HTTP/1.1" 404 17539 "-" "Mozilla/5.0 (Linux; Android 6.0.1; Nexus 5X Build/MMB29P) AppleWebKit/537.36 (KHTML, like Gecko) Chrome/137.0.7151.103 Mobile Safari/537.36 (compatible; Googlebot/2.1; +http://www.google.com/bot.html)"
23.92.177.29 - - [06/Jul/2025:13:01:28 -0400] "POST /wp-cron.php?doing_wp_cron=1751821288.7868220806121826171875 HTTP/1.1" 200 0 "-" "WordPress/6.7.2; https://bodyguardslosangeles.net"
57.141.4.2 - - [06/Jul/2025:13:01:28 -0400] "GET /shopdetail/8010703/ HTTP/1.1" 404 76485 "-" "meta-externalagent/1.1 (+https://developers.facebook.com/docs/sharing/webmasters/crawler)"
66.249.79.198 - - [06/Jul/2025:13:01:36 -0400] "GET /shopdetail/14767625/ HTTP/1.1" 404 17539 "-" "Mozilla/5.0 (Linux; Android 6.0.1; Nexus 5X Build/MMB29P) AppleWebKit/537.36 (KHTML, like Gecko) Chrome/137.0.7151.103 Mobile Safari/537.36 (compatible; Googlebot/2.1; +http://www.google.com/bot.html)"
57.141.4.29 - - [06/Jul/2025:13:01:45 -0400] "GET /shopdetail/19488770/ HTTP/1.1" 404 76487 "-" "meta-externalagent/1.1 (+https://developers.facebook.com/docs/sharing/webmasters/crawler)"
23.92.177.29 - - [06/Jul/2025:13:02:26 -0400] "POST /wp-cron.php?doing_wp_cron=1751821346.3854479789733886718750 HTTP/1.1" 200 0 "-" "WordPress/6.7.2; https://bodyguardslosangeles.net"
57.141.4.30 - - [06/Jul/2025:13:02:25 -0400] "GET /shopdetail/18048336/ HTTP/1.1" 404 76487 "-" "meta-externalagent/1.1 (+https://developers.facebook.com/docs/sharing/webmasters/crawler)"
66.249.79.196 - - [06/Jul/2025:13:02:31 -0400] "GET /shopdetail/18096192/ HTTP/1.1" 404 17537 "-" "Mozilla/5.0 (Linux; Android 6.0.1; Nexus 5X Build/MMB29P) AppleWebKit/537.36 (KHTML, like Gecko) Chrome/137.0.7151.103 Mobile Safari/537.36 (compatible; GoogleOther)"
57.141.4.30 - - [06/Jul/2025:13:02:37 -0400] "GET /shopdetail/24134025/ HTTP/1.1" 404 76487 "-" "meta-externalagent/1.1 (+https://developers.facebook.com/docs/sharing/webmasters/crawler)"
57.141.4.23 - - [06/Jul/2025:13:03:36 -0400] "GET /shopdetail/14269036/ HTTP/1.1" 404 76487 "-" "meta-externalagent/1.1 (+https://developers.facebook.com/docs/sharing/webmasters/crawler)"
57.141.4.22 - - [06/Jul/2025:13:03:39 -0400] "GET /shopdetail/10954914/ HTTP/1.1" 404 76487 "-" "meta-externalagent/1.1 (+https://developers.facebook.com/docs/sharing/webmasters/crawler)"
57.141.4.24 - - [06/Jul/2025:13:03:51 -0400] "GET /shopdetail/15949736/ HTTP/1.1" 404 76487 "-" "meta-externalagent/1.1 (+https://developers.facebook.com/docs/sharing/webmasters/crawler)"
23.92.177.29 - - [06/Jul/2025:13:04:43 -0400] "POST /wp-cron.php?doing_wp_cron=1751821483.3408861160278320312500 HTTP/1.1" 200 0 "-" "WordPress/6.7.2; https://bodyguardslosangeles.net"
57.141.4.3 - - [06/Jul/2025:13:04:42 -0400] "GET /shopdetail/26144625/ HTTP/1.1" 404 76487 "-" "meta-externalagent/1.1 (+https://developers.facebook.com/docs/sharing/webmasters/crawler)"
23.92.177.29 - - [06/Jul/2025:13:05:13 -0400] "POST /wp-cron.php?doing_wp_cron=1751821513.7089540958404541015625 HTTP/1.1" 200 0 "-" "WordPress/6.7.2; https://bodyguardslosangeles.net"
57.141.4.3 - - [06/Jul/2025:13:05:12 -0400] "GET /shopdetail/25953581/ HTTP/1.1" 404 76487 "-" "meta-externalagent/1.1 (+https://developers.facebook.com/docs/sharing/webmasters/crawler)"
57.141.4.16 - - [06/Jul/2025:13:05:16 -0400] "GET /sitemap602.xml HTTP/1.1" 404 76457 "-" "meta-externalagent/1.1 (+https://developers.facebook.com/docs/sharing/webmasters/crawler)"
57.141.4.24 - - [06/Jul/2025:13:05:32 -0400] "GET /shopdetail/15982936/ HTTP/1.1" 404 76487 "-" "meta-externalagent/1.1 (+https://developers.facebook.com/docs/sharing/webmasters/crawler)"
57.141.4.15 - - [06/Jul/2025:13:05:55 -0400] "GET /shopdetail/16695370/ HTTP/1.1" 404 76487 "-" "meta-externalagent/1.1 (+https://developers.facebook.com/docs/sharing/webmasters/crawler)"
57.141.4.5 - - [06/Jul/2025:13:05:56 -0400] "GET /shopdetail/25683992/ HTTP/1.1" 404 76487 "-" "meta-externalagent/1.1 (+https://developers.facebook.com/docs/sharing/webmasters/crawler)"
57.141.4.27 - - [06/Jul/2025:13:05:59 -0400] "GET /shopdetail/16040714/ HTTP/1.1" 404 76487 "-" "meta-externalagent/1.1 (+https://developers.facebook.com/docs/sharing/webmasters/crawler)"
57.141.4.4 - - [06/Jul/2025:13:06:03 -0400] "GET /shopdetail/23633869/ HTTP/1.1" 404 76487 "-" "meta-externalagent/1.1 (+https://developers.facebook.com/docs/sharing/webmasters/crawler)"
23.92.177.29 - - [06/Jul/2025:13:06:21 -0400] "POST /wp-cron.php?doing_wp_cron=1751821581.3138399124145507812500 HTTP/1.1" 200 0 "-" "WordPress/6.7.2; https://bodyguardslosangeles.net"
57.141.4.27 - - [06/Jul/2025:13:06:20 -0400] "GET /shopdetail/13809636/ HTTP/1.1" 404 76487 "-" "meta-externalagent/1.1 (+https://developers.facebook.com/docs/sharing/webmasters/crawler)"
216.73.216.121 - - [06/Jul/2025:13:06:35 -0400] "GET /sitemap805.xml HTTP/1.1" 404 17540 "-" "Mozilla/5.0 AppleWebKit/537.36 (KHTML, like Gecko; compatible; ClaudeBot/1.0; +claudebot@anthropic.com)"
57.141.4.28 - - [06/Jul/2025:13:06:46 -0400] "GET /shopdetail/21453192/ HTTP/1.1" 404 76487 "-" "meta-externalagent/1.1 (+https://developers.facebook.com/docs/sharing/webmasters/crawler)"
57.141.4.7 - - [06/Jul/2025:13:06:52 -0400] "GET /shopdetail/4388236/ HTTP/1.1" 404 76485 "-" "meta-externalagent/1.1 (+https://developers.facebook.com/docs/sharing/webmasters/crawler)"
23.92.177.29 - - [06/Jul/2025:13:07:14 -0400] "POST /wp-cron.php?doing_wp_cron=1751821634.9021909236907958984375 HTTP/1.1" 200 0 "-" "WordPress/6.7.2; https://bodyguardslosangeles.net"
57.141.4.7 - - [06/Jul/2025:13:07:14 -0400] "GET /shopdetail/4244703/ HTTP/1.1" 404 76485 "-" "meta-externalagent/1.1 (+https://developers.facebook.com/docs/sharing/webmasters/crawler)"
66.249.79.198 - - [06/Jul/2025:13:07:28 -0400] "GET /shopdetail/11300825/ HTTP/1.1" 404 17539 "-" "Mozilla/5.0 (Linux; Android 6.0.1; Nexus 5X Build/MMB29P) AppleWebKit/537.36 (KHTML, like Gecko) Chrome/137.0.7151.103 Mobile Safari/537.36 (compatible; Googlebot/2.1; +http://www.google.com/bot.html)"
57.141.4.11 - - [06/Jul/2025:13:07:57 -0400] "GET /shopdetail/24131325/ HTTP/1.1" 404 76487 "-" "meta-externalagent/1.1 (+https://developers.facebook.com/docs/sharing/webmasters/crawler)"
23.92.177.29 - - [06/Jul/2025:13:08:34 -0400] "POST /wp-cron.php?doing_wp_cron=1751821714.5885028839111328125000 HTTP/1.1" 200 0 "-" "WordPress/6.7.2; https://bodyguardslosangeles.net"
57.141.4.22 - - [06/Jul/2025:13:08:33 -0400] "GET /shopdetail/22507769/ HTTP/1.1" 404 76487 "-" "meta-externalagent/1.1 (+https://developers.facebook.com/docs/sharing/webmasters/crawler)"
23.92.177.29 - - [06/Jul/2025:13:09:25 -0400] "POST /wp-cron.php?doing_wp_cron=1751821765.5364379882812500000000 HTTP/1.1" 200 0 "-" "WordPress/6.7.2; https://bodyguardslosangeles.net"
66.249.79.196 - - [06/Jul/2025:13:09:24 -0400] "GET /shopdetail/21306914/ HTTP/1.1" 404 17571 "-" "Mozilla/5.0 (Linux; Android 6.0.1; Nexus 5X Build/MMB29P) AppleWebKit/537.36 (KHTML, like Gecko) Chrome/137.0.7151.103 Mobile Safari/537.36 (compatible; Googlebot/2.1; +http://www.google.com/bot.html)"
66.249.79.196 - - [06/Jul/2025:13:09:30 -0400] "GET /shopdetail/20660281/ HTTP/1.1" 404 17539 "-" "Mozilla/5.0 (Linux; Android 6.0.1; Nexus 5X Build/MMB29P) AppleWebKit/537.36 (KHTML, like Gecko) Chrome/137.0.7151.103 Mobile Safari/537.36 (compatible; Googlebot/2.1; +http://www.google.com/bot.html)"
57.141.4.9 - - [06/Jul/2025:13:09:34 -0400] "GET /shopdetail/10974292/ HTTP/1.1" 404 76487 "-" "meta-externalagent/1.1 (+https://developers.facebook.com/docs/sharing/webmasters/crawler)"
57.141.4.25 - - [06/Jul/2025:13:09:38 -0400] "GET /shopdetail/18265247/ HTTP/1.1" 404 76487 "-" "meta-externalagent/1.1 (+https://developers.facebook.com/docs/sharing/webmasters/crawler)"
23.92.177.29 - - [06/Jul/2025:13:10:22 -0400] "POST /wp-cron.php?doing_wp_cron=1751821822.0408740043640136718750 HTTP/1.1" 200 0 "-" "WordPress/6.7.2; https://bodyguardslosangeles.net"
57.141.4.20 - - [06/Jul/2025:13:10:21 -0400] "GET /shopdetail/6380147/ HTTP/1.1" 404 76485 "-" "meta-externalagent/1.1 (+https://developers.facebook.com/docs/sharing/webmasters/crawler)"
57.141.4.1 - - [06/Jul/2025:13:10:51 -0400] "GET /shopdetail/16545669/ HTTP/1.1" 404 76487 "-" "meta-externalagent/1.1 (+https://developers.facebook.com/docs/sharing/webmasters/crawler)"
23.92.177.29 - - [06/Jul/2025:13:11:37 -0400] "POST /wp-cron.php?doing_wp_cron=1751821897.8480401039123535156250 HTTP/1.1" 200 0 "-" "WordPress/6.7.2; https://bodyguardslosangeles.net"
57.141.4.1 - - [06/Jul/2025:13:11:36 -0400] "GET /shopdetail/24239970/ HTTP/1.1" 404 76487 "-" "meta-externalagent/1.1 (+https://developers.facebook.com/docs/sharing/webmasters/crawler)"
57.141.4.24 - - [06/Jul/2025:13:11:56 -0400] "GET /shopdetail/12313903/ HTTP/1.1" 404 76487 "-" "meta-externalagent/1.1 (+https://developers.facebook.com/docs/sharing/webmasters/crawler)"
23.92.177.29 - - [06/Jul/2025:13:12:26 -0400] "POST /wp-cron.php?doing_wp_cron=1751821946.5016620159149169921875 HTTP/1.1" 200 0 "-" "WordPress/6.7.2; https://bodyguardslosangeles.net"
57.141.4.13 - - [06/Jul/2025:13:12:25 -0400] "GET /shopdetail/13887781/ HTTP/1.1" 404 76487 "-" "meta-externalagent/1.1 (+https://developers.facebook.com/docs/sharing/webmasters/crawler)"
57.141.4.25 - - [06/Jul/2025:13:12:40 -0400] "GET /shopdetail/11188603/ HTTP/1.1" 404 76487 "-" "meta-externalagent/1.1 (+https://developers.facebook.com/docs/sharing/webmasters/crawler)"
57.141.4.28 - - [06/Jul/2025:13:14:11 -0400] "GET /shopdetail/12945170/ HTTP/1.1" 404 76487 "-" "meta-externalagent/1.1 (+https://developers.facebook.com/docs/sharing/webmasters/crawler)"
23.92.177.29 - - [06/Jul/2025:13:14:33 -0400] "POST /wp-cron.php?doing_wp_cron=1751822073.2889540195465087890625 HTTP/1.1" 200 0 "-" "WordPress/6.7.2; https://bodyguardslosangeles.net"
57.141.4.2 - - [06/Jul/2025:13:14:32 -0400] "GET /shopdetail/15458603/ HTTP/1.1" 404 76487 "-" "meta-externalagent/1.1 (+https://developers.facebook.com/docs/sharing/webmasters/crawler)"
57.141.4.6 - - [06/Jul/2025:13:14:59 -0400] "GET /shopdetail/14366503/ HTTP/1.1" 404 76487 "-" "meta-externalagent/1.1 (+https://developers.facebook.com/docs/sharing/webmasters/crawler)"
23.92.177.29 - - [06/Jul/2025:13:16:49 -0400] "POST /wp-cron.php?doing_wp_cron=1751822209.7664129734039306640625 HTTP/1.1" 200 0 "-" "WordPress/6.7.2; https://bodyguardslosangeles.net"
57.141.4.15 - - [06/Jul/2025:13:16:48 -0400] "GET /shopdetail/8299603/ HTTP/1.1" 404 76485 "-" "meta-externalagent/1.1 (+https://developers.facebook.com/docs/sharing/webmasters/crawler)"
114.119.146.100 - - [06/Jul/2025:13:16:51 -0400] "GET /bodyguardslosangeles.php?Action=1&k=voip-systems-parma-oh&PageID=339358 HTTP/1.1" 404 19890 "http://bodyguardslosangeles.net/bodyguardslosangeles.php?Action=1&k=video-camera-security-systems-los-angeles&PageID=111717" "Mozilla/5.0 (Linux; Android 7.0;) AppleWebKit/537.36 (KHTML, like Gecko) Mobile Safari/537.36 (compatible; PetalBot;+https://webmaster.petalsearch.com/site/petalbot)"
57.141.4.23 - - [06/Jul/2025:13:17:03 -0400] "GET /shopdetail/16608703/ HTTP/1.1" 404 76487 "-" "meta-externalagent/1.1 (+https://developers.facebook.com/docs/sharing/webmasters/crawler)"
23.92.177.29 - - [06/Jul/2025:13:17:13 -0400] "GET /.well-known/acme-challenge/O2G2-HMGFJ7T062ALFN29F32VQLJ-ZE4 HTTP/1.1" 200 64 "-" "Cpanel-HTTP-Client/1.0"
23.92.177.29 - - [06/Jul/2025:13:17:13 -0400] "GET /.well-known/acme-challenge/W_HE_Y3S0S9OXXEG7J3KX_SEK0Y6T-3H HTTP/1.1" 200 64 "-" "Cpanel-HTTP-Client/1.0"
23.92.177.29 - - [06/Jul/2025:13:17:13 -0400] "GET /.well-known/acme-challenge/2UANJHZYX4GB6QLPTDQJNBB02JT-DWL1 HTTP/1.1" 200 64 "-" "Cpanel-HTTP-Client/1.0"
23.92.177.29 - - [06/Jul/2025:13:17:13 -0400] "GET /.well-known/acme-challenge/A7XUCIU-LRTP8VSZYJ3JH-Z3SAMLB80- HTTP/1.1" 200 64 "-" "Cpanel-HTTP-Client/1.0"
23.92.177.29 - - [06/Jul/2025:13:17:13 -0400] "GET /.well-known/acme-challenge/D8W8QKBIAK02W524FPNSXBMFZCBBLF7U HTTP/1.1" 200 64 "-" "Cpanel-HTTP-Client/1.0"
23.92.177.29 - - [06/Jul/2025:13:17:14 -0400] "GET /.well-known/acme-challenge/VI1_5OKZVQQCS-8FC-U-EMT8OONDAA6Q HTTP/1.1" 200 64 "-" "Cpanel-HTTP-Client/1.0"
23.92.177.29 - - [06/Jul/2025:13:17:14 -0400] "GET /.well-known/acme-challenge/EKBMEKS46HN4G8UEFOSP8QTKRJY7AD_X HTTP/1.1" 200 64 "-" "Cpanel-HTTP-Client/1.0"
23.92.177.29 - - [06/Jul/2025:13:17:14 -0400] "GET /.well-known/acme-challenge/OI4SXR393JZZ552ZMU6O9UBEVF0DAQPS HTTP/1.1" 200 64 "-" "Cpanel-HTTP-Client/1.0"
23.92.177.29 - - [06/Jul/2025:13:17:14 -0400] "GET /.well-known/acme-challenge/BAD1YR-RB1IJOD5-6JVBHTTAJ_DL3JNO HTTP/1.1" 200 64 "-" "Cpanel-HTTP-Client/1.0"
23.92.177.29 - - [06/Jul/2025:13:17:15 -0400] "POST /wp-cron.php?doing_wp_cron=1751822235.0309000015258789062500 HTTP/1.1" 200 0 "-" "WordPress/6.7.2; https://bodyguardslosangeles.net"
66.249.79.196 - - [06/Jul/2025:13:17:14 -0400] "GET /shopdetail/17136603/ HTTP/1.1" 404 17539 "-" "Mozilla/5.0 (Linux; Android 6.0.1; Nexus 5X Build/MMB29P) AppleWebKit/537.36 (KHTML, like Gecko) Chrome/137.0.7151.103 Mobile Safari/537.36 (compatible; Googlebot/2.1; +http://www.google.com/bot.html)"
57.141.4.4 - - [06/Jul/2025:13:17:49 -0400] "GET /shopdetail/22421092/ HTTP/1.1" 404 76487 "-" "meta-externalagent/1.1 (+https://developers.facebook.com/docs/sharing/webmasters/crawler)"
23.92.177.29 - - [06/Jul/2025:13:18:19 -0400] "POST /wp-cron.php?doing_wp_cron=1751822299.2306709289550781250000 HTTP/1.1" 200 0 "-" "WordPress/6.7.2; https://bodyguardslosangeles.net"
57.141.4.7 - - [06/Jul/2025:13:18:18 -0400] "GET /shopdetail/21327925/ HTTP/1.1" 404 76487 "-" "meta-externalagent/1.1 (+https://developers.facebook.com/docs/sharing/webmasters/crawler)"
57.141.4.13 - - [06/Jul/2025:13:18:51 -0400] "GET /shopdetail/3609125/ HTTP/1.1" 404 76485 "-" "meta-externalagent/1.1 (+https://developers.facebook.com/docs/sharing/webmasters/crawler)"
57.141.4.23 - - [06/Jul/2025:13:19:08 -0400] "GET /shopdetail/23750036/ HTTP/1.1" 404 76487 "-" "meta-externalagent/1.1 (+https://developers.facebook.com/docs/sharing/webmasters/crawler)"
23.92.177.29 - - [06/Jul/2025:13:19:32 -0400] "POST /wp-cron.php?doing_wp_cron=1751822372.0580821037292480468750 HTTP/1.1" 200 0 "-" "WordPress/6.7.2; https://bodyguardslosangeles.net"
57.141.4.16 - - [06/Jul/2025:13:19:31 -0400] "GET /shopdetail/4428192/ HTTP/1.1" 404 76485 "-" "meta-externalagent/1.1 (+https://developers.facebook.com/docs/sharing/webmasters/crawler)"
57.141.4.30 - - [06/Jul/2025:13:20:03 -0400] "GET /shopdetail/21524892/ HTTP/1.1" 404 76487 "-" "meta-externalagent/1.1 (+https://developers.facebook.com/docs/sharing/webmasters/crawler)"
57.141.4.26 - - [06/Jul/2025:13:20:08 -0400] "GET /shopdetail/9707258/ HTTP/1.1" 404 76485 "-" "meta-externalagent/1.1 (+https://developers.facebook.com/docs/sharing/webmasters/crawler)"
57.141.4.15 - - [06/Jul/2025:13:20:19 -0400] "GET /shopdetail/15347358/ HTTP/1.1" 404 76487 "-" "meta-externalagent/1.1 (+https://developers.facebook.com/docs/sharing/webmasters/crawler)"
57.141.4.29 - - [06/Jul/2025:13:20:42 -0400] "GET /shopdetail/18434270/ HTTP/1.1" 404 76487 "-" "meta-externalagent/1.1 (+https://developers.facebook.com/docs/sharing/webmasters/crawler)"
23.92.177.29 - - [06/Jul/2025:13:21:17 -0400] "POST /wp-cron.php?doing_wp_cron=1751822477.0113339424133300781250 HTTP/1.1" 200 0 "-" "WordPress/6.7.2; https://bodyguardslosangeles.net"
57.141.4.17 - - [06/Jul/2025:13:21:16 -0400] "GET /shopdetail/15924747/ HTTP/1.1" 404 76487 "-" "meta-externalagent/1.1 (+https://developers.facebook.com/docs/sharing/webmasters/crawler)"
57.141.4.11 - - [06/Jul/2025:13:21:28 -0400] "GET /shopdetail/9298670/ HTTP/1.1" 404 76485 "-" "meta-externalagent/1.1 (+https://developers.facebook.com/docs/sharing/webmasters/crawler)"
57.141.4.23 - - [06/Jul/2025:13:22:00 -0400] "GET /shopdetail/2514158/ HTTP/1.1" 404 76485 "-" "meta-externalagent/1.1 (+https://developers.facebook.com/docs/sharing/webmasters/crawler)"
23.92.177.29 - - [06/Jul/2025:13:22:13 -0400] "POST /wp-cron.php?doing_wp_cron=1751822533.9668619632720947265625 HTTP/1.1" 200 0 "-" "WordPress/6.7.2; https://bodyguardslosangeles.net"
57.141.4.28 - - [06/Jul/2025:13:22:13 -0400] "GET /shopdetail/25951247/ HTTP/1.1" 404 76487 "-" "meta-externalagent/1.1 (+https://developers.facebook.com/docs/sharing/webmasters/crawler)"
57.141.4.22 - - [06/Jul/2025:13:22:16 -0400] "GET /shopdetail/6578614/ HTTP/1.1" 404 76485 "-" "meta-externalagent/1.1 (+https://developers.facebook.com/docs/sharing/webmasters/crawler)"
57.141.4.30 - - [06/Jul/2025:13:24:50 -0400] "GET /shopdetail/7075003/ HTTP/1.1" 404 76485 "-" "meta-externalagent/1.1 (+https://developers.facebook.com/docs/sharing/webmasters/crawler)"
23.92.177.29 - - [06/Jul/2025:13:25:27 -0400] "POST /wp-cron.php?doing_wp_cron=1751822727.7266650199890136718750 HTTP/1.1" 200 0 "-" "WordPress/6.7.2; https://bodyguardslosangeles.net"
57.141.4.12 - - [06/Jul/2025:13:25:26 -0400] "GET /shopdetail/18225681/ HTTP/1.1" 404 76487 "-" "meta-externalagent/1.1 (+https://developers.facebook.com/docs/sharing/webmasters/crawler)"
216.73.216.121 - - [06/Jul/2025:13:25:43 -0400] "GET /robots.txt HTTP/1.1" 200 145 "-" "Mozilla/5.0 AppleWebKit/537.36 (KHTML, like Gecko; compatible; ClaudeBot/1.0; +claudebot@anthropic.com)"
216.73.216.121 - - [06/Jul/2025:13:25:43 -0400] "GET /sitemap658.xml HTTP/1.1" 404 17540 "-" "Mozilla/5.0 AppleWebKit/537.36 (KHTML, like Gecko; compatible; ClaudeBot/1.0; +claudebot@anthropic.com)"
57.141.4.14 - - [06/Jul/2025:13:26:10 -0400] "GET /shopdetail/24188992/ HTTP/1.1" 404 76487 "-" "meta-externalagent/1.1 (+https://developers.facebook.com/docs/sharing/webmasters/crawler)"
57.141.4.29 - - [06/Jul/2025:13:26:30 -0400] "GET /shopdetail/25084581/ HTTP/1.1" 404 76487 "-" "meta-externalagent/1.1 (+https://developers.facebook.com/docs/sharing/webmasters/crawler)"
57.141.4.24 - - [06/Jul/2025:13:26:47 -0400] "GET /shopdetail/16212892/ HTTP/1.1" 404 76487 "-" "meta-externalagent/1.1 (+https://developers.facebook.com/docs/sharing/webmasters/crawler)"
57.141.4.7 - - [06/Jul/2025:13:26:49 -0400] "GET /shopdetail/19049903/ HTTP/1.1" 404 76487 "-" "meta-externalagent/1.1 (+https://developers.facebook.com/docs/sharing/webmasters/crawler)"
57.141.4.26 - - [06/Jul/2025:13:27:02 -0400] "GET /shopdetail/25858392/ HTTP/1.1" 404 76487 "-" "meta-externalagent/1.1 (+https://developers.facebook.com/docs/sharing/webmasters/crawler)"
23.92.177.29 - - [06/Jul/2025:13:27:24 -0400] "POST /wp-cron.php?doing_wp_cron=1751822844.9526069164276123046875 HTTP/1.1" 200 0 "-" "WordPress/6.7.2; https://bodyguardslosangeles.net"
66.249.79.198 - - [06/Jul/2025:13:27:24 -0400] "GET /shopdetail/12947558/ HTTP/1.1" 404 17539 "-" "Mozilla/5.0 (Linux; Android 6.0.1; Nexus 5X Build/MMB29P) AppleWebKit/537.36 (KHTML, like Gecko) Chrome/137.0.7151.103 Mobile Safari/537.36 (compatible; Googlebot/2.1; +http://www.google.com/bot.html)"
57.141.4.21 - - [06/Jul/2025:13:27:25 -0400] "GET /shopdetail/2889725/ HTTP/1.1" 404 76485 "-" "meta-externalagent/1.1 (+https://developers.facebook.com/docs/sharing/webmasters/crawler)"
66.249.79.196 - - [06/Jul/2025:13:27:37 -0400] "GET /shopdetail/17743292/ HTTP/1.1" 404 17538 "-" "Mozilla/5.0 (Linux; Android 6.0.1; Nexus 5X Build/MMB29P) AppleWebKit/537.36 (KHTML, like Gecko) Chrome/137.0.7151.103 Mobile Safari/537.36 (compatible; Googlebot/2.1; +http://www.google.com/bot.html)"
66.249.79.196 - - [06/Jul/2025:13:27:52 -0400] "GET /shopdetail/15517869/ HTTP/1.1" 404 17539 "-" "Mozilla/5.0 (Linux; Android 6.0.1; Nexus 5X Build/MMB29P) AppleWebKit/537.36 (KHTML, like Gecko) Chrome/137.0.7151.103 Mobile Safari/537.36 (compatible; Googlebot/2.1; +http://www.google.com/bot.html)"
66.249.79.196 - - [06/Jul/2025:13:27:55 -0400] "GET /shopdetail/13900025/ HTTP/1.1" 404 17539 "-" "Mozilla/5.0 (Linux; Android 6.0.1; Nexus 5X Build/MMB29P) AppleWebKit/537.36 (KHTML, like Gecko) Chrome/137.0.7151.103 Mobile Safari/537.36 (compatible; Googlebot/2.1; +http://www.google.com/bot.html)"
57.141.4.7 - - [06/Jul/2025:13:27:57 -0400] "GET /shopdetail/10639692/ HTTP/1.1" 404 76487 "-" "meta-externalagent/1.1 (+https://developers.facebook.com/docs/sharing/webmasters/crawler)"
66.249.79.197 - - [06/Jul/2025:13:28:08 -0400] "GET /shopdetail/15625569/ HTTP/1.1" 404 17539 "-" "Mozilla/5.0 (Linux; Android 6.0.1; Nexus 5X Build/MMB29P) AppleWebKit/537.36 (KHTML, like Gecko) Chrome/137.0.7151.103 Mobile Safari/537.36 (compatible; Googlebot/2.1; +http://www.google.com/bot.html)"
23.92.177.29 - - [06/Jul/2025:13:28:22 -0400] "POST /wp-cron.php?doing_wp_cron=1751822902.0726549625396728515625 HTTP/1.1" 200 0 "-" "WordPress/6.7.2; https://bodyguardslosangeles.net"
66.249.79.196 - - [06/Jul/2025:13:28:21 -0400] "GET /shopdetail/9801747/ HTTP/1.1" 404 17593 "-" "Mozilla/5.0 (Linux; Android 6.0.1; Nexus 5X Build/MMB29P) AppleWebKit/537.36 (KHTML, like Gecko) Chrome/137.0.7151.103 Mobile Safari/537.36 (compatible; Googlebot/2.1; +http://www.google.com/bot.html)"
57.141.4.4 - - [06/Jul/2025:13:28:31 -0400] "GET /shopdetail/1531892/ HTTP/1.1" 404 76485 "-" "meta-externalagent/1.1 (+https://developers.facebook.com/docs/sharing/webmasters/crawler)"
66.249.79.196 - - [06/Jul/2025:13:28:39 -0400] "GET /shopdetail/22345636/ HTTP/1.1" 404 17538 "-" "Mozilla/5.0 (Linux; Android 6.0.1; Nexus 5X Build/MMB29P) AppleWebKit/537.36 (KHTML, like Gecko) Chrome/137.0.7151.103 Mobile Safari/537.36 (compatible; Googlebot/2.1; +http://www.google.com/bot.html)"
57.141.4.18 - - [06/Jul/2025:13:28:45 -0400] "GET /shopdetail/10680992/ HTTP/1.1" 404 76487 "-" "meta-externalagent/1.1 (+https://developers.facebook.com/docs/sharing/webmasters/crawler)"
57.141.4.7 - - [06/Jul/2025:13:28:47 -0400] "GET /shopdetail/4601536/ HTTP/1.1" 404 76485 "-" "meta-externalagent/1.1 (+https://developers.facebook.com/docs/sharing/webmasters/crawler)"
66.249.79.196 - - [06/Jul/2025:13:28:51 -0400] "GET /shopdetail/3585870/ HTTP/1.1" 404 17538 "-" "Mozilla/5.0 (Linux; Android 6.0.1; Nexus 5X Build/MMB29P) AppleWebKit/537.36 (KHTML, like Gecko) Chrome/137.0.7151.103 Mobile Safari/537.36 (compatible; Googlebot/2.1; +http://www.google.com/bot.html)"
23.92.177.29 - - [06/Jul/2025:13:29:14 -0400] "POST /wp-cron.php?doing_wp_cron=1751822954.1499519348144531250000 HTTP/1.1" 200 0 "-" "WordPress/6.7.2; https://bodyguardslosangeles.net"
66.249.79.197 - - [06/Jul/2025:13:29:13 -0400] "GET /shopdetail/5665958/ HTTP/1.1" 404 17539 "-" "Mozilla/5.0 (Linux; Android 6.0.1; Nexus 5X Build/MMB29P) AppleWebKit/537.36 (KHTML, like Gecko) Chrome/137.0.7151.103 Mobile Safari/537.36 (compatible; Googlebot/2.1; +http://www.google.com/bot.html)"
66.249.79.196 - - [06/Jul/2025:13:29:34 -0400] "GET /shopdetail/25292547/ HTTP/1.1" 404 17539 "-" "Mozilla/5.0 (Linux; Android 6.0.1; Nexus 5X Build/MMB29P) AppleWebKit/537.36 (KHTML, like Gecko) Chrome/137.0.7151.103 Mobile Safari/537.36 (compatible; GoogleOther)"
57.141.4.21 - - [06/Jul/2025:13:29:50 -0400] "GET /shopdetail/18404770/ HTTP/1.1" 404 76487 "-" "meta-externalagent/1.1 (+https://developers.facebook.com/docs/sharing/webmasters/crawler)"
57.141.4.12 - - [06/Jul/2025:13:30:04 -0400] "GET /shopdetail/15794914/ HTTP/1.1" 404 76487 "-" "meta-externalagent/1.1 (+https://developers.facebook.com/docs/sharing/webmasters/crawler)"
57.141.4.24 - - [06/Jul/2025:13:30:09 -0400] "GET /shopdetail/1927325/ HTTP/1.1" 404 76485 "-" "meta-externalagent/1.1 (+https://developers.facebook.com/docs/sharing/webmasters/crawler)"
57.141.4.28 - - [06/Jul/2025:13:30:44 -0400] "GET /shopdetail/5008792/ HTTP/1.1" 404 76485 "-" "meta-externalagent/1.1 (+https://developers.facebook.com/docs/sharing/webmasters/crawler)"
57.141.4.16 - - [06/Jul/2025:13:30:47 -0400] "GET /shopdetail/17784169/ HTTP/1.1" 404 76487 "-" "meta-externalagent/1.1 (+https://developers.facebook.com/docs/sharing/webmasters/crawler)"
67.225.224.119 - - [06/Jul/2025:13:30:50 -0400] "GET / HTTP/1.1" 301 0 "http://bodyguardslosangeles.net" "Mozilla/5.0 (Windows NT 10.0; Win64; x64; rv:88.0) Gecko/20100101 Firefox/88.0"
67.225.224.188 - - [06/Jul/2025:13:31:01 -0400] "GET //bodyguardslosangeles?Action=checkWPfiles HTTP/1.1" 301 0 "http://bodyguardslosangeles.net/" "Mozilla/5.0 (Linux; Android 10; SM-G981B) AppleWebKit/537.36 (KHTML, like Gecko) Chrome/90.0.4430.212 Mobile Safari/537.36"
67.225.224.188 - - [06/Jul/2025:13:31:01 -0400] "GET /bodyguardslosangeles?Action=checkWPfiles HTTP/1.1" 404 19884 "http://bodyguardslosangeles.net/" "Mozilla/5.0 (Linux; Android 10; SM-G981B) AppleWebKit/537.36 (KHTML, like Gecko) Chrome/90.0.4430.212 Mobile Safari/537.36"
57.141.4.15 - - [06/Jul/2025:13:31:03 -0400] "GET /shopdetail/17504292/ HTTP/1.1" 404 76487 "-" "meta-externalagent/1.1 (+https://developers.facebook.com/docs/sharing/webmasters/crawler)"
67.225.224.127 - - [06/Jul/2025:13:31:08 -0400] "GET /bodyguardslosangeles/?Action=checkWPfiles HTTP/1.1" 200 37 "http://bodyguardslosangeles.net/" "Mozilla/5.0 (Windows NT 10.0; Win64; x64; rv:88.0) Gecko/20100101 Firefox/88.0"
57.141.4.29 - - [06/Jul/2025:13:32:07 -0400] "GET /shopdetail/14647958/ HTTP/1.1" 404 76487 "-" "meta-externalagent/1.1 (+https://developers.facebook.com/docs/sharing/webmasters/crawler)"
66.249.79.196 - - [06/Jul/2025:13:32:35 -0400] "GET /shopdetail/24802603/ HTTP/1.1" 404 17539 "-" "Mozilla/5.0 (Linux; Android 6.0.1; Nexus 5X Build/MMB29P) AppleWebKit/537.36 (KHTML, like Gecko) Chrome/137.0.7151.103 Mobile Safari/537.36 (compatible; Googlebot/2.1; +http://www.google.com/bot.html)"
57.141.4.24 - - [06/Jul/2025:13:32:42 -0400] "GET /shopdetail/11997525/ HTTP/1.1" 404 76487 "-" "meta-externalagent/1.1 (+https://developers.facebook.com/docs/sharing/webmasters/crawler)"
66.249.79.196 - - [06/Jul/2025:13:32:43 -0400] "GET /shopdetail/1900525/ HTTP/1.1" 404 17538 "-" "Mozilla/5.0 (Linux; Android 6.0.1; Nexus 5X Build/MMB29P) AppleWebKit/537.36 (KHTML, like Gecko) Chrome/137.0.7151.103 Mobile Safari/537.36 (compatible; Googlebot/2.1; +http://www.google.com/bot.html)"
66.249.79.196 - - [06/Jul/2025:13:32:55 -0400] "GET /shopdetail/17077925/ HTTP/1.1" 404 17539 "-" "Mozilla/5.0 (Linux; Android 6.0.1; Nexus 5X Build/MMB29P) AppleWebKit/537.36 (KHTML, like Gecko) Chrome/137.0.7151.103 Mobile Safari/537.36 (compatible; Googlebot/2.1; +http://www.google.com/bot.html)"
23.92.177.29 - - [06/Jul/2025:13:33:14 -0400] "POST /wp-cron.php?doing_wp_cron=1751823194.5296449661254882812500 HTTP/1.1" 200 0 "-" "WordPress/6.7.2; https://bodyguardslosangeles.net"
66.249.79.196 - - [06/Jul/2025:13:33:13 -0400] "GET /shopdetail/10165358/ HTTP/1.1" 404 17539 "-" "Mozilla/5.0 (Linux; Android 6.0.1; Nexus 5X Build/MMB29P) AppleWebKit/537.36 (KHTML, like Gecko) Chrome/137.0.7151.103 Mobile Safari/537.36 (compatible; Googlebot/2.1; +http://www.google.com/bot.html)"
57.141.4.17 - - [06/Jul/2025:13:33:26 -0400] "GET /shopdetail/15877425/ HTTP/1.1" 404 76487 "-" "meta-externalagent/1.1 (+https://developers.facebook.com/docs/sharing/webmasters/crawler)"
57.141.4.30 - - [06/Jul/2025:13:33:26 -0400] "GET /shopdetail/19566592/ HTTP/1.1" 404 76487 "-" "meta-externalagent/1.1 (+https://developers.facebook.com/docs/sharing/webmasters/crawler)"
66.249.79.196 - - [06/Jul/2025:13:33:40 -0400] "GET /shopdetail/23928958/ HTTP/1.1" 404 17539 "-" "Mozilla/5.0 (Linux; Android 6.0.1; Nexus 5X Build/MMB29P) AppleWebKit/537.36 (KHTML, like Gecko) Chrome/137.0.7151.103 Mobile Safari/537.36 (compatible; Googlebot/2.1; +http://www.google.com/bot.html)"
57.141.4.23 - - [06/Jul/2025:13:33:43 -0400] "GET /shopdetail/2280225/ HTTP/1.1" 404 76485 "-" "meta-externalagent/1.1 (+https://developers.facebook.com/docs/sharing/webmasters/crawler)"
216.73.216.121 - - [06/Jul/2025:13:33:48 -0400] "GET /sitemap357.xml HTTP/1.1" 404 17572 "-" "Mozilla/5.0 AppleWebKit/537.36 (KHTML, like Gecko; compatible; ClaudeBot/1.0; +claudebot@anthropic.com)"
57.141.4.5 - - [06/Jul/2025:13:34:03 -0400] "GET /shopdetail/7970592/ HTTP/1.1" 404 76485 "-" "meta-externalagent/1.1 (+https://developers.facebook.com/docs/sharing/webmasters/crawler)"
57.141.4.9 - - [06/Jul/2025:13:34:57 -0400] "GET /shopdetail/18481681/ HTTP/1.1" 404 76487 "-" "meta-externalagent/1.1 (+https://developers.facebook.com/docs/sharing/webmasters/crawler)"
23.92.177.29 - - [06/Jul/2025:13:35:15 -0400] "POST /wp-cron.php?doing_wp_cron=1751823315.2062780857086181640625 HTTP/1.1" 200 0 "-" "WordPress/6.7.2; https://bodyguardslosangeles.net"
57.141.4.14 - - [06/Jul/2025:13:35:14 -0400] "GET /shopdetail/16773014/ HTTP/1.1" 404 76487 "-" "meta-externalagent/1.1 (+https://developers.facebook.com/docs/sharing/webmasters/crawler)"
182.43.70.143 - - [06/Jul/2025:13:35:15 -0400] "GET / HTTP/1.1" 301 0 "-" "Mozilla/5.0 (iPhone; CPU iPhone OS 13_2_3 like Mac OS X) AppleWebKit/605.1.15 (KHTML, like Gecko) Version/13.0.3 Mobile/15E148 Safari/604.1"
57.141.4.22 - - [06/Jul/2025:13:35:33 -0400] "GET /shopdetail/12835181/ HTTP/1.1" 404 76487 "-" "meta-externalagent/1.1 (+https://developers.facebook.com/docs/sharing/webmasters/crawler)"
57.141.4.28 - - [06/Jul/2025:13:35:55 -0400] "GET /shopdetail/16819581/ HTTP/1.1" 404 76487 "-" "meta-externalagent/1.1 (+https://developers.facebook.com/docs/sharing/webmasters/crawler)"
57.141.4.27 - - [06/Jul/2025:13:36:19 -0400] "GET /shopdetail/19435058/ HTTP/1.1" 404 76487 "-" "meta-externalagent/1.1 (+https://developers.facebook.com/docs/sharing/webmasters/crawler)"
57.141.4.6 - - [06/Jul/2025:13:36:49 -0400] "GET /shopdetail/18750336/ HTTP/1.1" 404 76487 "-" "meta-externalagent/1.1 (+https://developers.facebook.com/docs/sharing/webmasters/crawler)"
23.92.177.29 - - [06/Jul/2025:13:37:38 -0400] "POST /wp-cron.php?doing_wp_cron=1751823458.8772010803222656250000 HTTP/1.1" 200 0 "-" "WordPress/6.7.2; https://bodyguardslosangeles.net"
57.141.4.25 - - [06/Jul/2025:13:37:38 -0400] "GET /shopdetail/12540714/ HTTP/1.1" 404 76487 "-" "meta-externalagent/1.1 (+https://developers.facebook.com/docs/sharing/webmasters/crawler)"
66.249.79.196 - - [06/Jul/2025:13:37:43 -0400] "GET /shopdetail/12257392/ HTTP/1.1" 404 17538 "-" "Mozilla/5.0 (Linux; Android 6.0.1; Nexus 5X Build/MMB29P) AppleWebKit/537.36 (KHTML, like Gecko) Chrome/137.0.7151.103 Mobile Safari/537.36 (compatible; Googlebot/2.1; +http://www.google.com/bot.html)"
57.141.4.9 - - [06/Jul/2025:13:37:46 -0400] "GET /shopdetail/17774114/ HTTP/1.1" 404 76487 "-" "meta-externalagent/1.1 (+https://developers.facebook.com/docs/sharing/webmasters/crawler)"
57.141.4.3 - - [06/Jul/2025:13:37:47 -0400] "GET /shopdetail/9843181/ HTTP/1.1" 404 76485 "-" "meta-externalagent/1.1 (+https://developers.facebook.com/docs/sharing/webmasters/crawler)"
57.141.4.6 - - [06/Jul/2025:13:37:59 -0400] "GET /shopdetail/12920592/ HTTP/1.1" 404 76487 "-" "meta-externalagent/1.1 (+https://developers.facebook.com/docs/sharing/webmasters/crawler)"
23.92.177.29 - - [06/Jul/2025:13:38:15 -0400] "POST /wp-cron.php?doing_wp_cron=1751823495.0236260890960693359375 HTTP/1.1" 200 0 "-" "WordPress/6.7.2; https://bodyguardslosangeles.net"
57.141.4.27 - - [06/Jul/2025:13:38:14 -0400] "GET /shopdetail/9265770/ HTTP/1.1" 404 76485 "-" "meta-externalagent/1.1 (+https://developers.facebook.com/docs/sharing/webmasters/crawler)"
57.141.4.23 - - [06/Jul/2025:13:38:37 -0400] "GET /shopdetail/6226181/ HTTP/1.1" 404 76485 "-" "meta-externalagent/1.1 (+https://developers.facebook.com/docs/sharing/webmasters/crawler)"
57.141.4.15 - - [06/Jul/2025:13:39:09 -0400] "GET /shopdetail/11897803/ HTTP/1.1" 404 76487 "-" "meta-externalagent/1.1 (+https://developers.facebook.com/docs/sharing/webmasters/crawler)"
23.92.177.29 - - [06/Jul/2025:13:39:35 -0400] "POST /wp-cron.php?doing_wp_cron=1751823575.3958480358123779296875 HTTP/1.1" 200 0 "-" "WordPress/6.7.2; https://bodyguardslosangeles.net"
57.141.4.9 - - [06/Jul/2025:13:39:34 -0400] "GET /shopdetail/18409692/ HTTP/1.1" 404 76487 "-" "meta-externalagent/1.1 (+https://developers.facebook.com/docs/sharing/webmasters/crawler)"
57.141.4.6 - - [06/Jul/2025:13:39:52 -0400] "GET /shopdetail/2684681/ HTTP/1.1" 404 76485 "-" "meta-externalagent/1.1 (+https://developers.facebook.com/docs/sharing/webmasters/crawler)"
57.141.4.9 - - [06/Jul/2025:13:40:02 -0400] "GET /shopdetail/24584569/ HTTP/1.1" 404 76487 "-" "meta-externalagent/1.1 (+https://developers.facebook.com/docs/sharing/webmasters/crawler)"
57.141.4.27 - - [06/Jul/2025:13:41:44 -0400] "GET /shopdetail/15377658/ HTTP/1.1" 404 76487 "-" "meta-externalagent/1.1 (+https://developers.facebook.com/docs/sharing/webmasters/crawler)"
57.141.4.1 - - [06/Jul/2025:13:42:00 -0400] "GET /shopdetail/23493170/ HTTP/1.1" 404 76487 "-" "meta-externalagent/1.1 (+https://developers.facebook.com/docs/sharing/webmasters/crawler)"
23.92.177.29 - - [06/Jul/2025:13:42:22 -0400] "POST /wp-cron.php?doing_wp_cron=1751823742.6805629730224609375000 HTTP/1.1" 200 0 "-" "WordPress/6.7.2; https://bodyguardslosangeles.net"
57.141.4.27 - - [06/Jul/2025:13:42:22 -0400] "GET /shopdetail/10319336/ HTTP/1.1" 404 76487 "-" "meta-externalagent/1.1 (+https://developers.facebook.com/docs/sharing/webmasters/crawler)"
57.141.4.6 - - [06/Jul/2025:13:42:37 -0400] "GET /shopdetail/18295392/ HTTP/1.1" 404 76487 "-" "meta-externalagent/1.1 (+https://developers.facebook.com/docs/sharing/webmasters/crawler)"
57.141.4.29 - - [06/Jul/2025:13:42:38 -0400] "GET /shopdetail/24407170/ HTTP/1.1" 404 76487 "-" "meta-externalagent/1.1 (+https://developers.facebook.com/docs/sharing/webmasters/crawler)"
23.92.177.29 - - [06/Jul/2025:13:43:17 -0400] "POST /wp-cron.php?doing_wp_cron=1751823797.8534660339355468750000 HTTP/1.1" 200 0 "-" "WordPress/6.7.2; https://bodyguardslosangeles.net"
57.141.4.5 - - [06/Jul/2025:13:43:16 -0400] "GET /shopdetail/4016436/ HTTP/1.1" 404 76485 "-" "meta-externalagent/1.1 (+https://developers.facebook.com/docs/sharing/webmasters/crawler)"
57.141.4.5 - - [06/Jul/2025:13:43:44 -0400] "GET /shopdetail/16090903/ HTTP/1.1" 404 76487 "-" "meta-externalagent/1.1 (+https://developers.facebook.com/docs/sharing/webmasters/crawler)"
216.73.216.121 - - [06/Jul/2025:13:43:44 -0400] "GET /sitemap234.xml HTTP/1.1" 404 17540 "-" "Mozilla/5.0 AppleWebKit/537.36 (KHTML, like Gecko; compatible; ClaudeBot/1.0; +claudebot@anthropic.com)"
57.141.4.27 - - [06/Jul/2025:13:43:49 -0400] "GET /shopdetail/21443481/ HTTP/1.1" 404 76487 "-" "meta-externalagent/1.1 (+https://developers.facebook.com/docs/sharing/webmasters/crawler)"
23.92.177.29 - - [06/Jul/2025:13:44:19 -0400] "POST /wp-cron.php?doing_wp_cron=1751823859.4156799316406250000000 HTTP/1.1" 200 0 "-" "WordPress/6.7.2; https://bodyguardslosangeles.net"
216.73.216.121 - - [06/Jul/2025:13:44:18 -0400] "GET /sitemap886.xml HTTP/1.1" 404 17540 "-" "Mozilla/5.0 AppleWebKit/537.36 (KHTML, like Gecko; compatible; ClaudeBot/1.0; +claudebot@anthropic.com)"
57.141.4.28 - - [06/Jul/2025:13:44:20 -0400] "GET /shopdetail/2282525/ HTTP/1.1" 404 76485 "-" "meta-externalagent/1.1 (+https://developers.facebook.com/docs/sharing/webmasters/crawler)"
66.249.79.196 - - [06/Jul/2025:13:44:47 -0400] "GET /shopdetail/17281058/ HTTP/1.1" 404 17539 "-" "Mozilla/5.0 (Linux; Android 6.0.1; Nexus 5X Build/MMB29P) AppleWebKit/537.36 (KHTML, like Gecko) Chrome/137.0.7151.103 Mobile Safari/537.36 (compatible; Googlebot/2.1; +http://www.google.com/bot.html)"
57.141.4.24 - - [06/Jul/2025:13:44:51 -0400] "GET /shopdetail/13082292/ HTTP/1.1" 404 76487 "-" "meta-externalagent/1.1 (+https://developers.facebook.com/docs/sharing/webmasters/crawler)"
23.92.177.29 - - [06/Jul/2025:13:45:42 -0400] "POST /wp-cron.php?doing_wp_cron=1751823942.7485830783843994140625 HTTP/1.1" 200 0 "-" "WordPress/6.7.2; https://bodyguardslosangeles.net"
216.73.216.121 - - [06/Jul/2025:13:45:42 -0400] "GET /sitemap.xml HTTP/1.1" 301 0 "-" "Mozilla/5.0 AppleWebKit/537.36 (KHTML, like Gecko; compatible; ClaudeBot/1.0; +claudebot@anthropic.com)"
57.141.4.4 - - [06/Jul/2025:13:46:08 -0400] "GET /shopdetail/11930747/ HTTP/1.1" 404 76487 "-" "meta-externalagent/1.1 (+https://developers.facebook.com/docs/sharing/webmasters/crawler)"
57.141.4.3 - - [06/Jul/2025:13:46:50 -0400] "GET /shopdetail/23280469/ HTTP/1.1" 404 76487 "-" "meta-externalagent/1.1 (+https://developers.facebook.com/docs/sharing/webmasters/crawler)"
23.92.177.29 - - [06/Jul/2025:13:47:41 -0400] "POST /wp-cron.php?doing_wp_cron=1751824061.8132040500640869140625 HTTP/1.1" 200 0 "-" "WordPress/6.7.2; https://bodyguardslosangeles.net"
57.141.4.26 - - [06/Jul/2025:13:47:39 -0400] "GET /shopdetail/19419681/ HTTP/1.1" 404 76487 "-" "meta-externalagent/1.1 (+https://developers.facebook.com/docs/sharing/webmasters/crawler)"
57.141.4.1 - - [06/Jul/2025:13:47:40 -0400] "GET /shopdetail/2802547/ HTTP/1.1" 404 76485 "-" "meta-externalagent/1.1 (+https://developers.facebook.com/docs/sharing/webmasters/crawler)"
57.141.4.29 - - [06/Jul/2025:13:48:09 -0400] "GET /shopdetail/26270336/ HTTP/1.1" 404 76487 "-" "meta-externalagent/1.1 (+https://developers.facebook.com/docs/sharing/webmasters/crawler)"
23.92.177.29 - - [06/Jul/2025:13:48:19 -0400] "POST /wp-cron.php?doing_wp_cron=1751824099.4242260456085205078125 HTTP/1.1" 200 0 "-" "WordPress/6.7.2; https://bodyguardslosangeles.net"
57.141.4.20 - - [06/Jul/2025:13:48:18 -0400] "GET /shopdetail/4521670/ HTTP/1.1" 404 76485 "-" "meta-externalagent/1.1 (+https://developers.facebook.com/docs/sharing/webmasters/crawler)"
57.141.4.24 - - [06/Jul/2025:13:48:43 -0400] "GET /shopdetail/15083036/ HTTP/1.1" 404 76487 "-" "meta-externalagent/1.1 (+https://developers.facebook.com/docs/sharing/webmasters/crawler)"
57.141.4.26 - - [06/Jul/2025:13:48:53 -0400] "GET /shopdetail/25832936/ HTTP/1.1" 404 76487 "-" "meta-externalagent/1.1 (+https://developers.facebook.com/docs/sharing/webmasters/crawler)"
57.141.4.22 - - [06/Jul/2025:13:49:08 -0400] "GET /shopdetail/26137536/ HTTP/1.1" 404 76487 "-" "meta-externalagent/1.1 (+https://developers.facebook.com/docs/sharing/webmasters/crawler)"
57.141.4.15 - - [06/Jul/2025:13:49:54 -0400] "GET /shopdetail/15299625/ HTTP/1.1" 404 76487 "-" "meta-externalagent/1.1 (+https://developers.facebook.com/docs/sharing/webmasters/crawler)"
23.92.177.29 - - [06/Jul/2025:13:50:21 -0400] "POST /wp-cron.php?doing_wp_cron=1751824221.0489540100097656250000 HTTP/1.1" 200 0 "-" "WordPress/6.7.2; https://bodyguardslosangeles.net"
57.141.4.20 - - [06/Jul/2025:13:50:20 -0400] "GET /shopdetail/9818692/ HTTP/1.1" 404 76485 "-" "meta-externalagent/1.1 (+https://developers.facebook.com/docs/sharing/webmasters/crawler)"
57.141.4.11 - - [06/Jul/2025:13:50:32 -0400] "GET /shopdetail/12572758/ HTTP/1.1" 404 76487 "-" "meta-externalagent/1.1 (+https://developers.facebook.com/docs/sharing/webmasters/crawler)"
57.141.4.30 - - [06/Jul/2025:13:50:39 -0400] "GET /shopdetail/7676436/ HTTP/1.1" 404 76485 "-" "meta-externalagent/1.1 (+https://developers.facebook.com/docs/sharing/webmasters/crawler)"
57.141.4.25 - - [06/Jul/2025:13:50:49 -0400] "GET /shopdetail/16888570/ HTTP/1.1" 404 76487 "-" "meta-externalagent/1.1 (+https://developers.facebook.com/docs/sharing/webmasters/crawler)"
57.141.4.11 - - [06/Jul/2025:13:51:02 -0400] "GET /shopdetail/17157614/ HTTP/1.1" 404 76487 "-" "meta-externalagent/1.1 (+https://developers.facebook.com/docs/sharing/webmasters/crawler)"
57.141.4.5 - - [06/Jul/2025:13:51:10 -0400] "GET /shopdetail/1411069/ HTTP/1.1" 404 76485 "-" "meta-externalagent/1.1 (+https://developers.facebook.com/docs/sharing/webmasters/crawler)"
23.92.177.29 - - [06/Jul/2025:13:51:16 -0400] "POST /wp-cron.php?doing_wp_cron=1751824276.1327021121978759765625 HTTP/1.1" 200 0 "-" "WordPress/6.7.2; https://bodyguardslosangeles.net"
66.249.79.196 - - [06/Jul/2025:13:51:14 -0400] "GET /shopdetail/14565392/ HTTP/1.1" 404 17538 "-" "Mozilla/5.0 (Linux; Android 6.0.1; Nexus 5X Build/MMB29P) AppleWebKit/537.36 (KHTML, like Gecko) Chrome/137.0.7151.103 Mobile Safari/537.36 (compatible; Googlebot/2.1; +http://www.google.com/bot.html)"
23.92.177.29 - - [06/Jul/2025:13:53:51 -0400] "POST /wp-cron.php?doing_wp_cron=1751824431.5485799312591552734375 HTTP/1.1" 200 0 "-" "WordPress/6.7.2; https://bodyguardslosangeles.net"
57.141.4.22 - - [06/Jul/2025:13:53:50 -0400] "GET /shopdetail/14127425/ HTTP/1.1" 404 76487 "-" "meta-externalagent/1.1 (+https://developers.facebook.com/docs/sharing/webmasters/crawler)"
23.92.177.29 - - [06/Jul/2025:13:54:53 -0400] "POST /wp-cron.php?doing_wp_cron=1751824493.8168380260467529296875 HTTP/1.1" 200 0 "-" "WordPress/6.7.2; https://bodyguardslosangeles.net"
66.249.79.196 - - [06/Jul/2025:13:54:53 -0400] "GET /shopdetail/21988803/ HTTP/1.1" 404 17593 "-" "Mozilla/5.0 (Linux; Android 6.0.1; Nexus 5X Build/MMB29P) AppleWebKit/537.36 (KHTML, like Gecko) Chrome/137.0.7151.103 Mobile Safari/537.36 (compatible; Googlebot/2.1; +http://www.google.com/bot.html)"
57.141.4.16 - - [06/Jul/2025:13:55:03 -0400] "GET /shopdetail/14214092/ HTTP/1.1" 404 76487 "-" "meta-externalagent/1.1 (+https://developers.facebook.com/docs/sharing/webmasters/crawler)"
23.92.177.29 - - [06/Jul/2025:13:55:44 -0400] "POST /wp-cron.php?doing_wp_cron=1751824544.6905899047851562500000 HTTP/1.1" 200 0 "-" "WordPress/6.7.2; https://bodyguardslosangeles.net"
54.36.148.196 - - [06/Jul/2025:13:55:43 -0400] "GET /sitemap805.xml HTTP/1.1" 404 17540 "-" "Mozilla/5.0 (compatible; AhrefsBot/7.0; +http://ahrefs.com/robot/)"
66.249.79.196 - - [06/Jul/2025:13:55:55 -0400] "GET /shopdetail/12534336/ HTTP/1.1" 404 17539 "-" "Mozilla/5.0 (Linux; Android 6.0.1; Nexus 5X Build/MMB29P) AppleWebKit/537.36 (KHTML, like Gecko) Chrome/137.0.7151.103 Mobile Safari/537.36 (compatible; Googlebot/2.1; +http://www.google.com/bot.html)"
23.92.177.29 - - [06/Jul/2025:13:56:16 -0400] "POST /wp-cron.php?doing_wp_cron=1751824576.0585079193115234375000 HTTP/1.1" 200 0 "-" "WordPress/6.7.2; https://bodyguardslosangeles.net"
57.141.4.19 - - [06/Jul/2025:13:56:15 -0400] "GET /shopdetail/24157647/ HTTP/1.1" 404 76487 "-" "meta-externalagent/1.1 (+https://developers.facebook.com/docs/sharing/webmasters/crawler)"
57.141.4.19 - - [06/Jul/2025:13:56:17 -0400] "GET /shopdetail/4717247/ HTTP/1.1" 404 76485 "-" "meta-externalagent/1.1 (+https://developers.facebook.com/docs/sharing/webmasters/crawler)"
66.249.79.197 - - [06/Jul/2025:13:56:38 -0400] "GET /shopdetail/6242381/ HTTP/1.1" 404 17538 "-" "Mozilla/5.0 (Linux; Android 6.0.1; Nexus 5X Build/MMB29P) AppleWebKit/537.36 (KHTML, like Gecko) Chrome/137.0.7151.103 Mobile Safari/537.36 (compatible; GoogleOther)"
57.141.4.2 - - [06/Jul/2025:13:57:00 -0400] "GET /shopdetail/9657436/ HTTP/1.1" 404 76485 "-" "meta-externalagent/1.1 (+https://developers.facebook.com/docs/sharing/webmasters/crawler)"
23.92.177.29 - - [06/Jul/2025:13:57:22 -0400] "POST /wp-cron.php?doing_wp_cron=1751824642.0118010044097900390625 HTTP/1.1" 200 0 "-" "WordPress/6.7.2; https://bodyguardslosangeles.net"
57.141.4.7 - - [06/Jul/2025:13:57:21 -0400] "GET /shopdetail/9021703/ HTTP/1.1" 404 76485 "-" "meta-externalagent/1.1 (+https://developers.facebook.com/docs/sharing/webmasters/crawler)"
66.249.79.197 - - [06/Jul/2025:13:57:28 -0400] "GET /shopdetail/25747214/ HTTP/1.1" 404 17539 "-" "Mozilla/5.0 (Linux; Android 6.0.1; Nexus 5X Build/MMB29P) AppleWebKit/537.36 (KHTML, like Gecko) Chrome/137.0.7151.103 Mobile Safari/537.36 (compatible; Googlebot/2.1; +http://www.google.com/bot.html)"
23.92.177.29 - - [06/Jul/2025:13:58:17 -0400] "POST /wp-cron.php?doing_wp_cron=1751824697.5633070468902587890625 HTTP/1.1" 200 0 "-" "WordPress/6.7.2; https://bodyguardslosangeles.net"
57.141.4.12 - - [06/Jul/2025:13:58:16 -0400] "GET /shopdetail/20634569/ HTTP/1.1" 404 76487 "-" "meta-externalagent/1.1 (+https://developers.facebook.com/docs/sharing/webmasters/crawler)"
66.249.79.196 - - [06/Jul/2025:13:58:28 -0400] "GET /shopdetail/13198803/ HTTP/1.1" 404 17539 "-" "Mozilla/5.0 (Linux; Android 6.0.1; Nexus 5X Build/MMB29P) AppleWebKit/537.36 (KHTML, like Gecko) Chrome/137.0.7151.103 Mobile Safari/537.36 (compatible; Googlebot/2.1; +http://www.google.com/bot.html)"
57.141.4.27 - - [06/Jul/2025:13:59:10 -0400] "GET /shopdetail/4474903/ HTTP/1.1" 404 76485 "-" "meta-externalagent/1.1 (+https://developers.facebook.com/docs/sharing/webmasters/crawler)"
23.92.177.29 - - [06/Jul/2025:13:59:17 -0400] "POST /wp-cron.php?doing_wp_cron=1751824757.9477069377899169921875 HTTP/1.1" 200 0 "-" "WordPress/6.7.2; https://bodyguardslosangeles.net"
23.92.177.29 - - [06/Jul/2025:13:59:17 -0400] "POST /wp-cron.php?doing_wp_cron=1751824757.9479200839996337890625 HTTP/1.1" 200 0 "-" "WordPress/6.7.2; https://bodyguardslosangeles.net"
57.141.4.14 - - [06/Jul/2025:13:59:17 -0400] "GET /shopdetail/2326036/ HTTP/1.1" 404 76485 "-" "meta-externalagent/1.1 (+https://developers.facebook.com/docs/sharing/webmasters/crawler)"
57.141.4.26 - - [06/Jul/2025:13:59:17 -0400] "GET /shopdetail/20218125/ HTTP/1.1" 404 76487 "-" "meta-externalagent/1.1 (+https://developers.facebook.com/docs/sharing/webmasters/crawler)"
57.141.4.21 - - [06/Jul/2025:13:59:19 -0400] "GET /shopdetail/9172969/ HTTP/1.1" 404 76485 "-" "meta-externalagent/1.1 (+https://developers.facebook.com/docs/sharing/webmasters/crawler)"
57.141.4.22 - - [06/Jul/2025:13:59:39 -0400] "GET /shopdetail/8095969/ HTTP/1.1" 404 76485 "-" "meta-externalagent/1.1 (+https://developers.facebook.com/docs/sharing/webmasters/crawler)"
23.92.177.29 - - [06/Jul/2025:14:00:12 -0400] "POST /wp-cron.php?doing_wp_cron=1751824812.0973169803619384765625 HTTP/1.1" 200 0 "-" "WordPress/6.7.2; https://bodyguardslosangeles.net"
57.141.4.11 - - [06/Jul/2025:14:00:11 -0400] "GET /shopdetail/12861658/ HTTP/1.1" 404 76487 "-" "meta-externalagent/1.1 (+https://developers.facebook.com/docs/sharing/webmasters/crawler)"
23.92.177.29 - - [06/Jul/2025:14:00:23 -0400] "POST /wp-cron.php?doing_wp_cron=1751824823.9846038818359375000000 HTTP/1.1" 200 0 "-" "WordPress/6.7.2; https://bodyguardslosangeles.net"
216.73.216.121 - - [06/Jul/2025:14:00:23 -0400] "GET /sitemap796.xml HTTP/1.1" 404 17540 "-" "Mozilla/5.0 AppleWebKit/537.36 (KHTML, like Gecko; compatible; ClaudeBot/1.0; +claudebot@anthropic.com)"
57.141.4.3 - - [06/Jul/2025:14:00:30 -0400] "GET /shopdetail/25462969/ HTTP/1.1" 404 76487 "-" "meta-externalagent/1.1 (+https://developers.facebook.com/docs/sharing/webmasters/crawler)"
57.141.4.3 - - [06/Jul/2025:14:00:40 -0400] "GET /shopdetail/10482192/ HTTP/1.1" 404 76487 "-" "meta-externalagent/1.1 (+https://developers.facebook.com/docs/sharing/webmasters/crawler)"
66.249.79.197 - - [06/Jul/2025:14:01:39 -0400] "GET /shopdetail/16732147/ HTTP/1.1" 404 17539 "-" "Mozilla/5.0 (Linux; Android 6.0.1; Nexus 5X Build/MMB29P) AppleWebKit/537.36 (KHTML, like Gecko) Chrome/137.0.7151.103 Mobile Safari/537.36 (compatible; Googlebot/2.1; +http://www.google.com/bot.html)"
66.249.79.196 - - [06/Jul/2025:14:01:49 -0400] "GET /shopdetail/23000370/ HTTP/1.1" 404 17537 "-" "Mozilla/5.0 (Linux; Android 6.0.1; Nexus 5X Build/MMB29P) AppleWebKit/537.36 (KHTML, like Gecko) Chrome/137.0.7151.103 Mobile Safari/537.36 (compatible; Googlebot/2.1; +http://www.google.com/bot.html)"
57.141.4.23 - - [06/Jul/2025:14:01:54 -0400] "GET /shopdetail/4783669/ HTTP/1.1" 404 76485 "-" "meta-externalagent/1.1 (+https://developers.facebook.com/docs/sharing/webmasters/crawler)"
66.249.79.196 - - [06/Jul/2025:14:01:57 -0400] "GET /shopdetail/8027492/ HTTP/1.1" 404 17536 "-" "Mozilla/5.0 (Linux; Android 6.0.1; Nexus 5X Build/MMB29P) AppleWebKit/537.36 (KHTML, like Gecko) Chrome/137.0.7151.103 Mobile Safari/537.36 (compatible; Googlebot/2.1; +http://www.google.com/bot.html)"
57.141.4.9 - - [06/Jul/2025:14:02:17 -0400] "GET /shopdetail/13954081/ HTTP/1.1" 404 76487 "-" "meta-externalagent/1.1 (+https://developers.facebook.com/docs/sharing/webmasters/crawler)"
