52.169.114.111 - - [12/Jul/2025:19:34:58 -0400] "GET /wp-includes/css/dist/block-library/ HTTP/1.1" 200 37927 "-" "-"
52.169.114.111 - - [12/Jul/2025:19:34:58 -0400] "GET /nakrip.php HTTP/1.1" 200 37927 "-" "-"
52.169.114.111 - - [12/Jul/2025:19:34:58 -0400] "GET /wp-includes/customize/about.php HTTP/1.1" 200 37927 "-" "-"
52.169.114.111 - - [12/Jul/2025:19:34:59 -0400] "GET /mini.php HTTP/1.1" 200 37927 "-" "-"
52.169.114.111 - - [12/Jul/2025:19:34:59 -0400] "GET /public/index.php HTTP/1.1" 200 37927 "-" "-"
52.169.114.111 - - [12/Jul/2025:19:34:59 -0400] "GET /wp-includes/SimplePie/ HTTP/1.1" 200 37927 "-" "-"
52.169.114.111 - - [12/Jul/2025:19:34:59 -0400] "GET /upload/login.php HTTP/1.1" 200 37927 "-" "-"
52.169.114.111 - - [12/Jul/2025:19:34:59 -0400] "GET /themes.php HTTP/1.1" 200 37927 "-" "-"
52.169.114.111 - - [12/Jul/2025:19:34:59 -0400] "GET /wp-admin/css/colors/sunrise/ HTTP/1.1" 200 37927 "-" "-"
52.169.114.111 - - [12/Jul/2025:19:35:00 -0400] "GET /wsa.php HTTP/1.1" 200 37927 "-" "-"
52.169.114.111 - - [12/Jul/2025:19:35:00 -0400] "GET /wp-admin/maint/about.php HTTP/1.1" 200 37927 "-" "-"
52.169.114.111 - - [12/Jul/2025:19:35:00 -0400] "GET /backup.php HTTP/1.1" 200 37927 "-" "-"
52.169.114.111 - - [12/Jul/2025:19:35:00 -0400] "GET /alfanew.php HTTP/1.1" 200 37927 "-" "-"
52.169.114.111 - - [12/Jul/2025:19:35:00 -0400] "GET /wp-admin/maint/index.php HTTP/1.1" 200 37927 "-" "-"
52.169.114.111 - - [12/Jul/2025:19:35:00 -0400] "GET /text.php HTTP/1.1" 200 37927 "-" "-"
52.169.114.111 - - [12/Jul/2025:19:35:01 -0400] "GET /wp-includes/install.php HTTP/1.1" 200 37927 "-" "-"
52.169.114.111 - - [12/Jul/2025:19:35:01 -0400] "GET /wp-includes/js/tinymce/utils/ HTTP/1.1" 200 37927 "-" "-"
52.169.114.111 - - [12/Jul/2025:19:35:01 -0400] "GET /admin-header.php HTTP/1.1" 200 37927 "-" "-"
52.169.114.111 - - [12/Jul/2025:19:35:01 -0400] "GET /.well-known/acme-challenge/index.php HTTP/1.1" 200 37927 "-" "-"
52.169.114.111 - - [12/Jul/2025:19:35:01 -0400] "GET /wp-configs.php HTTP/1.1" 200 37927 "-" "-"
52.169.114.111 - - [12/Jul/2025:19:35:02 -0400] "GET /wp-content/upgrade/ HTTP/1.1" 200 37927 "-" "-"
52.169.114.111 - - [12/Jul/2025:19:35:02 -0400] "GET /data.php HTTP/1.1" 200 37927 "-" "-"
52.169.114.111 - - [12/Jul/2025:19:35:02 -0400] "GET /news.php HTTP/1.1" 200 37927 "-" "-"
52.169.114.111 - - [12/Jul/2025:19:35:02 -0400] "GET /about.PHP HTTP/1.1" 200 37927 "-" "-"
52.169.114.111 - - [12/Jul/2025:19:35:02 -0400] "GET /.well-known/acme-challenge/mariju.php HTTP/1.1" 200 37927 "-" "-"
52.169.114.111 - - [12/Jul/2025:19:35:03 -0400] "GET /wp-includes/Text/about.php HTTP/1.1" 200 37927 "-" "-"
52.169.114.111 - - [12/Jul/2025:19:35:03 -0400] "GET /inputs.php HTTP/1.1" 200 37927 "-" "-"
52.169.114.111 - - [12/Jul/2025:19:35:03 -0400] "GET /wp-signup.php HTTP/1.1" 200 37927 "-" "-"
52.169.114.111 - - [12/Jul/2025:19:35:03 -0400] "GET /wp-includes/blocks/block/ HTTP/1.1" 200 37927 "-" "-"
52.169.114.111 - - [12/Jul/2025:19:35:03 -0400] "GET /makeasmtp.php HTTP/1.1" 200 37927 "-" "-"
52.169.114.111 - - [12/Jul/2025:19:35:03 -0400] "GET /wp-includes/PHPMailer/ HTTP/1.1" 200 37927 "-" "-"
52.169.114.111 - - [12/Jul/2025:19:35:04 -0400] "GET /pki-validation/ HTTP/1.1" 200 37927 "-" "-"
52.169.114.111 - - [12/Jul/2025:19:35:04 -0400] "GET /sleepster/ HTTP/1.1" 200 37927 "-" "-"
52.169.114.111 - - [12/Jul/2025:19:35:04 -0400] "GET /wp-includes/ HTTP/1.1" 200 37927 "-" "-"
52.169.114.111 - - [12/Jul/2025:19:35:04 -0400] "GET /wp-admin/users.php HTTP/1.1" 200 37927 "-" "-"
52.169.114.111 - - [12/Jul/2025:19:35:04 -0400] "GET /al.php HTTP/1.1" 200 37927 "-" "-"
52.169.114.111 - - [12/Jul/2025:19:35:04 -0400] "GET /revision.php HTTP/1.1" 200 37927 "-" "-"
52.169.114.111 - - [12/Jul/2025:19:35:05 -0400] "GET /wp-cron.php HTTP/1.1" 200 37927 "-" "-"
52.169.114.111 - - [12/Jul/2025:19:35:05 -0400] "GET /mari.php HTTP/1.1" 200 37927 "-" "-"
52.169.114.111 - - [12/Jul/2025:19:35:05 -0400] "GET /wp-includes/Requests/library/index.php HTTP/1.1" 200 37927 "-" "-"
52.169.114.111 - - [12/Jul/2025:19:35:05 -0400] "GET /class-php HTTP/1.1" 200 37927 "-" "-"
52.169.114.111 - - [12/Jul/2025:19:35:05 -0400] "GET /wp-admin/css/colors/blue/admin.php HTTP/1.1" 200 37927 "-" "-"
52.169.114.111 - - [12/Jul/2025:19:35:06 -0400] "GET /admin/index.php HTTP/1.1" 200 37927 "-" "-"
52.169.114.111 - - [12/Jul/2025:19:35:06 -0400] "GET /alfa.php HTTP/1.1" 200 37927 "-" "-"
52.169.114.111 - - [12/Jul/2025:19:35:06 -0400] "GET /xxl.php HTTP/1.1" 200 37927 "-" "-"
52.169.114.111 - - [12/Jul/2025:19:35:06 -0400] "GET /cloud.php HTTP/1.1" 200 37927 "-" "-"
52.169.114.111 - - [12/Jul/2025:19:35:06 -0400] "GET /yanz.php HTTP/1.1" 200 37927 "-" "-"
52.169.114.111 - - [12/Jul/2025:19:35:06 -0400] "GET /.well-known/acme-challenge/doc.php HTTP/1.1" 200 37927 "-" "-"
52.169.114.111 - - [12/Jul/2025:19:35:07 -0400] "GET /cgi-bin/index.php HTTP/1.1" 200 37927 "-" "-"
52.169.114.111 - - [12/Jul/2025:19:35:07 -0400] "GET /init.php HTTP/1.1" 200 37927 "-" "-"
52.169.114.111 - - [12/Jul/2025:19:35:07 -0400] "GET /as/function.php HTTP/1.1" 200 37927 "-" "-"
52.169.114.111 - - [12/Jul/2025:19:35:07 -0400] "GET /shx.php HTTP/1.1" 200 37927 "-" "-"
52.169.114.111 - - [12/Jul/2025:19:35:07 -0400] "GET /wp-includes/style-engine/about.php HTTP/1.1" 200 37927 "-" "-"
52.169.114.111 - - [12/Jul/2025:19:35:07 -0400] "GET /www.php HTTP/1.1" 200 37927 "-" "-"
52.169.114.111 - - [12/Jul/2025:19:35:08 -0400] "GET /wp-includes/js/tinymce/skins/lightgray/img/index.php HTTP/1.1" 200 37927 "-" "-"
52.169.114.111 - - [12/Jul/2025:19:35:08 -0400] "GET /sim.php HTTP/1.1" 200 37927 "-" "-"
52.169.114.111 - - [12/Jul/2025:19:35:08 -0400] "GET /wp-includes/php-compat/ HTTP/1.1" 200 37927 "-" "-"
52.169.114.111 - - [12/Jul/2025:19:35:08 -0400] "GET /wp-activate.php HTTP/1.1" 200 37927 "-" "-"
52.169.114.111 - - [12/Jul/2025:19:35:08 -0400] "GET /wp-includes/js/tinymce/skins/wordpress/images/index.php HTTP/1.1" 200 37927 "-" "-"
52.169.114.111 - - [12/Jul/2025:19:35:08 -0400] "GET /wp-admin/user/ HTTP/1.1" 200 37927 "-" "-"
52.169.114.111 - - [12/Jul/2025:19:35:09 -0400] "GET /wp-admin/user/index.php HTTP/1.1" 200 37927 "-" "-"
52.169.114.111 - - [12/Jul/2025:19:35:09 -0400] "GET /temp.php HTTP/1.1" 200 37927 "-" "-"
52.169.114.111 - - [12/Jul/2025:19:35:09 -0400] "GET /.tmb/cloud.php HTTP/1.1" 200 37927 "-" "-"
52.169.114.111 - - [12/Jul/2025:19:35:09 -0400] "GET /source.php HTTP/1.1" 200 37927 "-" "-"
52.169.114.111 - - [12/Jul/2025:19:35:09 -0400] "GET /readme.php HTTP/1.1" 200 37927 "-" "-"
52.169.114.111 - - [12/Jul/2025:19:35:09 -0400] "GET /wp-includes/wp-includes_function.php HTTP/1.1" 200 37927 "-" "-"
52.169.114.111 - - [12/Jul/2025:19:35:10 -0400] "GET /sidwso.php HTTP/1.1" 200 37927 "-" "-"
52.169.114.111 - - [12/Jul/2025:19:35:10 -0400] "GET /123.php HTTP/1.1" 200 37927 "-" "-"
52.169.114.111 - - [12/Jul/2025:19:35:10 -0400] "GET /sh.php HTTP/1.1" 200 37927 "-" "-"
52.169.114.111 - - [12/Jul/2025:19:35:10 -0400] "GET /send.php HTTP/1.1" 200 37927 "-" "-"
52.169.114.111 - - [12/Jul/2025:19:35:10 -0400] "GET /ds.php HTTP/1.1" 200 37927 "-" "-"
52.169.114.111 - - [12/Jul/2025:19:35:10 -0400] "GET /wso112233.php HTTP/1.1" 200 37927 "-" "-"
52.169.114.111 - - [12/Jul/2025:19:35:11 -0400] "GET /wp-admin/x.php HTTP/1.1" 200 37927 "-" "-"
52.169.114.111 - - [12/Jul/2025:19:35:11 -0400] "GET /wp-admin/ HTTP/1.1" 200 37927 "-" "-"
52.169.114.111 - - [12/Jul/2025:19:35:11 -0400] "GET /wp-content/autoload_classmap.php HTTP/1.1" 200 37927 "-" "-"
52.169.114.111 - - [12/Jul/2025:19:35:11 -0400] "GET /f35.php HTTP/1.1" 200 37927 "-" "-"
52.169.114.111 - - [12/Jul/2025:19:35:11 -0400] "GET /adminer.php HTTP/1.1" 200 37927 "-" "-"
52.169.114.111 - - [12/Jul/2025:19:35:11 -0400] "GET /sx.php HTTP/1.1" 200 37927 "-" "-"
52.169.114.111 - - [12/Jul/2025:19:35:12 -0400] "GET /as.php HTTP/1.1" 200 37927 "-" "-"
52.169.114.111 - - [12/Jul/2025:19:35:12 -0400] "GET /wp-admin/maint/edit.php HTTP/1.1" 200 37927 "-" "-"
52.169.114.111 - - [12/Jul/2025:19:35:12 -0400] "GET /install.php HTTP/1.1" 200 37927 "-" "-"
52.169.114.111 - - [12/Jul/2025:19:35:12 -0400] "GET /wp-includes/index.php HTTP/1.1" 200 37927 "-" "-"
52.169.114.111 - - [12/Jul/2025:19:35:12 -0400] "GET /default.php HTTP/1.1" 200 37927 "-" "-"
52.169.114.111 - - [12/Jul/2025:19:35:12 -0400] "GET /wp-admin/css/colors/midnight/colors.php HTTP/1.1" 200 37927 "-" "-"
52.169.114.111 - - [12/Jul/2025:19:35:13 -0400] "GET /gc.php HTTP/1.1" 200 37927 "-" "-"
52.169.114.111 - - [12/Jul/2025:19:35:13 -0400] "GET /wp-admin/admin.php HTTP/1.1" 200 37927 "-" "-"
52.169.114.111 - - [12/Jul/2025:19:35:13 -0400] "GET /wp-includes/IXR/wp-login.php HTTP/1.1" 200 37927 "-" "-"
52.169.114.111 - - [12/Jul/2025:19:35:13 -0400] "GET /aaa.php/getid3-core.php HTTP/1.1" 200 37927 "-" "-"
52.169.114.111 - - [12/Jul/2025:19:35:13 -0400] "GET /lol.php HTTP/1.1" 200 37927 "-" "-"
52.169.114.111 - - [12/Jul/2025:19:35:14 -0400] "GET /wp-content/x/index.php HTTP/1.1" 200 37927 "-" "-"
52.169.114.111 - - [12/Jul/2025:19:35:14 -0400] "GET /wp-includes/pomo/index.php HTTP/1.1" 200 37927 "-" "-"
52.169.114.111 - - [12/Jul/2025:19:35:14 -0400] "GET /wp-includes/SimplePie/about.php HTTP/1.1" 200 37927 "-" "-"
52.169.114.111 - - [12/Jul/2025:19:35:14 -0400] "GET /.well-known/acme-challenge/makeasmtp.php HTTP/1.1" 200 37927 "-" "-"
52.169.114.111 - - [12/Jul/2025:19:35:14 -0400] "GET /wp-admin/js/admin.php HTTP/1.1" 200 37927 "-" "-"
52.169.114.111 - - [12/Jul/2025:19:35:14 -0400] "GET /class.php HTTP/1.1" 200 37927 "-" "-"
52.169.114.111 - - [12/Jul/2025:19:35:15 -0400] "GET /fx.php HTTP/1.1" 200 37927 "-" "-"
52.169.114.111 - - [12/Jul/2025:19:35:15 -0400] "GET /wp-includes/ID3/about.php HTTP/1.1" 200 37927 "-" "-"
52.169.114.111 - - [12/Jul/2025:19:35:15 -0400] "GET /autoloadclassmap.php HTTP/1.1" 200 37927 "-" "-"
52.169.114.111 - - [12/Jul/2025:19:35:15 -0400] "GET /wp-content/plugins/linkpreview/index.php HTTP/1.1" 200 37927 "-" "-"
52.169.114.111 - - [12/Jul/2025:19:35:15 -0400] "GET /credits.php HTTP/1.1" 200 37927 "-" "-"
52.169.114.111 - - [12/Jul/2025:19:35:15 -0400] "GET /wp-admin/file.php HTTP/1.1" 200 37927 "-" "-"
52.169.114.111 - - [12/Jul/2025:19:35:16 -0400] "GET /wp-l0gin.php HTTP/1.1" 200 37927 "-" "-"
52.169.114.111 - - [12/Jul/2025:19:35:16 -0400] "GET /contents.php/lv.php HTTP/1.1" 200 37927 "-" "-"
52.169.114.111 - - [12/Jul/2025:19:35:16 -0400] "GET /wp-admin/install.php HTTP/1.1" 200 37927 "-" "-"
52.169.114.111 - - [12/Jul/2025:19:35:16 -0400] "GET /wp-content/plugins/simple/simple.php HTTP/1.1" 200 37927 "-" "-"
52.169.114.111 - - [12/Jul/2025:19:35:16 -0400] "GET /lol.php HTTP/1.1" 200 37927 "-" "-"
52.169.114.111 - - [12/Jul/2025:19:35:16 -0400] "GET /wp-content/plugins/pwnd/as.php HTTP/1.1" 200 37927 "-" "-"
52.169.114.111 - - [12/Jul/2025:19:35:17 -0400] "GET /404.shtml HTTP/1.1" 200 37927 "-" "-"
52.169.114.111 - - [12/Jul/2025:19:35:17 -0400] "GET /wp-includes/blocks/about.php HTTP/1.1" 200 37927 "-" "-"
52.169.114.111 - - [12/Jul/2025:19:35:17 -0400] "GET /wp-admin/network/about.php HTTP/1.1" 200 37927 "-" "-"
52.169.114.111 - - [12/Jul/2025:19:35:17 -0400] "GET /wp-cache.php HTTP/1.1" 200 37927 "-" "-"
52.169.114.111 - - [12/Jul/2025:19:35:17 -0400] "GET /cd.php HTTP/1.1" 200 37927 "-" "-"
52.169.114.111 - - [12/Jul/2025:19:35:18 -0400] "GET /theme.php HTTP/1.1" 200 37927 "-" "-"
52.169.114.111 - - [12/Jul/2025:19:35:18 -0400] "GET /wp-admin/css/colors/about.php HTTP/1.1" 200 37927 "-" "-"
52.169.114.111 - - [12/Jul/2025:19:35:18 -0400] "GET /wp-includes/js/codemirror/ HTTP/1.1" 200 37927 "-" "-"
52.169.114.111 - - [12/Jul/2025:19:35:18 -0400] "GET /templates/beez3/index.php HTTP/1.1" 200 37927 "-" "-"
52.169.114.111 - - [12/Jul/2025:19:35:18 -0400] "GET /shop.php HTTP/1.1" 200 37927 "-" "-"
52.169.114.111 - - [12/Jul/2025:19:35:18 -0400] "GET /wp-includes/widgets/about.php HTTP/1.1" 200 37927 "-" "-"
52.169.114.111 - - [12/Jul/2025:19:35:19 -0400] "GET /indeex.php HTTP/1.1" 200 37927 "-" "-"
52.169.114.111 - - [12/Jul/2025:19:35:19 -0400] "GET /wp-admin/wp-admin.php HTTP/1.1" 200 37927 "-" "-"
52.169.114.111 - - [12/Jul/2025:19:35:19 -0400] "GET /wp-admin/images/profile.php HTTP/1.1" 200 37927 "-" "-"
52.169.114.111 - - [12/Jul/2025:19:35:19 -0400] "GET /mail.php HTTP/1.1" 200 37927 "-" "-"
52.169.114.111 - - [12/Jul/2025:19:35:19 -0400] "GET /10.php HTTP/1.1" 200 37927 "-" "-"
52.169.114.111 - - [12/Jul/2025:19:35:19 -0400] "GET /wp-content/themes/ HTTP/1.1" 200 37927 "-" "-"
52.169.114.111 - - [12/Jul/2025:19:35:20 -0400] "GET /admin.php/controller/extension/extension/ultra.php HTTP/1.1" 200 37927 "-" "-"
52.169.114.111 - - [12/Jul/2025:19:35:20 -0400] "GET /options.php HTTP/1.1" 200 37927 "-" "-"
52.169.114.111 - - [12/Jul/2025:19:35:20 -0400] "GET /wp-content/autoload_classmap.php HTTP/1.1" 200 37927 "-" "-"
52.169.114.111 - - [12/Jul/2025:19:35:20 -0400] "GET /wp-content/languages/about.php HTTP/1.1" 200 37927 "-" "-"
52.169.114.111 - - [12/Jul/2025:19:35:20 -0400] "GET /wp-api.php HTTP/1.1" 200 37927 "-" "-"
52.169.114.111 - - [12/Jul/2025:19:35:20 -0400] "GET /gecko.php HTTP/1.1" 200 37927 "-" "-"
52.169.114.111 - - [12/Jul/2025:19:35:21 -0400] "GET /goat1.php HTTP/1.1" 200 37927 "-" "-"
52.169.114.111 - - [12/Jul/2025:19:35:21 -0400] "GET /r.php HTTP/1.1" 200 37927 "-" "-"
52.169.114.111 - - [12/Jul/2025:19:35:21 -0400] "GET /wp-admin/css/admin.php HTTP/1.1" 200 37927 "-" "-"
52.169.114.111 - - [12/Jul/2025:19:35:21 -0400] "GET /4.php HTTP/1.1" 200 37927 "-" "-"
52.169.114.111 - - [12/Jul/2025:19:35:21 -0400] "GET /ws.php HTTP/1.1" 200 37927 "-" "-"
52.169.114.111 - - [12/Jul/2025:19:35:21 -0400] "GET /raf.php HTTP/1.1" 200 37927 "-" "-"
52.169.114.111 - - [12/Jul/2025:19:35:22 -0400] "GET /x/index.php HTTP/1.1" 200 37927 "-" "-"
52.169.114.111 - - [12/Jul/2025:19:35:22 -0400] "GET /bb.php HTTP/1.1" 200 37927 "-" "-"
52.169.114.111 - - [12/Jul/2025:19:35:22 -0400] "GET /access.php HTTP/1.1" 200 37927 "-" "-"
52.169.114.111 - - [12/Jul/2025:19:35:22 -0400] "GET /xl.php HTTP/1.1" 200 37927 "-" "-"
52.169.114.111 - - [12/Jul/2025:19:35:22 -0400] "GET /baja.php HTTP/1.1" 200 37927 "-" "-"
52.169.114.111 - - [12/Jul/2025:19:35:22 -0400] "GET /moderation.php HTTP/1.1" 200 37927 "-" "-"
52.169.114.111 - - [12/Jul/2025:19:35:23 -0400] "GET /wp-admin/css/colors/ocean/index.php HTTP/1.1" 200 37927 "-" "-"
52.169.114.111 - - [12/Jul/2025:19:35:23 -0400] "GET /plugin.php HTTP/1.1" 200 37927 "-" "-"
52.169.114.111 - - [12/Jul/2025:19:35:23 -0400] "GET /fox.php HTTP/1.1" 200 37927 "-" "-"
52.169.114.111 - - [12/Jul/2025:19:35:23 -0400] "GET /wp-includes/IXR/about.php HTTP/1.1" 200 37927 "-" "-"
52.169.114.111 - - [12/Jul/2025:19:35:23 -0400] "GET /wp-includes/block-supports/index.php HTTP/1.1" 200 37927 "-" "-"
52.169.114.111 - - [12/Jul/2025:19:35:24 -0400] "GET /wp-admin/maint/admin.php HTTP/1.1" 200 37927 "-" "-"
52.169.114.111 - - [12/Jul/2025:19:35:24 -0400] "GET /wp-admin/css/wp-login.php HTTP/1.1" 200 37927 "-" "-"
52.169.114.111 - - [12/Jul/2025:19:35:24 -0400] "GET /wp67/manager.php HTTP/1.1" 200 37927 "-" "-"
52.169.114.111 - - [12/Jul/2025:19:35:24 -0400] "GET /config.php HTTP/1.1" 200 37927 "-" "-"
52.169.114.111 - - [12/Jul/2025:19:35:24 -0400] "GET /flower.php HTTP/1.1" 200 37927 "-" "-"
52.169.114.111 - - [12/Jul/2025:19:35:24 -0400] "GET /bi.php HTTP/1.1" 200 37927 "-" "-"
52.169.114.111 - - [12/Jul/2025:19:35:25 -0400] "GET /ar.php HTTP/1.1" 200 37927 "-" "-"
52.169.114.111 - - [12/Jul/2025:19:35:25 -0400] "GET /wp-admin/images/install.php HTTP/1.1" 200 37927 "-" "-"
52.169.114.111 - - [12/Jul/2025:19:35:25 -0400] "GET /wp-content/uploads/index.php HTTP/1.1" 200 37927 "-" "-"
52.169.114.111 - - [12/Jul/2025:19:35:25 -0400] "GET /gmo.php HTTP/1.1" 200 37927 "-" "-"
52.169.114.111 - - [12/Jul/2025:19:35:25 -0400] "GET /admin/admin.php HTTP/1.1" 200 37927 "-" "-"
52.169.114.111 - - [12/Jul/2025:19:35:25 -0400] "GET /language/cron.php HTTP/1.1" 200 37927 "-" "-"
52.169.114.111 - - [12/Jul/2025:19:35:26 -0400] "GET /delpaths.php HTTP/1.1" 200 37927 "-" "-"
52.169.114.111 - - [12/Jul/2025:19:35:26 -0400] "GET /wp-includes/PHPMailer/admin.php HTTP/1.1" 200 37927 "-" "-"
52.169.114.111 - - [12/Jul/2025:19:35:26 -0400] "GET /admin/controller/extension/extension/admin.php HTTP/1.1" 200 37927 "-" "-"
52.169.114.111 - - [12/Jul/2025:19:35:26 -0400] "GET /wp-info.php HTTP/1.1" 200 37927 "-" "-"
52.169.114.111 - - [12/Jul/2025:19:35:26 -0400] "GET /wp-content/plugins/ubh/1.php HTTP/1.1" 200 37927 "-" "-"
52.169.114.111 - - [12/Jul/2025:19:35:26 -0400] "GET /header.php HTTP/1.1" 200 37927 "-" "-"
52.169.114.111 - - [12/Jul/2025:19:35:27 -0400] "GET /aaa.php HTTP/1.1" 200 37927 "-" "-"
52.169.114.111 - - [12/Jul/2025:19:35:27 -0400] "GET /admin/wp-signup.php HTTP/1.1" 200 37927 "-" "-"
52.169.114.111 - - [12/Jul/2025:19:35:27 -0400] "GET /kk.php HTTP/1.1" 200 37927 "-" "-"
52.169.114.111 - - [12/Jul/2025:19:35:27 -0400] "GET /m.php HTTP/1.1" 200 37927 "-" "-"
52.169.114.111 - - [12/Jul/2025:19:35:27 -0400] "GET /ioxi001.PhP7 HTTP/1.1" 200 37927 "-" "-"
52.169.114.111 - - [12/Jul/2025:19:35:27 -0400] "GET /perodua-malaysia/classwithtostring.php HTTP/1.1" 200 37927 "-" "-"
52.169.114.111 - - [12/Jul/2025:19:35:28 -0400] "GET /js/atomlib.php HTTP/1.1" 200 37927 "-" "-"
52.169.114.111 - - [12/Jul/2025:19:35:28 -0400] "GET /p.php HTTP/1.1" 200 37927 "-" "-"
52.169.114.111 - - [12/Jul/2025:19:35:28 -0400] "GET /wp-admin/css/colors/blue/about.php HTTP/1.1" 200 37927 "-" "-"
52.169.114.111 - - [12/Jul/2025:19:35:28 -0400] "GET /alfashell.php HTTP/1.1" 200 37927 "-" "-"
52.169.114.111 - - [12/Jul/2025:19:35:28 -0400] "GET /contacts.php HTTP/1.1" 200 37927 "-" "-"
52.169.114.111 - - [12/Jul/2025:19:35:28 -0400] "GET /01.php HTTP/1.1" 200 37927 "-" "-"
52.169.114.111 - - [12/Jul/2025:19:35:29 -0400] "GET /wso2.php HTTP/1.1" 200 37927 "-" "-"
52.169.114.111 - - [12/Jul/2025:19:35:29 -0400] "GET /o.php HTTP/1.1" 200 37927 "-" "-"
52.169.114.111 - - [12/Jul/2025:19:35:29 -0400] "GET /wp-content/themes/admin.php HTTP/1.1" 200 37927 "-" "-"
52.169.114.111 - - [12/Jul/2025:19:35:29 -0400] "GET /wp-includes/ID3/admin.php HTTP/1.1" 200 37927 "-" "-"
52.169.114.111 - - [12/Jul/2025:19:35:29 -0400] "GET /wp-includes/css/admin.php HTTP/1.1" 200 37927 "-" "-"
52.169.114.111 - - [12/Jul/2025:19:35:29 -0400] "GET /images/k.php HTTP/1.1" 200 37927 "-" "-"
52.169.114.111 - - [12/Jul/2025:19:35:30 -0400] "GET /wp-content/plugins/dummyyummy/wp-signup.php HTTP/1.1" 200 37927 "-" "-"
52.169.114.111 - - [12/Jul/2025:19:35:30 -0400] "GET /wp-includes/css/ HTTP/1.1" 200 37927 "-" "-"
52.169.114.111 - - [12/Jul/2025:19:35:30 -0400] "GET /css/dmtixucz/golden-access/ HTTP/1.1" 200 37927 "-" "-"
52.169.114.111 - - [12/Jul/2025:19:35:30 -0400] "GET /wp-admin/radio.php HTTP/1.1" 200 37927 "-" "-"
52.169.114.111 - - [12/Jul/2025:19:35:30 -0400] "GET /100.php HTTP/1.1" 200 37927 "-" "-"
52.169.114.111 - - [12/Jul/2025:19:35:30 -0400] "GET /wp-content/ HTTP/1.1" 200 37927 "-" "-"
52.169.114.111 - - [12/Jul/2025:19:35:31 -0400] "GET /update.php HTTP/1.1" 200 37927 "-" "-"
52.169.114.111 - - [12/Jul/2025:19:35:31 -0400] "GET /wp-index.php HTTP/1.1" 200 37927 "-" "-"
52.169.114.111 - - [12/Jul/2025:19:35:31 -0400] "GET /test.php7 HTTP/1.1" 200 37927 "-" "-"
52.169.114.111 - - [12/Jul/2025:19:35:31 -0400] "GET /0byte.php HTTP/1.1" 200 37927 "-" "-"
52.169.114.111 - - [12/Jul/2025:19:35:31 -0400] "GET /wp-content/plugins/core-plugin/include.php HTTP/1.1" 200 37927 "-" "-"
52.169.114.111 - - [12/Jul/2025:19:35:32 -0400] "GET /admiin.php HTTP/1.1" 200 37927 "-" "-"
52.169.114.111 - - [12/Jul/2025:19:35:32 -0400] "GET /alfanew.PHP7 HTTP/1.1" 200 37927 "-" "-"
52.169.114.111 - - [12/Jul/2025:19:35:32 -0400] "GET /wp-content/plugins/wp-help/admin/wp-fclass.php HTTP/1.1" 200 37927 "-" "-"
52.169.114.111 - - [12/Jul/2025:19:35:32 -0400] "GET /images.php HTTP/1.1" 200 37927 "-" "-"
52.169.114.111 - - [12/Jul/2025:19:35:32 -0400] "GET /xml.php HTTP/1.1" 200 37927 "-" "-"
52.169.114.111 - - [12/Jul/2025:19:35:32 -0400] "GET /dav.php HTTP/1.1" 200 37927 "-" "-"
52.169.114.111 - - [12/Jul/2025:19:35:33 -0400] "GET /settings.php HTTP/1.1" 200 37927 "-" "-"
52.169.114.111 - - [12/Jul/2025:19:35:33 -0400] "GET /wp-file.php HTTP/1.1" 200 37927 "-" "-"
52.169.114.111 - - [12/Jul/2025:19:35:33 -0400] "GET /wp-content/uploads/de_fb_uploads/bypass.php HTTP/1.1" 200 37927 "-" "-"
52.169.114.111 - - [12/Jul/2025:19:35:33 -0400] "GET /wp-content/uploads/de_fb_uploads/b.phpde_fb_uploads%26upload%3dgaskan HTTP/1.1" 200 37927 "-" "-"
52.169.114.111 - - [12/Jul/2025:19:35:33 -0400] "GET /wp-content/uploads/2023/08/admin.php HTTP/1.1" 200 37927 "-" "-"
4.227.36.98 - - [12/Jul/2025:19:37:24 -0400] "GET /robots.txt HTTP/2" 200 64 "-" "Mozilla/5.0 AppleWebKit/537.36 (KHTML, like Gecko; compatible; GPTBot/1.2; +https://openai.com/gptbot)"
57.141.4.10 - - [12/Jul/2025:19:37:28 -0400] "GET /shopdetail/1158376/ HTTP/2" 404 52707 "-" "meta-externalagent/1.1 (+https://developers.facebook.com/docs/sharing/webmasters/crawler)"
20.171.207.121 - - [12/Jul/2025:19:37:35 -0400] "GET / HTTP/2" 200 20743 "-" "Mozilla/5.0 AppleWebKit/537.36 (KHTML, like Gecko; compatible; GPTBot/1.2; +https://openai.com/gptbot)"
23.92.177.29 - - [12/Jul/2025:19:43:24 -0400] "POST /wp-cron.php?doing_wp_cron=1752363804.7371919155120849609375 HTTP/1.1" 200 0 "https://gsc-ltd.net/wp-cron.php?doing_wp_cron=1752363804.7371919155120849609375" "WordPress/6.1.1; https://gsc-ltd.net"
193.23.3.3 - - [12/Jul/2025:19:43:24 -0400] "GET / HTTP/1.1" 200 76769 "-" "Go-http-client/1.1"
54.144.51.205 - - [12/Jul/2025:20:18:08 -0400] "POST /wp-comments-post.php HTTP/1.1" 302 0 "-" "Mozilla/5.0 (Windows NT 10.0; Win64; x64) AppleWebKit/537.36 (KHTML, like Gecko) Chrome/120.0.0.0 Safari/537.36"
34.217.60.213 - - [12/Jul/2025:20:33:32 -0400] "GET / HTTP/1.1" 401 53 "-" "Mozilla/5.0 (Linux; Android 9; INE-LX2) AppleWebKit/537.36 (KHTML, like Gecko) Chrome/76.0.3809.111 Mobile Safari/537.36"
185.191.171.19 - - [12/Jul/2025:20:38:03 -0400] "GET /robots.txt HTTP/1.1" 200 64 "-" "Mozilla/5.0 (compatible; SemrushBot/7~bl; +http://www.semrush.com/bot.html)"
23.92.177.29 - - [12/Jul/2025:20:39:51 -0400] "POST /wp-cron.php?doing_wp_cron=1752367191.9326488971710205078125 HTTP/1.1" 200 0 "https://gsc-ltd.net/wp-cron.php?doing_wp_cron=1752367191.9326488971710205078125" "WordPress/6.1.1; https://gsc-ltd.net"
206.168.34.220 - - [12/Jul/2025:20:39:51 -0400] "GET / HTTP/1.1" 200 23070 "-" "Mozilla/5.0 (compatible; CensysInspect/1.1; +https://about.censys.io/)"
206.168.34.220 - - [12/Jul/2025:20:39:55 -0400] "GET /favicon.ico HTTP/1.1" 404 1251 "-" "Mozilla/5.0 (compatible; CensysInspect/1.1; +https://about.censys.io/)"
206.168.34.220 - - [12/Jul/2025:20:40:32 -0400] "GET /favicon.ico HTTP/1.1" 404 1251 "-" "Mozilla/5.0 (compatible; CensysInspect/1.1; +https://about.censys.io/)"
206.168.34.220 - - [12/Jul/2025:20:40:55 -0400] "GET /security.txt HTTP/1.1" 404 18709 "-" "Mozilla/5.0 (compatible; CensysInspect/1.1; +https://about.censys.io/)"
183.80.22.16 - - [12/Jul/2025:20:44:50 -0400] "POST /wp-comments-post.php HTTP/1.1" 302 0 "-" "Mozilla/5.0 (Windows NT 10.0; Win64; x64) AppleWebKit/537.36 (KHTML, like Gecko) Chrome/120.0.0.0 Safari/537.36"
85.172.190.154 - - [12/Jul/2025:20:48:17 -0400] "GET /wp-login.php HTTP/2" 200 1688 "http://gsc-ltd.net/wp-login.php" "Mozilla/5.0 (Windows NT 10.0; Win64; x64; rv:137.0) Gecko/20100101 Firefox/137.0"
85.172.190.154 - - [12/Jul/2025:20:48:18 -0400] "GET /wp-json/wp/v2/users HTTP/2" 200 223 "http://gsc-ltd.net/wp-login.php" "Mozilla/5.0 (Windows NT 10.0; Win64; x64; rv:137.0) Gecko/20100101 Firefox/137.0"
85.172.190.154 - - [12/Jul/2025:20:48:19 -0400] "POST /wp-login.php HTTP/2" 200 1813 "https://gsc-ltd.net/wp-login.php?redirect_to=https%3A%2F%2Fgsc-ltd.net%2Fwp-admin%2F" "Mozilla/5.0 (Windows NT 10.0; Win64; x64; rv:137.0) Gecko/20100101 Firefox/137.0"
85.172.190.154 - - [12/Jul/2025:20:48:20 -0400] "POST /wp-login.php HTTP/2" 200 1835 "https://gsc-ltd.net/wp-login.php?redirect_to=https%3A%2F%2Fgsc-ltd.net%2Fwp-admin%2F" "Mozilla/5.0 (Windows NT 10.0; Win64; x64; rv:137.0) Gecko/20100101 Firefox/137.0"
23.92.177.29 - - [12/Jul/2025:21:00:58 -0400] "POST /wp-cron.php?doing_wp_cron=1752368458.5828471183776855468750 HTTP/1.1" 200 0 "https://gsc-ltd.net/wp-cron.php?doing_wp_cron=1752368458.5828471183776855468750" "WordPress/6.1.1; https://gsc-ltd.net"
185.191.171.19 - - [12/Jul/2025:21:00:58 -0400] "GET /testimonials-2/ HTTP/1.1" 200 18584 "-" "Mozilla/5.0 (compatible; SemrushBot/7~bl; +http://www.semrush.com/bot.html)"
57.141.4.14 - - [12/Jul/2025:21:27:16 -0400] "GET /shopdetail/21037765/ HTTP/2" 404 52707 "-" "meta-externalagent/1.1 (+https://developers.facebook.com/docs/sharing/webmasters/crawler)"
23.92.177.29 - - [12/Jul/2025:21:34:28 -0400] "POST /wp-cron.php?doing_wp_cron=1752370468.3874449729919433593750 HTTP/1.1" 200 0 "https://gsc-ltd.net/wp-cron.php?doing_wp_cron=1752370468.3874449729919433593750" "WordPress/6.1.1; https://gsc-ltd.net"
57.141.4.20 - - [12/Jul/2025:21:34:28 -0400] "GET /shopdetail/16462310/ HTTP/2" 404 52707 "-" "meta-externalagent/1.1 (+https://developers.facebook.com/docs/sharing/webmasters/crawler)"
23.92.177.29 - - [12/Jul/2025:22:08:46 -0400] "POST /wp-cron.php?doing_wp_cron=1752372526.9027879238128662109375 HTTP/1.1" 200 0 "https://gsc-ltd.net/wp-cron.php?doing_wp_cron=1752372526.9027879238128662109375" "WordPress/6.1.1; https://gsc-ltd.net"
57.141.4.24 - - [12/Jul/2025:22:08:46 -0400] "GET /shopdetail/12899309/ HTTP/2" 404 52707 "-" "meta-externalagent/1.1 (+https://developers.facebook.com/docs/sharing/webmasters/crawler)"
23.92.177.29 - - [12/Jul/2025:22:11:36 -0400] "POST /wp-cron.php?doing_wp_cron=1752372696.2127609252929687500000 HTTP/1.1" 200 0 "https://gsc-ltd.net/wp-cron.php?doing_wp_cron=1752372696.2127609252929687500000" "WordPress/6.1.1; https://gsc-ltd.net"
57.141.4.9 - - [12/Jul/2025:22:11:35 -0400] "GET /shopdetail/23919321/ HTTP/2" 404 52707 "-" "meta-externalagent/1.1 (+https://developers.facebook.com/docs/sharing/webmasters/crawler)"
23.92.177.29 - - [12/Jul/2025:22:14:25 -0400] "POST /wp-cron.php?doing_wp_cron=1752372865.1895179748535156250000 HTTP/1.1" 200 0 "https://gsc-ltd.net/wp-cron.php?doing_wp_cron=1752372865.1895179748535156250000" "WordPress/6.1.1; https://gsc-ltd.net"
85.208.96.204 - - [12/Jul/2025:22:14:24 -0400] "GET /newsletter/ HTTP/1.1" 200 18632 "-" "Mozilla/5.0 (compatible; SemrushBot/7~bl; +http://www.semrush.com/bot.html)"
72.14.199.39 - - [12/Jul/2025:22:16:06 -0400] "GET /wp-content/uploads/2019/05/logo-3.png HTTP/1.1" 200 9744 "http://gsc-ltd.net/" "Mozilla/5.0 (X11; Linux x86_64) AppleWebKit/537.36 (KHTML, like Gecko) Chrome/137.0.7151.119 Safari/537.36"
52.167.144.225 - - [12/Jul/2025:22:20:05 -0400] "GET /wp-content/uploads/2019/05/one.jpg HTTP/2" 200 5812 "-" "Mozilla/5.0 AppleWebKit/537.36 (KHTML, like Gecko; compatible; bingbot/2.0; +http://www.bing.com/bingbot.htm) Chrome/116.0.1938.76 Safari/537.36"
85.208.96.201 - - [12/Jul/2025:22:22:25 -0400] "GET /technology/mobile-and-cross-platform/ HTTP/1.1" 200 19951 "-" "Mozilla/5.0 (compatible; SemrushBot/7~bl; +http://www.semrush.com/bot.html)"
85.208.96.204 - - [12/Jul/2025:22:27:18 -0400] "GET /our-work-2/ HTTP/1.1" 200 18585 "-" "Mozilla/5.0 (compatible; SemrushBot/7~bl; +http://www.semrush.com/bot.html)"
23.92.177.29 - - [12/Jul/2025:22:34:27 -0400] "POST /wp-cron.php?doing_wp_cron=1752374067.4747409820556640625000 HTTP/1.1" 200 0 "https://gsc-ltd.net/wp-cron.php?doing_wp_cron=1752374067.4747409820556640625000" "WordPress/6.1.1; https://gsc-ltd.net"
57.141.4.16 - - [12/Jul/2025:22:34:27 -0400] "GET /shopdetail/15469343/ HTTP/2" 404 52707 "-" "meta-externalagent/1.1 (+https://developers.facebook.com/docs/sharing/webmasters/crawler)"
85.208.96.204 - - [12/Jul/2025:22:59:29 -0400] "GET /robots.txt HTTP/1.1" 200 64 "-" "Mozilla/5.0 (compatible; SemrushBot/7~bl; +http://www.semrush.com/bot.html)"
85.208.96.204 - - [12/Jul/2025:22:59:29 -0400] "GET /testimonial/john-denny-3/ HTTP/1.1" 200 20011 "-" "Mozilla/5.0 (compatible; SemrushBot/7~bl; +http://www.semrush.com/bot.html)"
85.208.96.196 - - [12/Jul/2025:23:01:10 -0400] "GET /about_home/ HTTP/1.1" 200 18653 "-" "Mozilla/5.0 (compatible; SemrushBot/7~bl; +http://www.semrush.com/bot.html)"
23.92.177.29 - - [12/Jul/2025:23:04:05 -0400] "POST /wp-cron.php?doing_wp_cron=1752375845.6951479911804199218750 HTTP/1.1" 200 0 "https://gsc-ltd.net/wp-cron.php?doing_wp_cron=1752375845.6951479911804199218750" "WordPress/6.1.1; https://gsc-ltd.net"
57.141.4.21 - - [12/Jul/2025:23:04:05 -0400] "GET /shopdetail/15800332/ HTTP/2" 404 52707 "-" "meta-externalagent/1.1 (+https://developers.facebook.com/docs/sharing/webmasters/crawler)"
57.141.4.16 - - [12/Jul/2025:23:05:34 -0400] "GET /shopdetail/22906887/ HTTP/2" 404 52707 "-" "meta-externalagent/1.1 (+https://developers.facebook.com/docs/sharing/webmasters/crawler)"
57.141.4.20 - - [12/Jul/2025:23:17:15 -0400] "GET /shopdetail/21680276/ HTTP/2" 404 52707 "-" "meta-externalagent/1.1 (+https://developers.facebook.com/docs/sharing/webmasters/crawler)"
57.141.4.12 - - [12/Jul/2025:23:19:52 -0400] "GET /shopdetail/22283843/ HTTP/2" 404 52707 "-" "meta-externalagent/1.1 (+https://developers.facebook.com/docs/sharing/webmasters/crawler)"
40.77.167.44 - - [12/Jul/2025:23:33:11 -0400] "GET /wp-content/uploads/2019/05/three.jpg HTTP/2" 200 6118 "-" "Mozilla/5.0 AppleWebKit/537.36 (KHTML, like Gecko; compatible; bingbot/2.0; +http://www.bing.com/bingbot.htm) Chrome/116.0.1938.76 Safari/537.36"
84.17.60.122 - - [12/Jul/2025:23:40:36 -0400] "GET /contact/ HTTP/1.0" 200 56775 "https://gsc-ltd.net/contact/" "Mozilla/5.0 (Windows NT 10.0; Win64; x64) AppleWebKit/537.36 (KHTML, like Gecko) Chrome/131.0.0.0 Safari/537.36 Avast/131.0.0.0"
84.17.60.122 - - [12/Jul/2025:23:40:36 -0400] "POST /contact/ HTTP/1.0" 200 56865 "https://gsc-ltd.net/contact/" "Mozilla/5.0 (Windows NT 10.0; Win64; x64) AppleWebKit/537.36 (KHTML, like Gecko) Chrome/131.0.0.0 Safari/537.36 Avast/131.0.0.0"
52.167.144.236 - - [13/Jul/2025:00:05:25 -0400] "GET /wp-content/uploads/2019/06/technologies-apple-icon.png HTTP/2" 200 3587 "-" "Mozilla/5.0 AppleWebKit/537.36 (KHTML, like Gecko; compatible; bingbot/2.0; +http://www.bing.com/bingbot.htm) Chrome/116.0.1938.76 Safari/537.36"
185.247.137.173 - - [13/Jul/2025:00:16:02 -0400] "GET / HTTP/1.1" 200 12462 "http://webmail.gsc-ltd.net" "Mozilla/5.0 (compatible; InternetMeasurement/1.0; +https://internet-measurement.com/)"
87.236.176.115 - - [13/Jul/2025:00:16:04 -0400] "GET /favicon.ico HTTP/2" 200 12463 "-" "Mozilla/5.0 (compatible; InternetMeasurement/1.0; +https://internet-measurement.com/)"
23.92.177.29 - - [13/Jul/2025:00:25:14 -0400] "POST /wp-cron.php?doing_wp_cron=1752380714.5976080894470214843750 HTTP/1.1" 200 0 "https://gsc-ltd.net/wp-cron.php?doing_wp_cron=1752380714.5976080894470214843750" "WordPress/6.1.1; https://gsc-ltd.net"
57.141.4.16 - - [13/Jul/2025:00:25:14 -0400] "GET /shopdetail/15547221/ HTTP/2" 404 52707 "-" "meta-externalagent/1.1 (+https://developers.facebook.com/docs/sharing/webmasters/crawler)"
1.2.176.124 - - [13/Jul/2025:00:38:10 -0400] "POST /wp-comments-post.php HTTP/1.1" 302 0 "-" "Mozilla/5.0 (Windows NT 10.0; Win64; x64) AppleWebKit/537.36 (KHTML, like Gecko) Chrome/120.0.0.0 Safari/537.36"
57.141.4.14 - - [13/Jul/2025:00:41:02 -0400] "GET /shopdetail/15566698/ HTTP/2" 404 52707 "-" "meta-externalagent/1.1 (+https://developers.facebook.com/docs/sharing/webmasters/crawler)"
111.225.149.195 - - [13/Jul/2025:00:47:49 -0400] "GET /robots.txt HTTP/1.1" 200 64 "-" "Mozilla/5.0 (Linux; Android 5.0) AppleWebKit/537.36 (KHTML, like Gecko) Mobile Safari/537.36 (compatible; Bytespider; https://zhanzhang.toutiao.com/)"
198.244.213.98 - - [13/Jul/2025:00:49:05 -0400] "GET /management/ HTTP/1.1" 401 53 "-" "Mozilla/5.0 (Windows NT 10.0; Win64; x64) AppleWebKit/537.36 (KHTML, like Gecko) Chrome/54.0.2840.99 Safari/537.36"
23.92.177.29 - - [13/Jul/2025:00:58:13 -0400] "POST /wp-cron.php?doing_wp_cron=1752382693.4567439556121826171875 HTTP/1.1" 200 0 "https://gsc-ltd.net/wp-cron.php?doing_wp_cron=1752382693.4567439556121826171875" "WordPress/6.1.1; https://gsc-ltd.net"
57.141.4.1 - - [13/Jul/2025:00:58:13 -0400] "GET /shopdetail/13269232/ HTTP/2" 404 52707 "-" "meta-externalagent/1.1 (+https://developers.facebook.com/docs/sharing/webmasters/crawler)"
57.141.4.26 - - [13/Jul/2025:01:00:44 -0400] "GET /shopdetail/17688921/ HTTP/2" 404 52707 "-" "meta-externalagent/1.1 (+https://developers.facebook.com/docs/sharing/webmasters/crawler)"
72.14.199.39 - - [13/Jul/2025:01:11:05 -0400] "GET /wp-content/uploads/2019/05/logo-3.png HTTP/1.1" 200 9744 "http://gsc-ltd.net/" "Mozilla/5.0 (X11; Linux x86_64) AppleWebKit/537.36 (KHTML, like Gecko) Chrome/137.0.7151.119 Safari/537.36"
52.70.209.13 - - [13/Jul/2025:01:13:28 -0400] "GET /robots.txt HTTP/1.1" 200 64 "-" "Mozilla/5.0 AppleWebKit/537.36 (KHTML, like Gecko; compatible; Amazonbot/0.1; +https://developer.amazon.com/support/amazonbot) Chrome/119.0.6045.214 Safari/537.36"
23.92.177.29 - - [13/Jul/2025:01:13:29 -0400] "POST /wp-cron.php?doing_wp_cron=1752383609.1234838962554931640625 HTTP/1.1" 200 0 "https://gsc-ltd.net/wp-cron.php?doing_wp_cron=1752383609.1234838962554931640625" "WordPress/6.1.1; https://gsc-ltd.net"
18.232.36.1 - - [13/Jul/2025:01:13:28 -0400] "GET /ourwork/survey-bigdata-analyzer/ HTTP/1.1" 200 20065 "-" "Mozilla/5.0 AppleWebKit/537.36 (KHTML, like Gecko; compatible; Amazonbot/0.1; +https://developer.amazon.com/support/amazonbot) Chrome/119.0.6045.214 Safari/537.36"
51.222.253.2 - - [13/Jul/2025:01:21:26 -0400] "GET /robots.txt HTTP/2" 200 64 "-" "Mozilla/5.0 (compatible; AhrefsBot/7.0; +http://ahrefs.com/robot/)"
57.141.4.19 - - [13/Jul/2025:01:31:18 -0400] "GET /shopdetail/10913365/ HTTP/2" 404 52707 "-" "meta-externalagent/1.1 (+https://developers.facebook.com/docs/sharing/webmasters/crawler)"
57.141.4.12 - - [13/Jul/2025:01:31:51 -0400] "GET /shopdetail/23783032/ HTTP/2" 404 52707 "-" "meta-externalagent/1.1 (+https://developers.facebook.com/docs/sharing/webmasters/crawler)"
23.92.177.29 - - [13/Jul/2025:01:33:45 -0400] "POST /wp-cron.php?doing_wp_cron=1752384825.4519760608673095703125 HTTP/1.1" 200 0 "https://gsc-ltd.net/wp-cron.php?doing_wp_cron=1752384825.4519760608673095703125" "WordPress/6.1.1; https://gsc-ltd.net"
57.141.4.8 - - [13/Jul/2025:01:33:45 -0400] "GET /shopdetail/17046410/ HTTP/2" 404 52707 "-" "meta-externalagent/1.1 (+https://developers.facebook.com/docs/sharing/webmasters/crawler)"
23.92.177.29 - - [13/Jul/2025:01:40:44 -0400] "POST /wp-cron.php?doing_wp_cron=1752385244.6865870952606201171875 HTTP/1.1" 200 0 "https://gsc-ltd.net/wp-cron.php?doing_wp_cron=1752385244.6865870952606201171875" "WordPress/6.1.1; https://gsc-ltd.net"
57.141.4.14 - - [13/Jul/2025:01:40:44 -0400] "GET /shopdetail/21154587/ HTTP/2" 404 52707 "-" "meta-externalagent/1.1 (+https://developers.facebook.com/docs/sharing/webmasters/crawler)"
57.141.4.20 - - [13/Jul/2025:01:41:46 -0400] "GET /shopdetail/21427165/ HTTP/2" 404 52707 "-" "meta-externalagent/1.1 (+https://developers.facebook.com/docs/sharing/webmasters/crawler)"
85.208.96.201 - - [13/Jul/2025:01:43:16 -0400] "GET /robots.txt HTTP/1.1" 200 64 "-" "Mozilla/5.0 (compatible; SemrushBot/7~bl; +http://www.semrush.com/bot.html)"
23.92.177.29 - - [13/Jul/2025:01:45:19 -0400] "POST /wp-cron.php?doing_wp_cron=1752385519.3887040615081787109375 HTTP/1.1" 200 0 "https://gsc-ltd.net/wp-cron.php?doing_wp_cron=1752385519.3887040615081787109375" "WordPress/6.1.1; https://gsc-ltd.net"
85.208.96.194 - - [13/Jul/2025:01:45:19 -0400] "GET /ourwork/clear-noise-analyzer/ HTTP/1.1" 200 20125 "-" "Mozilla/5.0 (compatible; SemrushBot/7~bl; +http://www.semrush.com/bot.html)"
57.141.4.1 - - [13/Jul/2025:01:46:20 -0400] "GET /shopdetail/20687309/ HTTP/2" 404 52707 "-" "meta-externalagent/1.1 (+https://developers.facebook.com/docs/sharing/webmasters/crawler)"
23.92.177.29 - - [13/Jul/2025:02:03:55 -0400] "POST /wp-cron.php?doing_wp_cron=1752386635.2580211162567138671875 HTTP/1.1" 200 0 "https://gsc-ltd.net/wp-cron.php?doing_wp_cron=1752386635.2580211162567138671875" "WordPress/6.1.1; https://gsc-ltd.net"
57.141.4.7 - - [13/Jul/2025:02:03:54 -0400] "GET /shopdetail/13950687/ HTTP/2" 404 52707 "-" "meta-externalagent/1.1 (+https://developers.facebook.com/docs/sharing/webmasters/crawler)"
54.198.168.153 - - [13/Jul/2025:02:17:03 -0400] "POST /wp-comments-post.php HTTP/1.1" 302 0 "-" "Mozilla/5.0 (Windows NT 10.0; Win64; x64) AppleWebKit/537.36 (KHTML, like Gecko) Chrome/120.0.0.0 Safari/537.36"
223.204.176.218 - - [13/Jul/2025:02:33:15 -0400] "POST /wp-comments-post.php HTTP/1.1" 302 0 "-" "Mozilla/5.0 (Windows NT 10.0; Win64; x64) AppleWebKit/537.36 (KHTML, like Gecko) Chrome/120.0.0.0 Safari/537.36"
207.46.13.126 - - [13/Jul/2025:02:38:16 -0400] "GET /wp-content/uploads/2019/05/Homekit.png HTTP/2" 200 29385 "-" "Mozilla/5.0 AppleWebKit/537.36 (KHTML, like Gecko; compatible; bingbot/2.0; +http://www.bing.com/bingbot.htm) Chrome/116.0.1938.76 Safari/537.36"
206.189.110.194 - - [13/Jul/2025:02:39:50 -0400] "GET / HTTP/1.1" 200 23225 "-" "Mozilla/5.0 (X11; Linux x86_64) AppleWebKit/537.36 (KHTML, like Gecko) Chrome/137.0.0.0 Safari/537.36"
206.189.110.194 - - [13/Jul/2025:02:39:53 -0400] "GET /favicon.ico HTTP/1.1" 404 1251 "https://mail.gsc-ltd.net/" "Mozilla/5.0 (X11; Linux x86_64) AppleWebKit/537.36 (KHTML, like Gecko) Chrome/137.0.0.0 Safari/537.36"
57.141.4.22 - - [13/Jul/2025:02:57:44 -0400] "GET /shopdetail/13794921/ HTTP/2" 404 52707 "-" "meta-externalagent/1.1 (+https://developers.facebook.com/docs/sharing/webmasters/crawler)"
23.92.177.29 - - [13/Jul/2025:03:07:09 -0400] "POST /wp-cron.php?doing_wp_cron=1752390429.5182199478149414062500 HTTP/1.1" 200 0 "https://gsc-ltd.net/wp-cron.php?doing_wp_cron=1752390429.5182199478149414062500" "WordPress/6.1.1; https://gsc-ltd.net"
57.141.4.24 - - [13/Jul/2025:03:07:09 -0400] "GET /shopdetail/15605632/ HTTP/2" 404 52707 "-" "meta-externalagent/1.1 (+https://developers.facebook.com/docs/sharing/webmasters/crawler)"
40.77.167.55 - - [13/Jul/2025:03:17:13 -0400] "GET /wp-content/uploads/2019/05/two.jpg HTTP/2" 200 5563 "-" "Mozilla/5.0 AppleWebKit/537.36 (KHTML, like Gecko; compatible; bingbot/2.0; +http://www.bing.com/bingbot.htm) Chrome/116.0.1938.76 Safari/537.36"
23.92.177.29 - - [13/Jul/2025:03:23:31 -0400] "POST /wp-cron.php?doing_wp_cron=1752391411.8450090885162353515625 HTTP/1.1" 200 0 "https://gsc-ltd.net/wp-cron.php?doing_wp_cron=1752391411.8450090885162353515625" "WordPress/6.1.1; https://gsc-ltd.net"
57.141.4.1 - - [13/Jul/2025:03:23:31 -0400] "GET /shopdetail/9861987/ HTTP/2" 404 52707 "-" "meta-externalagent/1.1 (+https://developers.facebook.com/docs/sharing/webmasters/crawler)"
216.73.216.150 - - [13/Jul/2025:03:23:43 -0400] "GET /wp-sitemap.xml HTTP/2" 200 215 "http://gsc-ltd.net/sitemap.xml" "Mozilla/5.0 AppleWebKit/537.36 (KHTML, like Gecko; compatible; ClaudeBot/1.0; +claudebot@anthropic.com)"
57.141.4.16 - - [13/Jul/2025:03:27:06 -0400] "GET /shopdetail/23179465/ HTTP/2" 404 52707 "-" "meta-externalagent/1.1 (+https://developers.facebook.com/docs/sharing/webmasters/crawler)"
87.236.176.239 - - [13/Jul/2025:03:31:24 -0400] "GET / HTTP/1.1" 401 53 "http://webdisk.gsc-ltd.net" "Mozilla/5.0 (compatible; InternetMeasurement/1.0; +https://internet-measurement.com/)"
23.92.177.29 - - [13/Jul/2025:03:33:44 -0400] "POST /wp-cron.php?doing_wp_cron=1752392024.8325359821319580078125 HTTP/1.1" 200 0 "https://gsc-ltd.net/wp-cron.php?doing_wp_cron=1752392024.8325359821319580078125" "WordPress/6.1.1; https://gsc-ltd.net"
57.141.4.24 - - [13/Jul/2025:03:33:44 -0400] "GET /shopdetail/24367132/ HTTP/2" 404 52707 "-" "meta-externalagent/1.1 (+https://developers.facebook.com/docs/sharing/webmasters/crawler)"
23.92.177.29 - - [13/Jul/2025:03:38:53 -0400] "POST /wp-cron.php?doing_wp_cron=1752392333.8100459575653076171875 HTTP/1.1" 200 0 "https://gsc-ltd.net/wp-cron.php?doing_wp_cron=1752392333.8100459575653076171875" "WordPress/6.1.1; https://gsc-ltd.net"
57.141.4.18 - - [13/Jul/2025:03:38:53 -0400] "GET /shopdetail/19811154/ HTTP/2" 404 52707 "-" "meta-externalagent/1.1 (+https://developers.facebook.com/docs/sharing/webmasters/crawler)"
85.208.96.204 - - [13/Jul/2025:03:39:01 -0400] "GET /robots.txt HTTP/1.1" 200 64 "-" "Mozilla/5.0 (compatible; SemrushBot/7~bl; +http://www.semrush.com/bot.html)"
23.92.177.29 - - [13/Jul/2025:03:44:47 -0400] "POST /wp-cron.php?doing_wp_cron=1752392687.6050410270690917968750 HTTP/1.1" 200 0 "https://gsc-ltd.net/wp-cron.php?doing_wp_cron=1752392687.6050410270690917968750" "WordPress/6.1.1; https://gsc-ltd.net"
57.141.4.21 - - [13/Jul/2025:03:44:47 -0400] "GET /shopdetail/10173509/ HTTP/2" 404 52707 "-" "meta-externalagent/1.1 (+https://developers.facebook.com/docs/sharing/webmasters/crawler)"
57.141.4.20 - - [13/Jul/2025:03:49:24 -0400] "GET /shopdetail/23841443/ HTTP/2" 404 52707 "-" "meta-externalagent/1.1 (+https://developers.facebook.com/docs/sharing/webmasters/crawler)"
23.92.177.29 - - [13/Jul/2025:03:56:29 -0400] "POST /wp-cron.php?doing_wp_cron=1752393389.3739120960235595703125 HTTP/1.1" 200 0 "https://gsc-ltd.net/wp-cron.php?doing_wp_cron=1752393389.3739120960235595703125" "WordPress/6.1.1; https://gsc-ltd.net"
57.141.4.7 - - [13/Jul/2025:03:56:29 -0400] "GET /shopdetail/1119432/ HTTP/2" 404 52707 "-" "meta-externalagent/1.1 (+https://developers.facebook.com/docs/sharing/webmasters/crawler)"
5.133.192.168 - - [13/Jul/2025:04:06:26 -0400] "GET / HTTP/1.1" 200 23070 "-" "Mozilla/5.0 (Windows NT 10.0; Win64; x64) AppleWebKit/537.36 (KHTML, like Gecko) Chrome/105.0.0.0 Safari/537.36"
5.133.192.168 - - [13/Jul/2025:04:06:27 -0400] "GET /favicon.ico HTTP/1.1" 404 1251 "-" "Mozilla/5.0 (Windows NT 10.0; Win64; x64) AppleWebKit/537.36 (KHTML, like Gecko) Chrome/105.0.0.0 Safari/537.36"
188.165.229.39 - - [13/Jul/2025:04:20:22 -0400] "GET /our-services/ HTTP/1.1" 200 19910 "-" "Mozilla/5.0 (Windows NT 10.0; WOW64) AppleWebKit/537.36 (KHTML, like Gecko) Chrome/103.0.0.0 Safari/537.36 Vivaldi/5.3.2679.68"
42.118.0.105 - - [13/Jul/2025:04:30:01 -0400] "POST /wp-comments-post.php HTTP/1.1" 302 0 "-" "Mozilla/5.0 (Windows NT 10.0; Win64; x64) AppleWebKit/537.36 (KHTML, like Gecko) Chrome/120.0.0.0 Safari/537.36"
57.141.4.10 - - [13/Jul/2025:04:32:27 -0400] "GET /shopdetail/21096176/ HTTP/2" 404 52707 "-" "meta-externalagent/1.1 (+https://developers.facebook.com/docs/sharing/webmasters/crawler)"
57.141.4.19 - - [13/Jul/2025:04:41:22 -0400] "GET /shopdetail/9881454/ HTTP/2" 404 52707 "-" "meta-externalagent/1.1 (+https://developers.facebook.com/docs/sharing/webmasters/crawler)"
57.141.4.18 - - [13/Jul/2025:04:45:28 -0400] "GET /shopdetail/23257343/ HTTP/2" 404 52707 "-" "meta-externalagent/1.1 (+https://developers.facebook.com/docs/sharing/webmasters/crawler)"
85.208.96.195 - - [13/Jul/2025:04:52:31 -0400] "GET /robots.txt HTTP/1.1" 200 64 "-" "Mozilla/5.0 (compatible; SemrushBot/7~bl; +http://www.semrush.com/bot.html)"
57.141.4.19 - - [13/Jul/2025:04:53:48 -0400] "GET /shopdetail/10601843/ HTTP/2" 404 52707 "-" "meta-externalagent/1.1 (+https://developers.facebook.com/docs/sharing/webmasters/crawler)"
23.92.177.29 - - [13/Jul/2025:05:01:40 -0400] "POST /wp-cron.php?doing_wp_cron=1752397299.9969990253448486328125 HTTP/1.1" 200 0 "https://gsc-ltd.net/wp-cron.php?doing_wp_cron=1752397299.9969990253448486328125" "WordPress/6.1.1; https://gsc-ltd.net"
57.141.4.8 - - [13/Jul/2025:05:01:39 -0400] "GET /shopdetail/20959887/ HTTP/2" 404 52707 "-" "meta-externalagent/1.1 (+https://developers.facebook.com/docs/sharing/webmasters/crawler)"
57.141.4.21 - - [13/Jul/2025:05:06:22 -0400] "GET /shopdetail/10640787/ HTTP/2" 404 52707 "-" "meta-externalagent/1.1 (+https://developers.facebook.com/docs/sharing/webmasters/crawler)"
23.92.177.29 - - [13/Jul/2025:05:08:57 -0400] "POST /wp-cron.php?doing_wp_cron=1752397737.6002070903778076171875 HTTP/1.1" 200 0 "https://gsc-ltd.net/wp-cron.php?doing_wp_cron=1752397737.6002070903778076171875" "WordPress/6.1.1; https://gsc-ltd.net"
57.141.4.12 - - [13/Jul/2025:05:08:57 -0400] "GET /shopdetail/20706776/ HTTP/2" 404 52707 "-" "meta-externalagent/1.1 (+https://developers.facebook.com/docs/sharing/webmasters/crawler)"
23.92.177.29 - - [13/Jul/2025:05:10:03 -0400] "GET / HTTP/1.1" 200 23253 "https://gsc-ltd.net/" "WordPress/6.1.1; https://gsc-ltd.net"
23.92.177.29 - - [13/Jul/2025:05:18:16 -0400] "POST /wp-cron.php?doing_wp_cron=1752398296.7001810073852539062500 HTTP/1.1" 200 0 "https://gsc-ltd.net/wp-cron.php?doing_wp_cron=1752398296.7001810073852539062500" "WordPress/6.1.1; https://gsc-ltd.net"
57.141.4.19 - - [13/Jul/2025:05:18:16 -0400] "GET /shopdetail/24075087/ HTTP/2" 404 52707 "-" "meta-externalagent/1.1 (+https://developers.facebook.com/docs/sharing/webmasters/crawler)"
57.141.4.14 - - [13/Jul/2025:05:23:32 -0400] "GET /shopdetail/14748954/ HTTP/2" 404 52707 "-" "meta-externalagent/1.1 (+https://developers.facebook.com/docs/sharing/webmasters/crawler)"
57.141.4.8 - - [13/Jul/2025:05:32:03 -0400] "GET /shopdetail/11516932/ HTTP/2" 404 52707 "-" "meta-externalagent/1.1 (+https://developers.facebook.com/docs/sharing/webmasters/crawler)"
23.92.177.29 - - [13/Jul/2025:05:37:32 -0400] "POST /wp-cron.php?doing_wp_cron=1752399452.0712931156158447265625 HTTP/1.1" 200 0 "https://gsc-ltd.net/wp-cron.php?doing_wp_cron=1752399452.0712931156158447265625" "WordPress/6.1.1; https://gsc-ltd.net"
57.141.4.27 - - [13/Jul/2025:05:37:31 -0400] "GET /shopdetail/20278432/ HTTP/2" 404 52707 "-" "meta-externalagent/1.1 (+https://developers.facebook.com/docs/sharing/webmasters/crawler)"
23.92.177.29 - - [13/Jul/2025:06:00:08 -0400] "POST /wp-cron.php?doing_wp_cron=1752400808.5835618972778320312500 HTTP/1.1" 200 0 "https://gsc-ltd.net/wp-cron.php?doing_wp_cron=1752400808.5835618972778320312500" "WordPress/6.1.1; https://gsc-ltd.net"
57.141.4.1 - - [13/Jul/2025:06:00:08 -0400] "GET /shopdetail/9939865/ HTTP/2" 404 52707 "-" "meta-externalagent/1.1 (+https://developers.facebook.com/docs/sharing/webmasters/crawler)"
216.73.216.150 - - [13/Jul/2025:06:21:17 -0400] "GET /wp-sitemap.xml HTTP/2" 200 215 "http://gsc-ltd.net/sitemap.xml" "Mozilla/5.0 AppleWebKit/537.36 (KHTML, like Gecko; compatible; ClaudeBot/1.0; +claudebot@anthropic.com)"
85.208.96.204 - - [13/Jul/2025:06:26:20 -0400] "GET /testimonial/john-denny/ HTTP/1.1" 200 20129 "-" "Mozilla/5.0 (compatible; SemrushBot/7~bl; +http://www.semrush.com/bot.html)"
57.141.4.26 - - [13/Jul/2025:06:32:52 -0400] "GET /shopdetail/18798710/ HTTP/2" 404 52707 "-" "meta-externalagent/1.1 (+https://developers.facebook.com/docs/sharing/webmasters/crawler)"
23.92.177.29 - - [13/Jul/2025:06:34:11 -0400] "POST /wp-cron.php?doing_wp_cron=1752402851.5173900127410888671875 HTTP/1.1" 200 0 "https://gsc-ltd.net/wp-cron.php?doing_wp_cron=1752402851.5173900127410888671875" "WordPress/6.1.1; https://gsc-ltd.net"
57.141.4.16 - - [13/Jul/2025:06:34:11 -0400] "GET /shopdetail/15858743/ HTTP/2" 404 52707 "-" "meta-externalagent/1.1 (+https://developers.facebook.com/docs/sharing/webmasters/crawler)"
57.141.4.4 - - [13/Jul/2025:06:42:37 -0400] "GET /shopdetail/19791687/ HTTP/2" 404 52707 "-" "meta-externalagent/1.1 (+https://developers.facebook.com/docs/sharing/webmasters/crawler)"
23.92.177.29 - - [13/Jul/2025:06:47:24 -0400] "POST /wp-cron.php?doing_wp_cron=1752403644.7990279197692871093750 HTTP/1.1" 200 0 "https://gsc-ltd.net/wp-cron.php?doing_wp_cron=1752403644.7990279197692871093750" "WordPress/6.1.1; https://gsc-ltd.net"
57.141.4.11 - - [13/Jul/2025:06:47:24 -0400] "GET /shopdetail/14417965/ HTTP/2" 404 52707 "-" "meta-externalagent/1.1 (+https://developers.facebook.com/docs/sharing/webmasters/crawler)"
23.92.177.29 - - [13/Jul/2025:06:53:04 -0400] "POST /wp-cron.php?doing_wp_cron=1752403984.4321169853210449218750 HTTP/1.1" 200 0 "https://gsc-ltd.net/wp-cron.php?doing_wp_cron=1752403984.4321169853210449218750" "WordPress/6.1.1; https://gsc-ltd.net"
24.77.74.230 - - [13/Jul/2025:06:53:04 -0400] "POST /xmlrpc.php HTTP/1.1" 500 0 "-" "Mozilla/5.0 (Windows NT 10.0; arm64) AppleWebKit/537.36 (KHTML, like Gecko) Opera/80.0.0.0 Safari/537.36"
103.143.237.5 - - [13/Jul/2025:06:57:37 -0400] "POST /xmlrpc.php HTTP/1.1" 500 0 "-" "Mozilla/5.0 (Windows NT 10.0; Win64; x64) AppleWebKit/537.36 (KHTML, like Gecko) Chrome/91.0.4472.124 Safari/537.36"
57.141.4.13 - - [13/Jul/2025:07:01:50 -0400] "GET /shopdetail/18779243/ HTTP/2" 404 52707 "-" "meta-externalagent/1.1 (+https://developers.facebook.com/docs/sharing/webmasters/crawler)"
57.141.4.14 - - [13/Jul/2025:07:02:19 -0400] "GET /shopdetail/21816565/ HTTP/2" 404 52707 "-" "meta-externalagent/1.1 (+https://developers.facebook.com/docs/sharing/webmasters/crawler)"
4.227.36.98 - - [13/Jul/2025:07:09:32 -0400] "GET /robots.txt HTTP/2" 200 64 "-" "Mozilla/5.0 AppleWebKit/537.36 (KHTML, like Gecko; compatible; GPTBot/1.2; +https://openai.com/gptbot)"
20.171.207.121 - - [13/Jul/2025:07:09:32 -0400] "GET /wp-sitemap.xml HTTP/2" 200 215 "-" "Mozilla/5.0 AppleWebKit/537.36 (KHTML, like Gecko; compatible; GPTBot/1.2; +https://openai.com/gptbot)"
57.141.4.6 - - [13/Jul/2025:07:26:00 -0400] "GET /shopdetail/24756532/ HTTP/2" 404 52707 "-" "meta-externalagent/1.1 (+https://developers.facebook.com/docs/sharing/webmasters/crawler)"
57.141.4.24 - - [13/Jul/2025:07:38:27 -0400] "GET /shopdetail/15761398/ HTTP/2" 404 52707 "-" "meta-externalagent/1.1 (+https://developers.facebook.com/docs/sharing/webmasters/crawler)"
69.171.249.7 - - [13/Jul/2025:07:43:48 -0400] "GET /robots.txt HTTP/2" 206 64 "-" "facebookexternalhit/1.1 (+http://www.facebook.com/externalhit_uatext.php)"