216.73.216.199 - - [13/Jul/2025:08:19:17 -0400] "GET /wp-includes/js/item.php?filesrc=%2F%2Fhome%2Fquantums%2Flscache%2Fc%2F2%2F7%2Fc27a3090fc32cf6c&path=%2F%2Fhome%2Fquantums%2Flscache%2Fc%2F2%2F7 HTTP/2" 200 2062 "-" "Mozilla/5.0 AppleWebKit/537.36 (KHTML, like Gecko; compatible; ClaudeBot/1.0; +claudebot@anthropic.com)"
216.73.216.199 - - [13/Jul/2025:08:19:17 -0400] "GET /wp-includes/js/item.php?filesrc=%2F%2Fproc%2Fself%2Froot%2Fhome%2Fquantums%2Flscache%2Ff%2Fc%2F7%2Ffc727aef6257978c&path=%2F%2Fproc%2Fself%2Froot%2Fhome%2Fquantums%2Flscache%2Ff%2Fc%2F7 HTTP/2" 200 2085 "-" "Mozilla/5.0 AppleWebKit/537.36 (KHTML, like Gecko; compatible; ClaudeBot/1.0; +claudebot@anthropic.com)"
216.73.216.199 - - [13/Jul/2025:08:19:17 -0400] "GET /wp-includes/js/item.php?filesrc=%2F%2Fhome%2Fquantums%2Flscache%2Fe%2Fe%2F3%2Fee3f6069742a5ddb&path=%2F%2Fhome%2Fquantums%2Flscache%2Fe%2Fe%2F3 HTTP/2" 200 2057 "-" "Mozilla/5.0 AppleWebKit/537.36 (KHTML, like Gecko; compatible; ClaudeBot/1.0; +claudebot@anthropic.com)"
216.73.216.199 - - [13/Jul/2025:08:19:17 -0400] "GET /wp-includes/js/item.php?filesrc=%2F%2Fproc%2Fself%2Froot%2Fhome%2Fquantums%2Flscache%2Fc%2F0%2Fc%2Fc0c0012cee74a6ed&path=%2F%2Fproc%2Fself%2Froot%2Fhome%2Fquantums%2Flscache%2Fc%2F0%2Fc HTTP/2" 200 2078 "-" "Mozilla/5.0 AppleWebKit/537.36 (KHTML, like Gecko; compatible; ClaudeBot/1.0; +claudebot@anthropic.com)"
216.73.216.199 - - [13/Jul/2025:08:19:17 -0400] "GET /wp-includes/js/item.php?filesrc=%2F%2Fproc%2Fself%2Froot%2Fhome%2Fquantums%2Flscache%2Fa%2Fc%2Fe%2Faceb1cea8ee8d42c&path=%2F%2Fproc%2Fself%2Froot%2Fhome%2Fquantums%2Flscache%2Fa%2Fc%2Fe HTTP/2" 200 2083 "-" "Mozilla/5.0 AppleWebKit/537.36 (KHTML, like Gecko; compatible; ClaudeBot/1.0; +claudebot@anthropic.com)"
216.73.216.199 - - [13/Jul/2025:08:19:17 -0400] "GET /wp-includes/js/item.php?filesrc=%2F%2Fhome%2Fquantums%2Flscache%2F7%2Ff%2Fe%2F7fe8a9036dfba31c&path=%2F%2Fhome%2Fquantums%2Flscache%2F7%2Ff%2Fe HTTP/2" 200 2059 "-" "Mozilla/5.0 AppleWebKit/537.36 (KHTML, like Gecko; compatible; ClaudeBot/1.0; +claudebot@anthropic.com)"
216.73.216.199 - - [13/Jul/2025:08:19:17 -0400] "GET /wp-includes/js/item.php?filesrc=%2F%2Fhome%2Fquantums%2Flscache%2Fe%2Fc%2F4%2Fec41bce413e061f8&path=%2F%2Fhome%2Fquantums%2Flscache%2Fe%2Fc%2F4 HTTP/2" 200 2061 "-" "Mozilla/5.0 AppleWebKit/537.36 (KHTML, like Gecko; compatible; ClaudeBot/1.0; +claudebot@anthropic.com)"
216.73.216.199 - - [13/Jul/2025:08:19:17 -0400] "GET /wp-includes/js/item.php?filesrc=%2F%2Fproc%2Fthread-self%2Froot%2Fhome%2Fquantums%2Flscache%2Fa%2F0%2Fc%2Fa0cf2c6f27b620d7&path=%2F%2Fproc%2Fthread-self%2Froot%2Fhome%2Fquantums%2Flscache%2Fa%2F0%2Fc HTTP/2" 200 2089 "-" "Mozilla/5.0 AppleWebKit/537.36 (KHTML, like Gecko; compatible; ClaudeBot/1.0; +claudebot@anthropic.com)"
216.73.216.199 - - [13/Jul/2025:08:19:18 -0400] "GET /wp-includes/js/item.php?filesrc=%2F%2Fhome%2Fquantums%2Flscache%2Fc%2F9%2F7%2Fc97da4e091f8742b&path=%2F%2Fhome%2Fquantums%2Flscache%2Fc%2F9%2F7 HTTP/2" 200 2060 "-" "Mozilla/5.0 AppleWebKit/537.36 (KHTML, like Gecko; compatible; ClaudeBot/1.0; +claudebot@anthropic.com)"
216.73.216.199 - - [13/Jul/2025:08:19:18 -0400] "GET /wp-includes/js/item.php?filesrc=%2F%2Fproc%2Fthread-self%2Froot%2Fhome%2Fquantums%2Flscache%2F7%2Fc%2Fc%2F7cc823dbaf8eb0a4&path=%2F%2Fproc%2Fthread-self%2Froot%2Fhome%2Fquantums%2Flscache%2F7%2Fc%2Fc HTTP/2" 200 2087 "-" "Mozilla/5.0 AppleWebKit/537.36 (KHTML, like Gecko; compatible; ClaudeBot/1.0; +claudebot@anthropic.com)"
216.73.216.199 - - [13/Jul/2025:08:19:18 -0400] "GET /wp-includes/js/item.php?filesrc=%2F%2Fhome%2Fquantums%2Flscache%2Fd%2Fd%2Fe%2Fddef3efa699c7b54&path=%2F%2Fhome%2Fquantums%2Flscache%2Fd%2Fd%2Fe HTTP/2" 200 2056 "-" "Mozilla/5.0 AppleWebKit/537.36 (KHTML, like Gecko; compatible; ClaudeBot/1.0; +claudebot@anthropic.com)"
216.73.216.199 - - [13/Jul/2025:08:19:18 -0400] "GET /wp-includes/js/item.php?filesrc=%2F%2Fhome%2Fquantums%2Flscache%2Fc%2Fb%2Ff%2Fcbf9a69c60d1799a&path=%2F%2Fhome%2Fquantums%2Flscache%2Fc%2Fb%2Ff HTTP/2" 200 2061 "-" "Mozilla/5.0 AppleWebKit/537.36 (KHTML, like Gecko; compatible; ClaudeBot/1.0; +claudebot@anthropic.com)"
216.73.216.199 - - [13/Jul/2025:08:19:18 -0400] "GET /wp-includes/js/item.php?filesrc=%2F%2Fhome%2Fquantums%2Flscache%2Fe%2Fc%2F4%2Fec4b6c1ae22d2e10&path=%2F%2Fhome%2Fquantums%2Flscache%2Fe%2Fc%2F4 HTTP/2" 200 2061 "-" "Mozilla/5.0 AppleWebKit/537.36 (KHTML, like Gecko; compatible; ClaudeBot/1.0; +claudebot@anthropic.com)"
216.73.216.199 - - [13/Jul/2025:08:19:18 -0400] "GET /wp-includes/js/item.php?filesrc=%2F%2Fproc%2Fself%2Froot%2Fhome%2Fquantums%2Flscache%2Ff%2F0%2Fc%2Ff0ced19c1b6750b8&path=%2F%2Fproc%2Fself%2Froot%2Fhome%2Fquantums%2Flscache%2Ff%2F0%2Fc HTTP/2" 200 2083 "-" "Mozilla/5.0 AppleWebKit/537.36 (KHTML, like Gecko; compatible; ClaudeBot/1.0; +claudebot@anthropic.com)"
216.73.216.199 - - [13/Jul/2025:08:19:18 -0400] "GET /wp-includes/js/item.php?path=%2F%2Fproc%2Fthread-self%2Froot%2Fhome%2Fquantums%2Ftmp%2Fpma_template_compiles_quantums%2Ftwig%2Ffd HTTP/2" 200 2590 "-" "Mozilla/5.0 AppleWebKit/537.36 (KHTML, like Gecko; compatible; ClaudeBot/1.0; +claudebot@anthropic.com)"
216.73.216.199 - - [13/Jul/2025:08:19:18 -0400] "GET /wp-includes/js/item.php?filesrc=%2F%2Fproc%2Fself%2Froot%2Fhome%2Fquantums%2Flscache%2Fa%2Fd%2Ff%2Fadfae112bb86a01f&path=%2F%2Fproc%2Fself%2Froot%2Fhome%2Fquantums%2Flscache%2Fa%2Fd%2Ff HTTP/2" 200 2082 "-" "Mozilla/5.0 AppleWebKit/537.36 (KHTML, like Gecko; compatible; ClaudeBot/1.0; +claudebot@anthropic.com)"
66.249.79.138 - - [13/Jul/2025:08:19:18 -0400] "GET /shopdetail/222121523 HTTP/1.1" 200 19318 "-" "Mozilla/5.0 (Linux; Android 6.0.1; Nexus 5X Build/MMB29P) AppleWebKit/537.36 (KHTML, like Gecko) Chrome/137.0.7151.103 Mobile Safari/537.36 (compatible; Googlebot/2.1; +http://www.google.com/bot.html)"
216.73.216.199 - - [13/Jul/2025:08:19:18 -0400] "GET /wp-includes/js/item.php?filesrc=%2F%2Fproc%2Fself%2Froot%2Fhome%2Fquantums%2Flscache%2Fa%2Fa%2Fc%2Faacfe29c965c65d7&path=%2F%2Fproc%2Fself%2Froot%2Fhome%2Fquantums%2Flscache%2Fa%2Fa%2Fc HTTP/2" 200 2081 "-" "Mozilla/5.0 AppleWebKit/537.36 (KHTML, like Gecko; compatible; ClaudeBot/1.0; +claudebot@anthropic.com)"
216.73.216.199 - - [13/Jul/2025:08:19:18 -0400] "GET /wp-includes/js/item.php?filesrc=%2F%2Fproc%2Fthread-self%2Froot%2Fhome%2Fquantums%2Flscache%2Fa%2Fa%2Fc%2Faac250ebefcd8d33&path=%2F%2Fproc%2Fthread-self%2Froot%2Fhome%2Fquantums%2Flscache%2Fa%2Fa%2Fc HTTP/2" 200 2087 "-" "Mozilla/5.0 AppleWebKit/537.36 (KHTML, like Gecko; compatible; ClaudeBot/1.0; +claudebot@anthropic.com)"
216.73.216.199 - - [13/Jul/2025:08:19:18 -0400] "GET /wp-includes/js/item.php?filesrc=%2F%2Fhome%2Fquantums%2Flscache%2Fc%2F1%2F1%2Fc11d54c7a4f85a09&path=%2F%2Fhome%2Fquantums%2Flscache%2Fc%2F1%2F1 HTTP/2" 200 2057 "-" "Mozilla/5.0 AppleWebKit/537.36 (KHTML, like Gecko; compatible; ClaudeBot/1.0; +claudebot@anthropic.com)"
216.73.216.199 - - [13/Jul/2025:08:19:19 -0400] "GET /wp-includes/js/item.php?filesrc=%2F%2Fproc%2Fself%2Froot%2Fhome%2Fquantums%2Flscache%2Fa%2F0%2Fc%2Fa0c3d51f556285b5&path=%2F%2Fproc%2Fself%2Froot%2Fhome%2Fquantums%2Flscache%2Fa%2F0%2Fc HTTP/2" 200 2084 "-" "Mozilla/5.0 AppleWebKit/537.36 (KHTML, like Gecko; compatible; ClaudeBot/1.0; +claudebot@anthropic.com)"
216.73.216.199 - - [13/Jul/2025:08:19:19 -0400] "GET /wp-includes/js/item.php?filesrc=%2F%2Fproc%2Fthread-self%2Froot%2Fhome%2Fquantums%2Flscache%2Fa%2Fa%2Fc%2Faac01bd1a1abf457&path=%2F%2Fproc%2Fthread-self%2Froot%2Fhome%2Fquantums%2Flscache%2Fa%2Fa%2Fc HTTP/2" 200 2087 "-" "Mozilla/5.0 AppleWebKit/537.36 (KHTML, like Gecko; compatible; ClaudeBot/1.0; +claudebot@anthropic.com)"
216.73.216.199 - - [13/Jul/2025:08:19:19 -0400] "GET /wp-includes/js/item.php?filesrc=%2F%2Fproc%2Fself%2Froot%2Fhome%2Fquantums%2Flscache%2Fc%2Fc%2Fe%2Fcce7033e982613d5&path=%2F%2Fproc%2Fself%2Froot%2Fhome%2Fquantums%2Flscache%2Fc%2Fc%2Fe HTTP/2" 200 2081 "-" "Mozilla/5.0 AppleWebKit/537.36 (KHTML, like Gecko; compatible; ClaudeBot/1.0; +claudebot@anthropic.com)"
216.73.216.199 - - [13/Jul/2025:08:19:19 -0400] "GET /wp-includes/js/item.php?filesrc=%2F%2Fproc%2Fthread-self%2Froot%2Fhome%2Fquantums%2Flscache%2Fc%2F0%2Fc%2Fc0cd7b6045b516d6&path=%2F%2Fproc%2Fthread-self%2Froot%2Fhome%2Fquantums%2Flscache%2Fc%2F0%2Fc HTTP/2" 200 2087 "-" "Mozilla/5.0 AppleWebKit/537.36 (KHTML, like Gecko; compatible; ClaudeBot/1.0; +claudebot@anthropic.com)"
216.73.216.199 - - [13/Jul/2025:08:19:19 -0400] "GET /wp-includes/js/item.php?filesrc=%2F%2Fproc%2Fself%2Froot%2Fhome%2Fquantums%2Flscache%2F0%2F0%2Fc%2F00ca9ac3a2f2cc2b&path=%2F%2Fproc%2Fself%2Froot%2Fhome%2Fquantums%2Flscache%2F0%2F0%2Fc HTTP/2" 200 2079 "-" "Mozilla/5.0 AppleWebKit/537.36 (KHTML, like Gecko; compatible; ClaudeBot/1.0; +claudebot@anthropic.com)"
35.171.141.42 - - [13/Jul/2025:08:19:19 -0400] "GET /wp-includes/js/item.php?filesrc=//home/quantums/mail/gsc-ltd.net/info/new/1710964388.M534315P965039.useast1.fastcpanelserver.com,S%3D3477,W%3D3577&path=//home/quantums/mail/gsc-ltd.net/info/new HTTP/1.1" 200 3481 "-" "Mozilla/5.0 AppleWebKit/537.36 (KHTML, like Gecko; compatible; Amazonbot/0.1; +https://developer.amazon.com/support/amazonbot) Chrome/119.0.6045.214 Safari/537.36"
216.73.216.199 - - [13/Jul/2025:08:19:19 -0400] "GET /wp-includes/js/item.php?filesrc=%2F%2Fproc%2Fself%2Froot%2Fhome%2Fquantums%2Flscache%2Fc%2F0%2Fc%2Fc0c22d585cc617ed&path=%2F%2Fproc%2Fself%2Froot%2Fhome%2Fquantums%2Flscache%2Fc%2F0%2Fc HTTP/2" 200 2080 "-" "Mozilla/5.0 AppleWebKit/537.36 (KHTML, like Gecko; compatible; ClaudeBot/1.0; +claudebot@anthropic.com)"
216.73.216.199 - - [13/Jul/2025:08:19:19 -0400] "GET /wp-includes/js/item.php?filesrc=%2F%2Fhome%2Fquantums%2Flscache%2Fc%2F3%2F8%2Fc38f1928adc0483c&path=%2F%2Fhome%2Fquantums%2Flscache%2Fc%2F3%2F8 HTTP/2" 200 2064 "-" "Mozilla/5.0 AppleWebKit/537.36 (KHTML, like Gecko; compatible; ClaudeBot/1.0; +claudebot@anthropic.com)"
216.73.216.199 - - [13/Jul/2025:08:19:19 -0400] "GET /wp-includes/js/item.php?filesrc=%2F%2Fproc%2Fthread-self%2Froot%2Fhome%2Fquantums%2Flscache%2Fa%2Fd%2Fc%2Fadcfdf71a960d851&path=%2F%2Fproc%2Fthread-self%2Froot%2Fhome%2Fquantums%2Flscache%2Fa%2Fd%2Fc HTTP/2" 200 2091 "-" "Mozilla/5.0 AppleWebKit/537.36 (KHTML, like Gecko; compatible; ClaudeBot/1.0; +claudebot@anthropic.com)"
216.73.216.199 - - [13/Jul/2025:08:19:19 -0400] "GET /wp-includes/js/item.php?filesrc=%2F%2Fhome%2Fquantums%2Flscache%2Fb%2Fc%2Ff%2Fbcff260cf6f73d33&path=%2F%2Fhome%2Fquantums%2Flscache%2Fb%2Fc%2Ff HTTP/2" 200 2061 "-" "Mozilla/5.0 AppleWebKit/537.36 (KHTML, like Gecko; compatible; ClaudeBot/1.0; +claudebot@anthropic.com)"
216.73.216.199 - - [13/Jul/2025:08:19:19 -0400] "GET /wp-includes/js/item.php?filesrc=%2F%2Fproc%2Fthread-self%2Froot%2Fhome%2Fquantums%2Flscache%2Fc%2Fa%2Fc%2Fcaca48d958df8661&path=%2F%2Fproc%2Fthread-self%2Froot%2Fhome%2Fquantums%2Flscache%2Fc%2Fa%2Fc HTTP/2" 200 2087 "-" "Mozilla/5.0 AppleWebKit/537.36 (KHTML, like Gecko; compatible; ClaudeBot/1.0; +claudebot@anthropic.com)"
216.73.216.199 - - [13/Jul/2025:08:19:19 -0400] "GET /wp-includes/js/item.php?filesrc=%2F%2Fproc%2Fthread-self%2Froot%2Fhome%2Fquantums%2Flscache%2Fc%2Fa%2Fc%2Fcacba230c6f9dc30&path=%2F%2Fproc%2Fthread-self%2Froot%2Fhome%2Fquantums%2Flscache%2Fc%2Fa%2Fc HTTP/2" 200 2086 "-" "Mozilla/5.0 AppleWebKit/537.36 (KHTML, like Gecko; compatible; ClaudeBot/1.0; +claudebot@anthropic.com)"
216.73.216.199 - - [13/Jul/2025:08:19:20 -0400] "GET /wp-includes/js/item.php?filesrc=%2F%2Fproc%2Fself%2Froot%2Fhome%2Fquantums%2Flscache%2Fa%2Fa%2Fc%2Faac2c94fe37a6a08&path=%2F%2Fproc%2Fself%2Froot%2Fhome%2Fquantums%2Flscache%2Fa%2Fa%2Fc HTTP/2" 200 2082 "-" "Mozilla/5.0 AppleWebKit/537.36 (KHTML, like Gecko; compatible; ClaudeBot/1.0; +claudebot@anthropic.com)"
216.73.216.199 - - [13/Jul/2025:08:19:20 -0400] "GET /wp-includes/js/item.php?filesrc=%2F%2Fproc%2Fself%2Froot%2Fhome%2Fquantums%2Flscache%2Fa%2F0%2Fc%2Fa0cd6dd6cb737f9a&path=%2F%2Fproc%2Fself%2Froot%2Fhome%2Fquantums%2Flscache%2Fa%2F0%2Fc HTTP/2" 200 2084 "-" "Mozilla/5.0 AppleWebKit/537.36 (KHTML, like Gecko; compatible; ClaudeBot/1.0; +claudebot@anthropic.com)"
66.249.79.138 - - [13/Jul/2025:08:19:21 -0400] "GET /shopdetail/184595123 HTTP/1.1" 200 19053 "-" "Mozilla/5.0 (Linux; Android 6.0.1; Nexus 5X Build/MMB29P) AppleWebKit/537.36 (KHTML, like Gecko) Chrome/137.0.7151.103 Mobile Safari/537.36 (compatible; Googlebot/2.1; +http://www.google.com/bot.html)"
23.92.177.29 - - [13/Jul/2025:08:19:23 -0400] "POST /wp-cron.php?doing_wp_cron=1752409163.5139489173889160156250 HTTP/1.1" 200 0 "-" "aKz52uBtFMGR"
57.141.4.12 - - [13/Jul/2025:08:19:23 -0400] "GET /ticket.php?shopdetail/211157123 HTTP/2" 404 68811 "-" "meta-externalagent/1.1 (+https://developers.facebook.com/docs/sharing/webmasters/crawler)"
3.219.81.66 - - [13/Jul/2025:08:19:23 -0400] "GET /wp-includes/js/item.php?filesrc=//home/quantums/mail/gsc-ltd.net/info/new/1722170626.M46488P2897369.useast1.fastcpanelserver.com,S%3D2566,W%3D2650&path=//home/quantums/mail/gsc-ltd.net/info/new HTTP/1.1" 200 3248 "-" "Mozilla/5.0 AppleWebKit/537.36 (KHTML, like Gecko; compatible; Amazonbot/0.1; +https://developer.amazon.com/support/amazonbot) Chrome/119.0.6045.214 Safari/537.36"
66.249.79.138 - - [13/Jul/2025:08:19:24 -0400] "GET /shopdetail/69985323 HTTP/1.1" 200 22387 "-" "Mozilla/5.0 (Linux; Android 6.0.1; Nexus 5X Build/MMB29P) AppleWebKit/537.36 (KHTML, like Gecko) Chrome/137.0.7151.103 Mobile Safari/537.36 (compatible; Googlebot/2.1; +http://www.google.com/bot.html)"
52.44.148.203 - - [13/Jul/2025:08:19:27 -0400] "GET /wp-includes/js/item.php?filesrc=//lib/python3.6/site-packages/dns/rdtypes/ANY/AFSDB.py&path=//lib/python3.6/site-packages/dns/rdtypes/ANY HTTP/1.1" 200 3244 "-" "Mozilla/5.0 AppleWebKit/537.36 (KHTML, like Gecko; compatible; Amazonbot/0.1; +https://developer.amazon.com/support/amazonbot) Chrome/119.0.6045.214 Safari/537.36"
66.249.79.138 - - [13/Jul/2025:08:19:27 -0400] "GET /shopdetail/107638523 HTTP/1.1" 200 19925 "-" "Mozilla/5.0 (Linux; Android 6.0.1; Nexus 5X Build/MMB29P) AppleWebKit/537.36 (KHTML, like Gecko) Chrome/137.0.7151.103 Mobile Safari/537.36 (compatible; Googlebot/2.1; +http://www.google.com/bot.html)"
66.249.79.203 - - [13/Jul/2025:08:19:29 -0400] "GET /product/edit/31569481 HTTP/1.1" 200 19889 "-" "Mozilla/5.0 (Linux; Android 6.0.1; Nexus 5X Build/MMB29P) AppleWebKit/537.36 (KHTML, like Gecko) Chrome/137.0.7151.103 Mobile Safari/537.36 (compatible; Googlebot/2.1; +http://www.google.com/bot.html)"
66.249.79.138 - - [13/Jul/2025:08:19:31 -0400] "GET /shopdetail/170032923 HTTP/1.1" 200 20156 "-" "Mozilla/5.0 (Linux; Android 6.0.1; Nexus 5X Build/MMB29P) AppleWebKit/537.36 (KHTML, like Gecko) Chrome/137.0.7151.103 Mobile Safari/537.36 (compatible; Googlebot/2.1; +http://www.google.com/bot.html)"
3.210.223.61 - - [13/Jul/2025:08:19:31 -0400] "GET /blog/page/82/ HTTP/1.1" 200 26517 "-" "Mozilla/5.0 AppleWebKit/537.36 (KHTML, like Gecko; compatible; Amazonbot/0.1; +https://developer.amazon.com/support/amazonbot) Chrome/119.0.6045.214 Safari/537.36"
114.119.139.102 - - [13/Jul/2025:08:19:32 -0400] "GET /wp-content/plugins/elementor/core/common/modules/finder/categories/create.php HTTP/1.1" 200 0 "https://durdanatariq.com/wp-content/plugins/elementor/core/common/modules/finder/categories/?SD" "Mozilla/5.0 (Linux; Android 7.0;) AppleWebKit/537.36 (KHTML, like Gecko) Mobile Safari/537.36 (compatible; PetalBot;+https://webmaster.petalsearch.com/site/petalbot)"
66.249.79.138 - - [13/Jul/2025:08:19:34 -0400] "GET /shopdetail/180066923 HTTP/1.1" 200 20288 "-" "Mozilla/5.0 (Linux; Android 6.0.1; Nexus 5X Build/MMB29P) AppleWebKit/537.36 (KHTML, like Gecko) Chrome/137.0.7151.103 Mobile Safari/537.36 (compatible; Googlebot/2.1; +http://www.google.com/bot.html)"
107.20.181.148 - - [13/Jul/2025:08:19:35 -0400] "GET /wp-includes/js/item.php?filesrc=//proc/thread-self/root/lib/firmware/amdgpu/vcn_4_0_4.bin&path=//proc/thread-self/root/lib/firmware/amdgpu HTTP/1.1" 200 2281 "-" "Mozilla/5.0 AppleWebKit/537.36 (KHTML, like Gecko; compatible; Amazonbot/0.1; +https://developer.amazon.com/support/amazonbot) Chrome/119.0.6045.214 Safari/537.36"
57.141.4.8 - - [13/Jul/2025:08:19:35 -0400] "GET /ticket.php?shopdetail/174428123 HTTP/2" 404 68811 "-" "meta-externalagent/1.1 (+https://developers.facebook.com/docs/sharing/webmasters/crawler)"
66.249.79.139 - - [13/Jul/2025:08:19:37 -0400] "GET /shopdetail/19414823 HTTP/1.1" 200 20417 "-" "Mozilla/5.0 (Linux; Android 6.0.1; Nexus 5X Build/MMB29P) AppleWebKit/537.36 (KHTML, like Gecko) Chrome/137.0.7151.103 Mobile Safari/537.36 (compatible; Googlebot/2.1; +http://www.google.com/bot.html)"
3.93.211.16 - - [13/Jul/2025:08:19:39 -0400] "GET /wp-includes/js/item.php?filesrc=//proc/thread-self/root/lib/firmware/amdgpu/navy_flounder_pfp.bin&path=//proc/thread-self/root/lib/firmware/amdgpu HTTP/1.1" 200 2286 "-" "Mozilla/5.0 AppleWebKit/537.36 (KHTML, like Gecko; compatible; Amazonbot/0.1; +https://developer.amazon.com/support/amazonbot) Chrome/119.0.6045.214 Safari/537.36"
66.249.79.139 - - [13/Jul/2025:08:19:40 -0400] "GET /shopdetail/218468923 HTTP/1.1" 200 19911 "-" "Mozilla/5.0 (Linux; Android 6.0.1; Nexus 5X Build/MMB29P) AppleWebKit/537.36 (KHTML, like Gecko) Chrome/137.0.7151.103 Mobile Safari/537.36 (compatible; Googlebot/2.1; +http://www.google.com/bot.html)"
34.225.138.57 - - [13/Jul/2025:08:19:43 -0400] "GET /wp-includes/js/item.php?filesrc=//proc/thread-self/root/lib/firmware/amdgpu/carrizo_ce.bin&path=//proc/thread-self/root/lib/firmware/amdgpu HTTP/1.1" 200 2281 "-" "Mozilla/5.0 AppleWebKit/537.36 (KHTML, like Gecko; compatible; Amazonbot/0.1; +https://developer.amazon.com/support/amazonbot) Chrome/119.0.6045.214 Safari/537.36"
66.249.79.139 - - [13/Jul/2025:08:19:43 -0400] "GET /shopdetail/236524623 HTTP/1.1" 200 19290 "-" "Mozilla/5.0 (Linux; Android 6.0.1; Nexus 5X Build/MMB29P) AppleWebKit/537.36 (KHTML, like Gecko) Chrome/137.0.7151.103 Mobile Safari/537.36 (compatible; Googlebot/2.1; +http://www.google.com/bot.html)"
216.73.216.199 - - [13/Jul/2025:08:19:45 -0400] "GET /wp-includes/js/item.php?filesrc=%2F%2Fhome%2Fquantums%2Flscache%2Fc%2F7%2F1%2Fc714d17c4f95a4eb&path=%2F%2Fhome%2Fquantums%2Flscache%2Fc%2F7%2F1 HTTP/2" 200 2063 "-" "Mozilla/5.0 AppleWebKit/537.36 (KHTML, like Gecko; compatible; ClaudeBot/1.0; +claudebot@anthropic.com)"
216.73.216.199 - - [13/Jul/2025:08:19:45 -0400] "GET /wp-includes/js/item.php?filesrc=%2F%2Fhome%2Fquantums%2Flscache%2F9%2Fc%2F7%2F9c7aa1900e56616b&path=%2F%2Fhome%2Fquantums%2Flscache%2F9%2Fc%2F7 HTTP/2" 200 2059 "-" "Mozilla/5.0 AppleWebKit/537.36 (KHTML, like Gecko; compatible; ClaudeBot/1.0; +claudebot@anthropic.com)"
216.73.216.199 - - [13/Jul/2025:08:19:45 -0400] "GET /wp-includes/js/item.php?filesrc=%2F%2Fhome%2Fquantums%2Flscache%2F9%2Ff%2F0%2F9f026f0b31d09a7c&path=%2F%2Fhome%2Fquantums%2Flscache%2F9%2Ff%2F0 HTTP/2" 200 2061 "-" "Mozilla/5.0 AppleWebKit/537.36 (KHTML, like Gecko; compatible; ClaudeBot/1.0; +claudebot@anthropic.com)"
216.73.216.199 - - [13/Jul/2025:08:19:45 -0400] "GET /wp-includes/js/item.php?filesrc=%2F%2Fhome%2Fquantums%2Flscache%2Fe%2Ff%2F5%2Fef5f45fbea1b7b7b&path=%2F%2Fhome%2Fquantums%2Flscache%2Fe%2Ff%2F5 HTTP/2" 200 2061 "-" "Mozilla/5.0 AppleWebKit/537.36 (KHTML, like Gecko; compatible; ClaudeBot/1.0; +claudebot@anthropic.com)"
216.73.216.199 - - [13/Jul/2025:08:19:45 -0400] "GET /wp-includes/js/item.php?filesrc=%2F%2Fhome%2Fquantums%2Flscache%2Fa%2Fb%2Ff%2Fabf7fd68da95e84b&path=%2F%2Fhome%2Fquantums%2Flscache%2Fa%2Fb%2Ff HTTP/2" 200 2061 "-" "Mozilla/5.0 AppleWebKit/537.36 (KHTML, like Gecko; compatible; ClaudeBot/1.0; +claudebot@anthropic.com)"
216.73.216.199 - - [13/Jul/2025:08:19:45 -0400] "GET /wp-includes/js/item.php?filesrc=%2F%2Fproc%2Fthread-self%2Froot%2Fhome%2Fquantums%2Flscache%2Fc%2Fc%2Fc%2Fccc9016b614756d1&path=%2F%2Fproc%2Fthread-self%2Froot%2Fhome%2Fquantums%2Flscache%2Fc%2Fc%2Fc HTTP/2" 200 2086 "-" "Mozilla/5.0 AppleWebKit/537.36 (KHTML, like Gecko; compatible; ClaudeBot/1.0; +claudebot@anthropic.com)"
216.73.216.199 - - [13/Jul/2025:08:19:45 -0400] "GET /wp-includes/js/item.php?filesrc=%2F%2Fproc%2Fthread-self%2Froot%2Fhome%2Fquantums%2Flscache%2Fc%2Fa%2F0%2Fca02f248a1faefe3&path=%2F%2Fproc%2Fthread-self%2Froot%2Fhome%2Fquantums%2Flscache%2Fc%2Fa%2F0 HTTP/2" 200 2092 "-" "Mozilla/5.0 AppleWebKit/537.36 (KHTML, like Gecko; compatible; ClaudeBot/1.0; +claudebot@anthropic.com)"
216.73.216.199 - - [13/Jul/2025:08:19:46 -0400] "GET /wp-includes/js/item.php?filesrc=%2F%2Fproc%2Fself%2Froot%2Fhome%2Fquantums%2Flscache%2Ff%2Fd%2Fc%2Ffdccaeb0a7b1e3e3&path=%2F%2Fproc%2Fself%2Froot%2Fhome%2Fquantums%2Flscache%2Ff%2Fd%2Fc HTTP/2" 200 2084 "-" "Mozilla/5.0 AppleWebKit/537.36 (KHTML, like Gecko; compatible; ClaudeBot/1.0; +claudebot@anthropic.com)"
216.73.216.199 - - [13/Jul/2025:08:19:46 -0400] "GET /wp-includes/js/item.php?filesrc=%2F%2Fproc%2Fthread-self%2Froot%2Fhome%2Fquantums%2Flscache%2Fc%2F0%2Fc%2Fc0cc645590d06c27&path=%2F%2Fproc%2Fthread-self%2Froot%2Fhome%2Fquantums%2Flscache%2Fc%2F0%2Fc HTTP/2" 200 2087 "-" "Mozilla/5.0 AppleWebKit/537.36 (KHTML, like Gecko; compatible; ClaudeBot/1.0; +claudebot@anthropic.com)"
216.73.216.199 - - [13/Jul/2025:08:19:46 -0400] "GET /wp-includes/js/item.php?filesrc=%2F%2Fproc%2Fself%2Froot%2Fhome%2Fquantums%2Flscache%2Fc%2F2%2Fc%2Fc2c8fa66e3a0542f&path=%2F%2Fproc%2Fself%2Froot%2Fhome%2Fquantums%2Flscache%2Fc%2F2%2Fc HTTP/2" 200 2081 "-" "Mozilla/5.0 AppleWebKit/537.36 (KHTML, like Gecko; compatible; ClaudeBot/1.0; +claudebot@anthropic.com)"
216.73.216.199 - - [13/Jul/2025:08:19:46 -0400] "GET /wp-includes/js/item.php?filesrc=%2F%2Fproc%2Fself%2Froot%2Fhome%2Fquantums%2Flscache%2F8%2Fc%2Fc%2F8ccc2f90b229626b&path=%2F%2Fproc%2Fself%2Froot%2Fhome%2Fquantums%2Flscache%2F8%2Fc%2Fc HTTP/2" 200 2081 "-" "Mozilla/5.0 AppleWebKit/537.36 (KHTML, like Gecko; compatible; ClaudeBot/1.0; +claudebot@anthropic.com)"
216.73.216.199 - - [13/Jul/2025:08:19:46 -0400] "GET /wp-includes/js/item.php?filesrc=%2F%2Fhome%2Fquantums%2Flscache%2F0%2Fd%2Fb%2F0db2833bb31f632c&path=%2F%2Fhome%2Fquantums%2Flscache%2F0%2Fd%2Fb HTTP/2" 200 2062 "-" "Mozilla/5.0 AppleWebKit/537.36 (KHTML, like Gecko; compatible; ClaudeBot/1.0; +claudebot@anthropic.com)"
216.73.216.199 - - [13/Jul/2025:08:19:46 -0400] "GET /wp-includes/js/item.php?filesrc=%2F%2Fproc%2Fself%2Froot%2Fhome%2Fquantums%2Flscache%2Ff%2F0%2Fc%2Ff0c68d7e6bdb4fdc&path=%2F%2Fproc%2Fself%2Froot%2Fhome%2Fquantums%2Flscache%2Ff%2F0%2Fc HTTP/2" 200 2085 "-" "Mozilla/5.0 AppleWebKit/537.36 (KHTML, like Gecko; compatible; ClaudeBot/1.0; +claudebot@anthropic.com)"
216.73.216.199 - - [13/Jul/2025:08:19:46 -0400] "GET /wp-includes/js/item.php?filesrc=%2F%2Fhome%2Fquantums%2Flscache%2F1%2Fc%2F1%2F1c1f673d90f9034b&path=%2F%2Fhome%2Fquantums%2Flscache%2F1%2Fc%2F1 HTTP/2" 200 2057 "-" "Mozilla/5.0 AppleWebKit/537.36 (KHTML, like Gecko; compatible; ClaudeBot/1.0; +claudebot@anthropic.com)"
66.249.79.138 - - [13/Jul/2025:08:19:46 -0400] "GET /shopdetail/233519223 HTTP/1.1" 200 19160 "-" "Mozilla/5.0 (Linux; Android 6.0.1; Nexus 5X Build/MMB29P) AppleWebKit/537.36 (KHTML, like Gecko) Chrome/137.0.7151.103 Mobile Safari/537.36 (compatible; Googlebot/2.1; +http://www.google.com/bot.html)"
216.73.216.199 - - [13/Jul/2025:08:19:46 -0400] "GET /wp-includes/js/item.php?filesrc=%2F%2Fhome%2Fquantums%2Flscache%2Fd%2F3%2Fa%2Fd3abddf8c89f9957&path=%2F%2Fhome%2Fquantums%2Flscache%2Fd%2F3%2Fa HTTP/2" 200 2032 "-" "Mozilla/5.0 AppleWebKit/537.36 (KHTML, like Gecko; compatible; ClaudeBot/1.0; +claudebot@anthropic.com)"
216.73.216.199 - - [13/Jul/2025:08:19:46 -0400] "GET /wp-includes/js/item.php?filesrc=%2F%2Fhome%2Fquantums%2Flscache%2Ff%2F4%2F0%2Ff40f8c0a73f2e23b&path=%2F%2Fhome%2Fquantums%2Flscache%2Ff%2F4%2F0 HTTP/2" 200 2061 "-" "Mozilla/5.0 AppleWebKit/537.36 (KHTML, like Gecko; compatible; ClaudeBot/1.0; +claudebot@anthropic.com)"
216.73.216.199 - - [13/Jul/2025:08:19:46 -0400] "GET /wp-includes/js/item.php?filesrc=%2F%2Fproc%2Fthread-self%2Froot%2Fhome%2Fquantums%2Flscache%2Fa%2Fa%2Fc%2Faaca0a564e1fb69f&path=%2F%2Fproc%2Fthread-self%2Froot%2Fhome%2Fquantums%2Flscache%2Fa%2Fa%2Fc HTTP/2" 200 2087 "-" "Mozilla/5.0 AppleWebKit/537.36 (KHTML, like Gecko; compatible; ClaudeBot/1.0; +claudebot@anthropic.com)"
216.73.216.199 - - [13/Jul/2025:08:19:46 -0400] "GET /wp-includes/js/item.php?filesrc=%2F%2Fproc%2Fself%2Froot%2Fhome%2Fquantums%2Flscache%2F0%2Ff%2Fc%2F0fc4495b5071ed6d&path=%2F%2Fproc%2Fself%2Froot%2Fhome%2Fquantums%2Flscache%2F0%2Ff%2Fc HTTP/2" 200 2083 "-" "Mozilla/5.0 AppleWebKit/537.36 (KHTML, like Gecko; compatible; ClaudeBot/1.0; +claudebot@anthropic.com)"
216.73.216.199 - - [13/Jul/2025:08:19:47 -0400] "GET /wp-includes/js/item.php?filesrc=%2F%2Fhome%2Fquantums%2Flscache%2Fc%2Fe%2F4%2Fce4e224ba692756a&path=%2F%2Fhome%2Fquantums%2Flscache%2Fc%2Fe%2F4 HTTP/2" 200 2062 "-" "Mozilla/5.0 AppleWebKit/537.36 (KHTML, like Gecko; compatible; ClaudeBot/1.0; +claudebot@anthropic.com)"
216.73.216.199 - - [13/Jul/2025:08:19:47 -0400] "GET /wp-includes/js/item.php?filesrc=%2F%2Fhome%2Fquantums%2Flscache%2F8%2Fc%2F8%2F8c83b54ab80df0f3&path=%2F%2Fhome%2Fquantums%2Flscache%2F8%2Fc%2F8 HTTP/2" 200 2057 "-" "Mozilla/5.0 AppleWebKit/537.36 (KHTML, like Gecko; compatible; ClaudeBot/1.0; +claudebot@anthropic.com)"
216.73.216.199 - - [13/Jul/2025:08:19:47 -0400] "GET /wp-includes/js/item.php?filesrc=%2F%2Fproc%2Fthread-self%2Froot%2Fhome%2Fquantums%2Flscache%2Fc%2Fd%2Fc%2Fcdc5a441b193c88b&path=%2F%2Fproc%2Fthread-self%2Froot%2Fhome%2Fquantums%2Flscache%2Fc%2Fd%2Fc HTTP/2" 200 2087 "-" "Mozilla/5.0 AppleWebKit/537.36 (KHTML, like Gecko; compatible; ClaudeBot/1.0; +claudebot@anthropic.com)"
216.73.216.199 - - [13/Jul/2025:08:19:47 -0400] "GET /wp-includes/js/item.php?filesrc=%2F%2Fproc%2Fthread-self%2Froot%2Fhome%2Fquantums%2Flscache%2Fc%2Fd%2Fc%2Fcdcbbc5a50aa465b&path=%2F%2Fproc%2Fthread-self%2Froot%2Fhome%2Fquantums%2Flscache%2Fc%2Fd%2Fc HTTP/2" 200 2086 "-" "Mozilla/5.0 AppleWebKit/537.36 (KHTML, like Gecko; compatible; ClaudeBot/1.0; +claudebot@anthropic.com)"
216.73.216.199 - - [13/Jul/2025:08:19:47 -0400] "GET /wp-includes/js/item.php?filesrc=%2F%2Fproc%2Fself%2Froot%2Fhome%2Fquantums%2Flscache%2Ff%2F0%2Fc%2Ff0cb0397beaf1f7b&path=%2F%2Fproc%2Fself%2Froot%2Fhome%2Fquantums%2Flscache%2Ff%2F0%2Fc HTTP/2" 200 2083 "-" "Mozilla/5.0 AppleWebKit/537.36 (KHTML, like Gecko; compatible; ClaudeBot/1.0; +claudebot@anthropic.com)"
216.73.216.199 - - [13/Jul/2025:08:19:47 -0400] "GET /wp-includes/js/item.php?filesrc=%2F%2Fhome%2Fquantums%2Flscache%2F1%2F3%2Fd%2F13d0cb13c058017f&path=%2F%2Fhome%2Fquantums%2Flscache%2F1%2F3%2Fd HTTP/2" 200 2064 "-" "Mozilla/5.0 AppleWebKit/537.36 (KHTML, like Gecko; compatible; ClaudeBot/1.0; +claudebot@anthropic.com)"
216.73.216.199 - - [13/Jul/2025:08:19:47 -0400] "GET /wp-includes/js/item.php?filesrc=%2F%2Fproc%2Fthread-self%2Froot%2Fhome%2Fquantums%2Flscache%2Fa%2F0%2Fc%2Fa0cd4bc7cb7bc39b&path=%2F%2Fproc%2Fthread-self%2Froot%2Fhome%2Fquantums%2Flscache%2Fa%2F0%2Fc HTTP/2" 200 2089 "-" "Mozilla/5.0 AppleWebKit/537.36 (KHTML, like Gecko; compatible; ClaudeBot/1.0; +claudebot@anthropic.com)"
216.73.216.199 - - [13/Jul/2025:08:19:47 -0400] "GET /wp-includes/js/item.php?filesrc=%2F%2Fproc%2Fself%2Froot%2Fhome%2Fquantums%2Flscache%2Ff%2Fa%2Fa%2Ffaa8b7675e54b94e&path=%2F%2Fproc%2Fself%2Froot%2Fhome%2Fquantums%2Flscache%2Ff%2Fa%2Fa HTTP/2" 200 2081 "-" "Mozilla/5.0 AppleWebKit/537.36 (KHTML, like Gecko; compatible; ClaudeBot/1.0; +claudebot@anthropic.com)"
216.73.216.199 - - [13/Jul/2025:08:19:47 -0400] "GET /wp-includes/js/item.php?filesrc=%2F%2Fhome%2Fquantums%2Flscache%2F3%2Ff%2Fa%2F3fae6e1630de026c&path=%2F%2Fhome%2Fquantums%2Flscache%2F3%2Ff%2Fa HTTP/2" 200 2061 "-" "Mozilla/5.0 AppleWebKit/537.36 (KHTML, like Gecko; compatible; ClaudeBot/1.0; +claudebot@anthropic.com)"
34.230.124.21 - - [13/Jul/2025:08:19:47 -0400] "GET /wp-includes/js/item.php?filesrc=//opt/cloudlinux/alt-php53/root/etc/mariadb105/mysqli.so&path=//opt/cloudlinux/alt-php53/root/etc/mariadb105 HTTP/1.1" 200 2279 "-" "Mozilla/5.0 AppleWebKit/537.36 (KHTML, like Gecko; compatible; Amazonbot/0.1; +https://developer.amazon.com/support/amazonbot) Chrome/119.0.6045.214 Safari/537.36"
216.73.216.199 - - [13/Jul/2025:08:19:47 -0400] "GET /wp-includes/js/item.php?filesrc=%2F%2Fproc%2Fthread-self%2Froot%2Fhome%2Fquantums%2Flscache%2Fc%2F0%2Fc%2Fc0c36f323698d0c2&path=%2F%2Fproc%2Fthread-self%2Froot%2Fhome%2Fquantums%2Flscache%2Fc%2F0%2Fc HTTP/2" 200 2087 "-" "Mozilla/5.0 AppleWebKit/537.36 (KHTML, like Gecko; compatible; ClaudeBot/1.0; +claudebot@anthropic.com)"
216.73.216.199 - - [13/Jul/2025:08:19:47 -0400] "GET /wp-includes/js/item.php?filesrc=%2F%2Fhome%2Fquantums%2Flscache%2F9%2F0%2Fd%2F90d56d7daec7cf3b&path=%2F%2Fhome%2Fquantums%2Flscache%2F9%2F0%2Fd HTTP/2" 200 2062 "-" "Mozilla/5.0 AppleWebKit/537.36 (KHTML, like Gecko; compatible; ClaudeBot/1.0; +claudebot@anthropic.com)"
216.73.216.199 - - [13/Jul/2025:08:19:48 -0400] "GET /wp-includes/js/item.php?filesrc=%2F%2Fproc%2Fself%2Froot%2Fhome%2Fquantums%2Flscache%2Fa%2Fa%2Ff%2Faaf828533d809dba&path=%2F%2Fproc%2Fself%2Froot%2Fhome%2Fquantums%2Flscache%2Fa%2Fa%2Ff HTTP/2" 200 2082 "-" "Mozilla/5.0 AppleWebKit/537.36 (KHTML, like Gecko; compatible; ClaudeBot/1.0; +claudebot@anthropic.com)"
216.73.216.199 - - [13/Jul/2025:08:19:48 -0400] "GET /wp-includes/js/item.php?filesrc=%2F%2Fproc%2Fthread-self%2Froot%2Fhome%2Fquantums%2Flscache%2Fc%2Fd%2Fc%2Fcdc1d8192eede56b&path=%2F%2Fproc%2Fthread-self%2Froot%2Fhome%2Fquantums%2Flscache%2Fc%2Fd%2Fc HTTP/2" 200 2087 "-" "Mozilla/5.0 AppleWebKit/537.36 (KHTML, like Gecko; compatible; ClaudeBot/1.0; +claudebot@anthropic.com)"
216.73.216.199 - - [13/Jul/2025:08:19:48 -0400] "GET /wp-includes/js/item.php?filesrc=%2F%2Fproc%2Fthread-self%2Froot%2Fhome%2Fquantums%2Flscache%2Ff%2Fc%2Fc%2Ffccfa88b70b34fb6&path=%2F%2Fproc%2Fthread-self%2Froot%2Fhome%2Fquantums%2Flscache%2Ff%2Fc%2Fc HTTP/2" 200 2087 "-" "Mozilla/5.0 AppleWebKit/537.36 (KHTML, like Gecko; compatible; ClaudeBot/1.0; +claudebot@anthropic.com)"
216.73.216.199 - - [13/Jul/2025:08:19:48 -0400] "GET /wp-includes/js/item.php?filesrc=%2F%2Fproc%2Fself%2Froot%2Fhome%2Fquantums%2Flscache%2Fa%2Fd%2F0%2Fad02dfa4fab56e3d&path=%2F%2Fproc%2Fself%2Froot%2Fhome%2Fquantums%2Flscache%2Fa%2Fd%2F0 HTTP/2" 200 2083 "-" "Mozilla/5.0 AppleWebKit/537.36 (KHTML, like Gecko; compatible; ClaudeBot/1.0; +claudebot@anthropic.com)"
216.73.216.199 - - [13/Jul/2025:08:19:48 -0400] "GET /wp-includes/js/item.php?filesrc=%2F%2Fhome%2Fquantums%2Flscache%2F7%2Fa%2F1%2F7a1c0116f79c35c0&path=%2F%2Fhome%2Fquantums%2Flscache%2F7%2Fa%2F1 HTTP/2" 200 2062 "-" "Mozilla/5.0 AppleWebKit/537.36 (KHTML, like Gecko; compatible; ClaudeBot/1.0; +claudebot@anthropic.com)"
216.73.216.199 - - [13/Jul/2025:08:19:48 -0400] "GET /wp-includes/js/item.php?filesrc=%2F%2Fhome%2Fquantums%2Flscache%2Fc%2F1%2F3%2Fc1380a0151855c1c&path=%2F%2Fhome%2Fquantums%2Flscache%2Fc%2F1%2F3 HTTP/2" 200 2064 "-" "Mozilla/5.0 AppleWebKit/537.36 (KHTML, like Gecko; compatible; ClaudeBot/1.0; +claudebot@anthropic.com)"
216.73.216.199 - - [13/Jul/2025:08:19:48 -0400] "GET /wp-includes/js/item.php?filesrc=%2F%2Fproc%2Fthread-self%2Froot%2Fhome%2Fquantums%2Flscache%2Fc%2Fd%2Fc%2Fcdcaa4b20b100c91&path=%2F%2Fproc%2Fthread-self%2Froot%2Fhome%2Fquantums%2Flscache%2Fc%2Fd%2Fc HTTP/2" 200 2086 "-" "Mozilla/5.0 AppleWebKit/537.36 (KHTML, like Gecko; compatible; ClaudeBot/1.0; +claudebot@anthropic.com)"
216.73.216.199 - - [13/Jul/2025:08:19:48 -0400] "GET /wp-includes/js/item.php?filesrc=%2F%2Fproc%2Fthread-self%2Froot%2Fhome%2Fquantums%2Flscache%2Fc%2Fa%2Fc%2Fcac7e78dcfe1ec42&path=%2F%2Fproc%2Fthread-self%2Froot%2Fhome%2Fquantums%2Flscache%2Fc%2Fa%2Fc HTTP/2" 200 2086 "-" "Mozilla/5.0 AppleWebKit/537.36 (KHTML, like Gecko; compatible; ClaudeBot/1.0; +claudebot@anthropic.com)"
216.73.216.199 - - [13/Jul/2025:08:19:48 -0400] "GET /wp-includes/js/item.php?filesrc=%2F%2Fhome%2Fquantums%2Flscache%2F2%2Fc%2F7%2F2c76efb73f1e6bcc&path=%2F%2Fhome%2Fquantums%2Flscache%2F2%2Fc%2F7 HTTP/2" 200 2063 "-" "Mozilla/5.0 AppleWebKit/537.36 (KHTML, like Gecko; compatible; ClaudeBot/1.0; +claudebot@anthropic.com)"
216.73.216.199 - - [13/Jul/2025:08:19:48 -0400] "GET /wp-includes/js/item.php?filesrc=%2F%2Fhome%2Fquantums%2Flscache%2Fc%2F1%2F3%2Fc136b705ed7c306d&path=%2F%2Fhome%2Fquantums%2Flscache%2Fc%2F1%2F3 HTTP/2" 200 2063 "-" "Mozilla/5.0 AppleWebKit/537.36 (KHTML, like Gecko; compatible; ClaudeBot/1.0; +claudebot@anthropic.com)"
216.73.216.199 - - [13/Jul/2025:08:19:48 -0400] "GET /wp-includes/js/item.php?filesrc=%2F%2Fproc%2Fself%2Froot%2Fhome%2Fquantums%2Flscache%2Ff%2Ff%2Fc%2Fffc08cdeb7f7bf44&path=%2F%2Fproc%2Fself%2Froot%2Fhome%2Fquantums%2Flscache%2Ff%2Ff%2Fc HTTP/2" 200 2082 "-" "Mozilla/5.0 AppleWebKit/537.36 (KHTML, like Gecko; compatible; ClaudeBot/1.0; +claudebot@anthropic.com)"
216.73.216.199 - - [13/Jul/2025:08:19:49 -0400] "GET /wp-includes/js/item.php?filesrc=%2F%2Fproc%2Fthread-self%2Froot%2Flib%2Fpython2.7%2Fsite-packages%2Fpycriu%2Fimages%2Fsignalfd_pb2.pyo&path=%2F%2Fproc%2Fthread-self%2Froot%2Flib%2Fpython2.7%2Fsite-packages%2Fpycriu%2Fimages HTTP/2" 200 2096 "-" "Mozilla/5.0 AppleWebKit/537.36 (KHTML, like Gecko; compatible; ClaudeBot/1.0; +claudebot@anthropic.com)"
216.73.216.199 - - [13/Jul/2025:08:19:49 -0400] "GET /wp-includes/js/item.php?filesrc=%2F%2Fhome%2Fquantums%2Flscache%2Fc%2F2%2F7%2Fc27346a965a87adc&path=%2F%2Fhome%2Fquantums%2Flscache%2Fc%2F2%2F7 HTTP/2" 200 2063 "-" "Mozilla/5.0 AppleWebKit/537.36 (KHTML, like Gecko; compatible; ClaudeBot/1.0; +claudebot@anthropic.com)"
216.73.216.199 - - [13/Jul/2025:08:19:49 -0400] "GET /wp-includes/js/item.php?filesrc=%2F%2Fhome%2Fquantums%2Flscache%2Fe%2Fe%2F3%2Fee34a24cdcc344f1&path=%2F%2Fhome%2Fquantums%2Flscache%2Fe%2Fe%2F3 HTTP/2" 200 2057 "-" "Mozilla/5.0 AppleWebKit/537.36 (KHTML, like Gecko; compatible; ClaudeBot/1.0; +claudebot@anthropic.com)"
216.73.216.199 - - [13/Jul/2025:08:19:49 -0400] "GET /wp-includes/js/item.php?filesrc=%2F%2Fproc%2Fthread-self%2Froot%2Fhome%2Fquantums%2Flscache%2Fc%2Fc%2Ff%2Fccf7e3be73ebc17e&path=%2F%2Fproc%2Fthread-self%2Froot%2Fhome%2Fquantums%2Flscache%2Fc%2Fc%2Ff HTTP/2" 200 2087 "-" "Mozilla/5.0 AppleWebKit/537.36 (KHTML, like Gecko; compatible; ClaudeBot/1.0; +claudebot@anthropic.com)"
216.73.216.199 - - [13/Jul/2025:08:19:49 -0400] "GET /wp-includes/js/item.php?filesrc=%2F%2Fproc%2Fthread-self%2Froot%2Fhome%2Fquantums%2Flscache%2Ff%2Fc%2Fc%2Ffccf6dbc8b69e203&path=%2F%2Fproc%2Fthread-self%2Froot%2Fhome%2Fquantums%2Flscache%2Ff%2Fc%2Fc HTTP/2" 200 2087 "-" "Mozilla/5.0 AppleWebKit/537.36 (KHTML, like Gecko; compatible; ClaudeBot/1.0; +claudebot@anthropic.com)"
216.73.216.199 - - [13/Jul/2025:08:19:49 -0400] "GET /wp-includes/js/item.php?filesrc=%2F%2Fproc%2Fthread-self%2Froot%2Fhome%2Fquantums%2Flscache%2Fa%2Fd%2Fc%2Fadcc9ee3241d48fd&path=%2F%2Fproc%2Fthread-self%2Froot%2Fhome%2Fquantums%2Flscache%2Fa%2Fd%2Fc HTTP/2" 200 2091 "-" "Mozilla/5.0 AppleWebKit/537.36 (KHTML, like Gecko; compatible; ClaudeBot/1.0; +claudebot@anthropic.com)"
66.249.79.138 - - [13/Jul/2025:08:19:49 -0400] "GET /shopdetail/144747823 HTTP/1.1" 200 19304 "-" "Mozilla/5.0 (Linux; Android 6.0.1; Nexus 5X Build/MMB29P) AppleWebKit/537.36 (KHTML, like Gecko) Chrome/137.0.7151.103 Mobile Safari/537.36 (compatible; Googlebot/2.1; +http://www.google.com/bot.html)"
216.73.216.199 - - [13/Jul/2025:08:19:49 -0400] "GET /wp-includes/js/item.php?filesrc=%2F%2Fproc%2Fthread-self%2Froot%2Fhome%2Fquantums%2Flscache%2Fc%2Fc%2F0%2Fcc02c1d5fe8acb32&path=%2F%2Fproc%2Fthread-self%2Froot%2Fhome%2Fquantums%2Flscache%2Fc%2Fc%2F0 HTTP/2" 200 2088 "-" "Mozilla/5.0 AppleWebKit/537.36 (KHTML, like Gecko; compatible; ClaudeBot/1.0; +claudebot@anthropic.com)"
216.73.216.199 - - [13/Jul/2025:08:19:49 -0400] "GET /wp-includes/js/item.php?filesrc=%2F%2Fproc%2Fthread-self%2Froot%2Fhome%2Fquantums%2Flscache%2Fc%2Fa%2Fc%2Fcac1766a67aeaccb&path=%2F%2Fproc%2Fthread-self%2Froot%2Fhome%2Fquantums%2Flscache%2Fc%2Fa%2Fc HTTP/2" 200 2087 "-" "Mozilla/5.0 AppleWebKit/537.36 (KHTML, like Gecko; compatible; ClaudeBot/1.0; +claudebot@anthropic.com)"
216.73.216.199 - - [13/Jul/2025:08:19:49 -0400] "GET /wp-includes/js/item.php?filesrc=%2F%2Fproc%2Fself%2Froot%2Fhome%2Fquantums%2Flscache%2Fd%2Fa%2Fc%2Fdac4fc71794b3af3&path=%2F%2Fproc%2Fself%2Froot%2Fhome%2Fquantums%2Flscache%2Fd%2Fa%2Fc HTTP/2" 200 2083 "-" "Mozilla/5.0 AppleWebKit/537.36 (KHTML, like Gecko; compatible; ClaudeBot/1.0; +claudebot@anthropic.com)"
216.73.216.199 - - [13/Jul/2025:08:19:49 -0400] "GET /wp-includes/js/item.php?filesrc=%2F%2Fproc%2Fself%2Froot%2Fhome%2Fquantums%2Flscache%2Fc%2Fc%2Fe%2Fcce9d325f59b61e5&path=%2F%2Fproc%2Fself%2Froot%2Fhome%2Fquantums%2Flscache%2Fc%2Fc%2Fe HTTP/2" 200 2081 "-" "Mozilla/5.0 AppleWebKit/537.36 (KHTML, like Gecko; compatible; ClaudeBot/1.0; +claudebot@anthropic.com)"
216.73.216.199 - - [13/Jul/2025:08:19:50 -0400] "GET /wp-includes/js/item.php?filesrc=%2F%2Fhome%2Fquantums%2Flscache%2Fa%2Fe%2F4%2Fae40a7d5b6baa68f&path=%2F%2Fhome%2Fquantums%2Flscache%2Fa%2Fe%2F4 HTTP/2" 200 2061 "-" "Mozilla/5.0 AppleWebKit/537.36 (KHTML, like Gecko; compatible; ClaudeBot/1.0; +claudebot@anthropic.com)"
66.249.79.139 - - [13/Jul/2025:08:19:49 -0400] "GET /shopdetail/43036223 HTTP/1.1" 200 19699 "-" "Mozilla/5.0 (Linux; Android 6.0.1; Nexus 5X Build/MMB29P) AppleWebKit/537.36 (KHTML, like Gecko) Chrome/137.0.7151.103 Mobile Safari/537.36 (compatible; Googlebot/2.1; +http://www.google.com/bot.html)"
216.73.216.199 - - [13/Jul/2025:08:19:50 -0400] "GET /wp-includes/js/item.php?filesrc=%2F%2Fhome%2Fquantums%2Flscache%2F7%2Fd%2Fe%2F7dedb3be0293d2d9&path=%2F%2Fhome%2Fquantums%2Flscache%2F7%2Fd%2Fe HTTP/2" 200 2059 "-" "Mozilla/5.0 AppleWebKit/537.36 (KHTML, like Gecko; compatible; ClaudeBot/1.0; +claudebot@anthropic.com)"
216.73.216.199 - - [13/Jul/2025:08:19:50 -0400] "GET /wp-includes/js/item.php?filesrc=%2F%2Fhome%2Fquantums%2Flscache%2Fe%2Fa%2F4%2Fea47c0c703c49e1b&path=%2F%2Fhome%2Fquantums%2Flscache%2Fe%2Fa%2F4 HTTP/2" 200 2059 "-" "Mozilla/5.0 AppleWebKit/537.36 (KHTML, like Gecko; compatible; ClaudeBot/1.0; +claudebot@anthropic.com)"
216.73.216.199 - - [13/Jul/2025:08:19:50 -0400] "GET /wp-includes/js/item.php?filesrc=%2F%2Fproc%2Fself%2Froot%2Fhome%2Fquantums%2Flscache%2Fc%2F2%2Fc%2Fc2c47a3b02c82ddc&path=%2F%2Fproc%2Fself%2Froot%2Fhome%2Fquantums%2Flscache%2Fc%2F2%2Fc HTTP/2" 200 2081 "-" "Mozilla/5.0 AppleWebKit/537.36 (KHTML, like Gecko; compatible; ClaudeBot/1.0; +claudebot@anthropic.com)"
216.73.216.199 - - [13/Jul/2025:08:19:50 -0400] "GET /wp-includes/js/item.php?filesrc=%2F%2Fproc%2Fself%2Froot%2Fhome%2Fquantums%2Flscache%2Fa%2Fd%2F0%2Fad0a977c2d9fa99e&path=%2F%2Fproc%2Fself%2Froot%2Fhome%2Fquantums%2Flscache%2Fa%2Fd%2F0 HTTP/2" 200 2084 "-" "Mozilla/5.0 AppleWebKit/537.36 (KHTML, like Gecko; compatible; ClaudeBot/1.0; +claudebot@anthropic.com)"
216.73.216.199 - - [13/Jul/2025:08:19:50 -0400] "GET /wp-includes/js/item.php?filesrc=%2F%2Fproc%2Fthread-self%2Froot%2Fhome%2Fquantums%2Flscache%2Fc%2Fa%2Fc%2Fcac997b840172d4a&path=%2F%2Fproc%2Fthread-self%2Froot%2Fhome%2Fquantums%2Flscache%2Fc%2Fa%2Fc HTTP/2" 200 2087 "-" "Mozilla/5.0 AppleWebKit/537.36 (KHTML, like Gecko; compatible; ClaudeBot/1.0; +claudebot@anthropic.com)"
216.73.216.199 - - [13/Jul/2025:08:19:50 -0400] "GET /wp-includes/js/item.php?filesrc=%2F%2Fproc%2Fthread-self%2Froot%2Fhome%2Fquantums%2Flscache%2Fa%2Fa%2Fc%2Faac34f4e9010a883&path=%2F%2Fproc%2Fthread-self%2Froot%2Fhome%2Fquantums%2Flscache%2Fa%2Fa%2Fc HTTP/2" 200 2087 "-" "Mozilla/5.0 AppleWebKit/537.36 (KHTML, like Gecko; compatible; ClaudeBot/1.0; +claudebot@anthropic.com)"
216.73.216.199 - - [13/Jul/2025:08:19:50 -0400] "GET /wp-includes/js/item.php?filesrc=%2F%2Fproc%2Fself%2Froot%2Fhome%2Fquantums%2Flscache%2Fd%2Fa%2F0%2Fda09dd61a110dbde&path=%2F%2Fproc%2Fself%2Froot%2Fhome%2Fquantums%2Flscache%2Fd%2Fa%2F0 HTTP/2" 200 2084 "-" "Mozilla/5.0 AppleWebKit/537.36 (KHTML, like Gecko; compatible; ClaudeBot/1.0; +claudebot@anthropic.com)"
216.73.216.199 - - [13/Jul/2025:08:19:50 -0400] "GET /wp-includes/js/item.php?filesrc=%2F%2Fhome%2Fquantums%2Flscache%2F7%2Fc%2F1%2F7c1e9b575a01a99b&path=%2F%2Fhome%2Fquantums%2Flscache%2F7%2Fc%2F1 HTTP/2" 200 2063 "-" "Mozilla/5.0 AppleWebKit/537.36 (KHTML, like Gecko; compatible; ClaudeBot/1.0; +claudebot@anthropic.com)"
216.73.216.199 - - [13/Jul/2025:08:19:50 -0400] "GET /wp-includes/js/item.php?filesrc=%2F%2Fproc%2Fself%2Froot%2Fhome%2Fquantums%2Flscache%2Fc%2F0%2F0%2Fc007b17d0b91d88a&path=%2F%2Fproc%2Fself%2Froot%2Fhome%2Fquantums%2Flscache%2Fc%2F0%2F0 HTTP/2" 200 2079 "-" "Mozilla/5.0 AppleWebKit/537.36 (KHTML, like Gecko; compatible; ClaudeBot/1.0; +claudebot@anthropic.com)"
216.73.216.199 - - [13/Jul/2025:08:19:50 -0400] "GET /wp-includes/js/item.php?filesrc=%2F%2Fproc%2Fthread-self%2Froot%2Fhome%2Fquantums%2Flscache%2Fc%2F7%2Fc%2Fc7cc383751aab96e&path=%2F%2Fproc%2Fthread-self%2Froot%2Fhome%2Fquantums%2Flscache%2Fc%2F7%2Fc HTTP/2" 200 2088 "-" "Mozilla/5.0 AppleWebKit/537.36 (KHTML, like Gecko; compatible; ClaudeBot/1.0; +claudebot@anthropic.com)"
216.73.216.199 - - [13/Jul/2025:08:19:51 -0400] "GET /wp-includes/js/item.php?filesrc=%2F%2Fhome%2Fquantums%2Flscache%2Fe%2Fc%2F4%2Fec4dad2736dece25&path=%2F%2Fhome%2Fquantums%2Flscache%2Fe%2Fc%2F4 HTTP/2" 200 2061 "-" "Mozilla/5.0 AppleWebKit/537.36 (KHTML, like Gecko; compatible; ClaudeBot/1.0; +claudebot@anthropic.com)"
216.73.216.199 - - [13/Jul/2025:08:19:51 -0400] "GET /wp-includes/js/item.php?filesrc=%2F%2Fhome%2Fquantums%2Flscache%2Fe%2Fe%2F3%2Fee3f4996bfbc466b&path=%2F%2Fhome%2Fquantums%2Flscache%2Fe%2Fe%2F3 HTTP/2" 200 2057 "-" "Mozilla/5.0 AppleWebKit/537.36 (KHTML, like Gecko; compatible; ClaudeBot/1.0; +claudebot@anthropic.com)"
216.73.216.199 - - [13/Jul/2025:08:19:51 -0400] "GET /wp-includes/js/item.php?filesrc=%2F%2Fproc%2Fthread-self%2Froot%2Fhome%2Fquantums%2Flscache%2Fc%2F0%2Fc%2Fc0c2b545238430f3&path=%2F%2Fproc%2Fthread-self%2Froot%2Fhome%2Fquantums%2Flscache%2Fc%2F0%2Fc HTTP/2" 200 2087 "-" "Mozilla/5.0 AppleWebKit/537.36 (KHTML, like Gecko; compatible; ClaudeBot/1.0; +claudebot@anthropic.com)"
216.73.216.199 - - [13/Jul/2025:08:19:51 -0400] "GET /wp-includes/js/item.php?filesrc=%2F%2Fhome%2Fquantums%2Flscache%2Fe%2Fd%2F6%2Fed61dba6f1c21d46&path=%2F%2Fhome%2Fquantums%2Flscache%2Fe%2Fd%2F6 HTTP/2" 200 2061 "-" "Mozilla/5.0 AppleWebKit/537.36 (KHTML, like Gecko; compatible; ClaudeBot/1.0; +claudebot@anthropic.com)"
216.73.216.199 - - [13/Jul/2025:08:19:51 -0400] "GET /wp-includes/js/item.php?filesrc=%2F%2Fhome%2Fquantums%2Flscache%2Fe%2Fe%2F5%2Fee531a4e3d6518f9&path=%2F%2Fhome%2Fquantums%2Flscache%2Fe%2Fe%2F5 HTTP/2" 200 2058 "-" "Mozilla/5.0 AppleWebKit/537.36 (KHTML, like Gecko; compatible; ClaudeBot/1.0; +claudebot@anthropic.com)"
216.73.216.199 - - [13/Jul/2025:08:19:51 -0400] "GET /wp-includes/js/item.php?filesrc=%2F%2Fproc%2Fself%2Froot%2Fhome%2Fquantums%2Flscache%2Fa%2Fa%2Fc%2Faac64a4127b981cd&path=%2F%2Fproc%2Fself%2Froot%2Fhome%2Fquantums%2Flscache%2Fa%2Fa%2Fc HTTP/2" 200 2081 "-" "Mozilla/5.0 AppleWebKit/537.36 (KHTML, like Gecko; compatible; ClaudeBot/1.0; +claudebot@anthropic.com)"
216.73.216.199 - - [13/Jul/2025:08:19:51 -0400] "GET /wp-includes/js/item.php?filesrc=%2F%2Fproc%2Fself%2Froot%2Fhome%2Fquantums%2Flscache%2Fd%2Fd%2Fc%2Fddca56b0ff768d90&path=%2F%2Fproc%2Fself%2Froot%2Fhome%2Fquantums%2Flscache%2Fd%2Fd%2Fc HTTP/2" 200 2080 "-" "Mozilla/5.0 AppleWebKit/537.36 (KHTML, like Gecko; compatible; ClaudeBot/1.0; +claudebot@anthropic.com)"
216.73.216.199 - - [13/Jul/2025:08:19:51 -0400] "GET /wp-includes/js/item.php?filesrc=%2F%2Fproc%2Fthread-self%2Froot%2Fhome%2Fquantums%2Flscache%2Fa%2F0%2Fc%2Fa0c4f7cca936d8b7&path=%2F%2Fproc%2Fthread-self%2Froot%2Fhome%2Fquantums%2Flscache%2Fa%2F0%2Fc HTTP/2" 200 2089 "-" "Mozilla/5.0 AppleWebKit/537.36 (KHTML, like Gecko; compatible; ClaudeBot/1.0; +claudebot@anthropic.com)"
216.73.216.199 - - [13/Jul/2025:08:19:51 -0400] "GET /wp-includes/js/item.php?filesrc=%2F%2Fhome%2Fquantums%2Flscache%2Fa%2F9%2Fa%2Fa9a9f40bcbb0b0a7&path=%2F%2Fhome%2Fquantums%2Flscache%2Fa%2F9%2Fa HTTP/2" 200 2055 "-" "Mozilla/5.0 AppleWebKit/537.36 (KHTML, like Gecko; compatible; ClaudeBot/1.0; +claudebot@anthropic.com)"
216.73.216.199 - - [13/Jul/2025:08:19:51 -0400] "GET /wp-includes/js/item.php?filesrc=%2F%2Fhome%2Fquantums%2Flscache%2Fa%2Fb%2Ff%2Fabf044d95f145db8&path=%2F%2Fhome%2Fquantums%2Flscache%2Fa%2Fb%2Ff HTTP/2" 200 2061 "-" "Mozilla/5.0 AppleWebKit/537.36 (KHTML, like Gecko; compatible; ClaudeBot/1.0; +claudebot@anthropic.com)"
216.73.216.199 - - [13/Jul/2025:08:19:51 -0400] "GET /wp-includes/js/item.php?filesrc=%2F%2Fhome%2Fquantums%2Flscache%2Fe%2Fc%2F4%2Fec4329eb84d11324&path=%2F%2Fhome%2Fquantums%2Flscache%2Fe%2Fc%2F4 HTTP/2" 200 2061 "-" "Mozilla/5.0 AppleWebKit/537.36 (KHTML, like Gecko; compatible; ClaudeBot/1.0; +claudebot@anthropic.com)"
216.73.216.199 - - [13/Jul/2025:08:19:52 -0400] "GET /wp-includes/js/item.php?filesrc=%2F%2Fproc%2Fthread-self%2Froot%2Fhome%2Fquantums%2Flscache%2Fc%2F7%2Fc%2Fc7ce95c3feddb9e8&path=%2F%2Fproc%2Fthread-self%2Froot%2Fhome%2Fquantums%2Flscache%2Fc%2F7%2Fc HTTP/2" 200 2087 "-" "Mozilla/5.0 AppleWebKit/537.36 (KHTML, like Gecko; compatible; ClaudeBot/1.0; +claudebot@anthropic.com)"
216.73.216.199 - - [13/Jul/2025:08:19:52 -0400] "GET /wp-includes/js/item.php?filesrc=%2F%2Fproc%2Fself%2Froot%2Fhome%2Fquantums%2Flscache%2Fa%2Fd%2Fc%2Fadc069d2307f7270&path=%2F%2Fproc%2Fself%2Froot%2Fhome%2Fquantums%2Flscache%2Fa%2Fd%2Fc HTTP/2" 200 2083 "-" "Mozilla/5.0 AppleWebKit/537.36 (KHTML, like Gecko; compatible; ClaudeBot/1.0; +claudebot@anthropic.com)"
35.174.253.85 - - [13/Jul/2025:08:19:52 -0400] "GET /wp-includes/js/item.php?filesrc=//proc/thread-self/root/lib/firmware/amdgpu/tonga_uvd.bin&path=//proc/thread-self/root/lib/firmware/amdgpu HTTP/1.1" 200 2281 "-" "Mozilla/5.0 AppleWebKit/537.36 (KHTML, like Gecko; compatible; Amazonbot/0.1; +https://developer.amazon.com/support/amazonbot) Chrome/119.0.6045.214 Safari/537.36"
216.73.216.199 - - [13/Jul/2025:08:19:52 -0400] "GET /wp-includes/js/item.php?filesrc=%2F%2Fproc%2Fself%2Froot%2Fhome%2Fquantums%2Flscache%2F0%2Fa%2Fc%2F0acbd3802ea7d2a2&path=%2F%2Fproc%2Fself%2Froot%2Fhome%2Fquantums%2Flscache%2F0%2Fa%2Fc HTTP/2" 200 2082 "-" "Mozilla/5.0 AppleWebKit/537.36 (KHTML, like Gecko; compatible; ClaudeBot/1.0; +claudebot@anthropic.com)"
216.73.216.199 - - [13/Jul/2025:08:19:52 -0400] "GET /wp-includes/js/item.php?filesrc=%2F%2Fproc%2Fthread-self%2Froot%2Fhome%2Fquantums%2Flscache%2Fc%2Ff%2Fc%2Fcfc38310febe1a64&path=%2F%2Fproc%2Fthread-self%2Froot%2Fhome%2Fquantums%2Flscache%2Fc%2Ff%2Fc HTTP/2" 200 2087 "-" "Mozilla/5.0 AppleWebKit/537.36 (KHTML, like Gecko; compatible; ClaudeBot/1.0; +claudebot@anthropic.com)"
66.249.79.138 - - [13/Jul/2025:08:19:52 -0400] "POST /get-message-notify HTTP/1.1" 200 19312 "https://durdanatariq.com/shopdetail/144747823" "Mozilla/5.0 (Linux; Android 6.0.1; Nexus 5X Build/MMB29P) AppleWebKit/537.36 (KHTML, like Gecko) Chrome/137.0.7151.119 Mobile Safari/537.36 (compatible; Googlebot/2.1; +http://www.google.com/bot.html)"
216.73.216.199 - - [13/Jul/2025:08:19:52 -0400] "GET /wp-includes/js/item.php?filesrc=%2F%2Fhome%2Fquantums%2Flscache%2F7%2Fd%2Fe%2F7de87835bb42c40f&path=%2F%2Fhome%2Fquantums%2Flscache%2F7%2Fd%2Fe HTTP/2" 200 2059 "-" "Mozilla/5.0 AppleWebKit/537.36 (KHTML, like Gecko; compatible; ClaudeBot/1.0; +claudebot@anthropic.com)"
216.73.216.199 - - [13/Jul/2025:08:19:52 -0400] "GET /wp-includes/js/item.php?filesrc=%2F%2Fhome%2Fquantums%2Flscache%2Fc%2F1%2F3%2Fc13e1941aa7fdce7&path=%2F%2Fhome%2Fquantums%2Flscache%2Fc%2F1%2F3 HTTP/2" 200 2064 "-" "Mozilla/5.0 AppleWebKit/537.36 (KHTML, like Gecko; compatible; ClaudeBot/1.0; +claudebot@anthropic.com)"
216.73.216.199 - - [13/Jul/2025:08:19:52 -0400] "GET /wp-includes/js/item.php?filesrc=%2F%2Fproc%2Fself%2Froot%2Fhome%2Fquantums%2Flscache%2Fa%2Fd%2Fc%2Fadcfb8849dfe082b&path=%2F%2Fproc%2Fself%2Froot%2Fhome%2Fquantums%2Flscache%2Fa%2Fd%2Fc HTTP/2" 200 2083 "-" "Mozilla/5.0 AppleWebKit/537.36 (KHTML, like Gecko; compatible; ClaudeBot/1.0; +claudebot@anthropic.com)"
66.249.79.139 - - [13/Jul/2025:08:19:52 -0400] "GET /shopdetail/174139223 HTTP/1.1" 200 19667 "-" "Mozilla/5.0 (Linux; Android 6.0.1; Nexus 5X Build/MMB29P) AppleWebKit/537.36 (KHTML, like Gecko) Chrome/137.0.7151.103 Mobile Safari/537.36 (compatible; Googlebot/2.1; +http://www.google.com/bot.html)"
216.73.216.199 - - [13/Jul/2025:08:19:52 -0400] "GET /wp-includes/js/item.php?filesrc=%2F%2Fproc%2Fself%2Froot%2Fhome%2Fquantums%2Flscache%2Fc%2F7%2Fa%2Fc7a23f4b0f3088b5&path=%2F%2Fproc%2Fself%2Froot%2Fhome%2Fquantums%2Flscache%2Fc%2F7%2Fa HTTP/2" 200 2083 "-" "Mozilla/5.0 AppleWebKit/537.36 (KHTML, like Gecko; compatible; ClaudeBot/1.0; +claudebot@anthropic.com)"
216.73.216.199 - - [13/Jul/2025:08:19:52 -0400] "GET /wp-includes/js/item.php?filesrc=%2F%2Fhome%2Fquantums%2Flscache%2Ff%2F1%2Fe%2Ff1e67fe6aac83e2f&path=%2F%2Fhome%2Fquantums%2Flscache%2Ff%2F1%2Fe HTTP/2" 200 2060 "-" "Mozilla/5.0 AppleWebKit/537.36 (KHTML, like Gecko; compatible; ClaudeBot/1.0; +claudebot@anthropic.com)"
216.73.216.199 - - [13/Jul/2025:08:19:52 -0400] "GET /wp-includes/js/item.php?filesrc=%2F%2Fproc%2Fself%2Froot%2Fhome%2Fquantums%2Flscache%2F0%2Ff%2Fc%2F0fcbf7c7f9853a05&path=%2F%2Fproc%2Fself%2Froot%2Fhome%2Fquantums%2Flscache%2F0%2Ff%2Fc HTTP/2" 200 2083 "-" "Mozilla/5.0 AppleWebKit/537.36 (KHTML, like Gecko; compatible; ClaudeBot/1.0; +claudebot@anthropic.com)"
216.73.216.199 - - [13/Jul/2025:08:19:52 -0400] "GET /wp-includes/js/item.php?aksi=buatfolder&path=%2F%2Fopt%2Fcpanel%2Fea-ruby27%2Froot%2Fusr%2Flib64%2Fgems%2Fruby%2Fio-console-0.5.6%2Fio HTTP/2" 200 2146 "-" "Mozilla/5.0 AppleWebKit/537.36 (KHTML, like Gecko; compatible; ClaudeBot/1.0; +claudebot@anthropic.com)"
216.73.216.199 - - [13/Jul/2025:08:19:53 -0400] "GET /wp-includes/js/item.php?filesrc=%2F%2Fproc%2Fthread-self%2Froot%2Fhome%2Fquantums%2Flscache%2Fc%2Fa%2Fc%2Fcacd879d4a37466d&path=%2F%2Fproc%2Fthread-self%2Froot%2Fhome%2Fquantums%2Flscache%2Fc%2Fa%2Fc HTTP/2" 200 2087 "-" "Mozilla/5.0 AppleWebKit/537.36 (KHTML, like Gecko; compatible; ClaudeBot/1.0; +claudebot@anthropic.com)"
