216.73.216.196 - - [21/Jul/2025:22:52:09 -0400] "GET /sitemap604.xml HTTP/1.1" 404 14303 "-" "Mozilla/5.0 AppleWebKit/537.36 (KHTML, like Gecko; compatible; ClaudeBot/1.0; +claudebot@anthropic.com)"
23.92.177.29 - - [21/Jul/2025:22:54:38 -0400] "POST /wp-cron.php?doing_wp_cron=1753152878.9154911041259765625000 HTTP/1.1" 200 0 "-" "WordPress/6.7.2; https://bodyguardslosangeles.net"
216.73.216.220 - - [21/Jul/2025:22:54:38 -0400] "GET /sitemap856.xml HTTP/1.1" 404 14303 "-" "Mozilla/5.0 AppleWebKit/537.36 (KHTML, like Gecko; compatible; ClaudeBot/1.0; +claudebot@anthropic.com)"
23.92.177.29 - - [21/Jul/2025:22:55:55 -0400] "POST /wp-cron.php?doing_wp_cron=1753152955.1809549331665039062500 HTTP/1.1" 200 0 "-" "WordPress/6.7.2; https://bodyguardslosangeles.net"
57.141.4.18 - - [21/Jul/2025:22:55:54 -0400] "GET /shopdetail/3977047/ HTTP/1.1" 404 70507 "-" "meta-externalagent/1.1 (+https://developers.facebook.com/docs/sharing/webmasters/crawler)"
23.92.177.29 - - [21/Jul/2025:22:58:55 -0400] "POST /wp-cron.php?doing_wp_cron=1753153135.0254659652709960937500 HTTP/1.1" 200 0 "-" "WordPress/6.7.2; https://bodyguardslosangeles.net"
216.73.216.220 - - [21/Jul/2025:22:58:54 -0400] "GET /sitemap255.xml HTTP/1.1" 404 14303 "-" "Mozilla/5.0 AppleWebKit/537.36 (KHTML, like Gecko; compatible; ClaudeBot/1.0; +claudebot@anthropic.com)"
23.92.177.29 - - [21/Jul/2025:23:00:31 -0400] "POST /wp-cron.php?doing_wp_cron=1753153231.3300271034240722656250 HTTP/1.1" 200 0 "-" "WordPress/6.7.2; https://bodyguardslosangeles.net"
57.141.4.11 - - [21/Jul/2025:23:00:31 -0400] "GET /shopdetail/21408792/ HTTP/1.1" 404 70509 "-" "meta-externalagent/1.1 (+https://developers.facebook.com/docs/sharing/webmasters/crawler)"
57.141.4.29 - - [21/Jul/2025:23:01:07 -0400] "GET /shopdetail/15149758/ HTTP/1.1" 404 70509 "-" "meta-externalagent/1.1 (+https://developers.facebook.com/docs/sharing/webmasters/crawler)"
57.141.4.24 - - [21/Jul/2025:23:02:09 -0400] "GET /shopdetail/8976658/ HTTP/1.1" 404 70507 "-" "meta-externalagent/1.1 (+https://developers.facebook.com/docs/sharing/webmasters/crawler)"
23.92.177.29 - - [21/Jul/2025:23:02:30 -0400] "POST /wp-cron.php?doing_wp_cron=1753153350.3644540309906005859375 HTTP/1.1" 200 0 "-" "WordPress/6.7.2; https://bodyguardslosangeles.net"
57.141.4.17 - - [21/Jul/2025:23:02:30 -0400] "GET /shopdetail/6663814/ HTTP/1.1" 404 70507 "-" "meta-externalagent/1.1 (+https://developers.facebook.com/docs/sharing/webmasters/crawler)"
23.92.177.29 - - [21/Jul/2025:23:04:09 -0400] "POST /wp-cron.php?doing_wp_cron=1753153449.9887409210205078125000 HTTP/1.1" 200 0 "-" "WordPress/6.7.2; https://bodyguardslosangeles.net"
216.73.216.220 - - [21/Jul/2025:23:04:09 -0400] "GET /sitemap394.xml HTTP/1.1" 404 14303 "-" "Mozilla/5.0 AppleWebKit/537.36 (KHTML, like Gecko; compatible; ClaudeBot/1.0; +claudebot@anthropic.com)"
23.92.177.29 - - [21/Jul/2025:23:05:02 -0400] "POST /wp-cron.php?doing_wp_cron=1753153502.7638010978698730468750 HTTP/1.1" 200 0 "-" "WordPress/6.7.2; https://bodyguardslosangeles.net"
57.141.4.21 - - [21/Jul/2025:23:05:02 -0400] "GET /shopdetail/11615747/ HTTP/1.1" 404 70509 "-" "meta-externalagent/1.1 (+https://developers.facebook.com/docs/sharing/webmasters/crawler)"
54.221.55.47 - - [21/Jul/2025:23:06:12 -0400] "GET /robots.txt HTTP/1.1" 200 173 "-" "Mozilla/5.0 (Macintosh; Intel Mac OS X 10_15_7) AppleWebKit/537.36 (KHTML, like Gecko) Chrome/108.0.0.0 Safari/537.36"
54.174.86.24 - - [21/Jul/2025:23:06:28 -0400] "GET /robots.txt HTTP/1.1" 200 173 "-" "Mozilla/5.0 (Macintosh; Intel Mac OS X 10_15_7) AppleWebKit/537.36 (KHTML, like Gecko) Chrome/108.0.0.0 Safari/537.36"
23.92.177.29 - - [21/Jul/2025:23:06:30 -0400] "POST /wp-cron.php?doing_wp_cron=1753153590.0475440025329589843750 HTTP/1.1" 200 0 "-" "WordPress/6.7.2; https://bodyguardslosangeles.net"
57.141.4.2 - - [21/Jul/2025:23:06:29 -0400] "GET /shopdetail/3400170/ HTTP/1.1" 404 70507 "-" "meta-externalagent/1.1 (+https://developers.facebook.com/docs/sharing/webmasters/crawler)"
57.141.4.25 - - [21/Jul/2025:23:07:08 -0400] "GET /shopdetail/12919181/ HTTP/1.1" 404 70509 "-" "meta-externalagent/1.1 (+https://developers.facebook.com/docs/sharing/webmasters/crawler)"
23.92.177.29 - - [21/Jul/2025:23:09:58 -0400] "POST /wp-cron.php?doing_wp_cron=1753153798.5252571105957031250000 HTTP/1.1" 200 0 "-" "WordPress/6.7.2; https://bodyguardslosangeles.net"
216.73.216.220 - - [21/Jul/2025:23:09:58 -0400] "GET /sitemap805.xml HTTP/1.1" 404 14303 "-" "Mozilla/5.0 AppleWebKit/537.36 (KHTML, like Gecko; compatible; ClaudeBot/1.0; +claudebot@anthropic.com)"
216.73.216.220 - - [21/Jul/2025:23:09:59 -0400] "GET /sitemap334.xml HTTP/1.1" 404 14303 "-" "Mozilla/5.0 AppleWebKit/537.36 (KHTML, like Gecko; compatible; ClaudeBot/1.0; +claudebot@anthropic.com)"
57.141.4.23 - - [21/Jul/2025:23:12:44 -0400] "GET /shopdetail/24217481/ HTTP/1.1" 404 70509 "-" "meta-externalagent/1.1 (+https://developers.facebook.com/docs/sharing/webmasters/crawler)"
57.141.4.28 - - [21/Jul/2025:23:12:46 -0400] "GET /shopdetail/19256992/ HTTP/1.1" 404 70509 "-" "meta-externalagent/1.1 (+https://developers.facebook.com/docs/sharing/webmasters/crawler)"
23.92.177.29 - - [21/Jul/2025:23:14:39 -0400] "POST /wp-cron.php?doing_wp_cron=1753154079.7783000469207763671875 HTTP/1.1" 200 0 "-" "WordPress/6.7.2; https://bodyguardslosangeles.net"
57.141.4.28 - - [21/Jul/2025:23:14:39 -0400] "GET /shopdetail/10081258/ HTTP/1.1" 404 70509 "-" "meta-externalagent/1.1 (+https://developers.facebook.com/docs/sharing/webmasters/crawler)"
23.92.177.29 - - [21/Jul/2025:23:17:13 -0400] "POST /wp-cron.php?doing_wp_cron=1753154233.8414390087127685546875 HTTP/1.1" 200 0 "-" "WordPress/6.7.2; https://bodyguardslosangeles.net"
57.141.4.12 - - [21/Jul/2025:23:17:13 -0400] "GET /shopdetail/12130114/ HTTP/1.1" 404 70509 "-" "meta-externalagent/1.1 (+https://developers.facebook.com/docs/sharing/webmasters/crawler)"
57.141.4.22 - - [21/Jul/2025:23:17:56 -0400] "GET /shopdetail/4736803/ HTTP/1.1" 404 70507 "-" "meta-externalagent/1.1 (+https://developers.facebook.com/docs/sharing/webmasters/crawler)"
23.92.177.29 - - [21/Jul/2025:23:19:38 -0400] "POST /wp-cron.php?doing_wp_cron=1753154378.0539169311523437500000 HTTP/1.1" 200 0 "-" "WordPress/6.7.2; https://bodyguardslosangeles.net"
57.141.4.29 - - [21/Jul/2025:23:19:37 -0400] "GET /shopdetail/15286258/ HTTP/1.1" 404 70509 "-" "meta-externalagent/1.1 (+https://developers.facebook.com/docs/sharing/webmasters/crawler)"
23.92.177.29 - - [21/Jul/2025:23:20:40 -0400] "POST /wp-cron.php?doing_wp_cron=1753154440.1318809986114501953125 HTTP/1.1" 200 0 "-" "WordPress/6.7.2; https://bodyguardslosangeles.net"
216.73.216.220 - - [21/Jul/2025:23:20:39 -0400] "GET /sitemap602.xml HTTP/1.1" 404 14303 "-" "Mozilla/5.0 AppleWebKit/537.36 (KHTML, like Gecko; compatible; ClaudeBot/1.0; +claudebot@anthropic.com)"
23.92.177.29 - - [21/Jul/2025:23:22:04 -0400] "POST /wp-cron.php?doing_wp_cron=1753154524.8629930019378662109375 HTTP/1.1" 200 0 "-" "WordPress/6.7.2; https://bodyguardslosangeles.net"
57.141.4.20 - - [21/Jul/2025:23:22:04 -0400] "GET /shopdetail/9437814/ HTTP/1.1" 404 70507 "-" "meta-externalagent/1.1 (+https://developers.facebook.com/docs/sharing/webmasters/crawler)"
57.141.4.20 - - [21/Jul/2025:23:23:32 -0400] "GET /shopdetail/4839614/ HTTP/1.1" 404 70507 "-" "meta-externalagent/1.1 (+https://developers.facebook.com/docs/sharing/webmasters/crawler)"
23.92.177.29 - - [21/Jul/2025:23:24:55 -0400] "POST /wp-cron.php?doing_wp_cron=1753154695.5543520450592041015625 HTTP/1.1" 200 0 "-" "WordPress/6.7.2; https://bodyguardslosangeles.net"
66.29.146.29 - - [21/Jul/2025:23:24:55 -0400] "GET / HTTP/1.1" 301 0 "-" "Mozilla/5.0 (Windows NT 10.0; Win64; x64; rv:122.0) Gecko/20100101 Firefox/122.0"
66.29.146.29 - - [21/Jul/2025:23:25:01 -0400] "GET / HTTP/1.1" 301 0 "-" "Softaculous"
66.29.146.29 - - [21/Jul/2025:23:25:03 -0400] "GET / HTTP/1.1" 301 0 "-" "Mozilla/5.0 (Windows NT 10.0; Win64; x64; rv:122.0) Gecko/20100101 Firefox/122.0"
23.92.177.29 - - [21/Jul/2025:23:26:14 -0400] "POST /wp-cron.php?doing_wp_cron=1753154774.9515318870544433593750 HTTP/1.1" 200 0 "-" "WordPress/6.7.2; https://bodyguardslosangeles.net"
57.141.4.12 - - [21/Jul/2025:23:26:14 -0400] "GET /shopdetail/11003914/ HTTP/1.1" 404 70509 "-" "meta-externalagent/1.1 (+https://developers.facebook.com/docs/sharing/webmasters/crawler)"
110.249.201.141 - - [21/Jul/2025:23:28:07 -0400] "GET /robots.txt HTTP/1.1" 200 173 "-" "Mozilla/5.0 (Linux; Android 5.0) AppleWebKit/537.36 (KHTML, like Gecko) Mobile Safari/537.36 (compatible; Bytespider; https://zhanzhang.toutiao.com/)"
23.92.177.29 - - [21/Jul/2025:23:31:24 -0400] "POST /wp-cron.php?doing_wp_cron=1753155084.7002570629119873046875 HTTP/1.1" 200 0 "-" "WordPress/6.7.2; https://bodyguardslosangeles.net"
216.73.216.220 - - [21/Jul/2025:23:31:24 -0400] "GET /sitemap255.xml HTTP/1.1" 404 14303 "-" "Mozilla/5.0 AppleWebKit/537.36 (KHTML, like Gecko; compatible; ClaudeBot/1.0; +claudebot@anthropic.com)"
57.141.4.29 - - [21/Jul/2025:23:31:39 -0400] "GET /shopdetail/21043714/ HTTP/1.1" 404 70509 "-" "meta-externalagent/1.1 (+https://developers.facebook.com/docs/sharing/webmasters/crawler)"
51.68.236.73 - - [21/Jul/2025:23:34:32 -0400] "GET /robots.txt HTTP/1.1" 200 145 "-" "Mozilla/5.0 (compatible; MJ12bot/v2.0.2; http://mj12bot.com/)"
23.92.177.29 - - [21/Jul/2025:23:34:32 -0400] "POST /wp-cron.php?doing_wp_cron=1753155272.6396260261535644531250 HTTP/1.1" 200 0 "-" "WordPress/6.7.2; https://bodyguardslosangeles.net"
51.68.236.73 - - [21/Jul/2025:23:34:32 -0400] "GET / HTTP/1.1" 301 0 "-" "Mozilla/5.0 (compatible; MJ12bot/v2.0.2; http://mj12bot.com/)"
57.141.4.2 - - [21/Jul/2025:23:34:53 -0400] "GET /shopdetail/3417903/ HTTP/1.1" 404 70507 "-" "meta-externalagent/1.1 (+https://developers.facebook.com/docs/sharing/webmasters/crawler)"
23.92.177.29 - - [21/Jul/2025:23:36:10 -0400] "POST /wp-cron.php?doing_wp_cron=1753155370.8381381034851074218750 HTTP/1.1" 200 0 "-" "WordPress/6.7.2; https://bodyguardslosangeles.net"
216.73.216.220 - - [21/Jul/2025:23:36:10 -0400] "GET /sitemap394.xml HTTP/1.1" 404 14303 "-" "Mozilla/5.0 AppleWebKit/537.36 (KHTML, like Gecko; compatible; ClaudeBot/1.0; +claudebot@anthropic.com)"
23.92.177.29 - - [21/Jul/2025:23:38:10 -0400] "POST /wp-cron.php?doing_wp_cron=1753155490.7019360065460205078125 HTTP/1.1" 200 0 "-" "WordPress/6.7.2; https://bodyguardslosangeles.net"
57.141.4.15 - - [21/Jul/2025:23:38:10 -0400] "GET /shopdetail/4352792/ HTTP/1.1" 404 70507 "-" "meta-externalagent/1.1 (+https://developers.facebook.com/docs/sharing/webmasters/crawler)"
23.92.177.29 - - [21/Jul/2025:23:39:56 -0400] "POST /wp-cron.php?doing_wp_cron=1753155596.4916050434112548828125 HTTP/1.1" 200 0 "-" "WordPress/6.7.2; https://bodyguardslosangeles.net"
216.73.216.220 - - [21/Jul/2025:23:39:56 -0400] "GET /sitemap346.xml HTTP/1.1" 404 14303 "-" "Mozilla/5.0 AppleWebKit/537.36 (KHTML, like Gecko; compatible; ClaudeBot/1.0; +claudebot@anthropic.com)"
23.92.177.29 - - [21/Jul/2025:23:40:58 -0400] "POST /wp-cron.php?doing_wp_cron=1753155658.9533460140228271484375 HTTP/1.1" 200 0 "-" "WordPress/6.7.2; https://bodyguardslosangeles.net"
57.141.4.27 - - [21/Jul/2025:23:40:58 -0400] "GET /shopdetail/17604858/ HTTP/1.1" 404 70509 "-" "meta-externalagent/1.1 (+https://developers.facebook.com/docs/sharing/webmasters/crawler)"
57.141.4.20 - - [21/Jul/2025:23:41:02 -0400] "GET /shopdetail/19338258/ HTTP/1.1" 404 70509 "-" "meta-externalagent/1.1 (+https://developers.facebook.com/docs/sharing/webmasters/crawler)"
23.92.177.29 - - [21/Jul/2025:23:41:18 -0400] "POST /wp-cron.php?doing_wp_cron=1753155678.7731890678405761718750 HTTP/1.1" 200 0 "-" "WordPress/6.7.2; https://bodyguardslosangeles.net"
57.141.4.22 - - [21/Jul/2025:23:41:18 -0400] "GET /shopdetail/1817581/ HTTP/1.1" 404 70507 "-" "meta-externalagent/1.1 (+https://developers.facebook.com/docs/sharing/webmasters/crawler)"
23.92.177.29 - - [21/Jul/2025:23:42:17 -0400] "POST /wp-cron.php?doing_wp_cron=1753155737.2814309597015380859375 HTTP/1.1" 200 0 "-" "WordPress/6.7.2; https://bodyguardslosangeles.net"
57.141.4.10 - - [21/Jul/2025:23:42:17 -0400] "GET /shopdetail/9208236/ HTTP/1.1" 404 70507 "-" "meta-externalagent/1.1 (+https://developers.facebook.com/docs/sharing/webmasters/crawler)"
23.92.177.29 - - [21/Jul/2025:23:47:18 -0400] "POST /wp-cron.php?doing_wp_cron=1753156038.7240369319915771484375 HTTP/1.1" 200 0 "-" "WordPress/6.7.2; https://bodyguardslosangeles.net"
216.73.216.220 - - [21/Jul/2025:23:47:18 -0400] "GET /sitemap357.xml HTTP/1.1" 404 14303 "-" "Mozilla/5.0 AppleWebKit/537.36 (KHTML, like Gecko; compatible; ClaudeBot/1.0; +claudebot@anthropic.com)"
23.92.177.29 - - [21/Jul/2025:23:52:38 -0400] "POST /wp-cron.php?doing_wp_cron=1753156358.3427870273590087890625 HTTP/1.1" 200 0 "-" "WordPress/6.7.2; https://bodyguardslosangeles.net"
57.141.4.13 - - [21/Jul/2025:23:52:38 -0400] "GET /shopdetail/21494536/ HTTP/1.1" 404 70509 "-" "meta-externalagent/1.1 (+https://developers.facebook.com/docs/sharing/webmasters/crawler)"
23.92.177.29 - - [21/Jul/2025:23:54:07 -0400] "POST /wp-cron.php?doing_wp_cron=1753156447.9238638877868652343750 HTTP/1.1" 200 0 "-" "WordPress/6.7.2; https://bodyguardslosangeles.net"
57.141.4.29 - - [21/Jul/2025:23:54:07 -0400] "GET /shopdetail/12134170/ HTTP/1.1" 404 70509 "-" "meta-externalagent/1.1 (+https://developers.facebook.com/docs/sharing/webmasters/crawler)"
23.92.177.29 - - [21/Jul/2025:23:55:50 -0400] "POST /wp-cron.php?doing_wp_cron=1753156550.9252290725708007812500 HTTP/1.1" 200 0 "-" "WordPress/6.7.2; https://bodyguardslosangeles.net"
57.141.4.15 - - [21/Jul/2025:23:55:50 -0400] "GET /shopdetail/9670470/ HTTP/1.1" 404 70507 "-" "meta-externalagent/1.1 (+https://developers.facebook.com/docs/sharing/webmasters/crawler)"
216.73.216.220 - - [21/Jul/2025:23:56:53 -0400] "GET /robots.txt HTTP/1.1" 200 145 "-" "Mozilla/5.0 AppleWebKit/537.36 (KHTML, like Gecko; compatible; ClaudeBot/1.0; +claudebot@anthropic.com)"
23.92.177.29 - - [21/Jul/2025:23:56:54 -0400] "POST /wp-cron.php?doing_wp_cron=1753156614.0971419811248779296875 HTTP/1.1" 200 0 "-" "WordPress/6.7.2; https://bodyguardslosangeles.net"
216.73.216.220 - - [21/Jul/2025:23:56:53 -0400] "GET /sitemap450.xml HTTP/1.1" 404 14303 "-" "Mozilla/5.0 AppleWebKit/537.36 (KHTML, like Gecko; compatible; ClaudeBot/1.0; +claudebot@anthropic.com)"
23.92.177.29 - - [22/Jul/2025:00:00:08 -0400] "POST /wp-cron.php?doing_wp_cron=1753156808.6830060482025146484375 HTTP/1.1" 200 0 "-" "WordPress/6.7.2; https://bodyguardslosangeles.net"
57.141.4.16 - - [22/Jul/2025:00:00:08 -0400] "GET /shopdetail/2365803/ HTTP/1.1" 404 70507 "-" "meta-externalagent/1.1 (+https://developers.facebook.com/docs/sharing/webmasters/crawler)"
23.92.177.29 - - [22/Jul/2025:00:01:25 -0400] "POST /wp-cron.php?doing_wp_cron=1753156885.6707360744476318359375 HTTP/1.1" 200 0 "-" "WordPress/6.7.2; https://bodyguardslosangeles.net"
57.141.4.5 - - [22/Jul/2025:00:01:25 -0400] "GET /shopdetail/20570614/ HTTP/1.1" 404 70509 "-" "meta-externalagent/1.1 (+https://developers.facebook.com/docs/sharing/webmasters/crawler)"
57.141.4.2 - - [22/Jul/2025:00:01:54 -0400] "GET /shopdetail/9376458/ HTTP/1.1" 404 70507 "-" "meta-externalagent/1.1 (+https://developers.facebook.com/docs/sharing/webmasters/crawler)"
23.92.177.29 - - [22/Jul/2025:00:02:31 -0400] "POST /wp-cron.php?doing_wp_cron=1753156951.9156520366668701171875 HTTP/1.1" 200 0 "-" "WordPress/6.7.2; https://bodyguardslosangeles.net"
57.141.4.25 - - [22/Jul/2025:00:02:31 -0400] "GET /shopdetail/6800314/ HTTP/1.1" 404 70507 "-" "meta-externalagent/1.1 (+https://developers.facebook.com/docs/sharing/webmasters/crawler)"
23.92.177.29 - - [22/Jul/2025:00:03:34 -0400] "POST /wp-cron.php?doing_wp_cron=1753157014.5653278827667236328125 HTTP/1.1" 200 0 "-" "WordPress/6.7.2; https://bodyguardslosangeles.net"
57.141.4.21 - - [22/Jul/2025:00:03:34 -0400] "GET /shopdetail/18749981/ HTTP/1.1" 404 70509 "-" "meta-externalagent/1.1 (+https://developers.facebook.com/docs/sharing/webmasters/crawler)"
23.92.177.29 - - [22/Jul/2025:00:09:32 -0400] "POST /wp-cron.php?doing_wp_cron=1753157372.0734560489654541015625 HTTP/1.1" 200 0 "-" "WordPress/6.7.2; https://bodyguardslosangeles.net"
216.73.216.220 - - [22/Jul/2025:00:09:31 -0400] "GET /sitemap796.xml HTTP/1.1" 404 14303 "-" "Mozilla/5.0 AppleWebKit/537.36 (KHTML, like Gecko; compatible; ClaudeBot/1.0; +claudebot@anthropic.com)"
23.92.177.29 - - [22/Jul/2025:00:12:09 -0400] "POST /wp-cron.php?doing_wp_cron=1753157529.8796920776367187500000 HTTP/1.1" 200 0 "-" "WordPress/6.7.2; https://bodyguardslosangeles.net"
216.73.216.220 - - [22/Jul/2025:00:12:09 -0400] "GET /sitemap604.xml HTTP/1.1" 404 14303 "-" "Mozilla/5.0 AppleWebKit/537.36 (KHTML, like Gecko; compatible; ClaudeBot/1.0; +claudebot@anthropic.com)"
216.73.216.220 - - [22/Jul/2025:00:12:10 -0400] "GET /sitemap376.xml HTTP/1.1" 404 14303 "-" "Mozilla/5.0 AppleWebKit/537.36 (KHTML, like Gecko; compatible; ClaudeBot/1.0; +claudebot@anthropic.com)"
23.92.177.29 - - [22/Jul/2025:00:13:39 -0400] "POST /wp-cron.php?doing_wp_cron=1753157619.8572289943695068359375 HTTP/1.1" 200 0 "-" "WordPress/6.7.2; https://bodyguardslosangeles.net"
216.73.216.220 - - [22/Jul/2025:00:13:39 -0400] "GET /sitemap534.xml HTTP/1.1" 404 14303 "-" "Mozilla/5.0 AppleWebKit/537.36 (KHTML, like Gecko; compatible; ClaudeBot/1.0; +claudebot@anthropic.com)"
23.92.177.29 - - [22/Jul/2025:00:14:17 -0400] "POST /wp-cron.php?doing_wp_cron=1753157657.0191299915313720703125 HTTP/1.1" 200 0 "-" "WordPress/6.7.2; https://bodyguardslosangeles.net"
57.141.4.1 - - [22/Jul/2025:00:14:16 -0400] "GET /shopdetail/14258270/ HTTP/1.1" 404 70509 "-" "meta-externalagent/1.1 (+https://developers.facebook.com/docs/sharing/webmasters/crawler)"
216.73.216.220 - - [22/Jul/2025:00:14:31 -0400] "GET /sitemap.xml HTTP/1.1" 301 0 "-" "Mozilla/5.0 AppleWebKit/537.36 (KHTML, like Gecko; compatible; ClaudeBot/1.0; +claudebot@anthropic.com)"
216.73.216.220 - - [22/Jul/2025:00:18:45 -0400] "GET /sitemap856.xml HTTP/1.1" 404 14303 "-" "Mozilla/5.0 AppleWebKit/537.36 (KHTML, like Gecko; compatible; ClaudeBot/1.0; +claudebot@anthropic.com)"
23.92.177.29 - - [22/Jul/2025:00:19:41 -0400] "POST /wp-cron.php?doing_wp_cron=1753157981.1725668907165527343750 HTTP/1.1" 200 0 "-" "WordPress/6.7.2; https://bodyguardslosangeles.net"
216.73.216.220 - - [22/Jul/2025:00:19:40 -0400] "GET /sitemap697.xml HTTP/1.1" 404 14303 "-" "Mozilla/5.0 AppleWebKit/537.36 (KHTML, like Gecko; compatible; ClaudeBot/1.0; +claudebot@anthropic.com)"
23.92.177.29 - - [22/Jul/2025:00:22:07 -0400] "POST /wp-cron.php?doing_wp_cron=1753158127.5225861072540283203125 HTTP/1.1" 200 0 "-" "WordPress/6.7.2; https://bodyguardslosangeles.net"
57.141.4.12 - - [22/Jul/2025:00:22:07 -0400] "GET /shopdetail/9841892/ HTTP/1.1" 404 70507 "-" "meta-externalagent/1.1 (+https://developers.facebook.com/docs/sharing/webmasters/crawler)"
23.92.177.29 - - [22/Jul/2025:00:22:34 -0400] "POST /wp-cron.php?doing_wp_cron=1753158154.3825790882110595703125 HTTP/1.1" 200 0 "-" "WordPress/6.7.2; https://bodyguardslosangeles.net"
216.73.216.220 - - [22/Jul/2025:00:22:34 -0400] "GET /sitemap450.xml HTTP/1.1" 404 14303 "-" "Mozilla/5.0 AppleWebKit/537.36 (KHTML, like Gecko; compatible; ClaudeBot/1.0; +claudebot@anthropic.com)"
216.73.216.220 - - [22/Jul/2025:00:22:35 -0400] "GET /sitemap234.xml HTTP/1.1" 404 14303 "-" "Mozilla/5.0 AppleWebKit/537.36 (KHTML, like Gecko; compatible; ClaudeBot/1.0; +claudebot@anthropic.com)"
57.141.4.26 - - [22/Jul/2025:00:23:05 -0400] "GET /shopdetail/21506270/ HTTP/1.1" 404 70509 "-" "meta-externalagent/1.1 (+https://developers.facebook.com/docs/sharing/webmasters/crawler)"
23.92.177.29 - - [22/Jul/2025:00:24:53 -0400] "POST /wp-cron.php?doing_wp_cron=1753158293.7390840053558349609375 HTTP/1.1" 200 0 "-" "WordPress/6.7.2; https://bodyguardslosangeles.net"
66.249.70.102 - - [22/Jul/2025:00:24:53 -0400] "GET / HTTP/1.1" 301 0 "-" "Mozilla/5.0 (Linux; Android 6.0.1; Nexus 5X Build/MMB29P) AppleWebKit/537.36 (KHTML, like Gecko) Chrome/137.0.7151.103 Mobile Safari/537.36 (compatible; Googlebot/2.1; +http://www.google.com/bot.html)"
23.92.177.29 - - [22/Jul/2025:00:26:31 -0400] "POST /wp-cron.php?doing_wp_cron=1753158391.1172070503234863281250 HTTP/1.1" 200 0 "-" "WordPress/6.7.2; https://bodyguardslosangeles.net"
216.73.216.220 - - [22/Jul/2025:00:26:30 -0400] "GET /sitemap334.xml HTTP/1.1" 404 14303 "-" "Mozilla/5.0 AppleWebKit/537.36 (KHTML, like Gecko; compatible; ClaudeBot/1.0; +claudebot@anthropic.com)"
23.92.177.29 - - [22/Jul/2025:00:27:23 -0400] "POST /wp-cron.php?doing_wp_cron=1753158443.3180489540100097656250 HTTP/1.1" 200 0 "-" "WordPress/6.7.2; https://bodyguardslosangeles.net"
57.141.4.27 - - [22/Jul/2025:00:27:23 -0400] "GET /shopdetail/4202469/ HTTP/1.1" 404 70507 "-" "meta-externalagent/1.1 (+https://developers.facebook.com/docs/sharing/webmasters/crawler)"
23.92.177.29 - - [22/Jul/2025:00:30:30 -0400] "POST /wp-cron.php?doing_wp_cron=1753158630.1080310344696044921875 HTTP/1.1" 200 0 "-" "WordPress/6.7.2; https://bodyguardslosangeles.net"
216.73.216.220 - - [22/Jul/2025:00:30:29 -0400] "GET /sitemap255.xml HTTP/1.1" 404 14303 "-" "Mozilla/5.0 AppleWebKit/537.36 (KHTML, like Gecko; compatible; ClaudeBot/1.0; +claudebot@anthropic.com)"
23.92.177.29 - - [22/Jul/2025:00:32:07 -0400] "POST /wp-cron.php?doing_wp_cron=1753158727.7769379615783691406250 HTTP/1.1" 200 0 "-" "WordPress/6.7.2; https://bodyguardslosangeles.net"
216.73.216.220 - - [22/Jul/2025:00:32:07 -0400] "GET /sitemap602.xml HTTP/1.1" 404 14303 "-" "Mozilla/5.0 AppleWebKit/537.36 (KHTML, like Gecko; compatible; ClaudeBot/1.0; +claudebot@anthropic.com)"
23.92.177.29 - - [22/Jul/2025:00:36:14 -0400] "POST /wp-cron.php?doing_wp_cron=1753158974.5827488899230957031250 HTTP/1.1" 200 0 "-" "WordPress/6.7.2; https://bodyguardslosangeles.net"
216.73.216.220 - - [22/Jul/2025:00:36:14 -0400] "GET /sitemap805.xml HTTP/1.1" 404 14303 "-" "Mozilla/5.0 AppleWebKit/537.36 (KHTML, like Gecko; compatible; ClaudeBot/1.0; +claudebot@anthropic.com)"
57.141.4.15 - - [22/Jul/2025:00:36:21 -0400] "GET /shopdetail/11379481/ HTTP/1.1" 404 70509 "-" "meta-externalagent/1.1 (+https://developers.facebook.com/docs/sharing/webmasters/crawler)"
216.73.216.220 - - [22/Jul/2025:00:37:06 -0400] "GET /sitemap568.xml HTTP/1.1" 404 14303 "-" "Mozilla/5.0 AppleWebKit/537.36 (KHTML, like Gecko; compatible; ClaudeBot/1.0; +claudebot@anthropic.com)"
23.92.177.29 - - [22/Jul/2025:00:40:34 -0400] "POST /wp-cron.php?doing_wp_cron=1753159234.6537621021270751953125 HTTP/1.1" 200 0 "-" "WordPress/6.7.2; https://bodyguardslosangeles.net"
57.141.4.23 - - [22/Jul/2025:00:40:34 -0400] "GET /shopdetail/14474581/ HTTP/1.1" 404 70509 "-" "meta-externalagent/1.1 (+https://developers.facebook.com/docs/sharing/webmasters/crawler)"
173.252.87.114 - - [22/Jul/2025:00:40:40 -0400] "GET /robots.txt HTTP/1.1" 206 1217 "-" "facebookexternalhit/1.1 (+http://www.facebook.com/externalhit_uatext.php)"
23.92.177.29 - - [22/Jul/2025:00:41:31 -0400] "POST /wp-cron.php?doing_wp_cron=1753159291.3075499534606933593750 HTTP/1.1" 200 0 "-" "WordPress/6.7.2; https://bodyguardslosangeles.net"
57.141.4.24 - - [22/Jul/2025:00:41:31 -0400] "GET /shopdetail/15428603/ HTTP/1.1" 404 70509 "-" "meta-externalagent/1.1 (+https://developers.facebook.com/docs/sharing/webmasters/crawler)"
57.141.4.24 - - [22/Jul/2025:00:41:53 -0400] "GET /shopdetail/3203514/ HTTP/1.1" 404 70507 "-" "meta-externalagent/1.1 (+https://developers.facebook.com/docs/sharing/webmasters/crawler)"
51.222.253.6 - - [22/Jul/2025:00:42:10 -0400] "GET /sitemap234.xml HTTP/1.1" 404 14303 "-" "Mozilla/5.0 (compatible; AhrefsBot/7.0; +http://ahrefs.com/robot/)"
23.92.177.29 - - [22/Jul/2025:00:43:31 -0400] "POST /wp-cron.php?doing_wp_cron=1753159411.6019470691680908203125 HTTP/1.1" 200 0 "-" "WordPress/6.7.2; https://bodyguardslosangeles.net"
57.141.4.20 - - [22/Jul/2025:00:43:31 -0400] "GET /shopdetail/9106458/ HTTP/1.1" 404 70507 "-" "meta-externalagent/1.1 (+https://developers.facebook.com/docs/sharing/webmasters/crawler)"
57.141.4.4 - - [22/Jul/2025:00:43:49 -0400] "GET /shopdetail/16367836/ HTTP/1.1" 404 70509 "-" "meta-externalagent/1.1 (+https://developers.facebook.com/docs/sharing/webmasters/crawler)"
23.92.177.29 - - [22/Jul/2025:00:45:45 -0400] "POST /wp-cron.php?doing_wp_cron=1753159545.4038939476013183593750 HTTP/1.1" 200 0 "-" "WordPress/6.7.2; https://bodyguardslosangeles.net"
216.73.216.220 - - [22/Jul/2025:00:45:45 -0400] "GET /sitemap886.xml HTTP/1.1" 404 14303 "-" "Mozilla/5.0 AppleWebKit/537.36 (KHTML, like Gecko; compatible; ClaudeBot/1.0; +claudebot@anthropic.com)"
23.92.177.29 - - [22/Jul/2025:00:46:48 -0400] "POST /wp-cron.php?doing_wp_cron=1753159608.2529690265655517578125 HTTP/1.1" 200 0 "-" "WordPress/6.7.2; https://bodyguardslosangeles.net"
216.73.216.220 - - [22/Jul/2025:00:46:47 -0400] "GET /sitemap346.xml HTTP/1.1" 404 14337 "-" "Mozilla/5.0 AppleWebKit/537.36 (KHTML, like Gecko; compatible; ClaudeBot/1.0; +claudebot@anthropic.com)"
23.92.177.29 - - [22/Jul/2025:00:47:46 -0400] "POST /wp-cron.php?doing_wp_cron=1753159666.4941918849945068359375 HTTP/1.1" 200 0 "-" "WordPress/6.7.2; https://bodyguardslosangeles.net"
216.73.216.220 - - [22/Jul/2025:00:47:46 -0400] "GET /sitemap658.xml HTTP/1.1" 404 14366 "-" "Mozilla/5.0 AppleWebKit/537.36 (KHTML, like Gecko; compatible; ClaudeBot/1.0; +claudebot@anthropic.com)"
216.73.216.220 - - [22/Jul/2025:00:47:47 -0400] "GET /sitemap357.xml HTTP/1.1" 404 14303 "-" "Mozilla/5.0 AppleWebKit/537.36 (KHTML, like Gecko; compatible; ClaudeBot/1.0; +claudebot@anthropic.com)"
23.92.177.29 - - [22/Jul/2025:00:50:03 -0400] "POST /wp-cron.php?doing_wp_cron=1753159803.8782649040222167968750 HTTP/1.1" 200 0 "-" "WordPress/6.7.2; https://bodyguardslosangeles.net"
216.73.216.220 - - [22/Jul/2025:00:50:03 -0400] "GET /sitemap402.xml HTTP/1.1" 404 14303 "-" "Mozilla/5.0 AppleWebKit/537.36 (KHTML, like Gecko; compatible; ClaudeBot/1.0; +claudebot@anthropic.com)"
216.73.216.220 - - [22/Jul/2025:00:50:04 -0400] "GET /sitemap394.xml HTTP/1.1" 404 14303 "-" "Mozilla/5.0 AppleWebKit/537.36 (KHTML, like Gecko; compatible; ClaudeBot/1.0; +claudebot@anthropic.com)"
23.92.177.29 - - [22/Jul/2025:00:51:02 -0400] "POST /wp-cron.php?doing_wp_cron=1753159862.4856090545654296875000 HTTP/1.1" 200 0 "-" "WordPress/6.7.2; https://bodyguardslosangeles.net"
216.73.216.220 - - [22/Jul/2025:00:51:02 -0400] "GET /sitemap438.xml HTTP/1.1" 404 14303 "-" "Mozilla/5.0 AppleWebKit/537.36 (KHTML, like Gecko; compatible; ClaudeBot/1.0; +claudebot@anthropic.com)"
23.92.177.29 - - [22/Jul/2025:00:53:00 -0400] "POST /wp-cron.php?doing_wp_cron=1753159980.4566330909729003906250 HTTP/1.1" 200 0 "-" "WordPress/6.7.2; https://bodyguardslosangeles.net"
132.232.203.74 - - [22/Jul/2025:00:53:00 -0400] "GET / HTTP/1.1" 301 0 "-" "Mozilla/5.0 (iPhone; CPU iPhone OS 13_2_3 like Mac OS X) AppleWebKit/605.1.15 (KHTML, like Gecko) Version/13.0.3 Mobile/15E148 Safari/604.1"
23.92.177.29 - - [22/Jul/2025:00:54:45 -0400] "POST /wp-cron.php?doing_wp_cron=1753160085.3652150630950927734375 HTTP/1.1" 200 0 "-" "WordPress/6.7.2; https://bodyguardslosangeles.net"
216.73.216.220 - - [22/Jul/2025:00:54:45 -0400] "GET /sitemap376.xml HTTP/1.1" 404 14303 "-" "Mozilla/5.0 AppleWebKit/537.36 (KHTML, like Gecko; compatible; ClaudeBot/1.0; +claudebot@anthropic.com)"
23.92.177.29 - - [22/Jul/2025:00:55:39 -0400] "POST /wp-cron.php?doing_wp_cron=1753160139.7640550136566162109375 HTTP/1.1" 200 0 "-" "WordPress/6.7.2; https://bodyguardslosangeles.net"
216.73.216.220 - - [22/Jul/2025:00:55:39 -0400] "GET /sitemap568.xml HTTP/1.1" 404 14303 "-" "Mozilla/5.0 AppleWebKit/537.36 (KHTML, like Gecko; compatible; ClaudeBot/1.0; +claudebot@anthropic.com)"
216.73.216.220 - - [22/Jul/2025:01:00:21 -0400] "GET /robots.txt HTTP/1.1" 200 145 "-" "Mozilla/5.0 AppleWebKit/537.36 (KHTML, like Gecko; compatible; ClaudeBot/1.0; +claudebot@anthropic.com)"
23.92.177.29 - - [22/Jul/2025:01:00:21 -0400] "POST /wp-cron.php?doing_wp_cron=1753160421.3274090290069580078125 HTTP/1.1" 200 0 "-" "WordPress/6.7.2; https://bodyguardslosangeles.net"
216.73.216.220 - - [22/Jul/2025:01:00:21 -0400] "GET /sitemap357.xml HTTP/1.1" 404 14303 "-" "Mozilla/5.0 AppleWebKit/537.36 (KHTML, like Gecko; compatible; ClaudeBot/1.0; +claudebot@anthropic.com)"
23.92.177.29 - - [22/Jul/2025:01:01:14 -0400] "POST /wp-cron.php?doing_wp_cron=1753160474.6010088920593261718750 HTTP/1.1" 200 0 "-" "WordPress/6.7.2; https://bodyguardslosangeles.net"
216.73.216.220 - - [22/Jul/2025:01:01:14 -0400] "GET /sitemap604.xml HTTP/1.1" 404 14303 "-" "Mozilla/5.0 AppleWebKit/537.36 (KHTML, like Gecko; compatible; ClaudeBot/1.0; +claudebot@anthropic.com)"
57.141.4.17 - - [22/Jul/2025:01:01:18 -0400] "GET /shopdetail/20597214/ HTTP/1.1" 404 70509 "-" "meta-externalagent/1.1 (+https://developers.facebook.com/docs/sharing/webmasters/crawler)"
23.92.177.29 - - [22/Jul/2025:01:02:39 -0400] "POST /wp-cron.php?doing_wp_cron=1753160558.7450239658355712890625 HTTP/1.1" 200 0 "-" "WordPress/6.7.2; https://bodyguardslosangeles.net"
57.141.4.29 - - [22/Jul/2025:01:02:37 -0400] "GET /shopdetail/25195492/ HTTP/1.1" 404 70509 "-" "meta-externalagent/1.1 (+https://developers.facebook.com/docs/sharing/webmasters/crawler)"
23.92.177.29 - - [22/Jul/2025:01:06:42 -0400] "POST /wp-cron.php?doing_wp_cron=1753160802.5005769729614257812500 HTTP/1.1" 200 0 "-" "WordPress/6.7.2; https://bodyguardslosangeles.net"
57.141.4.13 - - [22/Jul/2025:01:06:42 -0400] "GET /shopdetail/18419181/ HTTP/1.1" 404 70509 "-" "meta-externalagent/1.1 (+https://developers.facebook.com/docs/sharing/webmasters/crawler)"
216.73.216.220 - - [22/Jul/2025:01:06:54 -0400] "GET /sitemap450.xml HTTP/1.1" 404 14303 "-" "Mozilla/5.0 AppleWebKit/537.36 (KHTML, like Gecko; compatible; ClaudeBot/1.0; +claudebot@anthropic.com)"
23.92.177.29 - - [22/Jul/2025:01:11:57 -0400] "POST /wp-cron.php?doing_wp_cron=1753161117.8776729106903076171875 HTTP/1.1" 200 0 "-" "WordPress/6.7.2; https://bodyguardslosangeles.net"
57.141.4.25 - - [22/Jul/2025:01:11:57 -0400] "GET /shopdetail/9092670/ HTTP/1.1" 404 70507 "-" "meta-externalagent/1.1 (+https://developers.facebook.com/docs/sharing/webmasters/crawler)"
23.92.177.29 - - [22/Jul/2025:01:15:31 -0400] "GET /.well-known/acme-challenge/48TW68I_OW3WBB5HQWLFSPCVKYUG1NT- HTTP/1.1" 200 64 "-" "Cpanel-HTTP-Client/1.0"
23.92.177.29 - - [22/Jul/2025:01:15:32 -0400] "GET /.well-known/acme-challenge/TF7CYRSU31NLEKZ04FEOXKK84FIPBQU9 HTTP/1.1" 200 64 "-" "Cpanel-HTTP-Client/1.0"
23.92.177.29 - - [22/Jul/2025:01:15:32 -0400] "GET /.well-known/acme-challenge/BUKRWZ1M2BUQBC2FXEEO1ZIWXNDUVL3D HTTP/1.1" 200 64 "-" "Cpanel-HTTP-Client/1.0"
23.92.177.29 - - [22/Jul/2025:01:15:32 -0400] "GET /.well-known/acme-challenge/7W820LEFKOF_-AYQ55MP1ZUMW39W5A_2 HTTP/1.1" 200 64 "-" "Cpanel-HTTP-Client/1.0"
23.92.177.29 - - [22/Jul/2025:01:15:33 -0400] "GET /.well-known/acme-challenge/W3_ADD_X_IUXY5HIRCMBCVHT2XKJTR9J HTTP/1.1" 200 64 "-" "Cpanel-HTTP-Client/1.0"
23.92.177.29 - - [22/Jul/2025:01:15:33 -0400] "GET /.well-known/acme-challenge/ZH4_33PJ1_D-QHH84_RQTVOO2L1AOBOL HTTP/1.1" 200 64 "-" "Cpanel-HTTP-Client/1.0"
23.92.177.29 - - [22/Jul/2025:01:15:34 -0400] "GET /.well-known/acme-challenge/AZ32-5L0_HKGR811JLJQU1YWEEB1AMHO HTTP/1.1" 200 64 "-" "Cpanel-HTTP-Client/1.0"
23.92.177.29 - - [22/Jul/2025:01:15:34 -0400] "GET /.well-known/acme-challenge/I1Y9SJTAR6GQO5VJWBT0_M64QEPOUW0D HTTP/1.1" 200 64 "-" "Cpanel-HTTP-Client/1.0"
23.92.177.29 - - [22/Jul/2025:01:15:34 -0400] "GET /.well-known/acme-challenge/VW-AKLOYZYDI38A78NTDPS039SXKKF0E HTTP/1.1" 200 64 "-" "Cpanel-HTTP-Client/1.0"
23.92.177.29 - - [22/Jul/2025:01:15:43 -0400] "POST /wp-cron.php?doing_wp_cron=1753161343.0173680782318115234375 HTTP/1.1" 200 0 "-" "WordPress/6.7.2; https://bodyguardslosangeles.net"
216.73.216.220 - - [22/Jul/2025:01:15:41 -0400] "GET /sitemap658.xml HTTP/1.1" 404 14303 "-" "Mozilla/5.0 AppleWebKit/537.36 (KHTML, like Gecko; compatible; ClaudeBot/1.0; +claudebot@anthropic.com)"
23.92.177.29 - - [22/Jul/2025:01:16:45 -0400] "POST /wp-cron.php?doing_wp_cron=1753161405.6506860256195068359375 HTTP/1.1" 200 0 "-" "WordPress/6.7.2; https://bodyguardslosangeles.net"
216.73.216.220 - - [22/Jul/2025:01:16:45 -0400] "GET /sitemap438.xml HTTP/1.1" 404 14303 "-" "Mozilla/5.0 AppleWebKit/537.36 (KHTML, like Gecko; compatible; ClaudeBot/1.0; +claudebot@anthropic.com)"
216.73.216.220 - - [22/Jul/2025:01:16:46 -0400] "GET /sitemap856.xml HTTP/1.1" 404 14301 "-" "Mozilla/5.0 AppleWebKit/537.36 (KHTML, like Gecko; compatible; ClaudeBot/1.0; +claudebot@anthropic.com)"
23.92.177.29 - - [22/Jul/2025:01:17:44 -0400] "POST /wp-cron.php?doing_wp_cron=1753161464.1997010707855224609375 HTTP/1.1" 200 0 "-" "WordPress/6.7.2; https://bodyguardslosangeles.net"
57.141.4.9 - - [22/Jul/2025:01:17:43 -0400] "GET /shopdetail/8174514/ HTTP/1.1" 404 70507 "-" "meta-externalagent/1.1 (+https://developers.facebook.com/docs/sharing/webmasters/crawler)"
57.141.4.10 - - [22/Jul/2025:01:17:56 -0400] "GET /shopdetail/7124469/ HTTP/1.1" 404 70507 "-" "meta-externalagent/1.1 (+https://developers.facebook.com/docs/sharing/webmasters/crawler)"
57.141.4.15 - - [22/Jul/2025:01:18:10 -0400] "GET /shopdetail/25314692/ HTTP/1.1" 404 70509 "-" "meta-externalagent/1.1 (+https://developers.facebook.com/docs/sharing/webmasters/crawler)"
57.141.4.14 - - [22/Jul/2025:01:18:10 -0400] "GET /shopdetail/9147614/ HTTP/1.1" 404 70507 "-" "meta-externalagent/1.1 (+https://developers.facebook.com/docs/sharing/webmasters/crawler)"
57.141.4.28 - - [22/Jul/2025:01:18:17 -0400] "GET /shopdetail/24930547/ HTTP/1.1" 404 70509 "-" "meta-externalagent/1.1 (+https://developers.facebook.com/docs/sharing/webmasters/crawler)"
23.92.177.29 - - [22/Jul/2025:01:19:50 -0400] "POST /wp-cron.php?doing_wp_cron=1753161590.4670009613037109375000 HTTP/1.1" 200 0 "-" "WordPress/6.7.2; https://bodyguardslosangeles.net"
216.73.216.220 - - [22/Jul/2025:01:19:50 -0400] "GET /sitemap.xml HTTP/1.1" 301 0 "-" "Mozilla/5.0 AppleWebKit/537.36 (KHTML, like Gecko; compatible; ClaudeBot/1.0; +claudebot@anthropic.com)"
216.73.216.220 - - [22/Jul/2025:01:21:12 -0400] "GET /sitemap346.xml HTTP/1.1" 404 14303 "-" "Mozilla/5.0 AppleWebKit/537.36 (KHTML, like Gecko; compatible; ClaudeBot/1.0; +claudebot@anthropic.com)"
57.141.4.20 - - [22/Jul/2025:01:21:45 -0400] "GET /shopdetail/23139536/ HTTP/1.1" 404 70509 "-" "meta-externalagent/1.1 (+https://developers.facebook.com/docs/sharing/webmasters/crawler)"
216.73.216.220 - - [22/Jul/2025:01:22:07 -0400] "GET /sitemap796.xml HTTP/1.1" 404 14303 "-" "Mozilla/5.0 AppleWebKit/537.36 (KHTML, like Gecko; compatible; ClaudeBot/1.0; +claudebot@anthropic.com)"
216.73.216.220 - - [22/Jul/2025:01:22:08 -0400] "GET /sitemap394.xml HTTP/1.1" 404 14303 "-" "Mozilla/5.0 AppleWebKit/537.36 (KHTML, like Gecko; compatible; ClaudeBot/1.0; +claudebot@anthropic.com)"
23.92.177.29 - - [22/Jul/2025:01:22:43 -0400] "POST /wp-cron.php?doing_wp_cron=1753161763.7232670783996582031250 HTTP/1.1" 200 0 "-" "WordPress/6.7.2; https://bodyguardslosangeles.net"
51.222.253.6 - - [22/Jul/2025:01:22:43 -0400] "GET /sitemap805.xml HTTP/1.1" 404 14303 "-" "Mozilla/5.0 (compatible; AhrefsBot/7.0; +http://ahrefs.com/robot/)"
23.92.177.29 - - [22/Jul/2025:01:23:16 -0400] "POST /wp-cron.php?doing_wp_cron=1753161796.0268189907073974609375 HTTP/1.1" 200 0 "-" "WordPress/6.7.2; https://bodyguardslosangeles.net"
57.141.4.30 - - [22/Jul/2025:01:23:15 -0400] "GET /shopdetail/15541292/ HTTP/1.1" 404 70509 "-" "meta-externalagent/1.1 (+https://developers.facebook.com/docs/sharing/webmasters/crawler)"
23.92.177.29 - - [22/Jul/2025:01:25:46 -0400] "POST /wp-cron.php?doing_wp_cron=1753161946.9622089862823486328125 HTTP/1.1" 200 0 "-" "WordPress/6.7.2; https://bodyguardslosangeles.net"
57.141.4.1 - - [22/Jul/2025:01:25:46 -0400] "GET /shopdetail/17739392/ HTTP/1.1" 404 70509 "-" "meta-externalagent/1.1 (+https://developers.facebook.com/docs/sharing/webmasters/crawler)"
216.73.216.220 - - [22/Jul/2025:01:26:36 -0400] "GET /sitemap602.xml HTTP/1.1" 404 14303 "-" "Mozilla/5.0 AppleWebKit/537.36 (KHTML, like Gecko; compatible; ClaudeBot/1.0; +claudebot@anthropic.com)"
216.73.216.220 - - [22/Jul/2025:01:26:36 -0400] "GET /sitemap402.xml HTTP/1.1" 404 14303 "-" "Mozilla/5.0 AppleWebKit/537.36 (KHTML, like Gecko; compatible; ClaudeBot/1.0; +claudebot@anthropic.com)"
216.73.216.220 - - [22/Jul/2025:01:26:37 -0400] "GET /sitemap255.xml HTTP/1.1" 404 14303 "-" "Mozilla/5.0 AppleWebKit/537.36 (KHTML, like Gecko; compatible; ClaudeBot/1.0; +claudebot@anthropic.com)"
23.92.177.29 - - [22/Jul/2025:01:28:49 -0400] "POST /wp-cron.php?doing_wp_cron=1753162129.6256549358367919921875 HTTP/1.1" 200 0 "-" "WordPress/6.7.2; https://bodyguardslosangeles.net"
216.73.216.220 - - [22/Jul/2025:01:28:49 -0400] "GET /sitemap886.xml HTTP/1.1" 404 14303 "-" "Mozilla/5.0 AppleWebKit/537.36 (KHTML, like Gecko; compatible; ClaudeBot/1.0; +claudebot@anthropic.com)"
216.73.216.220 - - [22/Jul/2025:01:28:50 -0400] "GET /sitemap234.xml HTTP/1.1" 404 14301 "-" "Mozilla/5.0 AppleWebKit/537.36 (KHTML, like Gecko; compatible; ClaudeBot/1.0; +claudebot@anthropic.com)"
23.92.177.29 - - [22/Jul/2025:01:30:18 -0400] "POST /wp-cron.php?doing_wp_cron=1753162218.4577910900115966796875 HTTP/1.1" 200 0 "-" "WordPress/6.7.2; https://bodyguardslosangeles.net"
57.141.4.24 - - [22/Jul/2025:01:30:18 -0400] "GET /shopdetail/16441858/ HTTP/1.1" 404 70509 "-" "meta-externalagent/1.1 (+https://developers.facebook.com/docs/sharing/webmasters/crawler)"
57.141.4.28 - - [22/Jul/2025:01:30:30 -0400] "GET /shopdetail/14197103/ HTTP/1.1" 404 70509 "-" "meta-externalagent/1.1 (+https://developers.facebook.com/docs/sharing/webmasters/crawler)"
57.141.4.7 - - [22/Jul/2025:01:31:11 -0400] "GET /shopdetail/22622170/ HTTP/1.1" 404 70509 "-" "meta-externalagent/1.1 (+https://developers.facebook.com/docs/sharing/webmasters/crawler)"
23.92.177.29 - - [22/Jul/2025:01:31:15 -0400] "POST /wp-cron.php?doing_wp_cron=1753162275.4794340133666992187500 HTTP/1.1" 200 0 "-" "WordPress/6.7.2; https://bodyguardslosangeles.net"
57.141.4.20 - - [22/Jul/2025:01:31:15 -0400] "GET /shopdetail/19028658/ HTTP/1.1" 404 70509 "-" "meta-externalagent/1.1 (+https://developers.facebook.com/docs/sharing/webmasters/crawler)"
216.73.216.220 - - [22/Jul/2025:01:32:08 -0400] "GET /sitemap534.xml HTTP/1.1" 404 14303 "-" "Mozilla/5.0 AppleWebKit/537.36 (KHTML, like Gecko; compatible; ClaudeBot/1.0; +claudebot@anthropic.com)"
23.92.177.29 - - [22/Jul/2025:01:34:26 -0400] "POST /wp-cron.php?doing_wp_cron=1753162466.8992819786071777343750 HTTP/1.1" 200 0 "-" "WordPress/6.7.2; https://bodyguardslosangeles.net"
216.73.216.220 - - [22/Jul/2025:01:34:26 -0400] "GET /sitemap805.xml HTTP/1.1" 404 14303 "-" "Mozilla/5.0 AppleWebKit/537.36 (KHTML, like Gecko; compatible; ClaudeBot/1.0; +claudebot@anthropic.com)"
23.92.177.29 - - [22/Jul/2025:01:39:27 -0400] "POST /wp-cron.php?doing_wp_cron=1753162767.3395540714263916015625 HTTP/1.1" 200 0 "-" "WordPress/6.7.2; https://bodyguardslosangeles.net"
57.141.4.29 - - [22/Jul/2025:01:39:27 -0400] "GET /shopdetail/9103103/ HTTP/1.1" 404 70507 "-" "meta-externalagent/1.1 (+https://developers.facebook.com/docs/sharing/webmasters/crawler)"
23.92.177.29 - - [22/Jul/2025:01:40:24 -0400] "POST /wp-cron.php?doing_wp_cron=1753162824.1754019260406494140625 HTTP/1.1" 200 0 "-" "WordPress/6.7.2; https://bodyguardslosangeles.net"
216.73.216.220 - - [22/Jul/2025:01:40:23 -0400] "GET /sitemap805.xml HTTP/1.1" 404 14303 "-" "Mozilla/5.0 AppleWebKit/537.36 (KHTML, like Gecko; compatible; ClaudeBot/1.0; +claudebot@anthropic.com)"
23.92.177.29 - - [22/Jul/2025:01:42:27 -0400] "POST /wp-cron.php?doing_wp_cron=1753162947.5760889053344726562500 HTTP/1.1" 200 0 "-" "WordPress/6.7.2; https://bodyguardslosangeles.net"
57.141.4.14 - - [22/Jul/2025:01:42:27 -0400] "GET /shopdetail/19305392/ HTTP/1.1" 404 70509 "-" "meta-externalagent/1.1 (+https://developers.facebook.com/docs/sharing/webmasters/crawler)"
57.141.4.20 - - [22/Jul/2025:01:42:57 -0400] "GET /shopdetail/11039425/ HTTP/1.1" 404 70509 "-" "meta-externalagent/1.1 (+https://developers.facebook.com/docs/sharing/webmasters/crawler)"
23.92.177.29 - - [22/Jul/2025:01:44:04 -0400] "POST /wp-cron.php?doing_wp_cron=1753163044.4024419784545898437500 HTTP/1.1" 200 0 "-" "WordPress/6.7.2; https://bodyguardslosangeles.net"
216.73.216.220 - - [22/Jul/2025:01:44:04 -0400] "GET /sitemap234.xml HTTP/1.1" 404 14303 "-" "Mozilla/5.0 AppleWebKit/537.36 (KHTML, like Gecko; compatible; ClaudeBot/1.0; +claudebot@anthropic.com)"
23.92.177.29 - - [22/Jul/2025:01:44:47 -0400] "POST /wp-cron.php?doing_wp_cron=1753163087.0967450141906738281250 HTTP/1.1" 200 0 "-" "WordPress/6.7.2; https://bodyguardslosangeles.net"
216.73.216.220 - - [22/Jul/2025:01:44:46 -0400] "GET /sitemap604.xml HTTP/1.1" 404 14303 "-" "Mozilla/5.0 AppleWebKit/537.36 (KHTML, like Gecko; compatible; ClaudeBot/1.0; +claudebot@anthropic.com)"
216.73.216.220 - - [22/Jul/2025:01:46:07 -0400] "GET /sitemap568.xml HTTP/1.1" 404 14303 "-" "Mozilla/5.0 AppleWebKit/537.36 (KHTML, like Gecko; compatible; ClaudeBot/1.0; +claudebot@anthropic.com)"
23.92.177.29 - - [22/Jul/2025:01:46:15 -0400] "POST /wp-cron.php?doing_wp_cron=1753163175.3733520507812500000000 HTTP/1.1" 200 0 "-" "WordPress/6.7.2; https://bodyguardslosangeles.net"
57.141.4.22 - - [22/Jul/2025:01:46:15 -0400] "GET /shopdetail/18751258/ HTTP/1.1" 404 70509 "-" "meta-externalagent/1.1 (+https://developers.facebook.com/docs/sharing/webmasters/crawler)"
23.92.177.29 - - [22/Jul/2025:01:47:20 -0400] "POST /wp-cron.php?doing_wp_cron=1753163240.4061520099639892578125 HTTP/1.1" 200 0 "-" "WordPress/6.7.2; https://bodyguardslosangeles.net"
57.141.4.1 - - [22/Jul/2025:01:47:20 -0400] "GET /shopdetail/16297403/ HTTP/1.1" 404 70509 "-" "meta-externalagent/1.1 (+https://developers.facebook.com/docs/sharing/webmasters/crawler)"
216.73.216.220 - - [22/Jul/2025:01:47:22 -0400] "GET /sitemap658.xml HTTP/1.1" 404 14303 "-" "Mozilla/5.0 AppleWebKit/537.36 (KHTML, like Gecko; compatible; ClaudeBot/1.0; +claudebot@anthropic.com)"
216.73.216.220 - - [22/Jul/2025:01:47:23 -0400] "GET /sitemap357.xml HTTP/1.1" 404 14303 "-" "Mozilla/5.0 AppleWebKit/537.36 (KHTML, like Gecko; compatible; ClaudeBot/1.0; +claudebot@anthropic.com)"
23.92.177.29 - - [22/Jul/2025:01:48:48 -0400] "POST /wp-cron.php?doing_wp_cron=1753163328.9070279598236083984375 HTTP/1.1" 200 0 "-" "WordPress/6.7.2; https://bodyguardslosangeles.net"
57.141.4.17 - - [22/Jul/2025:01:48:48 -0400] "GET /shopdetail/17972336/ HTTP/1.1" 404 70509 "-" "meta-externalagent/1.1 (+https://developers.facebook.com/docs/sharing/webmasters/crawler)"
216.73.216.220 - - [22/Jul/2025:01:48:55 -0400] "GET /sitemap450.xml HTTP/1.1" 404 14303 "-" "Mozilla/5.0 AppleWebKit/537.36 (KHTML, like Gecko; compatible; ClaudeBot/1.0; +claudebot@anthropic.com)"
23.92.177.29 - - [22/Jul/2025:01:49:18 -0400] "POST /wp-cron.php?doing_wp_cron=1753163358.9177470207214355468750 HTTP/1.1" 200 0 "-" "WordPress/6.7.2; https://bodyguardslosangeles.net"
57.141.4.28 - - [22/Jul/2025:01:49:18 -0400] "GET /shopdetail/6465414/ HTTP/1.1" 404 70507 "-" "meta-externalagent/1.1 (+https://developers.facebook.com/docs/sharing/webmasters/crawler)"
57.141.4.19 - - [22/Jul/2025:01:49:39 -0400] "GET /shopdetail/17542692/ HTTP/1.1" 404 70509 "-" "meta-externalagent/1.1 (+https://developers.facebook.com/docs/sharing/webmasters/crawler)"
23.92.177.29 - - [22/Jul/2025:01:50:46 -0400] "POST /wp-cron.php?doing_wp_cron=1753163445.9992129802703857421875 HTTP/1.1" 200 0 "-" "WordPress/6.7.2; https://bodyguardslosangeles.net"
216.73.216.220 - - [22/Jul/2025:01:50:45 -0400] "GET /sitemap376.xml HTTP/1.1" 404 14303 "-" "Mozilla/5.0 AppleWebKit/537.36 (KHTML, like Gecko; compatible; ClaudeBot/1.0; +claudebot@anthropic.com)"
216.73.216.220 - - [22/Jul/2025:01:50:46 -0400] "GET /sitemap856.xml HTTP/1.1" 404 14303 "-" "Mozilla/5.0 AppleWebKit/537.36 (KHTML, like Gecko; compatible; ClaudeBot/1.0; +claudebot@anthropic.com)"
23.92.177.29 - - [22/Jul/2025:01:52:15 -0400] "POST /wp-cron.php?doing_wp_cron=1753163535.5038170814514160156250 HTTP/1.1" 200 0 "-" "WordPress/6.7.2; https://bodyguardslosangeles.net"
57.141.4.15 - - [22/Jul/2025:01:52:15 -0400] "GET /shopdetail/17887114/ HTTP/1.1" 404 70509 "-" "meta-externalagent/1.1 (+https://developers.facebook.com/docs/sharing/webmasters/crawler)"
23.92.177.29 - - [22/Jul/2025:01:53:19 -0400] "POST /wp-cron.php?doing_wp_cron=1753163599.3641738891601562500000 HTTP/1.1" 200 0 "-" "WordPress/6.7.2; https://bodyguardslosangeles.net"
216.73.216.220 - - [22/Jul/2025:01:53:19 -0400] "GET /sitemap602.xml HTTP/1.1" 404 14303 "-" "Mozilla/5.0 AppleWebKit/537.36 (KHTML, like Gecko; compatible; ClaudeBot/1.0; +claudebot@anthropic.com)"
23.92.177.29 - - [22/Jul/2025:01:57:29 -0400] "POST /wp-cron.php?doing_wp_cron=1753163849.3941540718078613281250 HTTP/1.1" 200 0 "-" "WordPress/6.7.2; https://bodyguardslosangeles.net"
216.73.216.220 - - [22/Jul/2025:01:57:29 -0400] "GET /sitemap796.xml HTTP/1.1" 404 14303 "-" "Mozilla/5.0 AppleWebKit/537.36 (KHTML, like Gecko; compatible; ClaudeBot/1.0; +claudebot@anthropic.com)"
216.73.216.220 - - [22/Jul/2025:01:57:30 -0400] "GET /sitemap346.xml HTTP/1.1" 404 14303 "-" "Mozilla/5.0 AppleWebKit/537.36 (KHTML, like Gecko; compatible; ClaudeBot/1.0; +claudebot@anthropic.com)"
57.141.4.4 - - [22/Jul/2025:01:57:55 -0400] "GET /shopdetail/7821514/ HTTP/1.1" 404 70507 "-" "meta-externalagent/1.1 (+https://developers.facebook.com/docs/sharing/webmasters/crawler)"
216.73.216.220 - - [22/Jul/2025:01:57:57 -0400] "GET /sitemap534.xml HTTP/1.1" 404 14303 "-" "Mozilla/5.0 AppleWebKit/537.36 (KHTML, like Gecko; compatible; ClaudeBot/1.0; +claudebot@anthropic.com)"
23.92.177.29 - - [22/Jul/2025:01:58:23 -0400] "POST /wp-cron.php?doing_wp_cron=1753163903.8804659843444824218750 HTTP/1.1" 200 0 "-" "WordPress/6.7.2; https://bodyguardslosangeles.net"
57.141.4.24 - - [22/Jul/2025:01:58:23 -0400] "GET /shopdetail/16270425/ HTTP/1.1" 404 70509 "-" "meta-externalagent/1.1 (+https://developers.facebook.com/docs/sharing/webmasters/crawler)"
216.73.216.220 - - [22/Jul/2025:02:00:40 -0400] "GET /robots.txt HTTP/1.1" 200 145 "-" "Mozilla/5.0 AppleWebKit/537.36 (KHTML, like Gecko; compatible; ClaudeBot/1.0; +claudebot@anthropic.com)"
23.92.177.29 - - [22/Jul/2025:02:00:40 -0400] "POST /wp-cron.php?doing_wp_cron=1753164040.4272980690002441406250 HTTP/1.1" 200 0 "-" "WordPress/6.7.2; https://bodyguardslosangeles.net"
216.73.216.220 - - [22/Jul/2025:02:00:40 -0400] "GET /sitemap438.xml HTTP/1.1" 404 14303 "-" "Mozilla/5.0 AppleWebKit/537.36 (KHTML, like Gecko; compatible; ClaudeBot/1.0; +claudebot@anthropic.com)"
57.141.4.15 - - [22/Jul/2025:02:00:58 -0400] "GET /shopdetail/25885070/ HTTP/1.1" 404 70509 "-" "meta-externalagent/1.1 (+https://developers.facebook.com/docs/sharing/webmasters/crawler)"
23.92.177.29 - - [22/Jul/2025:02:01:59 -0400] "POST /wp-cron.php?doing_wp_cron=1753164119.2531669139862060546875 HTTP/1.1" 200 0 "-" "WordPress/6.7.2; https://bodyguardslosangeles.net"
216.73.216.220 - - [22/Jul/2025:02:01:58 -0400] "GET /sitemap886.xml HTTP/1.1" 404 14337 "-" "Mozilla/5.0 AppleWebKit/537.36 (KHTML, like Gecko; compatible; ClaudeBot/1.0; +claudebot@anthropic.com)"
23.92.177.29 - - [22/Jul/2025:02:03:15 -0400] "POST /wp-cron.php?doing_wp_cron=1753164195.1497380733489990234375 HTTP/1.1" 200 0 "-" "WordPress/6.7.2; https://bodyguardslosangeles.net"
57.141.4.9 - - [22/Jul/2025:02:03:14 -0400] "GET /shopdetail/17465814/ HTTP/1.1" 404 70509 "-" "meta-externalagent/1.1 (+https://developers.facebook.com/docs/sharing/webmasters/crawler)"
57.141.4.26 - - [22/Jul/2025:02:03:20 -0400] "GET /shopdetail/12625869/ HTTP/1.1" 404 70509 "-" "meta-externalagent/1.1 (+https://developers.facebook.com/docs/sharing/webmasters/crawler)"
23.92.177.29 - - [22/Jul/2025:02:05:03 -0400] "POST /wp-cron.php?doing_wp_cron=1753164303.7745730876922607421875 HTTP/1.1" 200 0 "-" "WordPress/6.7.2; https://bodyguardslosangeles.net"
216.73.216.220 - - [22/Jul/2025:02:05:02 -0400] "GET /sitemap.xml HTTP/1.1" 301 0 "-" "Mozilla/5.0 AppleWebKit/537.36 (KHTML, like Gecko; compatible; ClaudeBot/1.0; +claudebot@anthropic.com)"
23.92.177.29 - - [22/Jul/2025:02:06:00 -0400] "POST /wp-cron.php?doing_wp_cron=1753164360.8130519390106201171875 HTTP/1.1" 200 0 "-" "WordPress/6.7.2; https://bodyguardslosangeles.net"
57.141.4.11 - - [22/Jul/2025:02:06:00 -0400] "GET /shopdetail/10419692/ HTTP/1.1" 404 70509 "-" "meta-externalagent/1.1 (+https://developers.facebook.com/docs/sharing/webmasters/crawler)"
23.92.177.29 - - [22/Jul/2025:02:08:41 -0400] "POST /wp-cron.php?doing_wp_cron=1753164521.6495850086212158203125 HTTP/1.1" 200 0 "-" "WordPress/6.7.2; https://bodyguardslosangeles.net"
216.73.216.220 - - [22/Jul/2025:02:08:41 -0400] "GET /sitemap886.xml HTTP/1.1" 404 14303 "-" "Mozilla/5.0 AppleWebKit/537.36 (KHTML, like Gecko; compatible; ClaudeBot/1.0; +claudebot@anthropic.com)"
216.73.216.220 - - [22/Jul/2025:02:08:42 -0400] "GET /sitemap334.xml HTTP/1.1" 404 14303 "-" "Mozilla/5.0 AppleWebKit/537.36 (KHTML, like Gecko; compatible; ClaudeBot/1.0; +claudebot@anthropic.com)"
23.92.177.29 - - [22/Jul/2025:02:09:38 -0400] "POST /wp-cron.php?doing_wp_cron=1753164578.1357369422912597656250 HTTP/1.1" 200 0 "-" "WordPress/6.7.2; https://bodyguardslosangeles.net"
57.141.4.2 - - [22/Jul/2025:02:09:37 -0400] "GET /shopdetail/13946192/ HTTP/1.1" 404 70509 "-" "meta-externalagent/1.1 (+https://developers.facebook.com/docs/sharing/webmasters/crawler)"
216.73.216.220 - - [22/Jul/2025:02:09:47 -0400] "GET /sitemap568.xml HTTP/1.1" 404 14303 "-" "Mozilla/5.0 AppleWebKit/537.36 (KHTML, like Gecko; compatible; ClaudeBot/1.0; +claudebot@anthropic.com)"
57.141.4.27 - - [22/Jul/2025:02:09:49 -0400] "GET /shopdetail/10593781/ HTTP/1.1" 404 70509 "-" "meta-externalagent/1.1 (+https://developers.facebook.com/docs/sharing/webmasters/crawler)"
