20.171.207.86 - - [21/Jul/2025:19:22:41 -0400] "GET /sitemap255.xml HTTP/1.1" 404 14302 "-" "Mozilla/5.0 AppleWebKit/537.36 (KHTML, like Gecko; compatible; GPTBot/1.2; +https://openai.com/gptbot)"
23.92.177.29 - - [21/Jul/2025:19:23:15 -0400] "POST /wp-cron.php?doing_wp_cron=1753140195.3728408813476562500000 HTTP/1.1" 200 0 "-" "WordPress/6.7.2; https://bodyguardslosangeles.net"
216.73.216.190 - - [21/Jul/2025:19:23:15 -0400] "GET /sitemap534.xml HTTP/1.1" 404 14302 "-" "Mozilla/5.0 AppleWebKit/537.36 (KHTML, like Gecko; compatible; ClaudeBot/1.0; +claudebot@anthropic.com)"
23.92.177.29 - - [21/Jul/2025:19:25:05 -0400] "POST /wp-cron.php?doing_wp_cron=1753140305.4929471015930175781250 HTTP/1.1" 200 0 "-" "WordPress/6.7.2; https://bodyguardslosangeles.net"
216.73.216.220 - - [21/Jul/2025:19:25:05 -0400] "GET /sitemap255.xml HTTP/1.1" 404 14302 "-" "Mozilla/5.0 AppleWebKit/537.36 (KHTML, like Gecko; compatible; ClaudeBot/1.0; +claudebot@anthropic.com)"
216.73.216.220 - - [21/Jul/2025:19:25:06 -0400] "GET /sitemap357.xml HTTP/1.1" 404 14302 "-" "Mozilla/5.0 AppleWebKit/537.36 (KHTML, like Gecko; compatible; ClaudeBot/1.0; +claudebot@anthropic.com)"
20.171.207.86 - - [21/Jul/2025:19:25:06 -0400] "GET /sitemap346.xml HTTP/1.1" 404 14302 "-" "Mozilla/5.0 AppleWebKit/537.36 (KHTML, like Gecko; compatible; GPTBot/1.2; +https://openai.com/gptbot)"
20.171.207.86 - - [21/Jul/2025:19:25:09 -0400] "GET /sitemap450.xml HTTP/1.1" 404 14302 "-" "Mozilla/5.0 AppleWebKit/537.36 (KHTML, like Gecko; compatible; GPTBot/1.2; +https://openai.com/gptbot)"
23.92.177.29 - - [21/Jul/2025:19:25:13 -0400] "POST /wp-cron.php?doing_wp_cron=1753140313.0720601081848144531250 HTTP/1.1" 200 0 "-" "WordPress/6.7.2; https://bodyguardslosangeles.net"
20.171.207.86 - - [21/Jul/2025:19:25:12 -0400] "GET /sitemap602.xml HTTP/1.1" 404 14302 "-" "Mozilla/5.0 AppleWebKit/537.36 (KHTML, like Gecko; compatible; GPTBot/1.2; +https://openai.com/gptbot)"
23.92.177.29 - - [21/Jul/2025:19:26:00 -0400] "POST /wp-cron.php?doing_wp_cron=1753140360.6319870948791503906250 HTTP/1.1" 200 0 "-" "WordPress/6.7.2; https://bodyguardslosangeles.net"
216.73.216.220 - - [21/Jul/2025:19:26:00 -0400] "GET /sitemap402.xml HTTP/1.1" 404 14302 "-" "Mozilla/5.0 AppleWebKit/537.36 (KHTML, like Gecko; compatible; ClaudeBot/1.0; +claudebot@anthropic.com)"
23.92.177.29 - - [21/Jul/2025:19:28:28 -0400] "POST /wp-cron.php?doing_wp_cron=1753140508.8077659606933593750000 HTTP/1.1" 200 0 "-" "WordPress/6.7.2; https://bodyguardslosangeles.net"
20.171.207.86 - - [21/Jul/2025:19:28:28 -0400] "GET /sitemap357.xml HTTP/1.1" 404 14302 "-" "Mozilla/5.0 AppleWebKit/537.36 (KHTML, like Gecko; compatible; GPTBot/1.2; +https://openai.com/gptbot)"
20.171.207.86 - - [21/Jul/2025:19:28:32 -0400] "GET /sitemap234.xml HTTP/1.1" 404 14302 "-" "Mozilla/5.0 AppleWebKit/537.36 (KHTML, like Gecko; compatible; GPTBot/1.2; +https://openai.com/gptbot)"
20.171.207.86 - - [21/Jul/2025:19:28:35 -0400] "GET /sitemap856.xml HTTP/1.1" 404 14302 "-" "Mozilla/5.0 AppleWebKit/537.36 (KHTML, like Gecko; compatible; GPTBot/1.2; +https://openai.com/gptbot)"
20.171.207.86 - - [21/Jul/2025:19:28:38 -0400] "GET /sitemap534.xml HTTP/1.1" 404 14302 "-" "Mozilla/5.0 AppleWebKit/537.36 (KHTML, like Gecko; compatible; GPTBot/1.2; +https://openai.com/gptbot)"
20.171.207.86 - - [21/Jul/2025:19:28:41 -0400] "GET /sitemap438.xml HTTP/1.1" 404 14302 "-" "Mozilla/5.0 AppleWebKit/537.36 (KHTML, like Gecko; compatible; GPTBot/1.2; +https://openai.com/gptbot)"
20.171.207.86 - - [21/Jul/2025:19:28:45 -0400] "GET /sitemap394.xml HTTP/1.1" 404 14302 "-" "Mozilla/5.0 AppleWebKit/537.36 (KHTML, like Gecko; compatible; GPTBot/1.2; +https://openai.com/gptbot)"
20.171.207.86 - - [21/Jul/2025:19:28:48 -0400] "GET /sitemap805.xml HTTP/1.1" 404 14302 "-" "Mozilla/5.0 AppleWebKit/537.36 (KHTML, like Gecko; compatible; GPTBot/1.2; +https://openai.com/gptbot)"
23.92.177.29 - - [21/Jul/2025:19:29:23 -0400] "POST /wp-cron.php?doing_wp_cron=1753140563.4231979846954345703125 HTTP/1.1" 200 0 "-" "WordPress/6.7.2; https://bodyguardslosangeles.net"
57.141.4.25 - - [21/Jul/2025:19:29:23 -0400] "GET /shopdetail/9366469/ HTTP/1.1" 404 70507 "-" "meta-externalagent/1.1 (+https://developers.facebook.com/docs/sharing/webmasters/crawler)"
23.92.177.29 - - [21/Jul/2025:19:30:32 -0400] "POST /wp-cron.php?doing_wp_cron=1753140632.0834040641784667968750 HTTP/1.1" 200 0 "-" "WordPress/6.7.2; https://bodyguardslosangeles.net"
20.171.207.86 - - [21/Jul/2025:19:30:31 -0400] "GET /sitemap.xml HTTP/1.1" 301 0 "-" "Mozilla/5.0 AppleWebKit/537.36 (KHTML, like Gecko; compatible; GPTBot/1.2; +https://openai.com/gptbot)"
216.73.216.220 - - [21/Jul/2025:19:30:33 -0400] "GET /robots.txt HTTP/1.1" 200 145 "-" "Mozilla/5.0 AppleWebKit/537.36 (KHTML, like Gecko; compatible; ClaudeBot/1.0; +claudebot@anthropic.com)"
216.73.216.220 - - [21/Jul/2025:19:30:33 -0400] "GET /sitemap438.xml HTTP/1.1" 404 14302 "-" "Mozilla/5.0 AppleWebKit/537.36 (KHTML, like Gecko; compatible; ClaudeBot/1.0; +claudebot@anthropic.com)"
20.171.207.86 - - [21/Jul/2025:19:30:34 -0400] "GET /sitemap697.xml HTTP/1.1" 404 14302 "-" "Mozilla/5.0 AppleWebKit/537.36 (KHTML, like Gecko; compatible; GPTBot/1.2; +https://openai.com/gptbot)"
20.171.207.86 - - [21/Jul/2025:19:30:38 -0400] "GET /sitemap796.xml HTTP/1.1" 404 14302 "-" "Mozilla/5.0 AppleWebKit/537.36 (KHTML, like Gecko; compatible; GPTBot/1.2; +https://openai.com/gptbot)"
20.171.207.86 - - [21/Jul/2025:19:30:40 -0400] "GET /sitemap658.xml HTTP/1.1" 404 14302 "-" "Mozilla/5.0 AppleWebKit/537.36 (KHTML, like Gecko; compatible; GPTBot/1.2; +https://openai.com/gptbot)"
23.92.177.29 - - [21/Jul/2025:19:32:09 -0400] "POST /wp-cron.php?doing_wp_cron=1753140729.9114799499511718750000 HTTP/1.1" 200 0 "-" "WordPress/6.7.2; https://bodyguardslosangeles.net"
67.225.224.196 - - [21/Jul/2025:19:32:09 -0400] "GET / HTTP/1.1" 301 0 "http://bodyguardslosangeles.net" "Mozilla/5.0 (Linux; Android 10; SM-G985F) AppleWebKit/537.36 (KHTML, like Gecko) Chrome/90.0.4430.212 Mobile Safari/537.36"
67.225.224.102 - - [21/Jul/2025:19:32:16 -0400] "GET /bodyguardslosangeles/?Action=checkWPfiles HTTP/1.0" 200 17 "-" "-"
216.73.216.220 - - [21/Jul/2025:19:32:44 -0400] "GET /sitemap658.xml HTTP/1.1" 404 14302 "-" "Mozilla/5.0 AppleWebKit/537.36 (KHTML, like Gecko; compatible; ClaudeBot/1.0; +claudebot@anthropic.com)"
20.171.207.86 - - [21/Jul/2025:19:32:55 -0400] "GET /sitemap334.xml HTTP/1.1" 404 14302 "-" "Mozilla/5.0 AppleWebKit/537.36 (KHTML, like Gecko; compatible; GPTBot/1.2; +https://openai.com/gptbot)"
23.92.177.29 - - [21/Jul/2025:19:34:50 -0400] "POST /wp-cron.php?doing_wp_cron=1753140890.1522250175476074218750 HTTP/1.1" 200 0 "-" "WordPress/6.7.2; https://bodyguardslosangeles.net"
216.73.216.220 - - [21/Jul/2025:19:34:49 -0400] "GET /sitemap604.xml HTTP/1.1" 404 14302 "-" "Mozilla/5.0 AppleWebKit/537.36 (KHTML, like Gecko; compatible; ClaudeBot/1.0; +claudebot@anthropic.com)"
23.92.177.29 - - [21/Jul/2025:19:35:19 -0400] "POST /wp-cron.php?doing_wp_cron=1753140919.3159589767456054687500 HTTP/1.1" 200 0 "-" "WordPress/6.7.2; https://bodyguardslosangeles.net"
57.141.4.3 - - [21/Jul/2025:19:35:19 -0400] "GET /shopdetail/7890669/ HTTP/1.1" 404 70507 "-" "meta-externalagent/1.1 (+https://developers.facebook.com/docs/sharing/webmasters/crawler)"
23.92.177.29 - - [21/Jul/2025:19:37:10 -0400] "POST /wp-cron.php?doing_wp_cron=1753141030.6315670013427734375000 HTTP/1.1" 200 0 "-" "WordPress/6.7.2; https://bodyguardslosangeles.net"
57.141.4.13 - - [21/Jul/2025:19:37:10 -0400] "GET /shopdetail/11317203/ HTTP/1.1" 404 70509 "-" "meta-externalagent/1.1 (+https://developers.facebook.com/docs/sharing/webmasters/crawler)"
23.92.177.29 - - [21/Jul/2025:19:38:13 -0400] "POST /wp-cron.php?doing_wp_cron=1753141093.9277470111846923828125 HTTP/1.1" 200 0 "-" "WordPress/6.7.2; https://bodyguardslosangeles.net"
20.171.207.86 - - [21/Jul/2025:19:38:13 -0400] "GET /sitemap568.xml HTTP/1.1" 404 14302 "-" "Mozilla/5.0 AppleWebKit/537.36 (KHTML, like Gecko; compatible; GPTBot/1.2; +https://openai.com/gptbot)"
20.171.207.86 - - [21/Jul/2025:19:38:56 -0400] "GET /sitemap604.xml HTTP/1.1" 404 14302 "-" "Mozilla/5.0 AppleWebKit/537.36 (KHTML, like Gecko; compatible; GPTBot/1.2; +https://openai.com/gptbot)"
23.92.177.29 - - [21/Jul/2025:19:39:14 -0400] "POST /wp-cron.php?doing_wp_cron=1753141154.7717399597167968750000 HTTP/1.1" 200 0 "-" "WordPress/6.7.2; https://bodyguardslosangeles.net"
57.141.4.12 - - [21/Jul/2025:19:39:14 -0400] "GET /shopdetail/14416481/ HTTP/1.1" 404 70509 "-" "meta-externalagent/1.1 (+https://developers.facebook.com/docs/sharing/webmasters/crawler)"
216.73.216.220 - - [21/Jul/2025:19:40:10 -0400] "GET /sitemap.xml HTTP/1.1" 301 0 "-" "Mozilla/5.0 AppleWebKit/537.36 (KHTML, like Gecko; compatible; ClaudeBot/1.0; +claudebot@anthropic.com)"
23.92.177.29 - - [21/Jul/2025:19:42:33 -0400] "POST /wp-cron.php?doing_wp_cron=1753141353.7313840389251708984375 HTTP/1.1" 200 0 "-" "WordPress/6.7.2; https://bodyguardslosangeles.net"
216.73.216.220 - - [21/Jul/2025:19:42:33 -0400] "GET /sitemap450.xml HTTP/1.1" 404 14302 "-" "Mozilla/5.0 AppleWebKit/537.36 (KHTML, like Gecko; compatible; ClaudeBot/1.0; +claudebot@anthropic.com)"
216.73.216.220 - - [21/Jul/2025:19:42:34 -0400] "GET /sitemap886.xml HTTP/1.1" 404 14302 "-" "Mozilla/5.0 AppleWebKit/537.36 (KHTML, like Gecko; compatible; ClaudeBot/1.0; +claudebot@anthropic.com)"
23.92.177.29 - - [21/Jul/2025:19:43:30 -0400] "POST /wp-cron.php?doing_wp_cron=1753141410.0453538894653320312500 HTTP/1.1" 200 0 "-" "WordPress/6.7.2; https://bodyguardslosangeles.net"
57.141.4.15 - - [21/Jul/2025:19:43:29 -0400] "GET /shopdetail/9151392/ HTTP/1.1" 404 70507 "-" "meta-externalagent/1.1 (+https://developers.facebook.com/docs/sharing/webmasters/crawler)"
216.73.216.220 - - [21/Jul/2025:19:43:49 -0400] "GET /sitemap234.xml HTTP/1.1" 404 14302 "-" "Mozilla/5.0 AppleWebKit/537.36 (KHTML, like Gecko; compatible; ClaudeBot/1.0; +claudebot@anthropic.com)"
23.92.177.29 - - [21/Jul/2025:19:44:39 -0400] "POST /wp-cron.php?doing_wp_cron=1753141479.4594309329986572265625 HTTP/1.1" 200 0 "-" "WordPress/6.7.2; https://bodyguardslosangeles.net"
216.73.216.220 - - [21/Jul/2025:19:44:39 -0400] "GET /sitemap602.xml HTTP/1.1" 404 14302 "-" "Mozilla/5.0 AppleWebKit/537.36 (KHTML, like Gecko; compatible; ClaudeBot/1.0; +claudebot@anthropic.com)"
57.141.4.20 - - [21/Jul/2025:19:45:05 -0400] "GET /shopdetail/14491003/ HTTP/1.1" 404 70509 "-" "meta-externalagent/1.1 (+https://developers.facebook.com/docs/sharing/webmasters/crawler)"
23.92.177.29 - - [21/Jul/2025:19:48:19 -0400] "POST /wp-cron.php?doing_wp_cron=1753141699.9763679504394531250000 HTTP/1.1" 200 0 "-" "WordPress/6.7.2; https://bodyguardslosangeles.net"
216.73.216.220 - - [21/Jul/2025:19:48:19 -0400] "GET /sitemap697.xml HTTP/1.1" 404 14302 "-" "Mozilla/5.0 AppleWebKit/537.36 (KHTML, like Gecko; compatible; ClaudeBot/1.0; +claudebot@anthropic.com)"
23.92.177.29 - - [21/Jul/2025:19:50:40 -0400] "POST /wp-cron.php?doing_wp_cron=1753141840.6025099754333496093750 HTTP/1.1" 200 0 "-" "WordPress/6.7.2; https://bodyguardslosangeles.net"
57.141.4.18 - - [21/Jul/2025:19:50:40 -0400] "GET /shopdetail/25477225/ HTTP/1.1" 404 70509 "-" "meta-externalagent/1.1 (+https://developers.facebook.com/docs/sharing/webmasters/crawler)"
23.92.177.29 - - [21/Jul/2025:19:58:13 -0400] "POST /wp-cron.php?doing_wp_cron=1753142293.3045699596405029296875 HTTP/1.1" 200 0 "-" "WordPress/6.7.2; https://bodyguardslosangeles.net"
216.73.216.220 - - [21/Jul/2025:19:58:13 -0400] "GET /sitemap346.xml HTTP/1.1" 404 14302 "-" "Mozilla/5.0 AppleWebKit/537.36 (KHTML, like Gecko; compatible; ClaudeBot/1.0; +claudebot@anthropic.com)"
23.92.177.29 - - [21/Jul/2025:19:59:46 -0400] "POST /wp-cron.php?doing_wp_cron=1753142386.5412030220031738281250 HTTP/1.1" 200 0 "-" "WordPress/6.7.2; https://bodyguardslosangeles.net"
216.73.216.220 - - [21/Jul/2025:19:59:46 -0400] "GET /sitemap796.xml HTTP/1.1" 404 14302 "-" "Mozilla/5.0 AppleWebKit/537.36 (KHTML, like Gecko; compatible; ClaudeBot/1.0; +claudebot@anthropic.com)"
23.92.177.29 - - [21/Jul/2025:20:00:33 -0400] "POST /wp-cron.php?doing_wp_cron=1753142433.7543659210205078125000 HTTP/1.1" 200 0 "-" "WordPress/6.7.2; https://bodyguardslosangeles.net"
57.141.4.28 - - [21/Jul/2025:20:00:33 -0400] "GET /shopdetail/13201370/ HTTP/1.1" 404 70509 "-" "meta-externalagent/1.1 (+https://developers.facebook.com/docs/sharing/webmasters/crawler)"
23.92.177.29 - - [21/Jul/2025:20:01:52 -0400] "POST /wp-cron.php?doing_wp_cron=1753142512.4027330875396728515625 HTTP/1.1" 200 0 "-" "WordPress/6.7.2; https://bodyguardslosangeles.net"
216.73.216.220 - - [21/Jul/2025:20:01:52 -0400] "GET /sitemap394.xml HTTP/1.1" 404 14303 "-" "Mozilla/5.0 AppleWebKit/537.36 (KHTML, like Gecko; compatible; ClaudeBot/1.0; +claudebot@anthropic.com)"
23.92.177.29 - - [21/Jul/2025:20:04:30 -0400] "POST /wp-cron.php?doing_wp_cron=1753142670.0356390476226806640625 HTTP/1.1" 200 0 "-" "WordPress/6.7.2; https://bodyguardslosangeles.net"
57.141.4.19 - - [21/Jul/2025:20:04:29 -0400] "GET /shopdetail/20075458/ HTTP/1.1" 404 70509 "-" "meta-externalagent/1.1 (+https://developers.facebook.com/docs/sharing/webmasters/crawler)"
23.92.177.29 - - [21/Jul/2025:20:05:56 -0400] "POST /wp-cron.php?doing_wp_cron=1753142756.7980749607086181640625 HTTP/1.1" 200 0 "-" "WordPress/6.7.2; https://bodyguardslosangeles.net"
57.141.4.2 - - [21/Jul/2025:20:05:56 -0400] "GET /shopdetail/2939381/ HTTP/1.1" 404 70507 "-" "meta-externalagent/1.1 (+https://developers.facebook.com/docs/sharing/webmasters/crawler)"
23.92.177.29 - - [21/Jul/2025:20:06:33 -0400] "POST /wp-cron.php?doing_wp_cron=1753142793.5686509609222412109375 HTTP/1.1" 200 0 "-" "WordPress/6.7.2; https://bodyguardslosangeles.net"
216.73.216.220 - - [21/Jul/2025:20:06:33 -0400] "GET /sitemap357.xml HTTP/1.1" 404 14303 "-" "Mozilla/5.0 AppleWebKit/537.36 (KHTML, like Gecko; compatible; ClaudeBot/1.0; +claudebot@anthropic.com)"
216.73.216.220 - - [21/Jul/2025:20:06:33 -0400] "GET /sitemap886.xml HTTP/1.1" 404 14303 "-" "Mozilla/5.0 AppleWebKit/537.36 (KHTML, like Gecko; compatible; ClaudeBot/1.0; +claudebot@anthropic.com)"
23.92.177.29 - - [21/Jul/2025:20:09:27 -0400] "POST /wp-cron.php?doing_wp_cron=1753142967.8171460628509521484375 HTTP/1.1" 200 0 "-" "WordPress/6.7.2; https://bodyguardslosangeles.net"
216.73.216.220 - - [21/Jul/2025:20:09:27 -0400] "GET /sitemap.xml HTTP/1.1" 301 0 "-" "Mozilla/5.0 AppleWebKit/537.36 (KHTML, like Gecko; compatible; ClaudeBot/1.0; +claudebot@anthropic.com)"
23.92.177.29 - - [21/Jul/2025:20:10:21 -0400] "POST /wp-cron.php?doing_wp_cron=1753143021.9276149272918701171875 HTTP/1.1" 200 0 "-" "WordPress/6.7.2; https://bodyguardslosangeles.net"
216.73.216.220 - - [21/Jul/2025:20:10:21 -0400] "GET /sitemap334.xml HTTP/1.1" 404 14303 "-" "Mozilla/5.0 AppleWebKit/537.36 (KHTML, like Gecko; compatible; ClaudeBot/1.0; +claudebot@anthropic.com)"
23.92.177.29 - - [21/Jul/2025:20:12:40 -0400] "POST /wp-cron.php?doing_wp_cron=1753143160.0281109809875488281250 HTTP/1.1" 200 0 "-" "WordPress/6.7.2; https://bodyguardslosangeles.net"
216.73.216.220 - - [21/Jul/2025:20:12:39 -0400] "GET /sitemap602.xml HTTP/1.1" 404 14303 "-" "Mozilla/5.0 AppleWebKit/537.36 (KHTML, like Gecko; compatible; ClaudeBot/1.0; +claudebot@anthropic.com)"
23.92.177.29 - - [21/Jul/2025:20:13:41 -0400] "POST /wp-cron.php?doing_wp_cron=1753143221.0737938880920410156250 HTTP/1.1" 200 0 "-" "WordPress/6.7.2; https://bodyguardslosangeles.net"
216.73.216.220 - - [21/Jul/2025:20:13:40 -0400] "GET /sitemap394.xml HTTP/1.1" 404 14303 "-" "Mozilla/5.0 AppleWebKit/537.36 (KHTML, like Gecko; compatible; ClaudeBot/1.0; +claudebot@anthropic.com)"
23.92.177.29 - - [21/Jul/2025:20:15:54 -0400] "POST /wp-cron.php?doing_wp_cron=1753143354.1795060634613037109375 HTTP/1.1" 200 0 "-" "WordPress/6.7.2; https://bodyguardslosangeles.net"
216.73.216.220 - - [21/Jul/2025:20:15:54 -0400] "GET /sitemap402.xml HTTP/1.1" 404 14303 "-" "Mozilla/5.0 AppleWebKit/537.36 (KHTML, like Gecko; compatible; ClaudeBot/1.0; +claudebot@anthropic.com)"
23.92.177.29 - - [21/Jul/2025:20:17:00 -0400] "POST /wp-cron.php?doing_wp_cron=1753143420.5955989360809326171875 HTTP/1.1" 200 0 "-" "WordPress/6.7.2; https://bodyguardslosangeles.net"
216.73.216.220 - - [21/Jul/2025:20:17:00 -0400] "GET /sitemap376.xml HTTP/1.1" 404 14303 "-" "Mozilla/5.0 AppleWebKit/537.36 (KHTML, like Gecko; compatible; ClaudeBot/1.0; +claudebot@anthropic.com)"
23.92.177.29 - - [21/Jul/2025:20:18:18 -0400] "POST /wp-cron.php?doing_wp_cron=1753143498.1615400314331054687500 HTTP/1.1" 200 0 "-" "WordPress/6.7.2; https://bodyguardslosangeles.net"
216.73.216.220 - - [21/Jul/2025:20:18:17 -0400] "GET /sitemap604.xml HTTP/1.1" 404 14303 "-" "Mozilla/5.0 AppleWebKit/537.36 (KHTML, like Gecko; compatible; ClaudeBot/1.0; +claudebot@anthropic.com)"
23.92.177.29 - - [21/Jul/2025:20:19:39 -0400] "POST /wp-cron.php?doing_wp_cron=1753143579.9479460716247558593750 HTTP/1.1" 200 0 "-" "WordPress/6.7.2; https://bodyguardslosangeles.net"
216.73.216.220 - - [21/Jul/2025:20:19:39 -0400] "GET /sitemap658.xml HTTP/1.1" 404 14303 "-" "Mozilla/5.0 AppleWebKit/537.36 (KHTML, like Gecko; compatible; ClaudeBot/1.0; +claudebot@anthropic.com)"
216.73.216.220 - - [21/Jul/2025:20:19:39 -0400] "GET /sitemap534.xml HTTP/1.1" 404 14303 "-" "Mozilla/5.0 AppleWebKit/537.36 (KHTML, like Gecko; compatible; ClaudeBot/1.0; +claudebot@anthropic.com)"
23.92.177.29 - - [21/Jul/2025:20:22:19 -0400] "POST /wp-cron.php?doing_wp_cron=1753143739.9286379814147949218750 HTTP/1.1" 200 0 "-" "WordPress/6.7.2; https://bodyguardslosangeles.net"
57.141.4.24 - - [21/Jul/2025:20:22:19 -0400] "GET /shopdetail/8841036/ HTTP/1.1" 404 70507 "-" "meta-externalagent/1.1 (+https://developers.facebook.com/docs/sharing/webmasters/crawler)"
23.92.177.29 - - [21/Jul/2025:20:23:34 -0400] "POST /wp-cron.php?doing_wp_cron=1753143814.3525519371032714843750 HTTP/1.1" 200 0 "-" "WordPress/6.7.2; https://bodyguardslosangeles.net"
216.73.216.220 - - [21/Jul/2025:20:23:34 -0400] "GET /sitemap856.xml HTTP/1.1" 404 14303 "-" "Mozilla/5.0 AppleWebKit/537.36 (KHTML, like Gecko; compatible; ClaudeBot/1.0; +claudebot@anthropic.com)"
23.92.177.29 - - [21/Jul/2025:20:29:29 -0400] "POST /wp-cron.php?doing_wp_cron=1753144169.4416890144348144531250 HTTP/1.1" 200 0 "-" "WordPress/6.7.2; https://bodyguardslosangeles.net"
216.73.216.220 - - [21/Jul/2025:20:29:29 -0400] "GET /sitemap568.xml HTTP/1.1" 404 14303 "-" "Mozilla/5.0 AppleWebKit/537.36 (KHTML, like Gecko; compatible; ClaudeBot/1.0; +claudebot@anthropic.com)"
23.92.177.29 - - [21/Jul/2025:20:30:31 -0400] "POST /wp-cron.php?doing_wp_cron=1753144231.7400228977203369140625 HTTP/1.1" 200 0 "-" "WordPress/6.7.2; https://bodyguardslosangeles.net"
57.141.4.6 - - [21/Jul/2025:20:30:31 -0400] "GET /shopdetail/3344503/ HTTP/1.1" 404 70507 "-" "meta-externalagent/1.1 (+https://developers.facebook.com/docs/sharing/webmasters/crawler)"
57.141.4.2 - - [21/Jul/2025:20:30:44 -0400] "GET /sitemap796.xml HTTP/1.1" 404 70479 "-" "meta-externalagent/1.1 (+https://developers.facebook.com/docs/sharing/webmasters/crawler)"
216.73.216.220 - - [21/Jul/2025:20:33:37 -0400] "GET /robots.txt HTTP/1.1" 200 145 "-" "Mozilla/5.0 AppleWebKit/537.36 (KHTML, like Gecko; compatible; ClaudeBot/1.0; +claudebot@anthropic.com)"
23.92.177.29 - - [21/Jul/2025:20:33:38 -0400] "POST /wp-cron.php?doing_wp_cron=1753144418.1159589290618896484375 HTTP/1.1" 200 0 "-" "WordPress/6.7.2; https://bodyguardslosangeles.net"
216.73.216.220 - - [21/Jul/2025:20:33:37 -0400] "GET /sitemap697.xml HTTP/1.1" 404 14303 "-" "Mozilla/5.0 AppleWebKit/537.36 (KHTML, like Gecko; compatible; ClaudeBot/1.0; +claudebot@anthropic.com)"
23.92.177.29 - - [21/Jul/2025:20:35:08 -0400] "POST /wp-cron.php?doing_wp_cron=1753144508.9647009372711181640625 HTTP/1.1" 200 0 "-" "WordPress/6.7.2; https://bodyguardslosangeles.net"
216.73.216.220 - - [21/Jul/2025:20:35:08 -0400] "GET /sitemap796.xml HTTP/1.1" 404 14303 "-" "Mozilla/5.0 AppleWebKit/537.36 (KHTML, like Gecko; compatible; ClaudeBot/1.0; +claudebot@anthropic.com)"
23.92.177.29 - - [21/Jul/2025:20:38:14 -0400] "POST /wp-cron.php?doing_wp_cron=1753144694.3578090667724609375000 HTTP/1.1" 200 0 "-" "WordPress/6.7.2; https://bodyguardslosangeles.net"
216.73.216.220 - - [21/Jul/2025:20:38:14 -0400] "GET /sitemap255.xml HTTP/1.1" 404 14303 "-" "Mozilla/5.0 AppleWebKit/537.36 (KHTML, like Gecko; compatible; ClaudeBot/1.0; +claudebot@anthropic.com)"
216.73.216.220 - - [21/Jul/2025:20:38:16 -0400] "GET /sitemap450.xml HTTP/1.1" 404 14303 "-" "Mozilla/5.0 AppleWebKit/537.36 (KHTML, like Gecko; compatible; ClaudeBot/1.0; +claudebot@anthropic.com)"
216.73.216.220 - - [21/Jul/2025:20:38:16 -0400] "GET /sitemap438.xml HTTP/1.1" 404 14303 "-" "Mozilla/5.0 AppleWebKit/537.36 (KHTML, like Gecko; compatible; ClaudeBot/1.0; +claudebot@anthropic.com)"
23.92.177.29 - - [21/Jul/2025:20:41:30 -0400] "POST /wp-cron.php?doing_wp_cron=1753144890.7981140613555908203125 HTTP/1.1" 200 0 "-" "WordPress/6.7.2; https://bodyguardslosangeles.net"
57.141.4.16 - - [21/Jul/2025:20:41:30 -0400] "GET /sitemap346.xml HTTP/1.1" 404 70479 "-" "meta-externalagent/1.1 (+https://developers.facebook.com/docs/sharing/webmasters/crawler)"
23.92.177.29 - - [21/Jul/2025:20:42:42 -0400] "POST /wp-cron.php?doing_wp_cron=1753144962.1161398887634277343750 HTTP/1.1" 200 0 "-" "WordPress/6.7.2; https://bodyguardslosangeles.net"
216.73.216.220 - - [21/Jul/2025:20:42:41 -0400] "GET /sitemap234.xml HTTP/1.1" 404 14303 "-" "Mozilla/5.0 AppleWebKit/537.36 (KHTML, like Gecko; compatible; ClaudeBot/1.0; +claudebot@anthropic.com)"
43.135.142.7 - - [21/Jul/2025:20:44:00 -0400] "GET / HTTP/1.1" 301 0 "-" "Mozilla/5.0 (iPhone; CPU iPhone OS 13_2_3 like Mac OS X) AppleWebKit/605.1.15 (KHTML, like Gecko) Version/13.0.3 Mobile/15E148 Safari/604.1"
23.92.177.29 - - [21/Jul/2025:20:47:51 -0400] "POST /wp-cron.php?doing_wp_cron=1753145271.4295620918273925781250 HTTP/1.1" 200 0 "-" "WordPress/6.7.2; https://bodyguardslosangeles.net"
216.73.216.220 - - [21/Jul/2025:20:47:51 -0400] "GET /sitemap346.xml HTTP/1.1" 404 14303 "-" "Mozilla/5.0 AppleWebKit/537.36 (KHTML, like Gecko; compatible; ClaudeBot/1.0; +claudebot@anthropic.com)"
23.92.177.29 - - [21/Jul/2025:20:49:45 -0400] "POST /wp-cron.php?doing_wp_cron=1753145385.1509408950805664062500 HTTP/1.1" 200 0 "-" "WordPress/6.7.2; https://bodyguardslosangeles.net"
57.141.4.1 - - [21/Jul/2025:20:49:44 -0400] "GET /shopdetail/2070869/ HTTP/1.1" 404 70507 "-" "meta-externalagent/1.1 (+https://developers.facebook.com/docs/sharing/webmasters/crawler)"
23.92.177.29 - - [21/Jul/2025:20:53:06 -0400] "POST /wp-cron.php?doing_wp_cron=1753145586.8251359462738037109375 HTTP/1.1" 200 0 "-" "WordPress/6.7.2; https://bodyguardslosangeles.net"
216.73.216.220 - - [21/Jul/2025:20:53:06 -0400] "GET /sitemap255.xml HTTP/1.1" 404 14303 "-" "Mozilla/5.0 AppleWebKit/537.36 (KHTML, like Gecko; compatible; ClaudeBot/1.0; +claudebot@anthropic.com)"
216.73.216.220 - - [21/Jul/2025:20:53:07 -0400] "GET /sitemap604.xml HTTP/1.1" 404 14303 "-" "Mozilla/5.0 AppleWebKit/537.36 (KHTML, like Gecko; compatible; ClaudeBot/1.0; +claudebot@anthropic.com)"
57.141.4.18 - - [21/Jul/2025:20:53:08 -0400] "GET /shopdetail/20050169/ HTTP/1.1" 404 70509 "-" "meta-externalagent/1.1 (+https://developers.facebook.com/docs/sharing/webmasters/crawler)"
216.73.216.220 - - [21/Jul/2025:20:53:08 -0400] "GET /sitemap376.xml HTTP/1.1" 404 14303 "-" "Mozilla/5.0 AppleWebKit/537.36 (KHTML, like Gecko; compatible; ClaudeBot/1.0; +claudebot@anthropic.com)"
23.92.177.29 - - [21/Jul/2025:20:57:36 -0400] "POST /wp-cron.php?doing_wp_cron=1753145856.8816530704498291015625 HTTP/1.1" 200 0 "-" "WordPress/6.7.2; https://bodyguardslosangeles.net"
216.73.216.220 - - [21/Jul/2025:20:57:36 -0400] "GET /sitemap357.xml HTTP/1.1" 404 14303 "-" "Mozilla/5.0 AppleWebKit/537.36 (KHTML, like Gecko; compatible; ClaudeBot/1.0; +claudebot@anthropic.com)"
23.92.177.29 - - [21/Jul/2025:20:58:56 -0400] "POST /wp-cron.php?doing_wp_cron=1753145936.6772429943084716796875 HTTP/1.1" 200 0 "-" "WordPress/6.7.2; https://bodyguardslosangeles.net"
57.141.4.1 - - [21/Jul/2025:20:58:56 -0400] "GET /shopdetail/15485736/ HTTP/1.1" 404 70509 "-" "meta-externalagent/1.1 (+https://developers.facebook.com/docs/sharing/webmasters/crawler)"
23.92.177.29 - - [21/Jul/2025:20:59:35 -0400] "POST /wp-cron.php?doing_wp_cron=1753145975.9313380718231201171875 HTTP/1.1" 200 0 "-" "WordPress/6.7.2; https://bodyguardslosangeles.net"
216.73.216.220 - - [21/Jul/2025:20:59:35 -0400] "GET /sitemap602.xml HTTP/1.1" 404 14303 "-" "Mozilla/5.0 AppleWebKit/537.36 (KHTML, like Gecko; compatible; ClaudeBot/1.0; +claudebot@anthropic.com)"
23.92.177.29 - - [21/Jul/2025:21:02:24 -0400] "POST /wp-cron.php?doing_wp_cron=1753146144.8607048988342285156250 HTTP/1.1" 200 0 "-" "WordPress/6.7.2; https://bodyguardslosangeles.net"
216.73.216.220 - - [21/Jul/2025:21:02:24 -0400] "GET /sitemap658.xml HTTP/1.1" 404 14303 "-" "Mozilla/5.0 AppleWebKit/537.36 (KHTML, like Gecko; compatible; ClaudeBot/1.0; +claudebot@anthropic.com)"
23.92.177.29 - - [21/Jul/2025:21:03:36 -0400] "POST /wp-cron.php?doing_wp_cron=1753146216.7814679145812988281250 HTTP/1.1" 200 0 "-" "WordPress/6.7.2; https://bodyguardslosangeles.net"
165.22.223.164 - - [21/Jul/2025:21:03:36 -0400] "GET / HTTP/1.1" 301 0 "-" "Mozilla/5.0 (Macintosh; Intel Mac OS X 10_15_7; rv:127.0) Gecko/20100101 Firefox/127.0"
57.141.4.4 - - [21/Jul/2025:21:04:05 -0400] "GET /shopdetail/9097258/ HTTP/1.1" 404 70507 "-" "meta-externalagent/1.1 (+https://developers.facebook.com/docs/sharing/webmasters/crawler)"
23.92.177.29 - - [21/Jul/2025:21:06:11 -0400] "POST /wp-cron.php?doing_wp_cron=1753146371.2235140800476074218750 HTTP/1.1" 200 0 "-" "WordPress/6.7.2; https://bodyguardslosangeles.net"
57.141.4.11 - - [21/Jul/2025:21:06:11 -0400] "GET /shopdetail/4936503/ HTTP/1.1" 404 70507 "-" "meta-externalagent/1.1 (+https://developers.facebook.com/docs/sharing/webmasters/crawler)"
216.73.216.220 - - [21/Jul/2025:21:06:11 -0400] "GET /sitemap394.xml HTTP/1.1" 404 14303 "-" "Mozilla/5.0 AppleWebKit/537.36 (KHTML, like Gecko; compatible; ClaudeBot/1.0; +claudebot@anthropic.com)"
23.92.177.29 - - [21/Jul/2025:21:07:38 -0400] "POST /wp-cron.php?doing_wp_cron=1753146458.9687089920043945312500 HTTP/1.1" 200 0 "-" "WordPress/6.7.2; https://bodyguardslosangeles.net"
57.141.4.5 - - [21/Jul/2025:21:07:38 -0400] "GET /sitemap376.xml HTTP/1.1" 404 70479 "-" "meta-externalagent/1.1 (+https://developers.facebook.com/docs/sharing/webmasters/crawler)"
216.73.216.220 - - [21/Jul/2025:21:07:49 -0400] "GET /sitemap568.xml HTTP/1.1" 404 14303 "-" "Mozilla/5.0 AppleWebKit/537.36 (KHTML, like Gecko; compatible; ClaudeBot/1.0; +claudebot@anthropic.com)"
216.73.216.220 - - [21/Jul/2025:21:07:50 -0400] "GET /sitemap402.xml HTTP/1.1" 404 14303 "-" "Mozilla/5.0 AppleWebKit/537.36 (KHTML, like Gecko; compatible; ClaudeBot/1.0; +claudebot@anthropic.com)"
23.92.177.29 - - [21/Jul/2025:21:08:54 -0400] "POST /wp-cron.php?doing_wp_cron=1753146534.1470460891723632812500 HTTP/1.1" 200 0 "-" "WordPress/6.7.2; https://bodyguardslosangeles.net"
216.73.216.220 - - [21/Jul/2025:21:08:53 -0400] "GET /sitemap334.xml HTTP/1.1" 404 14303 "-" "Mozilla/5.0 AppleWebKit/537.36 (KHTML, like Gecko; compatible; ClaudeBot/1.0; +claudebot@anthropic.com)"
23.92.177.29 - - [21/Jul/2025:21:10:01 -0400] "POST /wp-cron.php?doing_wp_cron=1753146601.6591169834136962890625 HTTP/1.1" 200 0 "-" "WordPress/6.7.2; https://bodyguardslosangeles.net"
57.141.4.10 - - [21/Jul/2025:21:10:01 -0400] "GET /shopdetail/1533136/ HTTP/1.1" 404 70507 "-" "meta-externalagent/1.1 (+https://developers.facebook.com/docs/sharing/webmasters/crawler)"
23.92.177.29 - - [21/Jul/2025:21:11:43 -0400] "POST /wp-cron.php?doing_wp_cron=1753146703.2310619354248046875000 HTTP/1.1" 200 0 "-" "WordPress/6.7.2; https://bodyguardslosangeles.net"
216.73.216.220 - - [21/Jul/2025:21:11:43 -0400] "GET /sitemap886.xml HTTP/1.1" 404 14303 "-" "Mozilla/5.0 AppleWebKit/537.36 (KHTML, like Gecko; compatible; ClaudeBot/1.0; +claudebot@anthropic.com)"
216.73.216.220 - - [21/Jul/2025:21:11:44 -0400] "GET /sitemap438.xml HTTP/1.1" 404 14303 "-" "Mozilla/5.0 AppleWebKit/537.36 (KHTML, like Gecko; compatible; ClaudeBot/1.0; +claudebot@anthropic.com)"
57.141.4.14 - - [21/Jul/2025:21:14:23 -0400] "GET /shopdetail/6169669/ HTTP/1.1" 404 70507 "-" "meta-externalagent/1.1 (+https://developers.facebook.com/docs/sharing/webmasters/crawler)"
216.73.216.220 - - [21/Jul/2025:21:14:24 -0400] "GET /sitemap450.xml HTTP/1.1" 404 14303 "-" "Mozilla/5.0 AppleWebKit/537.36 (KHTML, like Gecko; compatible; ClaudeBot/1.0; +claudebot@anthropic.com)"
23.92.177.29 - - [21/Jul/2025:21:15:32 -0400] "POST /wp-cron.php?doing_wp_cron=1753146932.7957890033721923828125 HTTP/1.1" 200 0 "-" "WordPress/6.7.2; https://bodyguardslosangeles.net"
57.141.4.22 - - [21/Jul/2025:21:15:32 -0400] "GET /shopdetail/24666736/ HTTP/1.1" 404 70509 "-" "meta-externalagent/1.1 (+https://developers.facebook.com/docs/sharing/webmasters/crawler)"
216.73.216.220 - - [21/Jul/2025:21:15:32 -0400] "GET /sitemap796.xml HTTP/1.1" 404 14303 "-" "Mozilla/5.0 AppleWebKit/537.36 (KHTML, like Gecko; compatible; ClaudeBot/1.0; +claudebot@anthropic.com)"
23.92.177.29 - - [21/Jul/2025:21:22:36 -0400] "POST /wp-cron.php?doing_wp_cron=1753147356.7950279712677001953125 HTTP/1.1" 200 0 "-" "WordPress/6.7.2; https://bodyguardslosangeles.net"
216.73.216.220 - - [21/Jul/2025:21:22:36 -0400] "GET /sitemap805.xml HTTP/1.1" 404 14303 "-" "Mozilla/5.0 AppleWebKit/537.36 (KHTML, like Gecko; compatible; ClaudeBot/1.0; +claudebot@anthropic.com)"
23.92.177.29 - - [21/Jul/2025:21:23:42 -0400] "POST /wp-cron.php?doing_wp_cron=1753147422.8479099273681640625000 HTTP/1.1" 200 0 "-" "WordPress/6.7.2; https://bodyguardslosangeles.net"
216.73.216.220 - - [21/Jul/2025:21:23:42 -0400] "GET /sitemap346.xml HTTP/1.1" 404 14303 "-" "Mozilla/5.0 AppleWebKit/537.36 (KHTML, like Gecko; compatible; ClaudeBot/1.0; +claudebot@anthropic.com)"
216.73.216.220 - - [21/Jul/2025:21:23:42 -0400] "GET /sitemap234.xml HTTP/1.1" 404 14303 "-" "Mozilla/5.0 AppleWebKit/537.36 (KHTML, like Gecko; compatible; ClaudeBot/1.0; +claudebot@anthropic.com)"
23.92.177.29 - - [21/Jul/2025:21:31:05 -0400] "POST /wp-cron.php?doing_wp_cron=1753147865.7112040519714355468750 HTTP/1.1" 200 0 "-" "WordPress/6.7.2; https://bodyguardslosangeles.net"
57.141.4.15 - - [21/Jul/2025:21:31:05 -0400] "GET /shopdetail/5623036/ HTTP/1.1" 404 70507 "-" "meta-externalagent/1.1 (+https://developers.facebook.com/docs/sharing/webmasters/crawler)"
23.92.177.29 - - [21/Jul/2025:21:33:31 -0400] "POST /wp-cron.php?doing_wp_cron=1753148011.1993041038513183593750 HTTP/1.1" 200 0 "-" "WordPress/6.7.2; https://bodyguardslosangeles.net"
216.73.216.220 - - [21/Jul/2025:21:33:30 -0400] "GET /sitemap697.xml HTTP/1.1" 404 14303 "-" "Mozilla/5.0 AppleWebKit/537.36 (KHTML, like Gecko; compatible; ClaudeBot/1.0; +claudebot@anthropic.com)"
57.141.4.7 - - [21/Jul/2025:21:34:11 -0400] "GET /shopdetail/1614569/ HTTP/1.1" 404 70507 "-" "meta-externalagent/1.1 (+https://developers.facebook.com/docs/sharing/webmasters/crawler)"
23.92.177.29 - - [21/Jul/2025:21:38:25 -0400] "POST /wp-cron.php?doing_wp_cron=1753148305.1818549633026123046875 HTTP/1.1" 200 0 "-" "WordPress/6.7.2; https://bodyguardslosangeles.net"
34.12.110.230 - - [21/Jul/2025:21:38:24 -0400] "GET /BODYGUARDS%20LOS%20ANGELES.gif HTTP/1.1" 301 0 "-" "Python/3.12 aiohttp/3.12.13"
34.12.110.230 - - [21/Jul/2025:21:38:25 -0400] "GET /BODYGUARDS%20LOS%20ANGELES.gif HTTP/1.1" 404 16414 "-" "Python/3.12 aiohttp/3.12.13"
23.92.177.29 - - [21/Jul/2025:21:44:00 -0400] "POST /wp-cron.php?doing_wp_cron=1753148640.8347110748291015625000 HTTP/1.1" 200 0 "-" "WordPress/6.7.2; https://bodyguardslosangeles.net"
57.141.4.14 - - [21/Jul/2025:21:44:00 -0400] "GET /shopdetail/24672992/ HTTP/1.1" 404 70509 "-" "meta-externalagent/1.1 (+https://developers.facebook.com/docs/sharing/webmasters/crawler)"
23.92.177.29 - - [21/Jul/2025:21:44:25 -0400] "POST /wp-cron.php?doing_wp_cron=1753148665.0797159671783447265625 HTTP/1.1" 200 0 "-" "WordPress/6.7.2; https://bodyguardslosangeles.net"
57.141.4.18 - - [21/Jul/2025:21:44:24 -0400] "GET /shopdetail/23298936/ HTTP/1.1" 404 70509 "-" "meta-externalagent/1.1 (+https://developers.facebook.com/docs/sharing/webmasters/crawler)"
182.44.12.37 - - [21/Jul/2025:21:44:25 -0400] "GET / HTTP/1.1" 301 0 "-" "Mozilla/5.0 (iPhone; CPU iPhone OS 13_2_3 like Mac OS X) AppleWebKit/605.1.15 (KHTML, like Gecko) Version/13.0.3 Mobile/15E148 Safari/604.1"
216.73.216.220 - - [21/Jul/2025:21:49:33 -0400] "GET /robots.txt HTTP/1.1" 200 145 "-" "Mozilla/5.0 AppleWebKit/537.36 (KHTML, like Gecko; compatible; ClaudeBot/1.0; +claudebot@anthropic.com)"
23.92.177.29 - - [21/Jul/2025:21:49:34 -0400] "POST /wp-cron.php?doing_wp_cron=1753148974.1897099018096923828125 HTTP/1.1" 200 0 "-" "WordPress/6.7.2; https://bodyguardslosangeles.net"
216.73.216.220 - - [21/Jul/2025:21:49:33 -0400] "GET /sitemap234.xml HTTP/1.1" 404 14303 "-" "Mozilla/5.0 AppleWebKit/537.36 (KHTML, like Gecko; compatible; ClaudeBot/1.0; +claudebot@anthropic.com)"
57.141.4.17 - - [21/Jul/2025:21:50:38 -0400] "GET /shopdetail/22686314/ HTTP/1.1" 404 70509 "-" "meta-externalagent/1.1 (+https://developers.facebook.com/docs/sharing/webmasters/crawler)"
216.73.216.220 - - [21/Jul/2025:21:50:45 -0400] "GET /sitemap.xml HTTP/1.1" 301 0 "-" "Mozilla/5.0 AppleWebKit/537.36 (KHTML, like Gecko; compatible; ClaudeBot/1.0; +claudebot@anthropic.com)"
23.92.177.29 - - [21/Jul/2025:21:53:30 -0400] "POST /wp-cron.php?doing_wp_cron=1753149210.3242681026458740234375 HTTP/1.1" 200 0 "-" "WordPress/6.7.2; https://bodyguardslosangeles.net"
34.105.92.222 - - [21/Jul/2025:21:53:30 -0400] "HEAD /wordpress HTTP/1.1" 404 0 "-" "Mozilla/5.0 (Windows NT 10.0; Win64; x64) AppleWebKit/537.36 (KHTML, like Gecko) Chrome/74.0.3729.169 Safari/537.36"
34.105.92.222 - - [21/Jul/2025:21:53:30 -0400] "HEAD / HTTP/1.1" 301 0 "-" "Mozilla/5.0 (Windows NT 10.0; Win64; x64) AppleWebKit/537.36 (KHTML, like Gecko) Chrome/74.0.3729.169 Safari/537.36"
34.105.92.222 - - [21/Jul/2025:21:53:31 -0400] "HEAD /wordpress HTTP/1.1" 404 0 "-" "Mozilla/5.0 (Windows NT 10.0; Win64; x64) AppleWebKit/537.36 (KHTML, like Gecko) Chrome/74.0.3729.169 Safari/537.36"
34.105.92.222 - - [21/Jul/2025:21:53:31 -0400] "HEAD /wp HTTP/1.1" 404 0 "-" "Mozilla/5.0 (Windows NT 10.0; Win64; x64) AppleWebKit/537.36 (KHTML, like Gecko) Chrome/74.0.3729.169 Safari/537.36"
34.105.92.222 - - [21/Jul/2025:21:53:31 -0400] "HEAD / HTTP/1.1" 301 0 "-" "Mozilla/5.0 (Windows NT 10.0; Win64; x64) AppleWebKit/537.36 (KHTML, like Gecko) Chrome/74.0.3729.169 Safari/537.36"
34.105.92.222 - - [21/Jul/2025:21:53:31 -0400] "HEAD /bc HTTP/1.1" 404 0 "-" "Mozilla/5.0 (Windows NT 10.0; Win64; x64) AppleWebKit/537.36 (KHTML, like Gecko) Chrome/74.0.3729.169 Safari/537.36"
34.105.92.222 - - [21/Jul/2025:21:53:31 -0400] "HEAD /bk HTTP/1.1" 404 0 "-" "Mozilla/5.0 (Windows NT 10.0; Win64; x64) AppleWebKit/537.36 (KHTML, like Gecko) Chrome/74.0.3729.169 Safari/537.36"
34.105.92.222 - - [21/Jul/2025:21:53:31 -0400] "HEAD /backup HTTP/1.1" 404 0 "-" "Mozilla/5.0 (Windows NT 10.0; Win64; x64) AppleWebKit/537.36 (KHTML, like Gecko) Chrome/74.0.3729.169 Safari/537.36"
34.105.92.222 - - [21/Jul/2025:21:53:32 -0400] "HEAD /wp HTTP/1.1" 404 0 "-" "Mozilla/5.0 (Windows NT 10.0; Win64; x64) AppleWebKit/537.36 (KHTML, like Gecko) Chrome/74.0.3729.169 Safari/537.36"
34.105.92.222 - - [21/Jul/2025:21:53:32 -0400] "HEAD /old HTTP/1.1" 404 0 "-" "Mozilla/5.0 (Windows NT 10.0; Win64; x64) AppleWebKit/537.36 (KHTML, like Gecko) Chrome/74.0.3729.169 Safari/537.36"
34.105.92.222 - - [21/Jul/2025:21:53:32 -0400] "HEAD /bc HTTP/1.1" 404 0 "-" "Mozilla/5.0 (Windows NT 10.0; Win64; x64) AppleWebKit/537.36 (KHTML, like Gecko) Chrome/74.0.3729.169 Safari/537.36"
34.105.92.222 - - [21/Jul/2025:21:53:32 -0400] "HEAD /new HTTP/1.1" 404 0 "-" "Mozilla/5.0 (Windows NT 10.0; Win64; x64) AppleWebKit/537.36 (KHTML, like Gecko) Chrome/74.0.3729.169 Safari/537.36"
34.105.92.222 - - [21/Jul/2025:21:53:32 -0400] "HEAD /bk HTTP/1.1" 404 0 "-" "Mozilla/5.0 (Windows NT 10.0; Win64; x64) AppleWebKit/537.36 (KHTML, like Gecko) Chrome/74.0.3729.169 Safari/537.36"
34.105.92.222 - - [21/Jul/2025:21:53:32 -0400] "HEAD /main HTTP/1.1" 404 0 "-" "Mozilla/5.0 (Windows NT 10.0; Win64; x64) AppleWebKit/537.36 (KHTML, like Gecko) Chrome/74.0.3729.169 Safari/537.36"
34.105.92.222 - - [21/Jul/2025:21:53:32 -0400] "HEAD /backup HTTP/1.1" 404 0 "-" "Mozilla/5.0 (Windows NT 10.0; Win64; x64) AppleWebKit/537.36 (KHTML, like Gecko) Chrome/74.0.3729.169 Safari/537.36"
34.105.92.222 - - [21/Jul/2025:21:53:32 -0400] "HEAD /home HTTP/1.1" 301 0 "-" "Mozilla/5.0 (Windows NT 10.0; Win64; x64) AppleWebKit/537.36 (KHTML, like Gecko) Chrome/74.0.3729.169 Safari/537.36"
34.105.92.222 - - [21/Jul/2025:21:53:33 -0400] "HEAD /old HTTP/1.1" 404 0 "-" "Mozilla/5.0 (Windows NT 10.0; Win64; x64) AppleWebKit/537.36 (KHTML, like Gecko) Chrome/74.0.3729.169 Safari/537.36"
34.105.92.222 - - [21/Jul/2025:21:53:33 -0400] "HEAD /new HTTP/1.1" 404 0 "-" "Mozilla/5.0 (Windows NT 10.0; Win64; x64) AppleWebKit/537.36 (KHTML, like Gecko) Chrome/74.0.3729.169 Safari/537.36"
34.105.92.222 - - [21/Jul/2025:21:53:33 -0400] "HEAD /main HTTP/1.1" 404 0 "-" "Mozilla/5.0 (Windows NT 10.0; Win64; x64) AppleWebKit/537.36 (KHTML, like Gecko) Chrome/74.0.3729.169 Safari/537.36"
34.105.92.222 - - [21/Jul/2025:21:53:33 -0400] "HEAD /home HTTP/1.1" 200 0 "-" "Mozilla/5.0 (Windows NT 10.0; Win64; x64) AppleWebKit/537.36 (KHTML, like Gecko) Chrome/74.0.3729.169 Safari/537.36"
23.92.177.29 - - [21/Jul/2025:21:56:29 -0400] "POST /wp-cron.php?doing_wp_cron=1753149389.6674430370330810546875 HTTP/1.1" 200 0 "-" "WordPress/6.7.2; https://bodyguardslosangeles.net"
146.70.39.3 - - [21/Jul/2025:21:56:29 -0400] "GET / HTTP/1.1" 301 0 "-" "Mozilla/5.0 (Windows NT 10.0; WOW64) AppleWebKit/537.36 (KHTML, like Gecko) Chrome/116.0.0.0 Safari/537.36"
23.92.177.29 - - [21/Jul/2025:21:58:53 -0400] "POST /wp-cron.php?doing_wp_cron=1753149533.8376970291137695312500 HTTP/1.1" 200 0 "-" "WordPress/6.7.2; https://bodyguardslosangeles.net"
57.141.4.29 - - [21/Jul/2025:21:58:53 -0400] "GET /shopdetail/16527092/ HTTP/1.1" 404 70509 "-" "meta-externalagent/1.1 (+https://developers.facebook.com/docs/sharing/webmasters/crawler)"
23.92.177.29 - - [21/Jul/2025:22:01:12 -0400] "POST /wp-cron.php?doing_wp_cron=1753149672.5975658893585205078125 HTTP/1.1" 200 0 "-" "WordPress/6.7.2; https://bodyguardslosangeles.net"
216.73.216.220 - - [21/Jul/2025:22:01:12 -0400] "GET /sitemap796.xml HTTP/1.1" 404 14303 "-" "Mozilla/5.0 AppleWebKit/537.36 (KHTML, like Gecko; compatible; ClaudeBot/1.0; +claudebot@anthropic.com)"
23.92.177.29 - - [21/Jul/2025:22:01:14 -0400] "POST /wp-cron.php?doing_wp_cron=1753149674.3215680122375488281250 HTTP/1.1" 200 0 "-" "WordPress/6.7.2; https://bodyguardslosangeles.net"
216.73.216.220 - - [21/Jul/2025:22:01:14 -0400] "GET /sitemap658.xml HTTP/1.1" 404 14303 "-" "Mozilla/5.0 AppleWebKit/537.36 (KHTML, like Gecko; compatible; ClaudeBot/1.0; +claudebot@anthropic.com)"
57.141.4.20 - - [21/Jul/2025:22:01:23 -0400] "GET /shopdetail/6677703/ HTTP/1.1" 404 70507 "-" "meta-externalagent/1.1 (+https://developers.facebook.com/docs/sharing/webmasters/crawler)"
23.92.177.29 - - [21/Jul/2025:22:03:51 -0400] "POST /wp-cron.php?doing_wp_cron=1753149831.7806820869445800781250 HTTP/1.1" 200 0 "-" "WordPress/6.7.2; https://bodyguardslosangeles.net"
216.73.216.220 - - [21/Jul/2025:22:03:51 -0400] "GET /sitemap255.xml HTTP/1.1" 404 14303 "-" "Mozilla/5.0 AppleWebKit/537.36 (KHTML, like Gecko; compatible; ClaudeBot/1.0; +claudebot@anthropic.com)"
57.141.4.20 - - [21/Jul/2025:22:03:52 -0400] "GET /shopdetail/15530147/ HTTP/1.1" 404 70509 "-" "meta-externalagent/1.1 (+https://developers.facebook.com/docs/sharing/webmasters/crawler)"
23.92.177.29 - - [21/Jul/2025:22:11:39 -0400] "POST /wp-cron.php?doing_wp_cron=1753150299.0130341053009033203125 HTTP/1.1" 200 0 "-" "WordPress/6.7.2; https://bodyguardslosangeles.net"
216.73.216.220 - - [21/Jul/2025:22:11:38 -0400] "GET /sitemap450.xml HTTP/1.1" 404 14303 "-" "Mozilla/5.0 AppleWebKit/537.36 (KHTML, like Gecko; compatible; ClaudeBot/1.0; +claudebot@anthropic.com)"
23.92.177.29 - - [21/Jul/2025:22:17:06 -0400] "GET /.well-known/acme-challenge/07V7P4WHPF2-HX_B9P24LPK8EVO_RYKB HTTP/1.1" 200 64 "-" "Cpanel-HTTP-Client/1.0"
23.92.177.29 - - [21/Jul/2025:22:17:07 -0400] "GET /.well-known/acme-challenge/4JGOXL4M75UVKJR1_P4NAQD4O569LE4A HTTP/1.1" 200 64 "-" "Cpanel-HTTP-Client/1.0"
23.92.177.29 - - [21/Jul/2025:22:17:07 -0400] "GET /.well-known/acme-challenge/DJ0E0W9QIP-LD_K7Z61R9PJC9CZ4GND_ HTTP/1.1" 200 64 "-" "Cpanel-HTTP-Client/1.0"
23.92.177.29 - - [21/Jul/2025:22:17:08 -0400] "GET /.well-known/acme-challenge/_YRIRD2GPYOQ1GDBOS14X72XV7QIFLMU HTTP/1.1" 200 64 "-" "Cpanel-HTTP-Client/1.0"
23.92.177.29 - - [21/Jul/2025:22:17:09 -0400] "GET /.well-known/acme-challenge/ENAQ71KHZDXZB44FAU9SK28APB-33X_R HTTP/1.1" 200 64 "-" "Cpanel-HTTP-Client/1.0"
23.92.177.29 - - [21/Jul/2025:22:17:09 -0400] "GET /.well-known/acme-challenge/X-AN0CK0UVWM903RENUZ98SUMCE-L4FC HTTP/1.1" 200 64 "-" "Cpanel-HTTP-Client/1.0"
23.92.177.29 - - [21/Jul/2025:22:17:09 -0400] "GET /.well-known/acme-challenge/TGSMY85480AV2_MMH2EJ4KTJ-8S0WLG- HTTP/1.1" 200 64 "-" "Cpanel-HTTP-Client/1.0"
23.92.177.29 - - [21/Jul/2025:22:17:10 -0400] "GET /.well-known/acme-challenge/I0BD9U9_6Y8XRNG50WATSL_Z8-XW_R9U HTTP/1.1" 200 64 "-" "Cpanel-HTTP-Client/1.0"
23.92.177.29 - - [21/Jul/2025:22:17:10 -0400] "GET /.well-known/acme-challenge/5Q8NZRY5IPGG827-CIJ0L1ZSLLCC-CN5 HTTP/1.1" 200 64 "-" "Cpanel-HTTP-Client/1.0"
23.92.177.29 - - [21/Jul/2025:22:18:58 -0400] "POST /wp-cron.php?doing_wp_cron=1753150738.4766259193420410156250 HTTP/1.1" 200 0 "-" "WordPress/6.7.2; https://bodyguardslosangeles.net"
57.141.4.22 - - [21/Jul/2025:22:18:58 -0400] "GET /shopdetail/4352747/ HTTP/1.1" 404 70507 "-" "meta-externalagent/1.1 (+https://developers.facebook.com/docs/sharing/webmasters/crawler)"
23.92.177.29 - - [21/Jul/2025:22:21:37 -0400] "POST /wp-cron.php?doing_wp_cron=1753150897.0062010288238525390625 HTTP/1.1" 200 0 "-" "WordPress/6.7.2; https://bodyguardslosangeles.net"
216.73.216.220 - - [21/Jul/2025:22:21:36 -0400] "GET /sitemap602.xml HTTP/1.1" 404 14303 "-" "Mozilla/5.0 AppleWebKit/537.36 (KHTML, like Gecko; compatible; ClaudeBot/1.0; +claudebot@anthropic.com)"
57.141.4.29 - - [21/Jul/2025:22:24:53 -0400] "GET /shopdetail/13439136/ HTTP/1.1" 404 70509 "-" "meta-externalagent/1.1 (+https://developers.facebook.com/docs/sharing/webmasters/crawler)"
23.92.177.29 - - [21/Jul/2025:22:25:33 -0400] "POST /wp-cron.php?doing_wp_cron=1753151133.0082230567932128906250 HTTP/1.1" 200 0 "-" "WordPress/6.7.2; https://bodyguardslosangeles.net"
43.157.46.118 - - [21/Jul/2025:22:25:32 -0400] "GET / HTTP/1.1" 301 0 "-" "Mozilla/5.0 (iPhone; CPU iPhone OS 13_2_3 like Mac OS X) AppleWebKit/605.1.15 (KHTML, like Gecko) Version/13.0.3 Mobile/15E148 Safari/604.1"
216.73.216.220 - - [21/Jul/2025:22:25:40 -0400] "GET /sitemap450.xml HTTP/1.1" 404 14303 "-" "Mozilla/5.0 AppleWebKit/537.36 (KHTML, like Gecko; compatible; ClaudeBot/1.0; +claudebot@anthropic.com)"
23.92.177.29 - - [21/Jul/2025:22:27:15 -0400] "POST /wp-cron.php?doing_wp_cron=1753151235.9616229534149169921875 HTTP/1.1" 200 0 "-" "WordPress/6.7.2; https://bodyguardslosangeles.net"
216.73.216.220 - - [21/Jul/2025:22:27:15 -0400] "GET /sitemap796.xml HTTP/1.1" 404 14303 "-" "Mozilla/5.0 AppleWebKit/537.36 (KHTML, like Gecko; compatible; ClaudeBot/1.0; +claudebot@anthropic.com)"
23.92.177.29 - - [21/Jul/2025:22:29:11 -0400] "POST /wp-cron.php?doing_wp_cron=1753151351.9136331081390380859375 HTTP/1.1" 200 0 "-" "WordPress/6.7.2; https://bodyguardslosangeles.net"
216.73.216.220 - - [21/Jul/2025:22:29:11 -0400] "GET /sitemap438.xml HTTP/1.1" 404 14303 "-" "Mozilla/5.0 AppleWebKit/537.36 (KHTML, like Gecko; compatible; ClaudeBot/1.0; +claudebot@anthropic.com)"
23.92.177.29 - - [21/Jul/2025:22:30:04 -0400] "POST /wp-cron.php?doing_wp_cron=1753151404.5969150066375732421875 HTTP/1.1" 200 0 "-" "WordPress/6.7.2; https://bodyguardslosangeles.net"
57.141.4.2 - - [21/Jul/2025:22:30:04 -0400] "GET /shopdetail/24990358/ HTTP/1.1" 404 70509 "-" "meta-externalagent/1.1 (+https://developers.facebook.com/docs/sharing/webmasters/crawler)"
23.92.177.29 - - [21/Jul/2025:22:31:39 -0400] "POST /wp-cron.php?doing_wp_cron=1753151499.3003718852996826171875 HTTP/1.1" 200 0 "-" "WordPress/6.7.2; https://bodyguardslosangeles.net"
216.73.216.220 - - [21/Jul/2025:22:31:39 -0400] "GET /sitemap357.xml HTTP/1.1" 404 14303 "-" "Mozilla/5.0 AppleWebKit/537.36 (KHTML, like Gecko; compatible; ClaudeBot/1.0; +claudebot@anthropic.com)"
23.92.177.29 - - [21/Jul/2025:22:32:29 -0400] "POST /wp-cron.php?doing_wp_cron=1753151549.8595590591430664062500 HTTP/1.1" 200 0 "-" "WordPress/6.7.2; https://bodyguardslosangeles.net"
57.141.4.20 - - [21/Jul/2025:22:32:29 -0400] "GET /shopdetail/9491425/ HTTP/1.1" 404 70507 "-" "meta-externalagent/1.1 (+https://developers.facebook.com/docs/sharing/webmasters/crawler)"
216.73.216.220 - - [21/Jul/2025:22:32:58 -0400] "GET /sitemap234.xml HTTP/1.1" 404 14303 "-" "Mozilla/5.0 AppleWebKit/537.36 (KHTML, like Gecko; compatible; ClaudeBot/1.0; +claudebot@anthropic.com)"
23.92.177.29 - - [21/Jul/2025:22:33:18 -0400] "POST /wp-cron.php?doing_wp_cron=1753151598.8380100727081298828125 HTTP/1.1" 200 0 "-" "WordPress/6.7.2; https://bodyguardslosangeles.net"
57.141.4.5 - - [21/Jul/2025:22:33:18 -0400] "GET /shopdetail/13550103/ HTTP/1.1" 404 70509 "-" "meta-externalagent/1.1 (+https://developers.facebook.com/docs/sharing/webmasters/crawler)"
23.92.177.29 - - [21/Jul/2025:22:34:32 -0400] "POST /wp-cron.php?doing_wp_cron=1753151672.8401300907135009765625 HTTP/1.1" 200 0 "-" "WordPress/6.7.2; https://bodyguardslosangeles.net"
216.73.216.220 - - [21/Jul/2025:22:34:32 -0400] "GET /sitemap346.xml HTTP/1.1" 404 14303 "-" "Mozilla/5.0 AppleWebKit/537.36 (KHTML, like Gecko; compatible; ClaudeBot/1.0; +claudebot@anthropic.com)"
23.92.177.29 - - [21/Jul/2025:22:36:38 -0400] "POST /wp-cron.php?doing_wp_cron=1753151798.7371859550476074218750 HTTP/1.1" 200 0 "-" "WordPress/6.7.2; https://bodyguardslosangeles.net"
14.169.46.178 - - [21/Jul/2025:22:36:38 -0400] "GET http://bodyguardslosangeles.net/celebrity%20bodyguards%20los%20angeles.png HTTP/1.1" 404 0 "-" "Mozilla/5.0 (Macintosh; Intel Mac OS X 10_13_6) AppleWebKit/537.36 (KHTML, like Gecko) Chrome/78.0.3904.108 Safari/537.36"
216.73.216.220 - - [21/Jul/2025:22:37:07 -0400] "GET /sitemap438.xml HTTP/1.1" 404 14303 "-" "Mozilla/5.0 AppleWebKit/537.36 (KHTML, like Gecko; compatible; ClaudeBot/1.0; +claudebot@anthropic.com)"
23.92.177.29 - - [21/Jul/2025:22:39:06 -0400] "POST /wp-cron.php?doing_wp_cron=1753151946.9515318870544433593750 HTTP/1.1" 200 0 "-" "WordPress/6.7.2; https://bodyguardslosangeles.net"
216.73.216.220 - - [21/Jul/2025:22:39:06 -0400] "GET /sitemap602.xml HTTP/1.1" 404 14303 "-" "Mozilla/5.0 AppleWebKit/537.36 (KHTML, like Gecko; compatible; ClaudeBot/1.0; +claudebot@anthropic.com)"
23.92.177.29 - - [21/Jul/2025:22:43:55 -0400] "POST /wp-cron.php?doing_wp_cron=1753152235.2285859584808349609375 HTTP/1.1" 200 0 "-" "WordPress/6.7.2; https://bodyguardslosangeles.net"
57.141.4.17 - - [21/Jul/2025:22:43:55 -0400] "GET /shopdetail/1820769/ HTTP/1.1" 404 70507 "-" "meta-externalagent/1.1 (+https://developers.facebook.com/docs/sharing/webmasters/crawler)"
23.92.177.29 - - [21/Jul/2025:22:46:47 -0400] "POST /wp-cron.php?doing_wp_cron=1753152407.7482969760894775390625 HTTP/1.1" 200 0 "-" "WordPress/6.7.2; https://bodyguardslosangeles.net"
57.141.4.18 - - [21/Jul/2025:22:46:47 -0400] "GET /shopdetail/12684670/ HTTP/1.1" 404 70509 "-" "meta-externalagent/1.1 (+https://developers.facebook.com/docs/sharing/webmasters/crawler)"
57.141.4.27 - - [21/Jul/2025:22:47:00 -0400] "GET /shopdetail/16820447/ HTTP/1.1" 404 70509 "-" "meta-externalagent/1.1 (+https://developers.facebook.com/docs/sharing/webmasters/crawler)"
23.92.177.29 - - [21/Jul/2025:22:47:57 -0400] "POST /wp-cron.php?doing_wp_cron=1753152477.6357669830322265625000 HTTP/1.1" 200 0 "-" "WordPress/6.7.2; https://bodyguardslosangeles.net"
216.73.216.220 - - [21/Jul/2025:22:47:57 -0400] "GET /sitemap357.xml HTTP/1.1" 404 14303 "-" "Mozilla/5.0 AppleWebKit/537.36 (KHTML, like Gecko; compatible; ClaudeBot/1.0; +claudebot@anthropic.com)"
23.92.177.29 - - [21/Jul/2025:22:49:15 -0400] "POST /wp-cron.php?doing_wp_cron=1753152555.6481320858001708984375 HTTP/1.1" 200 0 "-" "WordPress/6.7.2; https://bodyguardslosangeles.net"
216.73.216.220 - - [21/Jul/2025:22:49:15 -0400] "GET /sitemap376.xml HTTP/1.1" 404 14301 "-" "Mozilla/5.0 AppleWebKit/537.36 (KHTML, like Gecko; compatible; ClaudeBot/1.0; +claudebot@anthropic.com)"
216.73.216.220 - - [21/Jul/2025:22:49:15 -0400] "GET /sitemap886.xml HTTP/1.1" 404 14303 "-" "Mozilla/5.0 AppleWebKit/537.36 (KHTML, like Gecko; compatible; ClaudeBot/1.0; +claudebot@anthropic.com)"
216.73.216.195 - - [21/Jul/2025:22:50:49 -0400] "GET /robots.txt HTTP/1.1" 200 145 "-" "Mozilla/5.0 AppleWebKit/537.36 (KHTML, like Gecko; compatible; ClaudeBot/1.0; +claudebot@anthropic.com)"
23.92.177.29 - - [21/Jul/2025:22:50:50 -0400] "POST /wp-cron.php?doing_wp_cron=1753152650.0161609649658203125000 HTTP/1.1" 200 0 "-" "WordPress/6.7.2; https://bodyguardslosangeles.net"
216.73.216.195 - - [21/Jul/2025:22:50:49 -0400] "GET /sitemap402.xml HTTP/1.1" 404 14303 "-" "Mozilla/5.0 AppleWebKit/537.36 (KHTML, like Gecko; compatible; ClaudeBot/1.0; +claudebot@anthropic.com)"
23.92.177.29 - - [21/Jul/2025:22:51:49 -0400] "POST /wp-cron.php?doing_wp_cron=1753152709.9002749919891357421875 HTTP/1.1" 200 0 "-" "WordPress/6.7.2; https://bodyguardslosangeles.net"
57.141.4.13 - - [21/Jul/2025:22:51:49 -0400] "GET /shopdetail/19730714/ HTTP/1.1" 404 70509 "-" "meta-externalagent/1.1 (+https://developers.facebook.com/docs/sharing/webmasters/crawler)"
