74.80.182.80 - - [21/Jul/2025:16:31:44 -0400] "GET /modules/mod_simplefileuploadv1.3/elements/ HTTP/1.1" 404 70479 "-" "Mozilla/5.0 (Windows NT 10.0; Win64; x64) AppleWebKit/537.36 (KHTML, like Gecko) Chrome/84.0.4147.105 Safari/537.36"
74.80.182.80 - - [21/Jul/2025:16:31:45 -0400] "GET /mt/ HTTP/1.1" 404 70479 "-" "Mozilla/5.0 (Macintosh; Intel Mac OS X 10_12_6) AppleWebKit/537.36 (KHTML, like Gecko) Chrome/58.0.3029.110 Safari/537.3"
74.80.182.80 - - [21/Jul/2025:16:31:45 -0400] "GET /site/wp-includes/ HTTP/1.1" 404 70479 "-" "Mozilla/5.0 (Windows NT 10.0; WOW64; x64) AppleWebKit/537.36 (KHTML, like Gecko) Chrome/84.0.4147.105 Safari/537.36 OPR/70.0.3728.95"
74.80.182.80 - - [21/Jul/2025:16:31:46 -0400] "GET /tmps/ HTTP/1.1" 404 70479 "-" "Mozilla/5.0 (Windows NT 6.1; Win64; x64) AppleWebKit/537.36 (KHTML, like Gecko) Chrome/79.0.3945.130 Safari/537.36"
74.80.182.80 - - [21/Jul/2025:16:31:46 -0400] "GET /wordpress/wp-admin/includes/wp-admin/js/ HTTP/1.1" 404 70479 "-" "Mozilla/5.0 (Windows NT 10.0; WOW64) AppleWebKit/537.36 (KHTML, like Gecko) Chrome/72.0.3626.121 Safari/537.36"
74.80.182.80 - - [21/Jul/2025:16:31:47 -0400] "GET /wp-admin/css/colors/coffee/ HTTP/1.1" 403 1242 "-" "Mozilla/5.0 (Windows NT 10.0; Win64; x64; rv:75.0) Gecko/20100101 Firefox/75.0"
74.80.182.80 - - [21/Jul/2025:16:31:47 -0400] "GET /wp-admin/css/colors/ectoplasm/ HTTP/1.1" 403 1242 "-" "Mozilla/5.0 (Macintosh; Intel Mac OS X 10.15; rv:79.0) Gecko/20100101 Firefox/79.0"
74.80.182.80 - - [21/Jul/2025:16:31:47 -0400] "GET /wp-admin/css/colors/light/ HTTP/1.1" 403 1242 "-" "Mozilla/5.0 (Windows NT 10.0; Win64; x64) AppleWebKit/537.36 (KHTML, like Gecko) Chrome/75.0.3770.100 Safari/537.36"
74.80.182.80 - - [21/Jul/2025:16:31:47 -0400] "GET /wp-admin/css/colors/midnight/ HTTP/1.1" 403 1242 "-" "Mozilla/5.0 (X11; Linux x86_64) AppleWebKit/537.36 (KHTML, like Gecko) Chrome/84.0.4147.105 Safari/537.36 OPR/70.0.3728.95"
74.80.182.80 - - [21/Jul/2025:16:31:47 -0400] "GET /wp-admin/css/colors/modern/ HTTP/1.1" 403 1242 "-" "Mozilla/5.0 (Windows NT 10.0; WOW64; Trident/7.0; .NET4.0C; .NET4.0E; .NET CLR 2.0.50727; .NET CLR 3.0.30729; .NET CLR 3.5.30729; rv:11.0) like Gecko"
74.80.182.80 - - [21/Jul/2025:16:31:47 -0400] "GET /wp-admin/css/colors/ocean/ HTTP/1.1" 403 1242 "-" "Mozilla/5.0 (Macintosh; Intel Mac OS X 10_15_6) AppleWebKit/537.36 (KHTML, like Gecko) Chrome/84.0.4147.105 Safari/537.36"
74.80.182.80 - - [21/Jul/2025:16:31:48 -0400] "GET /wp-admin/css/colors/sunrise/ HTTP/1.1" 403 1242 "-" "Mozilla/5.0 (Windows NT 10.0; Win64; x64; rv:73.0) Gecko/20100101 Firefox/73.0"
74.80.182.80 - - [21/Jul/2025:16:31:48 -0400] "GET /wp-admin/js/widgets/ HTTP/1.1" 403 1242 "-" "Mozilla/5.0 (Windows NT 10.0; Win64; x64; rv:76.0) Gecko/20100101 Firefox/76.0"
74.80.182.80 - - [21/Jul/2025:16:31:48 -0400] "GET /wp-content/languages/ HTTP/1.1" 404 70479 "-" "Mozilla/5.0 (Windows NT 10.0; Win64; x64; rv:75.0) Gecko/20100101 Firefox/75.0"
74.80.182.80 - - [21/Jul/2025:16:31:48 -0400] "GET /wp-content/uploads/2022/ HTTP/1.1" 404 70479 "-" "Mozilla/5.0 (Windows NT 10.0; Win64; x64) AppleWebKit/537.36 (KHTML, like Gecko) Chrome/79.0.3945.88 Safari/537.36"
74.80.182.80 - - [21/Jul/2025:16:31:49 -0400] "GET /wp-content/uploads/2023/ HTTP/1.1" 403 1242 "-" "Mozilla/5.0 (Windows NT 10.0; WOW64) AppleWebKit/537.36 (KHTML, like Gecko) Chrome/72.0.3626.121 Safari/537.36"
74.80.182.80 - - [21/Jul/2025:16:31:49 -0400] "GET /wp-includes/wp-includes/ HTTP/1.1" 404 70479 "-" "Mozilla/5.0 (Windows NT 6.3; Win64; x64; rv:73.0) Gecko/20100101 Firefox/73.0"
74.80.182.80 - - [21/Jul/2025:16:31:49 -0400] "GET /wp-includes/css/dist/ HTTP/1.1" 403 1242 "-" "Mozilla/5.0 (Windows NT 10.0; Win64; x64) AppleWebKit/537.36 (KHTML, like Gecko) Chrome/75.0.3770.100 Safari/537.36"
74.80.182.80 - - [21/Jul/2025:16:31:50 -0400] "GET /wp-includes/ID3/ HTTP/1.1" 403 1242 "-" "Mozilla/5.0 (Windows NT 10.0; WOW64) AppleWebKit/537.36 (KHTML, like Gecko) Chrome/72.0.3626.121 Safari/537.36"
74.80.182.80 - - [21/Jul/2025:16:31:50 -0400] "GET /wp-includes/ID3/wp-includes/IXR/ HTTP/1.1" 404 70479 "-" "Mozilla/5.0 (X11; Linux i686; rv:79.0) Gecko/20100101 Firefox/79.0"
74.80.182.80 - - [21/Jul/2025:16:31:50 -0400] "GET /wp-includes/images/crystal/ HTTP/1.1" 403 1242 "-" "Mozilla/5.0 (Windows NT 10.0; Win64; x64; rv:73.0) Gecko/20100101 Firefox/73.0"
74.80.182.80 - - [21/Jul/2025:16:31:50 -0400] "GET /wp-includes/images/media/ HTTP/1.1" 403 1242 "-" "Mozilla/5.0 (Windows NT 10.0) AppleWebKit/537.36 (KHTML, like Gecko) Chrome/72.0.3626.121 Safari/537.36"
74.80.182.80 - - [21/Jul/2025:16:31:50 -0400] "GET /wp-includes/images/smilies/ HTTP/1.1" 403 1242 "-" "Mozilla/5.0 (Macintosh; Intel Mac OS X 10_15_6) AppleWebKit/537.36 (KHTML, like Gecko) Chrome/84.0.4147.105 Safari/537.36"
74.80.182.80 - - [21/Jul/2025:16:31:50 -0400] "GET /wp-includes/images/wlw/ HTTP/1.1" 404 70479 "-" "Mozilla/5.0 (Windows NT 10.0; WOW64; Trident/7.0; .NET4.0C; .NET4.0E; .NET CLR 2.0.50727; .NET CLR 3.0.30729; .NET CLR 3.5.30729; rv:11.0) like Gecko"
74.80.182.80 - - [21/Jul/2025:16:31:51 -0400] "GET /wp-includes/js/codemirror/ HTTP/1.1" 403 1242 "-" "Mozilla/5.0 (X11; Linux i686; rv:79.0) Gecko/20100101 Firefox/79.0"
74.80.182.80 - - [21/Jul/2025:16:31:51 -0400] "GET /wp-includes/js/plupload/ HTTP/1.1" 403 1242 "-" "Mozilla/5.0 (Windows NT 10.0; Win64; x64) AppleWebKit/537.36 (KHTML, like Gecko) Chrome/79.0.3945.79 Safari/537.36"
74.80.182.80 - - [21/Jul/2025:16:31:51 -0400] "GET /wp-includes/PHPMailer/ HTTP/1.1" 403 1242 "-" "Mozilla/5.0 (Windows NT 10.0; Win64; x64) AppleWebKit/537.36 (KHTML, like Gecko) Chrome/77.0.3865.90 Safari/537.36"
74.80.182.80 - - [21/Jul/2025:16:31:51 -0400] "GET /wp-includes/sitemaps/ HTTP/1.1" 403 1242 "-" "Mozilla/5.0 (Macintosh; Intel Mac OS X 10_12_6) AppleWebKit/537.36 (KHTML, like Gecko) Chrome/58.0.3029.110 Safari/537.3"
74.80.182.80 - - [21/Jul/2025:16:31:51 -0400] "GET /wp-includes/sitemaps/providers/ HTTP/1.1" 403 1242 "-" "Mozilla/5.0 (Windows NT 6.1; Win64; x64) AppleWebKit/537.36 (KHTML, like Gecko) Chrome/74.0.3729.169 Safari/537.36"
74.80.182.80 - - [21/Jul/2025:16:31:51 -0400] "GET /cache-wordpress/ HTTP/1.1" 404 70479 "-" "Mozilla/5.0 (Windows NT 6.1; Win64; x64) AppleWebKit/537.36 (KHTML, like Gecko) Chrome/74.0.3729.169 Safari/537.36"
74.80.182.80 - - [21/Jul/2025:16:31:52 -0400] "GET /cakil/ HTTP/1.1" 404 70479 "-" "Mozilla/5.0 (Windows NT 10.0; WOW64; x64) AppleWebKit/537.36 (KHTML, like Gecko) Chrome/84.0.4147.105 Safari/537.36 OPR/70.0.3728.95"
74.80.182.80 - - [21/Jul/2025:16:31:53 -0400] "GET /cekidot/ HTTP/1.1" 404 70479 "-" "Mozilla/5.0 (Windows NT 10.0; Win64; x64; rv:79.0) Gecko/20100101 Firefox/79.0"
74.80.182.80 - - [21/Jul/2025:16:31:53 -0400] "GET /ubh/ HTTP/1.1" 404 70479 "-" "Mozilla/5.0 (Windows NT 10.0; Win64; x64; rv:73.0) Gecko/20100101 Firefox/73.0"
74.80.182.80 - - [21/Jul/2025:16:31:54 -0400] "GET /wp-content/ALFA_DATA/alfacgiapi/ HTTP/1.1" 404 70479 "-" "Mozilla/5.0 (Windows NT 10.0; Win64; x64) AppleWebKit/537.36 (KHTML, like Gecko) Chrome/58.0.3029.110 Safari/537.3"
74.80.182.80 - - [21/Jul/2025:16:31:55 -0400] "GET /wp-content/plugins/linkpreview/ HTTP/1.1" 404 70479 "-" "Mozilla/5.0 (Windows NT 10.0; WOW64) AppleWebKit/537.36 (KHTML, like Gecko) Chrome/84.0.4147.105 Safari/537.36"
74.80.182.80 - - [21/Jul/2025:16:31:55 -0400] "GET /wp-content/plugins/aryabot/ HTTP/1.1" 404 70479 "-" "Mozilla/5.0 (Windows NT 10.0; Win64; x64) AppleWebKit/537.36 (KHTML, like Gecko) Chrome/79.0.3945.88 Safari/537.36"
74.80.182.80 - - [21/Jul/2025:16:31:56 -0400] "GET /wp-content/plugins/BrutalShell/ HTTP/1.1" 404 70479 "-" "Mozilla/5.0 (Windows NT 6.1; Win64; x64) AppleWebKit/537.36 (KHTML, like Gecko) Chrome/74.0.3729.169 Safari/537.36"
74.80.182.80 - - [21/Jul/2025:16:31:56 -0400] "GET /wp-content/plugins/cache-wordpress/ HTTP/1.1" 404 70479 "-" "Mozilla/5.0 (Windows NT 6.1; Win64; x64) AppleWebKit/537.36 (KHTML, like Gecko) Chrome/79.0.3945.130 Safari/537.36"
74.80.182.80 - - [21/Jul/2025:16:31:57 -0400] "GET /wp-content/plugins/cakil/ HTTP/1.1" 404 70479 "-" "Mozilla/5.0 (X11; Linux i686; rv:79.0) Gecko/20100101 Firefox/79.0"
74.80.182.80 - - [21/Jul/2025:16:31:58 -0400] "GET /wp-content/plugins/cekidot/ HTTP/1.1" 404 70479 "-" "Mozilla/5.0 (Windows NT 10.0; WOW64; Trident/7.0; .NET4.0C; .NET4.0E; .NET CLR 2.0.50727; .NET CLR 3.0.30729; .NET CLR 3.5.30729; rv:11.0) like Gecko"
74.80.182.80 - - [21/Jul/2025:16:31:58 -0400] "GET /wp-content/plugins/db/ HTTP/1.1" 404 70479 "-" "Mozilla/5.0 (Windows NT 10.0; Win64; x64; rv:72.0) Gecko/20100101 Firefox/72.0"
74.80.182.80 - - [21/Jul/2025:16:31:59 -0400] "GET /wp-content/plugins/home/ HTTP/1.1" 404 70479 "-" "Mozilla/5.0 (X11; Linux i686; rv:79.0) Gecko/20100101 Firefox/79.0"
23.92.177.29 - - [21/Jul/2025:16:23:51 -0400] "POST /wp-cron.php?doing_wp_cron=1753129431.2347450256347656250000 HTTP/1.1" 200 0 "-" "WordPress/6.7.2; https://bodyguardslosangeles.net"
216.73.216.220 - - [21/Jul/2025:16:23:50 -0400] "GET /sitemap658.xml HTTP/1.1" 404 14302 "-" "Mozilla/5.0 AppleWebKit/537.36 (KHTML, like Gecko; compatible; ClaudeBot/1.0; +claudebot@anthropic.com)"
216.73.216.220 - - [21/Jul/2025:16:23:52 -0400] "GET /sitemap376.xml HTTP/1.1" 404 14302 "-" "Mozilla/5.0 AppleWebKit/537.36 (KHTML, like Gecko; compatible; ClaudeBot/1.0; +claudebot@anthropic.com)"
23.92.177.29 - - [21/Jul/2025:16:26:53 -0400] "POST /wp-cron.php?doing_wp_cron=1753129613.7785511016845703125000 HTTP/1.1" 200 0 "-" "WordPress/6.7.2; https://bodyguardslosangeles.net"
216.73.216.220 - - [21/Jul/2025:16:26:53 -0400] "GET /sitemap886.xml HTTP/1.1" 404 14302 "-" "Mozilla/5.0 AppleWebKit/537.36 (KHTML, like Gecko; compatible; ClaudeBot/1.0; +claudebot@anthropic.com)"
74.80.182.80 - - [21/Jul/2025:16:31:59 -0400] "GET /wp-content/plugins/limit/ HTTP/1.1" 404 70479 "-" "Mozilla/5.0 (Windows NT 6.1; Win64; x64) AppleWebKit/537.36 (KHTML, like Gecko) Chrome/78.0.3904.108 Safari/537.36"
74.80.182.80 - - [21/Jul/2025:16:32:00 -0400] "GET /wp-content/plugins/owfsmac/ HTTP/1.1" 404 70479 "-" "Mozilla/5.0 (Windows NT 10.0; Win64; x64) AppleWebKit/537.36 (KHTML, like Gecko) Chrome/70.0.3538.77 Safari/537.36"
74.80.182.80 - - [21/Jul/2025:16:32:00 -0400] "GET /wp-content/plugins/prenota/ HTTP/1.1" 404 70479 "-" "Mozilla/5.0 (X11; Linux x86_64) AppleWebKit/537.36 (KHTML, like Gecko) Chrome/84.0.4147.105 Safari/537.36 OPR/70.0.3728.95"
74.80.182.80 - - [21/Jul/2025:16:32:01 -0400] "GET /wp-content/plugins/random/ HTTP/1.1" 404 70479 "-" "Mozilla/5.0 (X11; Ubuntu; Linux i686; rv:79.0) Gecko/20100101 Firefox/79.0"
74.80.182.80 - - [21/Jul/2025:16:32:01 -0400] "GET /wp-content/plugins/ubh/ HTTP/1.1" 404 70479 "-" "Mozilla/5.0 (Windows NT 10.0; Win64; x64; rv:75.0) Gecko/20100101 Firefox/75.0"
74.80.182.80 - - [21/Jul/2025:16:32:02 -0400] "GET /wp-content/plugins/Uwogh-Segs/ HTTP/1.1" 404 70479 "-" "Mozilla/5.0 (Windows NT 6.1; Win64; x64) AppleWebKit/537.36 (KHTML, like Gecko) Chrome/74.0.3729.169 Safari/537.36"
74.80.182.80 - - [21/Jul/2025:16:32:02 -0400] "GET /wp-content/plugins/wp-diambar/includes/ HTTP/1.1" 404 70479 "-" "Mozilla/5.0 (Windows NT 10.0; Win64; x64) AppleWebKit/537.36 (KHTML, like Gecko) Chrome/81.0.4044.129 Safari/537.36"
74.80.182.80 - - [21/Jul/2025:16:32:03 -0400] "GET /wp-content/plugins/wp-freeform/ HTTP/1.1" 404 70479 "-" "Mozilla/5.0 (Windows NT 10.0; Win64; x64) AppleWebKit/537.36 (KHTML, like Gecko) Chrome/74.0.3729.169 Safari/537.36"
74.80.182.80 - - [21/Jul/2025:16:32:04 -0400] "GET /wp-content/plugins/wp-hps/sh/ HTTP/1.1" 404 70479 "-" "Mozilla/5.0 (Windows NT 10.0; WOW64; x64) AppleWebKit/537.36 (KHTML, like Gecko) Chrome/84.0.4147.105 Safari/537.36 OPR/70.0.3728.95"
74.80.182.80 - - [21/Jul/2025:16:32:04 -0400] "GET /wp-content/plugins/wpeazvp/ HTTP/1.1" 404 70479 "-" "Mozilla/5.0 (Windows NT 10.0; Win64; x64; rv:66.0) Gecko/20100101 Firefox/66.0"
74.80.182.80 - - [21/Jul/2025:16:32:05 -0400] "GET /wp-content/plugins/zaen/includes/ HTTP/1.1" 404 70479 "-" "Mozilla/5.0 (Windows NT 10.0; Win64; x64; rv:73.0) Gecko/20100101 Firefox/73.0"
74.80.182.80 - - [21/Jul/2025:16:32:05 -0400] "GET /wp-content/plugins/core-stab/ HTTP/1.1" 404 70479 "-" "Mozilla/5.0 (Windows NT 10.0; Win64; x64) AppleWebKit/537.36 (KHTML, like Gecko) Chrome/70.0.3538.110 Safari/537.36"
74.80.182.80 - - [21/Jul/2025:16:32:06 -0400] "GET /wp-content/themes/alera/ HTTP/1.1" 404 70479 "-" "Mozilla/5.0 (Linux x86_64; rv:79.0) Gecko/20100101 Firefox/79.0"
74.80.182.80 - - [21/Jul/2025:16:32:06 -0400] "GET /wp-content/themes/rishi/ HTTP/1.1" 404 70479 "-" "Mozilla/5.0 (Windows NT 10.0; WOW64; Trident/7.0; .NET4.0C; .NET4.0E; .NET CLR 2.0.50727; .NET CLR 3.0.30729; .NET CLR 3.5.30729; rv:11.0) like Gecko"
74.80.182.80 - - [21/Jul/2025:16:32:07 -0400] "GET /wp-content/themes/sketch/ HTTP/1.1" 404 70479 "-" "Mozilla/5.0 (Windows NT 10.0; Win64; x64) AppleWebKit/537.36 (KHTML, like Gecko) Chrome/74.0.3729.169 Safari/537.36"
74.80.182.80 - - [21/Jul/2025:16:32:08 -0400] "GET /wp-content/themes/thuoc-nam/ HTTP/1.1" 404 70479 "-" "Mozilla/5.0 (Windows NT 6.1; Win64; x64) AppleWebKit/537.36 (KHTML, like Gecko) Chrome/74.0.3729.169 Safari/537.36"
74.80.182.80 - - [21/Jul/2025:16:32:08 -0400] "GET /wp-content/themes/twentyfive/ HTTP/1.1" 404 70479 "-" "Mozilla/5.0 (X11; Linux x86_64) AppleWebKit/537.36 (KHTML, like Gecko) Chrome/84.0.4147.105 Safari/537.36"
74.80.182.80 - - [21/Jul/2025:16:32:09 -0400] "GET /wp-content/themes/wp-pridmag/ HTTP/1.1" 404 70479 "-" "Mozilla/5.0 (Windows NT 10.0; Win64; x64; rv:71.0) Gecko/20100101 Firefox/71.0"
74.80.182.80 - - [21/Jul/2025:16:32:10 -0400] "GET /wp-content/themes/pridmag/ HTTP/1.1" 404 70479 "-" "Mozilla/5.0 (Windows NT 10.0; Win64; x64; rv:77.0) Gecko/20100101 Firefox/77.0"
74.80.182.80 - - [21/Jul/2025:16:32:10 -0400] "GET /wp-content/themes/zakra/ HTTP/1.1" 404 70479 "-" "Mozilla/5.0 (Windows NT 10.0; Win64; x64; rv:66.0) Gecko/20100101 Firefox/66.0"
74.80.182.80 - - [21/Jul/2025:16:32:11 -0400] "GET /wp-content/uploads/simple-file-list/ HTTP/1.1" 404 70479 "-" "Mozilla/5.0 (Windows NT 6.3; Win64; x64; rv:73.0) Gecko/20100101 Firefox/73.0"
74.80.182.80 - - [21/Jul/2025:16:32:11 -0400] "GET /admin/upload/ HTTP/1.1" 404 70479 "-" "Mozilla/5.0 (Windows NT 6.1; Win64; x64) AppleWebKit/537.36 (KHTML, like Gecko) Chrome/58.0.3029.110 Safari/537.3"
74.80.182.80 - - [21/Jul/2025:16:32:12 -0400] "GET /wp-admin/css/colors/blue/ HTTP/1.1" 403 1242 "-" "Mozilla/5.0 (Windows NT 10.0; Win64; x64) AppleWebKit/537.36 (KHTML, like Gecko) Chrome/80.0.3987.149 Safari/537.36"
74.80.182.80 - - [21/Jul/2025:16:32:12 -0400] "GET /up/.well-known/ HTTP/1.1" 404 70479 "-" "Mozilla/5.0 (X11; Linux i686; rv:79.0) Gecko/20100101 Firefox/79.0"
74.80.182.80 - - [21/Jul/2025:16:32:12 -0400] "GET /wp-content/plugins/apikey/ HTTP/1.1" 404 70479 "-" "Mozilla/5.0 (Windows NT 10.0; Win64; x64) AppleWebKit/537.36 (KHTML, like Gecko) Chrome/84.0.4147.105 Safari/537.36 OPR/70.0.3728.95"
23.92.177.29 - - [21/Jul/2025:16:37:50 -0400] "POST /wp-cron.php?doing_wp_cron=1753130270.4219439029693603515625 HTTP/1.1" 200 0 "-" "WordPress/6.7.2; https://bodyguardslosangeles.net"
57.141.4.1 - - [21/Jul/2025:16:37:50 -0400] "GET /shopdetail/25310392/ HTTP/1.1" 404 70509 "-" "meta-externalagent/1.1 (+https://developers.facebook.com/docs/sharing/webmasters/crawler)"
23.92.177.29 - - [21/Jul/2025:16:43:02 -0400] "POST /wp-cron.php?doing_wp_cron=1753130582.3965458869934082031250 HTTP/1.1" 200 0 "-" "WordPress/6.7.2; https://bodyguardslosangeles.net"
216.73.216.220 - - [21/Jul/2025:16:43:02 -0400] "GET /sitemap697.xml HTTP/1.1" 404 14302 "-" "Mozilla/5.0 AppleWebKit/537.36 (KHTML, like Gecko; compatible; ClaudeBot/1.0; +claudebot@anthropic.com)"
23.92.177.29 - - [21/Jul/2025:16:46:35 -0400] "POST /wp-cron.php?doing_wp_cron=1753130795.9954249858856201171875 HTTP/1.1" 200 0 "-" "WordPress/6.7.2; https://bodyguardslosangeles.net"
216.73.216.220 - - [21/Jul/2025:16:46:35 -0400] "GET /sitemap234.xml HTTP/1.1" 404 14302 "-" "Mozilla/5.0 AppleWebKit/537.36 (KHTML, like Gecko; compatible; ClaudeBot/1.0; +claudebot@anthropic.com)"
23.92.177.29 - - [21/Jul/2025:16:50:36 -0400] "POST /wp-cron.php?doing_wp_cron=1753131036.0262060165405273437500 HTTP/1.1" 200 0 "-" "WordPress/6.7.2; https://bodyguardslosangeles.net"
216.73.216.220 - - [21/Jul/2025:16:50:35 -0400] "GET /sitemap886.xml HTTP/1.1" 404 14302 "-" "Mozilla/5.0 AppleWebKit/537.36 (KHTML, like Gecko; compatible; ClaudeBot/1.0; +claudebot@anthropic.com)"
216.73.216.220 - - [21/Jul/2025:16:50:37 -0400] "GET /sitemap534.xml HTTP/1.1" 404 14302 "-" "Mozilla/5.0 AppleWebKit/537.36 (KHTML, like Gecko; compatible; ClaudeBot/1.0; +claudebot@anthropic.com)"
23.92.177.29 - - [21/Jul/2025:16:51:44 -0400] "POST /wp-cron.php?doing_wp_cron=1753131104.8364078998565673828125 HTTP/1.1" 200 0 "-" "WordPress/6.7.2; https://bodyguardslosangeles.net"
216.73.216.220 - - [21/Jul/2025:16:51:44 -0400] "GET /sitemap402.xml HTTP/1.1" 404 14302 "-" "Mozilla/5.0 AppleWebKit/537.36 (KHTML, like Gecko; compatible; ClaudeBot/1.0; +claudebot@anthropic.com)"
57.141.4.23 - - [21/Jul/2025:16:51:53 -0400] "GET /shopdetail/16319670/ HTTP/1.1" 404 70509 "-" "meta-externalagent/1.1 (+https://developers.facebook.com/docs/sharing/webmasters/crawler)"
23.92.177.29 - - [21/Jul/2025:16:52:15 -0400] "POST /wp-cron.php?doing_wp_cron=1753131135.3086960315704345703125 HTTP/1.1" 200 0 "-" "WordPress/6.7.2; https://bodyguardslosangeles.net"
57.141.4.19 - - [21/Jul/2025:16:52:15 -0400] "GET /sitemap334.xml HTTP/1.1" 404 70479 "-" "meta-externalagent/1.1 (+https://developers.facebook.com/docs/sharing/webmasters/crawler)"
14.155.188.209 - - [21/Jul/2025:16:53:08 -0400] "GET /robots.txt HTTP/1.1" 200 173 "-" "Mozilla/5.0 (Windows NT 10.0; WOW64) AppleWebKit/537.36 (KHTML, like Gecko) Chrome/49.0.3020.91 Safari/537.36 Core/1.70.3722.400 QQBrowser/10.5.3739.400"
23.92.177.29 - - [21/Jul/2025:16:56:05 -0400] "POST /wp-cron.php?doing_wp_cron=1753131365.0309998989105224609375 HTTP/1.1" 200 0 "-" "WordPress/6.7.2; https://bodyguardslosangeles.net"
216.73.216.220 - - [21/Jul/2025:16:56:04 -0400] "GET /sitemap438.xml HTTP/1.1" 404 14302 "-" "Mozilla/5.0 AppleWebKit/537.36 (KHTML, like Gecko; compatible; ClaudeBot/1.0; +claudebot@anthropic.com)"
216.73.216.220 - - [21/Jul/2025:16:56:05 -0400] "GET /sitemap856.xml HTTP/1.1" 404 14302 "-" "Mozilla/5.0 AppleWebKit/537.36 (KHTML, like Gecko; compatible; ClaudeBot/1.0; +claudebot@anthropic.com)"
85.208.98.23 - - [21/Jul/2025:16:56:33 -0400] "GET /robots.txt HTTP/1.1" 200 173 "-" "Mozilla/5.0 (compatible; SemrushBot-BA; +http://www.semrush.com/bot.html)"
23.92.177.29 - - [21/Jul/2025:16:57:01 -0400] "POST /wp-cron.php?doing_wp_cron=1753131421.1760499477386474609375 HTTP/1.1" 200 0 "-" "WordPress/6.7.2; https://bodyguardslosangeles.net"
85.208.98.29 - - [21/Jul/2025:16:57:00 -0400] "GET /bodyguardslosangeles.php?Action=2&k=executive-protection-los-angeles HTTP/1.1" 404 16416 "-" "Mozilla/5.0 (compatible; SemrushBot-BA; +http://www.semrush.com/bot.html)"
66.249.70.101 - - [21/Jul/2025:16:57:05 -0400] "GET /shopdetail/21767836/ HTTP/1.1" 404 14311 "-" "Mozilla/5.0 (compatible; Googlebot/2.1; +http://www.google.com/bot.html)"
23.92.177.29 - - [21/Jul/2025:16:57:57 -0400] "POST /wp-cron.php?doing_wp_cron=1753131477.6172699928283691406250 HTTP/1.1" 200 0 "-" "WordPress/6.7.2; https://bodyguardslosangeles.net"
85.208.98.19 - - [21/Jul/2025:16:57:57 -0400] "GET /bodyguardslosangeles.php?Action=2&k=bodyguards-beverly-hills HTTP/1.1" 404 16416 "-" "Mozilla/5.0 (compatible; SemrushBot-BA; +http://www.semrush.com/bot.html)"
23.92.177.29 - - [21/Jul/2025:16:58:47 -0400] "POST /wp-cron.php?doing_wp_cron=1753131527.7484190464019775390625 HTTP/1.1" 200 0 "-" "WordPress/6.7.2; https://bodyguardslosangeles.net"
85.208.98.19 - - [21/Jul/2025:16:58:47 -0400] "GET /bodyguardslosangeles.php?Action=2&k=celebrity-bodyguards-los-angeles HTTP/1.1" 404 16416 "-" "Mozilla/5.0 (compatible; SemrushBot-BA; +http://www.semrush.com/bot.html)"
23.92.177.29 - - [21/Jul/2025:17:01:01 -0400] "POST /wp-cron.php?doing_wp_cron=1753131661.1935439109802246093750 HTTP/1.1" 200 0 "-" "WordPress/6.7.2; https://bodyguardslosangeles.net"
216.73.216.220 - - [21/Jul/2025:17:01:00 -0400] "GET /sitemap805.xml HTTP/1.1" 404 14302 "-" "Mozilla/5.0 AppleWebKit/537.36 (KHTML, like Gecko; compatible; ClaudeBot/1.0; +claudebot@anthropic.com)"
23.92.177.29 - - [21/Jul/2025:17:02:02 -0400] "POST /wp-cron.php?doing_wp_cron=1753131722.8441970348358154296875 HTTP/1.1" 200 0 "-" "WordPress/6.7.2; https://bodyguardslosangeles.net"
57.141.4.10 - - [21/Jul/2025:17:02:02 -0400] "GET /shopdetail/15712881/ HTTP/1.1" 404 70509 "-" "meta-externalagent/1.1 (+https://developers.facebook.com/docs/sharing/webmasters/crawler)"
216.73.216.220 - - [21/Jul/2025:17:05:28 -0400] "GET /sitemap346.xml HTTP/1.1" 404 14302 "-" "Mozilla/5.0 AppleWebKit/537.36 (KHTML, like Gecko; compatible; ClaudeBot/1.0; +claudebot@anthropic.com)"
23.92.177.29 - - [21/Jul/2025:17:08:52 -0400] "POST /wp-cron.php?doing_wp_cron=1753132132.6522290706634521484375 HTTP/1.1" 200 0 "-" "WordPress/6.7.2; https://bodyguardslosangeles.net"
216.73.216.220 - - [21/Jul/2025:17:08:52 -0400] "GET /sitemap394.xml HTTP/1.1" 404 14302 "-" "Mozilla/5.0 AppleWebKit/537.36 (KHTML, like Gecko; compatible; ClaudeBot/1.0; +claudebot@anthropic.com)"
23.92.177.29 - - [21/Jul/2025:17:10:22 -0400] "POST /wp-cron.php?doing_wp_cron=1753132222.7637500762939453125000 HTTP/1.1" 200 0 "-" "WordPress/6.7.2; https://bodyguardslosangeles.net"
216.73.216.220 - - [21/Jul/2025:17:10:22 -0400] "GET /sitemap697.xml HTTP/1.1" 404 14302 "-" "Mozilla/5.0 AppleWebKit/537.36 (KHTML, like Gecko; compatible; ClaudeBot/1.0; +claudebot@anthropic.com)"
23.92.177.29 - - [21/Jul/2025:17:11:46 -0400] "POST /wp-cron.php?doing_wp_cron=1753132306.0341999530792236328125 HTTP/1.1" 200 0 "-" "WordPress/6.7.2; https://bodyguardslosangeles.net"
216.73.216.220 - - [21/Jul/2025:17:11:45 -0400] "GET /sitemap658.xml HTTP/1.1" 404 14302 "-" "Mozilla/5.0 AppleWebKit/537.36 (KHTML, like Gecko; compatible; ClaudeBot/1.0; +claudebot@anthropic.com)"
23.92.177.29 - - [21/Jul/2025:17:13:34 -0400] "POST /wp-cron.php?doing_wp_cron=1753132414.2796850204467773437500 HTTP/1.1" 200 0 "-" "WordPress/6.7.2; https://bodyguardslosangeles.net"
57.141.4.24 - - [21/Jul/2025:17:13:34 -0400] "GET /shopdetail/13015481/ HTTP/1.1" 404 70509 "-" "meta-externalagent/1.1 (+https://developers.facebook.com/docs/sharing/webmasters/crawler)"
23.92.177.29 - - [21/Jul/2025:17:14:20 -0400] "POST /wp-cron.php?doing_wp_cron=1753132460.4478569030761718750000 HTTP/1.1" 200 0 "-" "WordPress/6.7.2; https://bodyguardslosangeles.net"
216.73.216.220 - - [21/Jul/2025:17:14:20 -0400] "GET /sitemap568.xml HTTP/1.1" 404 14302 "-" "Mozilla/5.0 AppleWebKit/537.36 (KHTML, like Gecko; compatible; ClaudeBot/1.0; +claudebot@anthropic.com)"
23.92.177.29 - - [21/Jul/2025:17:19:33 -0400] "POST /wp-cron.php?doing_wp_cron=1753132773.7175750732421875000000 HTTP/1.1" 200 0 "-" "WordPress/6.7.2; https://bodyguardslosangeles.net"
125.42.18.68 - - [21/Jul/2025:17:19:33 -0400] "GET /wp-json/wp/v2/posts HTTP/1.1" 200 5239 "-" "Mozilla/5.0 (Windows NT 10.0; Win64; x64) AppleWebKit/537.36 (KHTML, like Gecko) Chrome/120.0.0.0 Safari/537.36"
23.92.177.29 - - [21/Jul/2025:17:21:23 -0400] "POST /wp-cron.php?doing_wp_cron=1753132883.6500849723815917968750 HTTP/1.1" 200 0 "-" "WordPress/6.7.2; https://bodyguardslosangeles.net"
57.141.4.18 - - [21/Jul/2025:17:21:23 -0400] "GET /sitemap234.xml HTTP/1.1" 404 70479 "-" "meta-externalagent/1.1 (+https://developers.facebook.com/docs/sharing/webmasters/crawler)"
23.92.177.29 - - [21/Jul/2025:17:22:35 -0400] "POST /wp-cron.php?doing_wp_cron=1753132955.6222770214080810546875 HTTP/1.1" 200 0 "-" "WordPress/6.7.2; https://bodyguardslosangeles.net"
216.73.216.220 - - [21/Jul/2025:17:22:35 -0400] "GET /sitemap602.xml HTTP/1.1" 404 14302 "-" "Mozilla/5.0 AppleWebKit/537.36 (KHTML, like Gecko; compatible; ClaudeBot/1.0; +claudebot@anthropic.com)"
23.92.177.29 - - [21/Jul/2025:17:25:36 -0400] "POST /wp-cron.php?doing_wp_cron=1753133136.2354469299316406250000 HTTP/1.1" 200 0 "-" "WordPress/6.7.2; https://bodyguardslosangeles.net"
57.141.4.13 - - [21/Jul/2025:17:25:36 -0400] "GET /shopdetail/13579603/ HTTP/1.1" 404 70509 "-" "meta-externalagent/1.1 (+https://developers.facebook.com/docs/sharing/webmasters/crawler)"
57.141.4.20 - - [21/Jul/2025:17:26:00 -0400] "GET /shopdetail/16717458/ HTTP/1.1" 404 70509 "-" "meta-externalagent/1.1 (+https://developers.facebook.com/docs/sharing/webmasters/crawler)"
216.73.216.220 - - [21/Jul/2025:17:29:35 -0400] "GET /robots.txt HTTP/1.1" 200 145 "-" "Mozilla/5.0 AppleWebKit/537.36 (KHTML, like Gecko; compatible; ClaudeBot/1.0; +claudebot@anthropic.com)"
23.92.177.29 - - [21/Jul/2025:17:29:36 -0400] "POST /wp-cron.php?doing_wp_cron=1753133376.0847148895263671875000 HTTP/1.1" 200 0 "-" "WordPress/6.7.2; https://bodyguardslosangeles.net"
216.73.216.220 - - [21/Jul/2025:17:29:35 -0400] "GET /sitemap376.xml HTTP/1.1" 404 14302 "-" "Mozilla/5.0 AppleWebKit/537.36 (KHTML, like Gecko; compatible; ClaudeBot/1.0; +claudebot@anthropic.com)"
23.92.177.29 - - [21/Jul/2025:17:30:58 -0400] "POST /wp-cron.php?doing_wp_cron=1753133458.8253300189971923828125 HTTP/1.1" 200 0 "-" "WordPress/6.7.2; https://bodyguardslosangeles.net"
216.73.216.220 - - [21/Jul/2025:17:30:58 -0400] "GET /sitemap334.xml HTTP/1.1" 404 14302 "-" "Mozilla/5.0 AppleWebKit/537.36 (KHTML, like Gecko; compatible; ClaudeBot/1.0; +claudebot@anthropic.com)"
23.92.177.29 - - [21/Jul/2025:17:31:22 -0400] "POST /wp-cron.php?doing_wp_cron=1753133482.2965230941772460937500 HTTP/1.1" 200 0 "-" "WordPress/6.7.2; https://bodyguardslosangeles.net"
57.141.4.4 - - [21/Jul/2025:17:31:22 -0400] "GET /shopdetail/20513203/ HTTP/1.1" 404 70509 "-" "meta-externalagent/1.1 (+https://developers.facebook.com/docs/sharing/webmasters/crawler)"
23.92.177.29 - - [21/Jul/2025:17:32:42 -0400] "POST /wp-cron.php?doing_wp_cron=1753133562.0505859851837158203125 HTTP/1.1" 200 0 "-" "WordPress/6.7.2; https://bodyguardslosangeles.net"
216.73.216.220 - - [21/Jul/2025:17:32:41 -0400] "GET /sitemap.xml HTTP/1.1" 301 0 "-" "Mozilla/5.0 AppleWebKit/537.36 (KHTML, like Gecko; compatible; ClaudeBot/1.0; +claudebot@anthropic.com)"
23.92.177.29 - - [21/Jul/2025:17:35:01 -0400] "POST /wp-cron.php?doing_wp_cron=1753133701.9739511013031005859375 HTTP/1.1" 200 0 "-" "WordPress/6.7.2; https://bodyguardslosangeles.net"
57.141.4.25 - - [21/Jul/2025:17:35:01 -0400] "GET /shopdetail/7652570/ HTTP/1.1" 404 70507 "-" "meta-externalagent/1.1 (+https://developers.facebook.com/docs/sharing/webmasters/crawler)"
23.92.177.29 - - [21/Jul/2025:17:37:02 -0400] "POST /wp-cron.php?doing_wp_cron=1753133822.2861299514770507812500 HTTP/1.1" 200 0 "-" "WordPress/6.7.2; https://bodyguardslosangeles.net"
57.141.4.2 - - [21/Jul/2025:17:37:02 -0400] "GET /shopdetail/2981770/ HTTP/1.1" 404 70507 "-" "meta-externalagent/1.1 (+https://developers.facebook.com/docs/sharing/webmasters/crawler)"
54.36.148.6 - - [21/Jul/2025:17:37:55 -0400] "GET /robots.txt HTTP/1.1" 200 145 "-" "Mozilla/5.0 (compatible; AhrefsBot/7.0; +http://ahrefs.com/robot/)"
23.92.177.29 - - [21/Jul/2025:17:37:56 -0400] "POST /wp-cron.php?doing_wp_cron=1753133876.1682949066162109375000 HTTP/1.1" 200 0 "-" "WordPress/6.7.2; https://bodyguardslosangeles.net"
51.222.253.2 - - [21/Jul/2025:17:37:55 -0400] "GET /sitemap234.xml HTTP/1.1" 404 14302 "-" "Mozilla/5.0 (compatible; AhrefsBot/7.0; +http://ahrefs.com/robot/)"
23.92.177.29 - - [21/Jul/2025:17:41:09 -0400] "POST /wp-cron.php?doing_wp_cron=1753134069.4938540458679199218750 HTTP/1.1" 200 0 "-" "WordPress/6.7.2; https://bodyguardslosangeles.net"
57.141.4.8 - - [21/Jul/2025:17:41:09 -0400] "GET /sitemap346.xml HTTP/1.1" 404 70479 "-" "meta-externalagent/1.1 (+https://developers.facebook.com/docs/sharing/webmasters/crawler)"
23.92.177.29 - - [21/Jul/2025:17:41:16 -0400] "POST /wp-cron.php?doing_wp_cron=1753134076.8148429393768310546875 HTTP/1.1" 200 0 "-" "WordPress/6.7.2; https://bodyguardslosangeles.net"
57.141.4.23 - - [21/Jul/2025:17:41:16 -0400] "GET /shopdetail/19173103/ HTTP/1.1" 404 70509 "-" "meta-externalagent/1.1 (+https://developers.facebook.com/docs/sharing/webmasters/crawler)"
23.92.177.29 - - [21/Jul/2025:17:43:41 -0400] "POST /wp-cron.php?doing_wp_cron=1753134221.0669701099395751953125 HTTP/1.1" 200 0 "-" "WordPress/6.7.2; https://bodyguardslosangeles.net"
57.141.4.3 - - [21/Jul/2025:17:43:40 -0400] "GET /shopdetail/16767581/ HTTP/1.1" 404 70509 "-" "meta-externalagent/1.1 (+https://developers.facebook.com/docs/sharing/webmasters/crawler)"
23.92.177.29 - - [21/Jul/2025:17:44:39 -0400] "POST /wp-cron.php?doing_wp_cron=1753134279.9333510398864746093750 HTTP/1.1" 200 0 "-" "WordPress/6.7.2; https://bodyguardslosangeles.net"
216.73.216.220 - - [21/Jul/2025:17:44:39 -0400] "GET /sitemap450.xml HTTP/1.1" 404 14338 "-" "Mozilla/5.0 AppleWebKit/537.36 (KHTML, like Gecko; compatible; ClaudeBot/1.0; +claudebot@anthropic.com)"
34.13.253.128 - - [21/Jul/2025:17:44:47 -0400] "GET /BODYGUARDS%20LOS%20ANGELES.gif HTTP/1.1" 301 0 "-" "Python/3.12 aiohttp/3.12.13"
34.13.253.128 - - [21/Jul/2025:17:44:48 -0400] "GET /BODYGUARDS%20LOS%20ANGELES.gif HTTP/1.1" 404 16416 "-" "Python/3.12 aiohttp/3.12.13"
23.92.177.29 - - [21/Jul/2025:17:49:29 -0400] "POST /wp-cron.php?doing_wp_cron=1753134569.6958019733428955078125 HTTP/1.1" 200 0 "-" "WordPress/6.7.2; https://bodyguardslosangeles.net"
57.141.4.3 - - [21/Jul/2025:17:49:29 -0400] "GET /shopdetail/5465569/ HTTP/1.1" 404 70507 "-" "meta-externalagent/1.1 (+https://developers.facebook.com/docs/sharing/webmasters/crawler)"
23.92.177.29 - - [21/Jul/2025:17:50:16 -0400] "POST /wp-cron.php?doing_wp_cron=1753134616.0063829421997070312500 HTTP/1.1" 200 0 "-" "WordPress/6.7.2; https://bodyguardslosangeles.net"
216.73.216.220 - - [21/Jul/2025:17:50:15 -0400] "GET /sitemap796.xml HTTP/1.1" 404 14302 "-" "Mozilla/5.0 AppleWebKit/537.36 (KHTML, like Gecko; compatible; ClaudeBot/1.0; +claudebot@anthropic.com)"
57.141.4.6 - - [21/Jul/2025:17:50:17 -0400] "GET /shopdetail/17314358/ HTTP/1.1" 404 70509 "-" "meta-externalagent/1.1 (+https://developers.facebook.com/docs/sharing/webmasters/crawler)"
23.92.177.29 - - [21/Jul/2025:17:53:29 -0400] "POST /wp-cron.php?doing_wp_cron=1753134809.7130429744720458984375 HTTP/1.1" 200 0 "-" "WordPress/6.7.2; https://bodyguardslosangeles.net"
216.73.216.220 - - [21/Jul/2025:17:53:29 -0400] "GET /sitemap568.xml HTTP/1.1" 404 14302 "-" "Mozilla/5.0 AppleWebKit/537.36 (KHTML, like Gecko; compatible; ClaudeBot/1.0; +claudebot@anthropic.com)"
23.92.177.29 - - [21/Jul/2025:17:59:54 -0400] "POST /wp-cron.php?doing_wp_cron=1753135194.4040019512176513671875 HTTP/1.1" 200 0 "-" "WordPress/6.7.2; https://bodyguardslosangeles.net"
57.141.4.27 - - [21/Jul/2025:17:59:54 -0400] "GET /shopdetail/6005847/ HTTP/1.1" 404 70507 "-" "meta-externalagent/1.1 (+https://developers.facebook.com/docs/sharing/webmasters/crawler)"
23.92.177.29 - - [21/Jul/2025:18:02:28 -0400] "POST /wp-cron.php?doing_wp_cron=1753135348.6335709095001220703125 HTTP/1.1" 200 0 "-" "WordPress/6.7.2; https://bodyguardslosangeles.net"
216.73.216.220 - - [21/Jul/2025:18:02:28 -0400] "GET /sitemap604.xml HTTP/1.1" 404 14302 "-" "Mozilla/5.0 AppleWebKit/537.36 (KHTML, like Gecko; compatible; ClaudeBot/1.0; +claudebot@anthropic.com)"
216.73.216.220 - - [21/Jul/2025:18:02:29 -0400] "GET /sitemap376.xml HTTP/1.1" 404 14302 "-" "Mozilla/5.0 AppleWebKit/537.36 (KHTML, like Gecko; compatible; ClaudeBot/1.0; +claudebot@anthropic.com)"
23.92.177.29 - - [21/Jul/2025:18:04:19 -0400] "POST /wp-cron.php?doing_wp_cron=1753135459.4989440441131591796875 HTTP/1.1" 200 0 "-" "WordPress/6.7.2; https://bodyguardslosangeles.net"
124.225.206.172 - - [21/Jul/2025:18:04:19 -0400] "GET / HTTP/1.1" 301 0 "-" "Python/3.8 aiohttp/3.9.5"
216.73.216.220 - - [21/Jul/2025:18:04:23 -0400] "GET /sitemap805.xml HTTP/1.1" 404 14302 "-" "Mozilla/5.0 AppleWebKit/537.36 (KHTML, like Gecko; compatible; ClaudeBot/1.0; +claudebot@anthropic.com)"
23.92.177.29 - - [21/Jul/2025:18:06:33 -0400] "POST /wp-cron.php?doing_wp_cron=1753135593.0509099960327148437500 HTTP/1.1" 200 0 "-" "WordPress/6.7.2; https://bodyguardslosangeles.net"
198.38.90.90 - - [21/Jul/2025:18:06:32 -0400] "GET /wp-login.php HTTP/1.1" 302 0 "-" "Mozilla/5.0 (Windows NT 10.0; Win64; x64; rv:137.0) Gecko/20100101 Firefox/137.0"
23.92.177.29 - - [21/Jul/2025:18:07:15 -0400] "POST /wp-cron.php?doing_wp_cron=1753135635.9701490402221679687500 HTTP/1.1" 200 0 "-" "WordPress/6.7.2; https://bodyguardslosangeles.net"
57.141.4.3 - - [21/Jul/2025:18:07:15 -0400] "GET /shopdetail/14999269/ HTTP/1.1" 404 70509 "-" "meta-externalagent/1.1 (+https://developers.facebook.com/docs/sharing/webmasters/crawler)"
57.141.4.10 - - [21/Jul/2025:18:07:30 -0400] "GET /shopdetail/25523469/ HTTP/1.1" 404 70509 "-" "meta-externalagent/1.1 (+https://developers.facebook.com/docs/sharing/webmasters/crawler)"
23.92.177.29 - - [21/Jul/2025:18:10:49 -0400] "POST /wp-cron.php?doing_wp_cron=1753135849.4303550720214843750000 HTTP/1.1" 200 0 "-" "WordPress/6.7.2; https://bodyguardslosangeles.net"
85.112.201.196 - - [21/Jul/2025:18:10:49 -0400] "GET /wp-login.php HTTP/1.1" 302 0 "-" "Mozilla/5.0 (Windows NT 10.0; Win64; x64; rv:137.0) Gecko/20100101 Firefox/137.0"
23.92.177.29 - - [21/Jul/2025:18:12:14 -0400] "POST /wp-cron.php?doing_wp_cron=1753135934.6767380237579345703125 HTTP/1.1" 200 0 "-" "WordPress/6.7.2; https://bodyguardslosangeles.net"
57.141.4.1 - - [21/Jul/2025:18:12:14 -0400] "GET /shopdetail/23327825/ HTTP/1.1" 404 70509 "-" "meta-externalagent/1.1 (+https://developers.facebook.com/docs/sharing/webmasters/crawler)"
23.92.177.29 - - [21/Jul/2025:18:15:04 -0400] "POST /wp-cron.php?doing_wp_cron=1753136104.6528429985046386718750 HTTP/1.1" 200 0 "-" "WordPress/6.7.2; https://bodyguardslosangeles.net"
57.141.4.6 - - [21/Jul/2025:18:15:04 -0400] "GET /shopdetail/14641903/ HTTP/1.1" 404 70509 "-" "meta-externalagent/1.1 (+https://developers.facebook.com/docs/sharing/webmasters/crawler)"
23.92.177.29 - - [21/Jul/2025:18:16:09 -0400] "POST /wp-cron.php?doing_wp_cron=1753136169.8423609733581542968750 HTTP/1.1" 200 0 "-" "WordPress/6.7.2; https://bodyguardslosangeles.net"
216.73.216.220 - - [21/Jul/2025:18:16:09 -0400] "GET /sitemap438.xml HTTP/1.1" 404 14302 "-" "Mozilla/5.0 AppleWebKit/537.36 (KHTML, like Gecko; compatible; ClaudeBot/1.0; +claudebot@anthropic.com)"
84.239.33.134 - - [21/Jul/2025:18:16:22 -0400] "GET /.env HTTP/1.1" 404 16416 "-" "Mozilla/5.0 (Macintosh; Intel Mac OS X 10.15; rv:77.0) Gecko/20100101 Firefox/77.0"
23.92.177.29 - - [21/Jul/2025:18:17:45 -0400] "POST /wp-cron.php?doing_wp_cron=1753136265.0372180938720703125000 HTTP/1.1" 200 0 "-" "WordPress/6.7.2; https://bodyguardslosangeles.net"
51.159.159.73 - - [21/Jul/2025:18:17:44 -0400] "GET /wp-json/wp/v2/posts HTTP/1.1" 200 5239 "-" "Mozilla/5.0 (Windows NT 10.0; Win64; x64) AppleWebKit/537.36 (KHTML, like Gecko) Chrome/120.0.0.0 Safari/537.36"
216.73.216.220 - - [21/Jul/2025:18:18:55 -0400] "GET /sitemap.xml HTTP/1.1" 301 0 "-" "Mozilla/5.0 AppleWebKit/537.36 (KHTML, like Gecko; compatible; ClaudeBot/1.0; +claudebot@anthropic.com)"
23.92.177.29 - - [21/Jul/2025:18:21:35 -0400] "POST /wp-cron.php?doing_wp_cron=1753136495.3272869586944580078125 HTTP/1.1" 200 0 "-" "WordPress/6.7.2; https://bodyguardslosangeles.net"
216.73.216.220 - - [21/Jul/2025:18:21:35 -0400] "GET /sitemap346.xml HTTP/1.1" 404 14302 "-" "Mozilla/5.0 AppleWebKit/537.36 (KHTML, like Gecko; compatible; ClaudeBot/1.0; +claudebot@anthropic.com)"
23.92.177.29 - - [21/Jul/2025:18:22:55 -0400] "POST /wp-cron.php?doing_wp_cron=1753136575.8542029857635498046875 HTTP/1.1" 200 0 "-" "WordPress/6.7.2; https://bodyguardslosangeles.net"
216.73.216.220 - - [21/Jul/2025:18:22:55 -0400] "GET /sitemap234.xml HTTP/1.1" 404 14302 "-" "Mozilla/5.0 AppleWebKit/537.36 (KHTML, like Gecko; compatible; ClaudeBot/1.0; +claudebot@anthropic.com)"
23.92.177.29 - - [21/Jul/2025:18:24:16 -0400] "POST /wp-cron.php?doing_wp_cron=1753136656.8988859653472900390625 HTTP/1.1" 200 0 "-" "WordPress/6.7.2; https://bodyguardslosangeles.net"
57.141.4.18 - - [21/Jul/2025:18:24:16 -0400] "GET /shopdetail/14763169/ HTTP/1.1" 404 70509 "-" "meta-externalagent/1.1 (+https://developers.facebook.com/docs/sharing/webmasters/crawler)"
216.73.216.220 - - [21/Jul/2025:18:24:49 -0400] "GET /sitemap886.xml HTTP/1.1" 404 14302 "-" "Mozilla/5.0 AppleWebKit/537.36 (KHTML, like Gecko; compatible; ClaudeBot/1.0; +claudebot@anthropic.com)"
66.249.70.100 - - [21/Jul/2025:18:25:00 -0400] "GET /ads.txt HTTP/1.1" 404 14301 "-" "Mozilla/5.0 (compatible; Googlebot/2.1; +http://www.google.com/bot.html)"
57.141.4.6 - - [21/Jul/2025:18:25:01 -0400] "GET /shopdetail/3163992/ HTTP/1.1" 404 70507 "-" "meta-externalagent/1.1 (+https://developers.facebook.com/docs/sharing/webmasters/crawler)"
216.73.216.220 - - [21/Jul/2025:18:30:10 -0400] "GET /robots.txt HTTP/1.1" 200 145 "-" "Mozilla/5.0 AppleWebKit/537.36 (KHTML, like Gecko; compatible; ClaudeBot/1.0; +claudebot@anthropic.com)"
23.92.177.29 - - [21/Jul/2025:18:30:11 -0400] "POST /wp-cron.php?doing_wp_cron=1753137011.0157449245452880859375 HTTP/1.1" 200 0 "-" "WordPress/6.7.2; https://bodyguardslosangeles.net"
216.73.216.220 - - [21/Jul/2025:18:30:10 -0400] "GET /sitemap357.xml HTTP/1.1" 404 14302 "-" "Mozilla/5.0 AppleWebKit/537.36 (KHTML, like Gecko; compatible; ClaudeBot/1.0; +claudebot@anthropic.com)"
23.92.177.29 - - [21/Jul/2025:18:31:26 -0400] "POST /wp-cron.php?doing_wp_cron=1753137086.3835790157318115234375 HTTP/1.1" 200 0 "-" "WordPress/6.7.2; https://bodyguardslosangeles.net"
216.73.216.220 - - [21/Jul/2025:18:31:26 -0400] "GET /sitemap394.xml HTTP/1.1" 404 14302 "-" "Mozilla/5.0 AppleWebKit/537.36 (KHTML, like Gecko; compatible; ClaudeBot/1.0; +claudebot@anthropic.com)"
23.92.177.29 - - [21/Jul/2025:18:32:52 -0400] "POST /wp-cron.php?doing_wp_cron=1753137172.5514230728149414062500 HTTP/1.1" 200 0 "-" "WordPress/6.7.2; https://bodyguardslosangeles.net"
57.141.4.6 - - [21/Jul/2025:18:32:52 -0400] "GET /shopdetail/25076892/ HTTP/1.1" 404 70509 "-" "meta-externalagent/1.1 (+https://developers.facebook.com/docs/sharing/webmasters/crawler)"
23.92.177.29 - - [21/Jul/2025:18:33:24 -0400] "POST /wp-cron.php?doing_wp_cron=1753137204.5468099117279052734375 HTTP/1.1" 200 0 "-" "WordPress/6.7.2; https://bodyguardslosangeles.net"
216.73.216.220 - - [21/Jul/2025:18:33:24 -0400] "GET /sitemap255.xml HTTP/1.1" 404 14302 "-" "Mozilla/5.0 AppleWebKit/537.36 (KHTML, like Gecko; compatible; ClaudeBot/1.0; +claudebot@anthropic.com)"
23.92.177.29 - - [21/Jul/2025:18:34:26 -0400] "POST /wp-cron.php?doing_wp_cron=1753137266.4309720993041992187500 HTTP/1.1" 200 0 "-" "WordPress/6.7.2; https://bodyguardslosangeles.net"
57.141.4.23 - - [21/Jul/2025:18:34:26 -0400] "GET /shopdetail/24659425/ HTTP/1.1" 404 70509 "-" "meta-externalagent/1.1 (+https://developers.facebook.com/docs/sharing/webmasters/crawler)"
23.92.177.29 - - [21/Jul/2025:18:37:53 -0400] "POST /wp-cron.php?doing_wp_cron=1753137473.5512630939483642578125 HTTP/1.1" 200 0 "-" "WordPress/6.7.2; https://bodyguardslosangeles.net"
216.73.216.220 - - [21/Jul/2025:18:37:53 -0400] "GET /sitemap346.xml HTTP/1.1" 404 14302 "-" "Mozilla/5.0 AppleWebKit/537.36 (KHTML, like Gecko; compatible; ClaudeBot/1.0; +claudebot@anthropic.com)"
23.92.177.29 - - [21/Jul/2025:18:39:18 -0400] "POST /wp-cron.php?doing_wp_cron=1753137558.2526719570159912109375 HTTP/1.1" 200 0 "-" "WordPress/6.7.2; https://bodyguardslosangeles.net"
57.141.4.1 - - [21/Jul/2025:18:39:18 -0400] "GET /shopdetail/8248636/ HTTP/1.1" 404 70507 "-" "meta-externalagent/1.1 (+https://developers.facebook.com/docs/sharing/webmasters/crawler)"
23.92.177.29 - - [21/Jul/2025:18:43:47 -0400] "POST /wp-cron.php?doing_wp_cron=1753137827.4894149303436279296875 HTTP/1.1" 200 0 "-" "WordPress/6.7.2; https://bodyguardslosangeles.net"
216.73.216.220 - - [21/Jul/2025:18:43:46 -0400] "GET /sitemap402.xml HTTP/1.1" 404 14302 "-" "Mozilla/5.0 AppleWebKit/537.36 (KHTML, like Gecko; compatible; ClaudeBot/1.0; +claudebot@anthropic.com)"
23.92.177.29 - - [21/Jul/2025:18:45:35 -0400] "POST /wp-cron.php?doing_wp_cron=1753137935.5014469623565673828125 HTTP/1.1" 200 0 "-" "WordPress/6.7.2; https://bodyguardslosangeles.net"
216.73.216.220 - - [21/Jul/2025:18:45:35 -0400] "GET /sitemap.xml HTTP/1.1" 301 0 "-" "Mozilla/5.0 AppleWebKit/537.36 (KHTML, like Gecko; compatible; ClaudeBot/1.0; +claudebot@anthropic.com)"
118.195.165.218 - - [21/Jul/2025:18:46:01 -0400] "GET / HTTP/1.1" 301 0 "-" "Mozilla/5.0 (iPhone; CPU iPhone OS 13_2_3 like Mac OS X) AppleWebKit/605.1.15 (KHTML, like Gecko) Version/13.0.3 Mobile/15E148 Safari/604.1"
23.92.177.29 - - [21/Jul/2025:18:46:46 -0400] "POST /wp-cron.php?doing_wp_cron=1753138006.5724980831146240234375 HTTP/1.1" 200 0 "-" "WordPress/6.7.2; https://bodyguardslosangeles.net"
216.73.216.220 - - [21/Jul/2025:18:46:46 -0400] "GET /sitemap334.xml HTTP/1.1" 404 14302 "-" "Mozilla/5.0 AppleWebKit/537.36 (KHTML, like Gecko; compatible; ClaudeBot/1.0; +claudebot@anthropic.com)"
23.92.177.29 - - [21/Jul/2025:18:48:14 -0400] "POST /wp-cron.php?doing_wp_cron=1753138094.7725529670715332031250 HTTP/1.1" 200 0 "-" "WordPress/6.7.2; https://bodyguardslosangeles.net"
216.73.216.220 - - [21/Jul/2025:18:48:14 -0400] "GET /sitemap534.xml HTTP/1.1" 404 14302 "-" "Mozilla/5.0 AppleWebKit/537.36 (KHTML, like Gecko; compatible; ClaudeBot/1.0; +claudebot@anthropic.com)"
23.92.177.29 - - [21/Jul/2025:18:51:22 -0400] "POST /wp-cron.php?doing_wp_cron=1753138282.1094789505004882812500 HTTP/1.1" 200 0 "-" "WordPress/6.7.2; https://bodyguardslosangeles.net"
57.141.4.24 - - [21/Jul/2025:18:51:21 -0400] "GET /shopdetail/15125569/ HTTP/1.1" 404 70509 "-" "meta-externalagent/1.1 (+https://developers.facebook.com/docs/sharing/webmasters/crawler)"
23.92.177.29 - - [21/Jul/2025:18:53:15 -0400] "POST /wp-cron.php?doing_wp_cron=1753138395.0183320045471191406250 HTTP/1.1" 200 0 "-" "WordPress/6.7.2; https://bodyguardslosangeles.net"
51.222.253.13 - - [21/Jul/2025:18:53:14 -0400] "GET /sitemap805.xml HTTP/1.1" 404 14302 "-" "Mozilla/5.0 (compatible; AhrefsBot/7.0; +http://ahrefs.com/robot/)"
23.92.177.29 - - [21/Jul/2025:18:55:47 -0400] "POST /wp-cron.php?doing_wp_cron=1753138547.8304419517517089843750 HTTP/1.1" 200 0 "-" "WordPress/6.7.2; https://bodyguardslosangeles.net"
216.73.216.220 - - [21/Jul/2025:18:55:47 -0400] "GET /sitemap697.xml HTTP/1.1" 404 14302 "-" "Mozilla/5.0 AppleWebKit/537.36 (KHTML, like Gecko; compatible; ClaudeBot/1.0; +claudebot@anthropic.com)"
23.92.177.29 - - [21/Jul/2025:18:57:01 -0400] "POST /wp-cron.php?doing_wp_cron=1753138621.6397850513458251953125 HTTP/1.1" 200 0 "-" "WordPress/6.7.2; https://bodyguardslosangeles.net"
216.73.216.220 - - [21/Jul/2025:18:57:01 -0400] "GET /sitemap602.xml HTTP/1.1" 404 14302 "-" "Mozilla/5.0 AppleWebKit/537.36 (KHTML, like Gecko; compatible; ClaudeBot/1.0; +claudebot@anthropic.com)"
216.73.216.220 - - [21/Jul/2025:18:57:02 -0400] "GET /sitemap376.xml HTTP/1.1" 404 14302 "-" "Mozilla/5.0 AppleWebKit/537.36 (KHTML, like Gecko; compatible; ClaudeBot/1.0; +claudebot@anthropic.com)"
216.73.216.220 - - [21/Jul/2025:18:57:02 -0400] "GET /sitemap438.xml HTTP/1.1" 404 14302 "-" "Mozilla/5.0 AppleWebKit/537.36 (KHTML, like Gecko; compatible; ClaudeBot/1.0; +claudebot@anthropic.com)"
23.92.177.29 - - [21/Jul/2025:18:58:07 -0400] "POST /wp-cron.php?doing_wp_cron=1753138687.7573020458221435546875 HTTP/1.1" 200 0 "-" "WordPress/6.7.2; https://bodyguardslosangeles.net"
216.73.216.220 - - [21/Jul/2025:18:58:07 -0400] "GET /sitemap234.xml HTTP/1.1" 404 14302 "-" "Mozilla/5.0 AppleWebKit/537.36 (KHTML, like Gecko; compatible; ClaudeBot/1.0; +claudebot@anthropic.com)"
23.92.177.29 - - [21/Jul/2025:18:58:51 -0400] "POST /wp-cron.php?doing_wp_cron=1753138731.0514230728149414062500 HTTP/1.1" 200 0 "-" "WordPress/6.7.2; https://bodyguardslosangeles.net"
57.141.4.17 - - [21/Jul/2025:18:58:50 -0400] "GET /shopdetail/3131181/ HTTP/1.1" 404 70507 "-" "meta-externalagent/1.1 (+https://developers.facebook.com/docs/sharing/webmasters/crawler)"
23.92.177.29 - - [21/Jul/2025:18:59:24 -0400] "POST /wp-cron.php?doing_wp_cron=1753138764.9649250507354736328125 HTTP/1.1" 200 0 "-" "WordPress/6.7.2; https://bodyguardslosangeles.net"
216.73.216.220 - - [21/Jul/2025:18:59:24 -0400] "GET /sitemap658.xml HTTP/1.1" 404 14302 "-" "Mozilla/5.0 AppleWebKit/537.36 (KHTML, like Gecko; compatible; ClaudeBot/1.0; +claudebot@anthropic.com)"
23.92.177.29 - - [21/Jul/2025:19:02:38 -0400] "POST /wp-cron.php?doing_wp_cron=1753138958.7526350021362304687500 HTTP/1.1" 200 0 "-" "WordPress/6.7.2; https://bodyguardslosangeles.net"
216.73.216.220 - - [21/Jul/2025:19:02:38 -0400] "GET /sitemap450.xml HTTP/1.1" 404 14302 "-" "Mozilla/5.0 AppleWebKit/537.36 (KHTML, like Gecko; compatible; ClaudeBot/1.0; +claudebot@anthropic.com)"
23.92.177.29 - - [21/Jul/2025:19:06:14 -0400] "POST /wp-cron.php?doing_wp_cron=1753139174.3317589759826660156250 HTTP/1.1" 200 0 "-" "WordPress/6.7.2; https://bodyguardslosangeles.net"
216.73.216.220 - - [21/Jul/2025:19:06:14 -0400] "GET /sitemap856.xml HTTP/1.1" 404 14302 "-" "Mozilla/5.0 AppleWebKit/537.36 (KHTML, like Gecko; compatible; ClaudeBot/1.0; +claudebot@anthropic.com)"
23.92.177.29 - - [21/Jul/2025:19:10:16 -0400] "POST /wp-cron.php?doing_wp_cron=1753139416.3895609378814697265625 HTTP/1.1" 200 0 "-" "WordPress/6.7.2; https://bodyguardslosangeles.net"
57.141.4.17 - - [21/Jul/2025:19:10:16 -0400] "GET /shopdetail/9414969/ HTTP/1.1" 404 70507 "-" "meta-externalagent/1.1 (+https://developers.facebook.com/docs/sharing/webmasters/crawler)"
23.92.177.29 - - [21/Jul/2025:19:11:39 -0400] "POST /wp-cron.php?doing_wp_cron=1753139499.1373860836029052734375 HTTP/1.1" 200 0 "-" "WordPress/6.7.2; https://bodyguardslosangeles.net"
216.73.216.220 - - [21/Jul/2025:19:11:38 -0400] "GET /sitemap568.xml HTTP/1.1" 404 14302 "-" "Mozilla/5.0 AppleWebKit/537.36 (KHTML, like Gecko; compatible; ClaudeBot/1.0; +claudebot@anthropic.com)"
23.92.177.29 - - [21/Jul/2025:19:12:13 -0400] "POST /wp-cron.php?doing_wp_cron=1753139533.1077969074249267578125 HTTP/1.1" 200 0 "-" "WordPress/6.7.2; https://bodyguardslosangeles.net"
57.141.4.4 - - [21/Jul/2025:19:12:12 -0400] "GET /shopdetail/25962258/ HTTP/1.1" 404 70509 "-" "meta-externalagent/1.1 (+https://developers.facebook.com/docs/sharing/webmasters/crawler)"
23.92.177.29 - - [21/Jul/2025:19:13:17 -0400] "POST /wp-cron.php?doing_wp_cron=1753139597.1916708946228027343750 HTTP/1.1" 200 0 "-" "WordPress/6.7.2; https://bodyguardslosangeles.net"
57.141.4.21 - - [21/Jul/2025:19:13:16 -0400] "GET /shopdetail/14297270/ HTTP/1.1" 404 70509 "-" "meta-externalagent/1.1 (+https://developers.facebook.com/docs/sharing/webmasters/crawler)"
23.92.177.29 - - [21/Jul/2025:19:15:33 -0400] "GET /.well-known/acme-challenge/XM8JRUE52-7940P4MJZIU-S3WRM5W2Z_ HTTP/1.1" 200 64 "-" "Cpanel-HTTP-Client/1.0"
23.92.177.29 - - [21/Jul/2025:19:15:34 -0400] "GET /.well-known/acme-challenge/723-VQVHAEHHXOUUKGS0T8W2GW-WKXXJ HTTP/1.1" 200 64 "-" "Cpanel-HTTP-Client/1.0"
23.92.177.29 - - [21/Jul/2025:19:15:34 -0400] "GET /.well-known/acme-challenge/S0-MB30VZSIN2TAP14OU1UJ8WK0MLP6Y HTTP/1.1" 200 64 "-" "Cpanel-HTTP-Client/1.0"
23.92.177.29 - - [21/Jul/2025:19:15:35 -0400] "GET /.well-known/acme-challenge/IQ5ZDLV5ST_NJM9MEFE1BGYMPGIHEBPM HTTP/1.1" 200 64 "-" "Cpanel-HTTP-Client/1.0"
23.92.177.29 - - [21/Jul/2025:19:15:35 -0400] "GET /.well-known/acme-challenge/BXFGPROTNR8NL0XZGH2I4JUIX3BPK6FG HTTP/1.1" 200 64 "-" "Cpanel-HTTP-Client/1.0"
23.92.177.29 - - [21/Jul/2025:19:15:35 -0400] "GET /.well-known/acme-challenge/YQQ68G4ZX5MEH8_IHEIXRQDEBW78Q13O HTTP/1.1" 200 64 "-" "Cpanel-HTTP-Client/1.0"
23.92.177.29 - - [21/Jul/2025:19:15:36 -0400] "GET /.well-known/acme-challenge/2MVO3AI0_XC24T3MX90OB391XMEV1O5U HTTP/1.1" 200 64 "-" "Cpanel-HTTP-Client/1.0"
23.92.177.29 - - [21/Jul/2025:19:15:36 -0400] "GET /.well-known/acme-challenge/ARGCO3H7MNEOP-RQ34-MG4D5U4WJ-3NE HTTP/1.1" 200 64 "-" "Cpanel-HTTP-Client/1.0"
23.92.177.29 - - [21/Jul/2025:19:15:37 -0400] "GET /.well-known/acme-challenge/JMMLGW8DQZF5WJR6P-5-VHU6JTWX3OP7 HTTP/1.1" 200 64 "-" "Cpanel-HTTP-Client/1.0"
4.227.36.9 - - [21/Jul/2025:19:18:13 -0400] "GET /robots.txt HTTP/1.1" 200 145 "-" "Mozilla/5.0 AppleWebKit/537.36 (KHTML, like Gecko; compatible; GPTBot/1.2; +https://openai.com/gptbot)"
23.92.177.29 - - [21/Jul/2025:19:18:13 -0400] "POST /wp-cron.php?doing_wp_cron=1753139893.2140190601348876953125 HTTP/1.1" 200 0 "-" "WordPress/6.7.2; https://bodyguardslosangeles.net"
20.171.207.86 - - [21/Jul/2025:19:18:12 -0400] "GET /sitemap886.xml HTTP/1.1" 404 14366 "-" "Mozilla/5.0 AppleWebKit/537.36 (KHTML, like Gecko; compatible; GPTBot/1.2; +https://openai.com/gptbot)"
216.73.216.220 - - [21/Jul/2025:19:18:26 -0400] "GET /sitemap334.xml HTTP/1.1" 404 14302 "-" "Mozilla/5.0 AppleWebKit/537.36 (KHTML, like Gecko; compatible; ClaudeBot/1.0; +claudebot@anthropic.com)"
23.92.177.29 - - [21/Jul/2025:19:19:13 -0400] "POST /wp-cron.php?doing_wp_cron=1753139953.1141428947448730468750 HTTP/1.1" 200 0 "-" "WordPress/6.7.2; https://bodyguardslosangeles.net"
57.141.4.21 - - [21/Jul/2025:19:19:12 -0400] "GET /shopdetail/11558758/ HTTP/1.1" 404 70509 "-" "meta-externalagent/1.1 (+https://developers.facebook.com/docs/sharing/webmasters/crawler)"
57.141.4.23 - - [21/Jul/2025:19:22:29 -0400] "GET /shopdetail/6583747/ HTTP/1.1" 404 70507 "-" "meta-externalagent/1.1 (+https://developers.facebook.com/docs/sharing/webmasters/crawler)"
20.171.207.86 - - [21/Jul/2025:19:22:34 -0400] "GET /sitemap376.xml HTTP/1.1" 404 14302 "-" "Mozilla/5.0 AppleWebKit/537.36 (KHTML, like Gecko; compatible; GPTBot/1.2; +https://openai.com/gptbot)"
20.171.207.86 - - [21/Jul/2025:19:22:38 -0400] "GET /sitemap402.xml HTTP/1.1" 404 14302 "-" "Mozilla/5.0 AppleWebKit/537.36 (KHTML, like Gecko; compatible; GPTBot/1.2; +https://openai.com/gptbot)"
