23.92.177.29 - - [22/Jul/2025:02:11:07 -0400] "POST /wp-cron.php?doing_wp_cron=1753164667.4899220466613769531250 HTTP/1.1" 200 0 "-" "WordPress/6.7.2; https://bodyguardslosangeles.net"
57.141.4.14 - - [22/Jul/2025:02:11:07 -0400] "GET /shopdetail/18765703/ HTTP/1.1" 404 70509 "-" "meta-externalagent/1.1 (+https://developers.facebook.com/docs/sharing/webmasters/crawler)"
23.92.177.29 - - [22/Jul/2025:02:12:15 -0400] "POST /wp-cron.php?doing_wp_cron=1753164735.0423378944396972656250 HTTP/1.1" 200 0 "-" "WordPress/6.7.2; https://bodyguardslosangeles.net"
57.141.4.9 - - [22/Jul/2025:02:12:14 -0400] "GET /shopdetail/12025903/ HTTP/1.1" 404 70509 "-" "meta-externalagent/1.1 (+https://developers.facebook.com/docs/sharing/webmasters/crawler)"
23.92.177.29 - - [22/Jul/2025:02:13:14 -0400] "POST /wp-cron.php?doing_wp_cron=1753164794.8324680328369140625000 HTTP/1.1" 200 0 "-" "WordPress/6.7.2; https://bodyguardslosangeles.net"
23.92.177.29 - - [22/Jul/2025:02:17:38 -0400] "POST /wp-cron.php?doing_wp_cron=1753165058.7439720630645751953125 HTTP/1.1" 200 0 "-" "WordPress/6.7.2; https://bodyguardslosangeles.net"
57.141.4.5 - - [22/Jul/2025:02:17:37 -0400] "GET /shopdetail/7999358/ HTTP/1.1" 404 70507 "-" "meta-externalagent/1.1 (+https://developers.facebook.com/docs/sharing/webmasters/crawler)"
57.141.4.18 - - [22/Jul/2025:02:17:47 -0400] "GET /shopdetail/24062725/ HTTP/1.1" 404 70509 "-" "meta-externalagent/1.1 (+https://developers.facebook.com/docs/sharing/webmasters/crawler)"
57.141.4.9 - - [22/Jul/2025:02:13:14 -0400] "GET /shopdetail/1414081/ HTTP/1.1" 404 70507 "-" "meta-externalagent/1.1 (+https://developers.facebook.com/docs/sharing/webmasters/crawler)"
57.141.4.14 - - [22/Jul/2025:02:18:08 -0400] "GET /shopdetail/11211281/ HTTP/1.1" 404 70509 "-" "meta-externalagent/1.1 (+https://developers.facebook.com/docs/sharing/webmasters/crawler)"
23.92.177.29 - - [22/Jul/2025:02:18:25 -0400] "POST /wp-cron.php?doing_wp_cron=1753165105.9491579532623291015625 HTTP/1.1" 200 0 "-" "WordPress/6.7.2; https://bodyguardslosangeles.net"
57.141.4.2 - - [22/Jul/2025:02:18:25 -0400] "GET /shopdetail/3804636/ HTTP/1.1" 404 70507 "-" "meta-externalagent/1.1 (+https://developers.facebook.com/docs/sharing/webmasters/crawler)"
23.92.177.29 - - [22/Jul/2025:02:24:49 -0400] "POST /wp-cron.php?doing_wp_cron=1753165489.5565791130065917968750 HTTP/1.1" 200 0 "-" "WordPress/6.7.2; https://bodyguardslosangeles.net"
113.22.154.74 - - [22/Jul/2025:02:24:49 -0400] "GET /wp-json/wp/v2/posts HTTP/1.1" 200 5239 "-" "Mozilla/5.0 (Windows NT 10.0; Win64; x64) AppleWebKit/537.36 (KHTML, like Gecko) Chrome/120.0.0.0 Safari/537.36"
23.92.177.29 - - [22/Jul/2025:02:26:29 -0400] "POST /wp-cron.php?doing_wp_cron=1753165589.1717200279235839843750 HTTP/1.1" 200 0 "-" "WordPress/6.7.2; https://bodyguardslosangeles.net"
57.141.4.7 - - [22/Jul/2025:02:26:28 -0400] "GET /shopdetail/21902036/ HTTP/1.1" 404 70509 "-" "meta-externalagent/1.1 (+https://developers.facebook.com/docs/sharing/webmasters/crawler)"
57.141.4.29 - - [22/Jul/2025:02:26:37 -0400] "GET /shopdetail/6923825/ HTTP/1.1" 404 70507 "-" "meta-externalagent/1.1 (+https://developers.facebook.com/docs/sharing/webmasters/crawler)"
14.226.101.178 - - [22/Jul/2025:02:26:53 -0400] "GET http://bodyguardslosangeles.net/tryitnow_guaranteed.jpg HTTP/1.1" 404 0 "-" "Mozilla/5.0 (Macintosh; Intel Mac OS X 10_13_6) AppleWebKit/537.36 (KHTML, like Gecko) Chrome/78.0.3904.108 Safari/537.36"
66.249.70.100 - - [22/Jul/2025:02:27:11 -0400] "GET / HTTP/1.1" 301 0 "-" "Mozilla/5.0 (Linux; Android 6.0.1; Nexus 5X Build/MMB29P) AppleWebKit/537.36 (KHTML, like Gecko) Chrome/99.0.4844.84 Mobile Safari/537.36 (compatible; Googlebot/2.1; +http://www.google.com/bot.html)"
66.249.70.102 - - [22/Jul/2025:02:27:11 -0400] "GET / HTTP/1.1" 301 0 "-" "Mozilla/5.0 (compatible; Googlebot/2.1; +http://www.google.com/bot.html)"
57.141.4.16 - - [22/Jul/2025:02:27:34 -0400] "GET /shopdetail/13261858/ HTTP/1.1" 404 70509 "-" "meta-externalagent/1.1 (+https://developers.facebook.com/docs/sharing/webmasters/crawler)"
216.73.216.220 - - [22/Jul/2025:02:27:49 -0400] "GET /sitemap438.xml HTTP/1.1" 404 14366 "-" "Mozilla/5.0 AppleWebKit/537.36 (KHTML, like Gecko; compatible; ClaudeBot/1.0; +claudebot@anthropic.com)"
23.92.177.29 - - [22/Jul/2025:02:29:54 -0400] "POST /wp-cron.php?doing_wp_cron=1753165794.0273289680480957031250 HTTP/1.1" 200 0 "-" "WordPress/6.7.2; https://bodyguardslosangeles.net"
57.141.4.9 - - [22/Jul/2025:02:29:53 -0400] "GET /shopdetail/9173114/ HTTP/1.1" 404 70507 "-" "meta-externalagent/1.1 (+https://developers.facebook.com/docs/sharing/webmasters/crawler)"
23.92.177.29 - - [22/Jul/2025:02:30:14 -0400] "POST /wp-cron.php?doing_wp_cron=1753165814.9732310771942138671875 HTTP/1.1" 200 0 "-" "WordPress/6.7.2; https://bodyguardslosangeles.net"
57.141.4.15 - - [22/Jul/2025:02:30:14 -0400] "GET /shopdetail/12785592/ HTTP/1.1" 404 70509 "-" "meta-externalagent/1.1 (+https://developers.facebook.com/docs/sharing/webmasters/crawler)"
216.73.216.220 - - [22/Jul/2025:02:30:17 -0400] "GET /sitemap376.xml HTTP/1.1" 404 14303 "-" "Mozilla/5.0 AppleWebKit/537.36 (KHTML, like Gecko; compatible; ClaudeBot/1.0; +claudebot@anthropic.com)"
57.141.4.7 - - [22/Jul/2025:02:31:09 -0400] "GET /shopdetail/25394681/ HTTP/1.1" 404 70509 "-" "meta-externalagent/1.1 (+https://developers.facebook.com/docs/sharing/webmasters/crawler)"
23.92.177.29 - - [22/Jul/2025:02:33:58 -0400] "POST /wp-cron.php?doing_wp_cron=1753166038.9887599945068359375000 HTTP/1.1" 200 0 "-" "WordPress/6.7.2; https://bodyguardslosangeles.net"
57.141.4.15 - - [22/Jul/2025:02:33:58 -0400] "GET /shopdetail/9010503/ HTTP/1.1" 404 70507 "-" "meta-externalagent/1.1 (+https://developers.facebook.com/docs/sharing/webmasters/crawler)"
216.73.216.220 - - [22/Jul/2025:02:34:08 -0400] "GET /sitemap796.xml HTTP/1.1" 404 14303 "-" "Mozilla/5.0 AppleWebKit/537.36 (KHTML, like Gecko; compatible; ClaudeBot/1.0; +claudebot@anthropic.com)"
23.92.177.29 - - [22/Jul/2025:02:37:32 -0400] "POST /wp-cron.php?doing_wp_cron=1753166252.0369191169738769531250 HTTP/1.1" 200 0 "-" "WordPress/6.7.2; https://bodyguardslosangeles.net"
57.141.4.5 - - [22/Jul/2025:02:37:31 -0400] "GET /sitemap856.xml HTTP/1.1" 404 70479 "-" "meta-externalagent/1.1 (+https://developers.facebook.com/docs/sharing/webmasters/crawler)"
23.92.177.29 - - [22/Jul/2025:02:38:24 -0400] "POST /wp-cron.php?doing_wp_cron=1753166304.3587160110473632812500 HTTP/1.1" 200 0 "-" "WordPress/6.7.2; https://bodyguardslosangeles.net"
57.141.4.30 - - [22/Jul/2025:02:38:24 -0400] "GET /shopdetail/22160647/ HTTP/1.1" 404 70509 "-" "meta-externalagent/1.1 (+https://developers.facebook.com/docs/sharing/webmasters/crawler)"
57.141.4.26 - - [22/Jul/2025:02:38:39 -0400] "GET /shopdetail/24003836/ HTTP/1.1" 404 70509 "-" "meta-externalagent/1.1 (+https://developers.facebook.com/docs/sharing/webmasters/crawler)"
23.92.177.29 - - [22/Jul/2025:02:40:09 -0400] "POST /wp-cron.php?doing_wp_cron=1753166409.0339291095733642578125 HTTP/1.1" 200 0 "-" "WordPress/6.7.2; https://bodyguardslosangeles.net"
57.141.4.20 - - [22/Jul/2025:02:40:08 -0400] "GET /shopdetail/15263169/ HTTP/1.1" 404 70509 "-" "meta-externalagent/1.1 (+https://developers.facebook.com/docs/sharing/webmasters/crawler)"
23.92.177.29 - - [22/Jul/2025:02:43:57 -0400] "POST /wp-cron.php?doing_wp_cron=1753166637.9616060256958007812500 HTTP/1.1" 200 0 "-" "WordPress/6.7.2; https://bodyguardslosangeles.net"
57.141.4.26 - - [22/Jul/2025:02:43:57 -0400] "GET /shopdetail/6706592/ HTTP/1.1" 404 70507 "-" "meta-externalagent/1.1 (+https://developers.facebook.com/docs/sharing/webmasters/crawler)"
23.92.177.29 - - [22/Jul/2025:02:45:57 -0400] "POST /wp-cron.php?doing_wp_cron=1753166757.9815189838409423828125 HTTP/1.1" 200 0 "-" "WordPress/6.7.2; https://bodyguardslosangeles.net"
57.141.4.13 - - [22/Jul/2025:02:45:57 -0400] "GET /shopdetail/13464047/ HTTP/1.1" 404 70509 "-" "meta-externalagent/1.1 (+https://developers.facebook.com/docs/sharing/webmasters/crawler)"
23.92.177.29 - - [22/Jul/2025:02:47:40 -0400] "POST /wp-cron.php?doing_wp_cron=1753166860.4109890460968017578125 HTTP/1.1" 200 0 "-" "WordPress/6.7.2; https://bodyguardslosangeles.net"
216.73.216.220 - - [22/Jul/2025:02:47:40 -0400] "GET /sitemap805.xml HTTP/1.1" 404 14303 "-" "Mozilla/5.0 AppleWebKit/537.36 (KHTML, like Gecko; compatible; ClaudeBot/1.0; +claudebot@anthropic.com)"
23.92.177.29 - - [22/Jul/2025:02:48:51 -0400] "POST /wp-cron.php?doing_wp_cron=1753166931.2047810554504394531250 HTTP/1.1" 200 0 "-" "WordPress/6.7.2; https://bodyguardslosangeles.net"
216.73.216.220 - - [22/Jul/2025:02:48:50 -0400] "GET /sitemap357.xml HTTP/1.1" 404 14303 "-" "Mozilla/5.0 AppleWebKit/537.36 (KHTML, like Gecko; compatible; ClaudeBot/1.0; +claudebot@anthropic.com)"
23.92.177.29 - - [22/Jul/2025:02:50:00 -0400] "POST /wp-cron.php?doing_wp_cron=1753167000.7280240058898925781250 HTTP/1.1" 200 0 "-" "WordPress/6.7.2; https://bodyguardslosangeles.net"
216.73.216.220 - - [22/Jul/2025:02:50:00 -0400] "GET /sitemap255.xml HTTP/1.1" 404 14303 "-" "Mozilla/5.0 AppleWebKit/537.36 (KHTML, like Gecko; compatible; ClaudeBot/1.0; +claudebot@anthropic.com)"
23.92.177.29 - - [22/Jul/2025:02:51:13 -0400] "POST /wp-cron.php?doing_wp_cron=1753167073.5068030357360839843750 HTTP/1.1" 200 0 "-" "WordPress/6.7.2; https://bodyguardslosangeles.net"
57.141.4.26 - - [22/Jul/2025:02:51:13 -0400] "GET /shopdetail/23435070/ HTTP/1.1" 404 70509 "-" "meta-externalagent/1.1 (+https://developers.facebook.com/docs/sharing/webmasters/crawler)"
23.92.177.29 - - [22/Jul/2025:02:53:13 -0400] "POST /wp-cron.php?doing_wp_cron=1753167193.3650488853454589843750 HTTP/1.1" 200 0 "-" "WordPress/6.7.2; https://bodyguardslosangeles.net"
216.73.216.220 - - [22/Jul/2025:02:53:13 -0400] "GET /sitemap658.xml HTTP/1.1" 404 14303 "-" "Mozilla/5.0 AppleWebKit/537.36 (KHTML, like Gecko; compatible; ClaudeBot/1.0; +claudebot@anthropic.com)"
57.141.4.13 - - [22/Jul/2025:02:54:12 -0400] "GET /shopdetail/4029125/ HTTP/1.1" 404 70507 "-" "meta-externalagent/1.1 (+https://developers.facebook.com/docs/sharing/webmasters/crawler)"
23.92.177.29 - - [22/Jul/2025:02:54:13 -0400] "POST /wp-cron.php?doing_wp_cron=1753167253.5194129943847656250000 HTTP/1.1" 200 0 "-" "WordPress/6.7.2; https://bodyguardslosangeles.net"
216.73.216.220 - - [22/Jul/2025:02:54:13 -0400] "GET /sitemap886.xml HTTP/1.1" 404 14303 "-" "Mozilla/5.0 AppleWebKit/537.36 (KHTML, like Gecko; compatible; ClaudeBot/1.0; +claudebot@anthropic.com)"
216.73.216.220 - - [22/Jul/2025:02:54:14 -0400] "GET /sitemap234.xml HTTP/1.1" 404 14303 "-" "Mozilla/5.0 AppleWebKit/537.36 (KHTML, like Gecko; compatible; ClaudeBot/1.0; +claudebot@anthropic.com)"
143.244.182.26 - - [22/Jul/2025:02:56:02 -0400] "GET / HTTP/1.1" 301 0 "-" "Mozilla/5.0 (X11; Linux x86_64; rv:137.0) Gecko/20100101 Firefox/137.0"
143.244.182.26 - - [22/Jul/2025:02:56:02 -0400] "GET /favicon.ico HTTP/1.1" 404 1251 "http://bodyguardslosangeles.net/" "Mozilla/5.0 (X11; Linux x86_64; rv:137.0) Gecko/20100101 Firefox/137.0"
23.92.177.29 - - [22/Jul/2025:02:56:15 -0400] "POST /wp-cron.php?doing_wp_cron=1753167375.7964611053466796875000 HTTP/1.1" 200 0 "-" "WordPress/6.7.2; https://bodyguardslosangeles.net"
216.73.216.220 - - [22/Jul/2025:02:56:15 -0400] "GET /sitemap394.xml HTTP/1.1" 404 14303 "-" "Mozilla/5.0 AppleWebKit/537.36 (KHTML, like Gecko; compatible; ClaudeBot/1.0; +claudebot@anthropic.com)"
57.141.4.10 - - [22/Jul/2025:02:56:17 -0400] "GET /shopdetail/20904581/ HTTP/1.1" 404 70509 "-" "meta-externalagent/1.1 (+https://developers.facebook.com/docs/sharing/webmasters/crawler)"
23.92.177.29 - - [22/Jul/2025:02:57:56 -0400] "POST /wp-cron.php?doing_wp_cron=1753167476.9589428901672363281250 HTTP/1.1" 200 0 "-" "WordPress/6.7.2; https://bodyguardslosangeles.net"
57.141.4.23 - - [22/Jul/2025:02:57:56 -0400] "GET /shopdetail/14547881/ HTTP/1.1" 404 70509 "-" "meta-externalagent/1.1 (+https://developers.facebook.com/docs/sharing/webmasters/crawler)"
57.141.4.6 - - [22/Jul/2025:02:58:03 -0400] "GET /shopdetail/25236403/ HTTP/1.1" 404 70509 "-" "meta-externalagent/1.1 (+https://developers.facebook.com/docs/sharing/webmasters/crawler)"
23.92.177.29 - - [22/Jul/2025:03:00:25 -0400] "POST /wp-cron.php?doing_wp_cron=1753167625.5375359058380126953125 HTTP/1.1" 200 0 "-" "WordPress/6.7.2; https://bodyguardslosangeles.net"
216.73.216.220 - - [22/Jul/2025:03:00:25 -0400] "GET /sitemap402.xml HTTP/1.1" 404 14303 "-" "Mozilla/5.0 AppleWebKit/537.36 (KHTML, like Gecko; compatible; ClaudeBot/1.0; +claudebot@anthropic.com)"
216.73.216.220 - - [22/Jul/2025:03:00:26 -0400] "GET /sitemap334.xml HTTP/1.1" 404 14303 "-" "Mozilla/5.0 AppleWebKit/537.36 (KHTML, like Gecko; compatible; ClaudeBot/1.0; +claudebot@anthropic.com)"
216.73.216.220 - - [22/Jul/2025:03:01:56 -0400] "GET /robots.txt HTTP/1.1" 200 145 "-" "Mozilla/5.0 AppleWebKit/537.36 (KHTML, like Gecko; compatible; ClaudeBot/1.0; +claudebot@anthropic.com)"
23.92.177.29 - - [22/Jul/2025:03:01:56 -0400] "POST /wp-cron.php?doing_wp_cron=1753167716.8461210727691650390625 HTTP/1.1" 200 0 "-" "WordPress/6.7.2; https://bodyguardslosangeles.net"
216.73.216.220 - - [22/Jul/2025:03:01:56 -0400] "GET /sitemap450.xml HTTP/1.1" 404 14303 "-" "Mozilla/5.0 AppleWebKit/537.36 (KHTML, like Gecko; compatible; ClaudeBot/1.0; +claudebot@anthropic.com)"
216.73.216.220 - - [22/Jul/2025:03:01:56 -0400] "GET /sitemap438.xml HTTP/1.1" 404 14303 "-" "Mozilla/5.0 AppleWebKit/537.36 (KHTML, like Gecko; compatible; ClaudeBot/1.0; +claudebot@anthropic.com)"
23.92.177.29 - - [22/Jul/2025:03:02:49 -0400] "POST /wp-cron.php?doing_wp_cron=1753167769.8439910411834716796875 HTTP/1.1" 200 0 "-" "WordPress/6.7.2; https://bodyguardslosangeles.net"
57.141.4.8 - - [22/Jul/2025:03:02:49 -0400] "GET /shopdetail/7272292/ HTTP/1.1" 404 70507 "-" "meta-externalagent/1.1 (+https://developers.facebook.com/docs/sharing/webmasters/crawler)"
23.92.177.29 - - [22/Jul/2025:03:03:27 -0400] "POST /wp-cron.php?doing_wp_cron=1753167807.0562710762023925781250 HTTP/1.1" 200 0 "-" "WordPress/6.7.2; https://bodyguardslosangeles.net"
57.141.4.30 - - [22/Jul/2025:03:03:26 -0400] "GET /shopdetail/11692770/ HTTP/1.1" 404 70509 "-" "meta-externalagent/1.1 (+https://developers.facebook.com/docs/sharing/webmasters/crawler)"
57.141.4.27 - - [22/Jul/2025:03:03:27 -0400] "GET /shopdetail/5623903/ HTTP/1.1" 404 70507 "-" "meta-externalagent/1.1 (+https://developers.facebook.com/docs/sharing/webmasters/crawler)"
216.73.216.220 - - [22/Jul/2025:03:03:36 -0400] "GET /sitemap.xml HTTP/1.1" 301 0 "-" "Mozilla/5.0 AppleWebKit/537.36 (KHTML, like Gecko; compatible; ClaudeBot/1.0; +claudebot@anthropic.com)"
23.92.177.29 - - [22/Jul/2025:03:06:00 -0400] "POST /wp-cron.php?doing_wp_cron=1753167960.7626209259033203125000 HTTP/1.1" 200 0 "-" "WordPress/6.7.2; https://bodyguardslosangeles.net"
216.73.216.220 - - [22/Jul/2025:03:06:00 -0400] "GET /sitemap697.xml HTTP/1.1" 404 14303 "-" "Mozilla/5.0 AppleWebKit/537.36 (KHTML, like Gecko; compatible; ClaudeBot/1.0; +claudebot@anthropic.com)"
57.141.4.5 - - [22/Jul/2025:03:06:04 -0400] "GET /shopdetail/12655125/ HTTP/1.1" 404 70509 "-" "meta-externalagent/1.1 (+https://developers.facebook.com/docs/sharing/webmasters/crawler)"
23.92.177.29 - - [22/Jul/2025:03:07:09 -0400] "POST /wp-cron.php?doing_wp_cron=1753168029.9084320068359375000000 HTTP/1.1" 200 0 "-" "WordPress/6.7.2; https://bodyguardslosangeles.net"
216.73.216.220 - - [22/Jul/2025:03:07:09 -0400] "GET /sitemap376.xml HTTP/1.1" 404 14303 "-" "Mozilla/5.0 AppleWebKit/537.36 (KHTML, like Gecko; compatible; ClaudeBot/1.0; +claudebot@anthropic.com)"
57.141.4.12 - - [22/Jul/2025:03:09:57 -0400] "GET /shopdetail/15259270/ HTTP/1.1" 404 70509 "-" "meta-externalagent/1.1 (+https://developers.facebook.com/docs/sharing/webmasters/crawler)"
23.92.177.29 - - [22/Jul/2025:03:12:03 -0400] "POST /wp-cron.php?doing_wp_cron=1753168323.1022570133209228515625 HTTP/1.1" 200 0 "-" "WordPress/6.7.2; https://bodyguardslosangeles.net"
57.141.4.10 - - [22/Jul/2025:03:12:02 -0400] "GET /shopdetail/26291247/ HTTP/1.1" 404 70509 "-" "meta-externalagent/1.1 (+https://developers.facebook.com/docs/sharing/webmasters/crawler)"
57.141.4.5 - - [22/Jul/2025:03:12:06 -0400] "GET /shopdetail/14820947/ HTTP/1.1" 404 70509 "-" "meta-externalagent/1.1 (+https://developers.facebook.com/docs/sharing/webmasters/crawler)"
23.92.177.29 - - [22/Jul/2025:03:12:28 -0400] "POST /wp-cron.php?doing_wp_cron=1753168348.7476780414581298828125 HTTP/1.1" 200 0 "-" "WordPress/6.7.2; https://bodyguardslosangeles.net"
57.141.4.7 - - [22/Jul/2025:03:12:28 -0400] "GET /shopdetail/3627347/ HTTP/1.1" 404 70507 "-" "meta-externalagent/1.1 (+https://developers.facebook.com/docs/sharing/webmasters/crawler)"
57.141.4.9 - - [22/Jul/2025:03:12:51 -0400] "GET /shopdetail/5456525/ HTTP/1.1" 404 70507 "-" "meta-externalagent/1.1 (+https://developers.facebook.com/docs/sharing/webmasters/crawler)"
23.92.177.29 - - [22/Jul/2025:03:13:24 -0400] "POST /wp-cron.php?doing_wp_cron=1753168404.8517971038818359375000 HTTP/1.1" 200 0 "-" "WordPress/6.7.2; https://bodyguardslosangeles.net"
57.141.4.2 - - [22/Jul/2025:03:13:24 -0400] "GET /shopdetail/9797158/ HTTP/1.1" 404 70507 "-" "meta-externalagent/1.1 (+https://developers.facebook.com/docs/sharing/webmasters/crawler)"
43.225.58.251 - - [22/Jul/2025:03:13:25 -0400] "GET /yiwangxiao/imgpreview.php HTTP/1.1" 301 0 "-" "Mozilla/5.0 (Windows NT 10.0; Win64; x64)"
43.225.58.251 - - [22/Jul/2025:03:13:26 -0400] "GET /yiwangxiao/imgpreview.php HTTP/1.1" 404 16414 "-" "Mozilla/5.0 (Windows NT 10.0; Win64; x64)"
23.92.177.29 - - [22/Jul/2025:03:14:44 -0400] "POST /wp-cron.php?doing_wp_cron=1753168484.6032700538635253906250 HTTP/1.1" 200 0 "-" "WordPress/6.7.2; https://bodyguardslosangeles.net"
57.141.4.29 - - [22/Jul/2025:03:14:44 -0400] "GET /shopdetail/25448336/ HTTP/1.1" 404 70509 "-" "meta-externalagent/1.1 (+https://developers.facebook.com/docs/sharing/webmasters/crawler)"
23.92.177.29 - - [22/Jul/2025:03:15:26 -0400] "POST /wp-cron.php?doing_wp_cron=1753168526.0078070163726806640625 HTTP/1.1" 200 0 "-" "WordPress/6.7.2; https://bodyguardslosangeles.net"
216.73.216.220 - - [22/Jul/2025:03:15:25 -0400] "GET /sitemap796.xml HTTP/1.1" 404 14303 "-" "Mozilla/5.0 AppleWebKit/537.36 (KHTML, like Gecko; compatible; ClaudeBot/1.0; +claudebot@anthropic.com)"
23.92.177.29 - - [22/Jul/2025:03:17:44 -0400] "POST /wp-cron.php?doing_wp_cron=1753168664.0355570316314697265625 HTTP/1.1" 200 0 "-" "WordPress/6.7.2; https://bodyguardslosangeles.net"
57.141.4.4 - - [22/Jul/2025:03:17:43 -0400] "GET /shopdetail/21952647/ HTTP/1.1" 404 70509 "-" "meta-externalagent/1.1 (+https://developers.facebook.com/docs/sharing/webmasters/crawler)"
23.92.177.29 - - [22/Jul/2025:03:18:16 -0400] "POST /wp-cron.php?doing_wp_cron=1753168696.5817530155181884765625 HTTP/1.1" 200 0 "-" "WordPress/6.7.2; https://bodyguardslosangeles.net"
57.141.4.26 - - [22/Jul/2025:03:18:16 -0400] "GET /shopdetail/25463881/ HTTP/1.1" 404 70509 "-" "meta-externalagent/1.1 (+https://developers.facebook.com/docs/sharing/webmasters/crawler)"
216.73.216.220 - - [22/Jul/2025:03:18:41 -0400] "GET /sitemap394.xml HTTP/1.1" 404 14303 "-" "Mozilla/5.0 AppleWebKit/537.36 (KHTML, like Gecko; compatible; ClaudeBot/1.0; +claudebot@anthropic.com)"
23.92.177.29 - - [22/Jul/2025:03:19:53 -0400] "POST /wp-cron.php?doing_wp_cron=1753168793.9005339145660400390625 HTTP/1.1" 200 0 "-" "WordPress/6.7.2; https://bodyguardslosangeles.net"
57.141.4.10 - - [22/Jul/2025:03:19:53 -0400] "GET /shopdetail/5114870/ HTTP/1.1" 404 70507 "-" "meta-externalagent/1.1 (+https://developers.facebook.com/docs/sharing/webmasters/crawler)"
57.141.4.23 - - [22/Jul/2025:03:20:04 -0400] "GET /shopdetail/2182847/ HTTP/1.1" 404 70507 "-" "meta-externalagent/1.1 (+https://developers.facebook.com/docs/sharing/webmasters/crawler)"
57.141.4.4 - - [22/Jul/2025:03:20:07 -0400] "GET /shopdetail/9340358/ HTTP/1.1" 404 70507 "-" "meta-externalagent/1.1 (+https://developers.facebook.com/docs/sharing/webmasters/crawler)"
23.92.177.29 - - [22/Jul/2025:03:22:13 -0400] "POST /wp-cron.php?doing_wp_cron=1753168933.7334198951721191406250 HTTP/1.1" 200 0 "-" "WordPress/6.7.2; https://bodyguardslosangeles.net"
57.141.4.2 - - [22/Jul/2025:03:22:13 -0400] "GET /shopdetail/2974769/ HTTP/1.1" 404 70507 "-" "meta-externalagent/1.1 (+https://developers.facebook.com/docs/sharing/webmasters/crawler)"
216.73.216.220 - - [22/Jul/2025:03:22:35 -0400] "GET /sitemap376.xml HTTP/1.1" 404 14303 "-" "Mozilla/5.0 AppleWebKit/537.36 (KHTML, like Gecko; compatible; ClaudeBot/1.0; +claudebot@anthropic.com)"
23.92.177.29 - - [22/Jul/2025:03:23:15 -0400] "POST /wp-cron.php?doing_wp_cron=1753168995.8331179618835449218750 HTTP/1.1" 200 0 "-" "WordPress/6.7.2; https://bodyguardslosangeles.net"
57.141.4.8 - - [22/Jul/2025:03:23:15 -0400] "GET /shopdetail/25230214/ HTTP/1.1" 404 70509 "-" "meta-externalagent/1.1 (+https://developers.facebook.com/docs/sharing/webmasters/crawler)"
23.92.177.29 - - [22/Jul/2025:03:25:53 -0400] "POST /wp-cron.php?doing_wp_cron=1753169153.4774320125579833984375 HTTP/1.1" 200 0 "-" "WordPress/6.7.2; https://bodyguardslosangeles.net"
216.73.216.220 - - [22/Jul/2025:03:25:53 -0400] "GET /sitemap796.xml HTTP/1.1" 404 14303 "-" "Mozilla/5.0 AppleWebKit/537.36 (KHTML, like Gecko; compatible; ClaudeBot/1.0; +claudebot@anthropic.com)"
216.73.216.220 - - [22/Jul/2025:03:25:55 -0400] "GET /sitemap402.xml HTTP/1.1" 404 14303 "-" "Mozilla/5.0 AppleWebKit/537.36 (KHTML, like Gecko; compatible; ClaudeBot/1.0; +claudebot@anthropic.com)"
23.92.177.29 - - [22/Jul/2025:03:30:23 -0400] "POST /wp-cron.php?doing_wp_cron=1753169423.4735560417175292968750 HTTP/1.1" 200 0 "-" "WordPress/6.7.2; https://bodyguardslosangeles.net"
216.73.216.220 - - [22/Jul/2025:03:30:23 -0400] "GET /sitemap346.xml HTTP/1.1" 404 14303 "-" "Mozilla/5.0 AppleWebKit/537.36 (KHTML, like Gecko; compatible; ClaudeBot/1.0; +claudebot@anthropic.com)"
23.92.177.29 - - [22/Jul/2025:03:31:19 -0400] "POST /wp-cron.php?doing_wp_cron=1753169479.5286788940429687500000 HTTP/1.1" 200 0 "-" "WordPress/6.7.2; https://bodyguardslosangeles.net"
57.141.4.9 - - [22/Jul/2025:03:31:19 -0400] "GET /shopdetail/3166125/ HTTP/1.1" 404 70507 "-" "meta-externalagent/1.1 (+https://developers.facebook.com/docs/sharing/webmasters/crawler)"
23.92.177.29 - - [22/Jul/2025:03:33:36 -0400] "POST /wp-cron.php?doing_wp_cron=1753169616.6896910667419433593750 HTTP/1.1" 200 0 "-" "WordPress/6.7.2; https://bodyguardslosangeles.net"
216.73.216.220 - - [22/Jul/2025:03:33:36 -0400] "GET /sitemap357.xml HTTP/1.1" 404 14303 "-" "Mozilla/5.0 AppleWebKit/537.36 (KHTML, like Gecko; compatible; ClaudeBot/1.0; +claudebot@anthropic.com)"
23.92.177.29 - - [22/Jul/2025:03:35:15 -0400] "POST /wp-cron.php?doing_wp_cron=1753169715.1489329338073730468750 HTTP/1.1" 200 0 "-" "WordPress/6.7.2; https://bodyguardslosangeles.net"
57.141.4.30 - - [22/Jul/2025:03:35:14 -0400] "GET /shopdetail/5378892/ HTTP/1.1" 404 70507 "-" "meta-externalagent/1.1 (+https://developers.facebook.com/docs/sharing/webmasters/crawler)"
23.92.177.29 - - [22/Jul/2025:03:36:39 -0400] "POST /wp-cron.php?doing_wp_cron=1753169799.7700679302215576171875 HTTP/1.1" 200 0 "-" "WordPress/6.7.2; https://bodyguardslosangeles.net"
216.73.216.220 - - [22/Jul/2025:03:36:39 -0400] "GET /sitemap604.xml HTTP/1.1" 404 14303 "-" "Mozilla/5.0 AppleWebKit/537.36 (KHTML, like Gecko; compatible; ClaudeBot/1.0; +claudebot@anthropic.com)"
23.92.177.29 - - [22/Jul/2025:03:38:26 -0400] "POST /wp-cron.php?doing_wp_cron=1753169906.6034131050109863281250 HTTP/1.1" 200 0 "-" "WordPress/6.7.2; https://bodyguardslosangeles.net"
216.73.216.220 - - [22/Jul/2025:03:38:26 -0400] "GET /sitemap697.xml HTTP/1.1" 404 14303 "-" "Mozilla/5.0 AppleWebKit/537.36 (KHTML, like Gecko; compatible; ClaudeBot/1.0; +claudebot@anthropic.com)"
23.92.177.29 - - [22/Jul/2025:03:40:07 -0400] "POST /wp-cron.php?doing_wp_cron=1753170007.6398150920867919921875 HTTP/1.1" 200 0 "-" "WordPress/6.7.2; https://bodyguardslosangeles.net"
216.73.216.220 - - [22/Jul/2025:03:40:07 -0400] "GET /sitemap450.xml HTTP/1.1" 404 14303 "-" "Mozilla/5.0 AppleWebKit/537.36 (KHTML, like Gecko; compatible; ClaudeBot/1.0; +claudebot@anthropic.com)"
216.73.216.220 - - [22/Jul/2025:03:40:08 -0400] "GET /sitemap534.xml HTTP/1.1" 404 14303 "-" "Mozilla/5.0 AppleWebKit/537.36 (KHTML, like Gecko; compatible; ClaudeBot/1.0; +claudebot@anthropic.com)"
23.92.177.29 - - [22/Jul/2025:03:41:19 -0400] "POST /wp-cron.php?doing_wp_cron=1753170079.8742680549621582031250 HTTP/1.1" 200 0 "-" "WordPress/6.7.2; https://bodyguardslosangeles.net"
68.163.47.122 - - [22/Jul/2025:03:41:19 -0400] "GET /wp-login.php HTTP/1.1" 302 0 "-" "Mozilla/5.0 (Windows NT 10.0; Win64; x64; rv:137.0) Gecko/20100101 Firefox/137.0"
57.141.4.15 - - [22/Jul/2025:03:43:58 -0400] "GET /shopdetail/8817558/ HTTP/1.1" 404 70507 "-" "meta-externalagent/1.1 (+https://developers.facebook.com/docs/sharing/webmasters/crawler)"
23.92.177.29 - - [22/Jul/2025:03:44:21 -0400] "POST /wp-cron.php?doing_wp_cron=1753170261.9382688999176025390625 HTTP/1.1" 200 0 "-" "WordPress/6.7.2; https://bodyguardslosangeles.net"
57.141.4.10 - - [22/Jul/2025:03:44:21 -0400] "GET /shopdetail/17936936/ HTTP/1.1" 404 70509 "-" "meta-externalagent/1.1 (+https://developers.facebook.com/docs/sharing/webmasters/crawler)"
23.92.177.29 - - [22/Jul/2025:03:47:01 -0400] "POST /wp-cron.php?doing_wp_cron=1753170421.7601180076599121093750 HTTP/1.1" 200 0 "-" "WordPress/6.7.2; https://bodyguardslosangeles.net"
57.141.4.19 - - [22/Jul/2025:03:47:01 -0400] "GET /shopdetail/25276103/ HTTP/1.1" 404 70509 "-" "meta-externalagent/1.1 (+https://developers.facebook.com/docs/sharing/webmasters/crawler)"
23.92.177.29 - - [22/Jul/2025:03:48:21 -0400] "POST /wp-cron.php?doing_wp_cron=1753170501.5312340259552001953125 HTTP/1.1" 200 0 "-" "WordPress/6.7.2; https://bodyguardslosangeles.net"
216.73.216.220 - - [22/Jul/2025:03:48:21 -0400] "GET /sitemap602.xml HTTP/1.1" 404 14303 "-" "Mozilla/5.0 AppleWebKit/537.36 (KHTML, like Gecko; compatible; ClaudeBot/1.0; +claudebot@anthropic.com)"
216.73.216.220 - - [22/Jul/2025:03:48:22 -0400] "GET /sitemap805.xml HTTP/1.1" 404 14303 "-" "Mozilla/5.0 AppleWebKit/537.36 (KHTML, like Gecko; compatible; ClaudeBot/1.0; +claudebot@anthropic.com)"
23.92.177.29 - - [22/Jul/2025:03:49:26 -0400] "POST /wp-cron.php?doing_wp_cron=1753170566.2725939750671386718750 HTTP/1.1" 200 0 "-" "WordPress/6.7.2; https://bodyguardslosangeles.net"
57.141.4.8 - - [22/Jul/2025:03:49:26 -0400] "GET /shopdetail/20426536/ HTTP/1.1" 404 70509 "-" "meta-externalagent/1.1 (+https://developers.facebook.com/docs/sharing/webmasters/crawler)"
216.73.216.220 - - [22/Jul/2025:03:49:45 -0400] "GET /sitemap856.xml HTTP/1.1" 404 14303 "-" "Mozilla/5.0 AppleWebKit/537.36 (KHTML, like Gecko; compatible; ClaudeBot/1.0; +claudebot@anthropic.com)"
23.92.177.29 - - [22/Jul/2025:03:50:21 -0400] "POST /wp-cron.php?doing_wp_cron=1753170621.1580018997192382812500 HTTP/1.1" 200 0 "-" "WordPress/6.7.2; https://bodyguardslosangeles.net"
150.109.20.206 - - [22/Jul/2025:03:50:20 -0400] "GET /BODYGUARDS%20LOS%20ANGELES.gif HTTP/1.1" 404 65536 "-" "Mozilla/5.0 (Macintosh; Intel Mac OS X 10_13_6) AppleWebKit/537.36 (KHTML, like Gecko) Chrome/78.0.3904.108 Safari/537.36"
57.141.4.26 - - [22/Jul/2025:03:50:36 -0400] "GET /shopdetail/23666192/ HTTP/1.1" 404 70509 "-" "meta-externalagent/1.1 (+https://developers.facebook.com/docs/sharing/webmasters/crawler)"
23.92.177.29 - - [22/Jul/2025:03:52:25 -0400] "POST /wp-cron.php?doing_wp_cron=1753170745.1478359699249267578125 HTTP/1.1" 200 0 "-" "WordPress/6.7.2; https://bodyguardslosangeles.net"
57.141.4.8 - - [22/Jul/2025:03:52:24 -0400] "GET /shopdetail/22070336/ HTTP/1.1" 404 70509 "-" "meta-externalagent/1.1 (+https://developers.facebook.com/docs/sharing/webmasters/crawler)"
23.92.177.29 - - [22/Jul/2025:03:53:20 -0400] "POST /wp-cron.php?doing_wp_cron=1753170800.0582339763641357421875 HTTP/1.1" 200 0 "-" "WordPress/6.7.2; https://bodyguardslosangeles.net"
216.73.216.220 - - [22/Jul/2025:03:53:19 -0400] "GET /sitemap658.xml HTTP/1.1" 404 14303 "-" "Mozilla/5.0 AppleWebKit/537.36 (KHTML, like Gecko; compatible; ClaudeBot/1.0; +claudebot@anthropic.com)"
23.92.177.29 - - [22/Jul/2025:03:55:35 -0400] "POST /wp-cron.php?doing_wp_cron=1753170935.3510699272155761718750 HTTP/1.1" 200 0 "-" "WordPress/6.7.2; https://bodyguardslosangeles.net"
57.141.4.7 - - [22/Jul/2025:03:55:35 -0400] "GET /shopdetail/13645325/ HTTP/1.1" 404 70509 "-" "meta-externalagent/1.1 (+https://developers.facebook.com/docs/sharing/webmasters/crawler)"
23.92.177.29 - - [22/Jul/2025:03:57:01 -0400] "POST /wp-cron.php?doing_wp_cron=1753171021.5020539760589599609375 HTTP/1.1" 200 0 "-" "WordPress/6.7.2; https://bodyguardslosangeles.net"
57.141.4.26 - - [22/Jul/2025:03:57:01 -0400] "GET /shopdetail/7159936/ HTTP/1.1" 404 70507 "-" "meta-externalagent/1.1 (+https://developers.facebook.com/docs/sharing/webmasters/crawler)"
23.92.177.29 - - [22/Jul/2025:04:00:43 -0400] "POST /wp-cron.php?doing_wp_cron=1753171243.4139509201049804687500 HTTP/1.1" 200 0 "-" "WordPress/6.7.2; https://bodyguardslosangeles.net"
216.73.216.220 - - [22/Jul/2025:04:00:43 -0400] "GET /sitemap334.xml HTTP/1.1" 404 14303 "-" "Mozilla/5.0 AppleWebKit/537.36 (KHTML, like Gecko; compatible; ClaudeBot/1.0; +claudebot@anthropic.com)"
123.187.240.242 - - [22/Jul/2025:04:01:53 -0400] "GET / HTTP/1.1" 301 0 "-" "Mozilla/5.0 (iPhone; CPU iPhone OS 13_2_3 like Mac OS X) AppleWebKit/605.1.15 (KHTML, like Gecko) Version/13.0.3 Mobile/15E148 Safari/604.1"
216.73.216.220 - - [22/Jul/2025:04:02:06 -0400] "GET /robots.txt HTTP/1.1" 200 145 "-" "Mozilla/5.0 AppleWebKit/537.36 (KHTML, like Gecko; compatible; ClaudeBot/1.0; +claudebot@anthropic.com)"
216.73.216.220 - - [22/Jul/2025:04:02:06 -0400] "GET /sitemap568.xml HTTP/1.1" 404 14303 "-" "Mozilla/5.0 AppleWebKit/537.36 (KHTML, like Gecko; compatible; ClaudeBot/1.0; +claudebot@anthropic.com)"
216.73.216.220 - - [22/Jul/2025:04:02:06 -0400] "GET /sitemap255.xml HTTP/1.1" 404 14303 "-" "Mozilla/5.0 AppleWebKit/537.36 (KHTML, like Gecko; compatible; ClaudeBot/1.0; +claudebot@anthropic.com)"
23.92.177.29 - - [22/Jul/2025:04:04:55 -0400] "POST /wp-cron.php?doing_wp_cron=1753171495.5614020824432373046875 HTTP/1.1" 200 0 "-" "WordPress/6.7.2; https://bodyguardslosangeles.net"
216.73.216.220 - - [22/Jul/2025:04:04:55 -0400] "GET /sitemap376.xml HTTP/1.1" 404 14303 "-" "Mozilla/5.0 AppleWebKit/537.36 (KHTML, like Gecko; compatible; ClaudeBot/1.0; +claudebot@anthropic.com)"
23.92.177.29 - - [22/Jul/2025:04:08:05 -0400] "POST /wp-cron.php?doing_wp_cron=1753171685.3529970645904541015625 HTTP/1.1" 200 0 "-" "WordPress/6.7.2; https://bodyguardslosangeles.net"
216.73.216.220 - - [22/Jul/2025:04:08:05 -0400] "GET /sitemap805.xml HTTP/1.1" 404 14303 "-" "Mozilla/5.0 AppleWebKit/537.36 (KHTML, like Gecko; compatible; ClaudeBot/1.0; +claudebot@anthropic.com)"
23.92.177.29 - - [22/Jul/2025:04:09:28 -0400] "POST /wp-cron.php?doing_wp_cron=1753171768.2887370586395263671875 HTTP/1.1" 200 0 "-" "WordPress/6.7.2; https://bodyguardslosangeles.net"
216.73.216.220 - - [22/Jul/2025:04:09:28 -0400] "GET /sitemap438.xml HTTP/1.1" 404 14303 "-" "Mozilla/5.0 AppleWebKit/537.36 (KHTML, like Gecko; compatible; ClaudeBot/1.0; +claudebot@anthropic.com)"
23.92.177.29 - - [22/Jul/2025:04:13:15 -0400] "POST /wp-cron.php?doing_wp_cron=1753171995.5964620113372802734375 HTTP/1.1" 200 0 "-" "WordPress/6.7.2; https://bodyguardslosangeles.net"
57.141.4.28 - - [22/Jul/2025:04:13:15 -0400] "GET /shopdetail/2916981/ HTTP/1.1" 404 70507 "-" "meta-externalagent/1.1 (+https://developers.facebook.com/docs/sharing/webmasters/crawler)"
23.92.177.29 - - [22/Jul/2025:04:15:47 -0400] "POST /wp-cron.php?doing_wp_cron=1753172147.9326279163360595703125 HTTP/1.1" 200 0 "-" "WordPress/6.7.2; https://bodyguardslosangeles.net"
57.141.4.11 - - [22/Jul/2025:04:15:47 -0400] "GET /shopdetail/25997247/ HTTP/1.1" 404 70509 "-" "meta-externalagent/1.1 (+https://developers.facebook.com/docs/sharing/webmasters/crawler)"
23.92.177.29 - - [22/Jul/2025:04:16:57 -0400] "GET /.well-known/acme-challenge/4IRT-AD9R3JRCXONK8J9S0OMYQKE20HG HTTP/1.1" 200 64 "-" "Cpanel-HTTP-Client/1.0"
23.92.177.29 - - [22/Jul/2025:04:16:57 -0400] "GET /.well-known/acme-challenge/2FNU7UGEWI3BYA74L9TSBZH2K8V1FOAS HTTP/1.1" 200 64 "-" "Cpanel-HTTP-Client/1.0"
23.92.177.29 - - [22/Jul/2025:04:16:57 -0400] "GET /.well-known/acme-challenge/CYMRWH7HUYY1Y9-WRP0SVS1YP7WA5YYH HTTP/1.1" 200 64 "-" "Cpanel-HTTP-Client/1.0"
23.92.177.29 - - [22/Jul/2025:04:16:58 -0400] "GET /.well-known/acme-challenge/7E8THJ13X_YDXQLFYN_OLD8CABOCYRFM HTTP/1.1" 200 64 "-" "Cpanel-HTTP-Client/1.0"
23.92.177.29 - - [22/Jul/2025:04:16:59 -0400] "GET /.well-known/acme-challenge/MEMXYRA_I_JTDN82R2A03RPV19L0B8D4 HTTP/1.1" 200 64 "-" "Cpanel-HTTP-Client/1.0"
23.92.177.29 - - [22/Jul/2025:04:16:59 -0400] "GET /.well-known/acme-challenge/DF9WO6WA3UA3XDDZ_FX1O4YH29VT8MPN HTTP/1.1" 200 64 "-" "Cpanel-HTTP-Client/1.0"
23.92.177.29 - - [22/Jul/2025:04:16:59 -0400] "GET /.well-known/acme-challenge/_KTM4GS9UH-OGR7NIMXOOYCZIC6L7WJT HTTP/1.1" 200 64 "-" "Cpanel-HTTP-Client/1.0"
23.92.177.29 - - [22/Jul/2025:04:17:00 -0400] "GET /.well-known/acme-challenge/P3MWJOO277JR6DDA6XQV3JFF4012W529 HTTP/1.1" 200 64 "-" "Cpanel-HTTP-Client/1.0"
23.92.177.29 - - [22/Jul/2025:04:17:00 -0400] "GET /.well-known/acme-challenge/3RD3PNCCIASSIR-ARH-2L_MR5DVJ9ZMW HTTP/1.1" 200 64 "-" "Cpanel-HTTP-Client/1.0"
23.92.177.29 - - [22/Jul/2025:04:17:13 -0400] "POST /wp-cron.php?doing_wp_cron=1753172233.0160729885101318359375 HTTP/1.1" 200 0 "-" "WordPress/6.7.2; https://bodyguardslosangeles.net"
216.73.216.220 - - [22/Jul/2025:04:17:12 -0400] "GET /sitemap402.xml HTTP/1.1" 404 14303 "-" "Mozilla/5.0 AppleWebKit/537.36 (KHTML, like Gecko; compatible; ClaudeBot/1.0; +claudebot@anthropic.com)"
57.141.4.13 - - [22/Jul/2025:04:19:00 -0400] "GET /shopdetail/23381258/ HTTP/1.1" 404 70509 "-" "meta-externalagent/1.1 (+https://developers.facebook.com/docs/sharing/webmasters/crawler)"
23.92.177.29 - - [22/Jul/2025:04:20:08 -0400] "POST /wp-cron.php?doing_wp_cron=1753172408.7070980072021484375000 HTTP/1.1" 200 0 "-" "WordPress/6.7.2; https://bodyguardslosangeles.net"
57.141.4.18 - - [22/Jul/2025:04:20:08 -0400] "GET /shopdetail/9846703/ HTTP/1.1" 404 70507 "-" "meta-externalagent/1.1 (+https://developers.facebook.com/docs/sharing/webmasters/crawler)"
23.92.177.29 - - [22/Jul/2025:04:21:47 -0400] "POST /wp-cron.php?doing_wp_cron=1753172507.1524751186370849609375 HTTP/1.1" 200 0 "-" "WordPress/6.7.2; https://bodyguardslosangeles.net"
216.73.216.220 - - [22/Jul/2025:04:21:46 -0400] "GET /sitemap604.xml HTTP/1.1" 404 14303 "-" "Mozilla/5.0 AppleWebKit/537.36 (KHTML, like Gecko; compatible; ClaudeBot/1.0; +claudebot@anthropic.com)"
57.141.4.14 - - [22/Jul/2025:04:22:04 -0400] "GET /shopdetail/12351014/ HTTP/1.1" 404 70509 "-" "meta-externalagent/1.1 (+https://developers.facebook.com/docs/sharing/webmasters/crawler)"
23.92.177.29 - - [22/Jul/2025:04:22:57 -0400] "POST /wp-cron.php?doing_wp_cron=1753172577.0009229183197021484375 HTTP/1.1" 200 0 "-" "WordPress/6.7.2; https://bodyguardslosangeles.net"
57.141.4.6 - - [22/Jul/2025:04:22:56 -0400] "GET /shopdetail/11057192/ HTTP/1.1" 404 70509 "-" "meta-externalagent/1.1 (+https://developers.facebook.com/docs/sharing/webmasters/crawler)"
216.73.216.220 - - [22/Jul/2025:04:23:11 -0400] "GET /sitemap568.xml HTTP/1.1" 404 14303 "-" "Mozilla/5.0 AppleWebKit/537.36 (KHTML, like Gecko; compatible; ClaudeBot/1.0; +claudebot@anthropic.com)"
216.73.216.220 - - [22/Jul/2025:04:23:12 -0400] "GET /sitemap346.xml HTTP/1.1" 404 14303 "-" "Mozilla/5.0 AppleWebKit/537.36 (KHTML, like Gecko; compatible; ClaudeBot/1.0; +claudebot@anthropic.com)"
57.141.4.27 - - [22/Jul/2025:04:23:48 -0400] "GET /shopdetail/16253292/ HTTP/1.1" 404 70509 "-" "meta-externalagent/1.1 (+https://developers.facebook.com/docs/sharing/webmasters/crawler)"
23.92.177.29 - - [22/Jul/2025:04:24:51 -0400] "POST /wp-cron.php?doing_wp_cron=1753172691.5779829025268554687500 HTTP/1.1" 200 0 "-" "WordPress/6.7.2; https://bodyguardslosangeles.net"
51.222.253.15 - - [22/Jul/2025:04:24:51 -0400] "GET /sitemap234.xml HTTP/1.1" 404 14303 "-" "Mozilla/5.0 (compatible; AhrefsBot/7.0; +http://ahrefs.com/robot/)"
23.92.177.29 - - [22/Jul/2025:04:26:05 -0400] "POST /wp-cron.php?doing_wp_cron=1753172765.0890769958496093750000 HTTP/1.1" 200 0 "-" "WordPress/6.7.2; https://bodyguardslosangeles.net"
57.141.4.1 - - [22/Jul/2025:04:26:04 -0400] "GET /shopdetail/6357036/ HTTP/1.1" 404 70507 "-" "meta-externalagent/1.1 (+https://developers.facebook.com/docs/sharing/webmasters/crawler)"
23.92.177.29 - - [22/Jul/2025:04:26:51 -0400] "POST /wp-cron.php?doing_wp_cron=1753172811.8570590019226074218750 HTTP/1.1" 200 0 "-" "WordPress/6.7.2; https://bodyguardslosangeles.net"
43.157.158.178 - - [22/Jul/2025:04:26:51 -0400] "GET / HTTP/1.1" 301 0 "-" "Mozilla/5.0 (iPhone; CPU iPhone OS 13_2_3 like Mac OS X) AppleWebKit/605.1.15 (KHTML, like Gecko) Version/13.0.3 Mobile/15E148 Safari/604.1"
23.92.177.29 - - [22/Jul/2025:04:27:32 -0400] "POST /wp-cron.php?doing_wp_cron=1753172852.8938729763031005859375 HTTP/1.1" 200 0 "-" "WordPress/6.7.2; https://bodyguardslosangeles.net"
216.73.216.220 - - [22/Jul/2025:04:27:32 -0400] "GET /sitemap450.xml HTTP/1.1" 404 14303 "-" "Mozilla/5.0 AppleWebKit/537.36 (KHTML, like Gecko; compatible; ClaudeBot/1.0; +claudebot@anthropic.com)"
23.92.177.29 - - [22/Jul/2025:04:28:32 -0400] "POST /wp-cron.php?doing_wp_cron=1753172912.8533511161804199218750 HTTP/1.1" 200 0 "-" "WordPress/6.7.2; https://bodyguardslosangeles.net"
57.141.4.21 - - [22/Jul/2025:04:28:32 -0400] "GET /shopdetail/17142614/ HTTP/1.1" 404 70509 "-" "meta-externalagent/1.1 (+https://developers.facebook.com/docs/sharing/webmasters/crawler)"
23.92.177.29 - - [22/Jul/2025:04:29:31 -0400] "POST /wp-cron.php?doing_wp_cron=1753172971.0245289802551269531250 HTTP/1.1" 200 0 "-" "WordPress/6.7.2; https://bodyguardslosangeles.net"
57.141.4.10 - - [22/Jul/2025:04:29:30 -0400] "GET /shopdetail/15019625/ HTTP/1.1" 404 70509 "-" "meta-externalagent/1.1 (+https://developers.facebook.com/docs/sharing/webmasters/crawler)"
23.92.177.29 - - [22/Jul/2025:04:34:26 -0400] "POST /wp-cron.php?doing_wp_cron=1753173266.5896930694580078125000 HTTP/1.1" 200 0 "-" "WordPress/6.7.2; https://bodyguardslosangeles.net"
57.141.4.19 - - [22/Jul/2025:04:34:26 -0400] "GET /shopdetail/20523281/ HTTP/1.1" 404 70509 "-" "meta-externalagent/1.1 (+https://developers.facebook.com/docs/sharing/webmasters/crawler)"
57.141.4.26 - - [22/Jul/2025:04:36:55 -0400] "GET /shopdetail/11765892/ HTTP/1.1" 404 70509 "-" "meta-externalagent/1.1 (+https://developers.facebook.com/docs/sharing/webmasters/crawler)"
57.141.4.15 - - [22/Jul/2025:04:37:21 -0400] "GET /shopdetail/5411314/ HTTP/1.1" 404 70507 "-" "meta-externalagent/1.1 (+https://developers.facebook.com/docs/sharing/webmasters/crawler)"
216.73.216.220 - - [22/Jul/2025:04:38:03 -0400] "GET /sitemap886.xml HTTP/1.1" 404 14303 "-" "Mozilla/5.0 AppleWebKit/537.36 (KHTML, like Gecko; compatible; ClaudeBot/1.0; +claudebot@anthropic.com)"
23.92.177.29 - - [22/Jul/2025:04:38:44 -0400] "POST /wp-cron.php?doing_wp_cron=1753173524.7033870220184326171875 HTTP/1.1" 200 0 "-" "WordPress/6.7.2; https://bodyguardslosangeles.net"
57.141.4.14 - - [22/Jul/2025:04:38:44 -0400] "GET /shopdetail/14722125/ HTTP/1.1" 404 70509 "-" "meta-externalagent/1.1 (+https://developers.facebook.com/docs/sharing/webmasters/crawler)"
23.92.177.29 - - [22/Jul/2025:04:39:55 -0400] "POST /wp-cron.php?doing_wp_cron=1753173595.8242208957672119140625 HTTP/1.1" 200 0 "-" "WordPress/6.7.2; https://bodyguardslosangeles.net"
57.141.4.29 - - [22/Jul/2025:04:39:55 -0400] "GET /shopdetail/24845770/ HTTP/1.1" 404 70509 "-" "meta-externalagent/1.1 (+https://developers.facebook.com/docs/sharing/webmasters/crawler)"
23.92.177.29 - - [22/Jul/2025:04:40:38 -0400] "POST /wp-cron.php?doing_wp_cron=1753173638.0454630851745605468750 HTTP/1.1" 200 0 "-" "WordPress/6.7.2; https://bodyguardslosangeles.net"
57.141.4.1 - - [22/Jul/2025:04:40:37 -0400] "GET /shopdetail/7834470/ HTTP/1.1" 404 70507 "-" "meta-externalagent/1.1 (+https://developers.facebook.com/docs/sharing/webmasters/crawler)"
23.92.177.29 - - [22/Jul/2025:04:42:12 -0400] "POST /wp-cron.php?doing_wp_cron=1753173732.5422570705413818359375 HTTP/1.1" 200 0 "-" "WordPress/6.7.2; https://bodyguardslosangeles.net"
57.141.4.21 - - [22/Jul/2025:04:42:12 -0400] "GET /shopdetail/24032725/ HTTP/1.1" 404 70509 "-" "meta-externalagent/1.1 (+https://developers.facebook.com/docs/sharing/webmasters/crawler)"
23.92.177.29 - - [22/Jul/2025:04:44:29 -0400] "POST /wp-cron.php?doing_wp_cron=1753173869.3700470924377441406250 HTTP/1.1" 200 0 "-" "WordPress/6.7.2; https://bodyguardslosangeles.net"
57.141.4.24 - - [22/Jul/2025:04:44:29 -0400] "GET /shopdetail/2120036/ HTTP/1.1" 404 70507 "-" "meta-externalagent/1.1 (+https://developers.facebook.com/docs/sharing/webmasters/crawler)"
23.92.177.29 - - [22/Jul/2025:04:49:03 -0400] "POST /wp-cron.php?doing_wp_cron=1753174143.9359369277954101562500 HTTP/1.1" 200 0 "-" "WordPress/6.7.2; https://bodyguardslosangeles.net"
57.141.4.28 - - [22/Jul/2025:04:49:03 -0400] "GET /shopdetail/1796469/ HTTP/1.1" 404 70507 "-" "meta-externalagent/1.1 (+https://developers.facebook.com/docs/sharing/webmasters/crawler)"
57.141.4.3 - - [22/Jul/2025:04:52:07 -0400] "GET /shopdetail/2965892/ HTTP/1.1" 404 70507 "-" "meta-externalagent/1.1 (+https://developers.facebook.com/docs/sharing/webmasters/crawler)"
23.92.177.29 - - [22/Jul/2025:04:54:58 -0400] "POST /wp-cron.php?doing_wp_cron=1753174498.4451000690460205078125 HTTP/1.1" 200 0 "-" "WordPress/6.7.2; https://bodyguardslosangeles.net"
57.141.4.23 - - [22/Jul/2025:04:54:58 -0400] "GET /shopdetail/10981647/ HTTP/1.1" 404 70509 "-" "meta-externalagent/1.1 (+https://developers.facebook.com/docs/sharing/webmasters/crawler)"
23.92.177.29 - - [22/Jul/2025:04:55:57 -0400] "POST /wp-cron.php?doing_wp_cron=1753174557.4208509922027587890625 HTTP/1.1" 200 0 "-" "WordPress/6.7.2; https://bodyguardslosangeles.net"
57.141.4.12 - - [22/Jul/2025:04:55:57 -0400] "GET /shopdetail/17599292/ HTTP/1.1" 404 70509 "-" "meta-externalagent/1.1 (+https://developers.facebook.com/docs/sharing/webmasters/crawler)"
23.92.177.29 - - [22/Jul/2025:04:57:02 -0400] "POST /wp-cron.php?doing_wp_cron=1753174622.5870490074157714843750 HTTP/1.1" 200 0 "-" "WordPress/6.7.2; https://bodyguardslosangeles.net"
216.73.216.220 - - [22/Jul/2025:04:57:02 -0400] "GET /sitemap796.xml HTTP/1.1" 404 14303 "-" "Mozilla/5.0 AppleWebKit/537.36 (KHTML, like Gecko; compatible; ClaudeBot/1.0; +claudebot@anthropic.com)"
216.73.216.220 - - [22/Jul/2025:04:57:02 -0400] "GET /sitemap602.xml HTTP/1.1" 404 14303 "-" "Mozilla/5.0 AppleWebKit/537.36 (KHTML, like Gecko; compatible; ClaudeBot/1.0; +claudebot@anthropic.com)"
23.92.177.29 - - [22/Jul/2025:05:02:35 -0400] "POST /wp-cron.php?doing_wp_cron=1753174955.3039560317993164062500 HTTP/1.1" 200 0 "-" "WordPress/6.7.2; https://bodyguardslosangeles.net"
57.141.4.12 - - [22/Jul/2025:05:02:35 -0400] "GET /shopdetail/24483425/ HTTP/1.1" 404 70509 "-" "meta-externalagent/1.1 (+https://developers.facebook.com/docs/sharing/webmasters/crawler)"
23.92.177.29 - - [22/Jul/2025:05:05:15 -0400] "POST /wp-cron.php?doing_wp_cron=1753175115.6289489269256591796875 HTTP/1.1" 200 0 "-" "WordPress/6.7.2; https://bodyguardslosangeles.net"
57.141.4.30 - - [22/Jul/2025:05:05:15 -0400] "GET /shopdetail/25119003/ HTTP/1.1" 404 70509 "-" "meta-externalagent/1.1 (+https://developers.facebook.com/docs/sharing/webmasters/crawler)"
216.73.216.220 - - [22/Jul/2025:05:06:10 -0400] "GET /robots.txt HTTP/1.1" 200 145 "-" "Mozilla/5.0 AppleWebKit/537.36 (KHTML, like Gecko; compatible; ClaudeBot/1.0; +claudebot@anthropic.com)"
23.92.177.29 - - [22/Jul/2025:05:06:10 -0400] "POST /wp-cron.php?doing_wp_cron=1753175170.3882958889007568359375 HTTP/1.1" 200 0 "-" "WordPress/6.7.2; https://bodyguardslosangeles.net"
216.73.216.220 - - [22/Jul/2025:05:06:10 -0400] "GET /sitemap886.xml HTTP/1.1" 404 14303 "-" "Mozilla/5.0 AppleWebKit/537.36 (KHTML, like Gecko; compatible; ClaudeBot/1.0; +claudebot@anthropic.com)"
23.92.177.29 - - [22/Jul/2025:05:07:32 -0400] "POST /wp-cron.php?doing_wp_cron=1753175252.9120390415191650390625 HTTP/1.1" 200 0 "-" "WordPress/6.7.2; https://bodyguardslosangeles.net"
57.141.4.25 - - [22/Jul/2025:05:07:32 -0400] "GET /shopdetail/17215269/ HTTP/1.1" 404 70509 "-" "meta-externalagent/1.1 (+https://developers.facebook.com/docs/sharing/webmasters/crawler)"
57.141.4.7 - - [22/Jul/2025:05:08:04 -0400] "GET /shopdetail/25077869/ HTTP/1.1" 404 70509 "-" "meta-externalagent/1.1 (+https://developers.facebook.com/docs/sharing/webmasters/crawler)"
23.92.177.29 - - [22/Jul/2025:05:10:43 -0400] "POST /wp-cron.php?doing_wp_cron=1753175443.4161109924316406250000 HTTP/1.1" 200 0 "-" "WordPress/6.7.2; https://bodyguardslosangeles.net"
216.73.216.220 - - [22/Jul/2025:05:10:43 -0400] "GET /sitemap438.xml HTTP/1.1" 404 14303 "-" "Mozilla/5.0 AppleWebKit/537.36 (KHTML, like Gecko; compatible; ClaudeBot/1.0; +claudebot@anthropic.com)"
216.73.216.220 - - [22/Jul/2025:05:10:43 -0400] "GET /sitemap534.xml HTTP/1.1" 404 14303 "-" "Mozilla/5.0 AppleWebKit/537.36 (KHTML, like Gecko; compatible; ClaudeBot/1.0; +claudebot@anthropic.com)"
216.73.216.220 - - [22/Jul/2025:05:10:44 -0400] "GET /sitemap856.xml HTTP/1.1" 404 14303 "-" "Mozilla/5.0 AppleWebKit/537.36 (KHTML, like Gecko; compatible; ClaudeBot/1.0; +claudebot@anthropic.com)"
66.249.70.101 - - [22/Jul/2025:05:21:33 -0400] "GET /robots.txt HTTP/1.1" 200 145 "-" "Mozilla/5.0 (compatible; Googlebot/2.1; +http://www.google.com/bot.html)"
23.92.177.29 - - [22/Jul/2025:05:21:33 -0400] "POST /wp-cron.php?doing_wp_cron=1753176093.6037731170654296875000 HTTP/1.1" 200 0 "-" "WordPress/6.7.2; https://bodyguardslosangeles.net"
66.249.70.102 - - [22/Jul/2025:05:21:33 -0400] "GET /shopdetail/2189425/ HTTP/1.1" 404 14317 "-" "Mozilla/5.0 (Linux; Android 6.0.1; Nexus 5X Build/MMB29P) AppleWebKit/537.36 (KHTML, like Gecko) Chrome/137.0.7151.103 Mobile Safari/537.36 (compatible; Googlebot/2.1; +http://www.google.com/bot.html)"
57.141.4.8 - - [22/Jul/2025:05:21:50 -0400] "GET /shopdetail/23599370/ HTTP/1.1" 404 70509 "-" "meta-externalagent/1.1 (+https://developers.facebook.com/docs/sharing/webmasters/crawler)"
23.92.177.29 - - [22/Jul/2025:05:22:29 -0400] "POST /wp-cron.php?doing_wp_cron=1753176149.4631669521331787109375 HTTP/1.1" 200 0 "-" "WordPress/6.7.2; https://bodyguardslosangeles.net"
57.141.4.10 - - [22/Jul/2025:05:22:29 -0400] "GET /shopdetail/13992003/ HTTP/1.1" 404 70509 "-" "meta-externalagent/1.1 (+https://developers.facebook.com/docs/sharing/webmasters/crawler)"
23.92.177.29 - - [22/Jul/2025:05:25:11 -0400] "POST /wp-cron.php?doing_wp_cron=1753176311.0633020401000976562500 HTTP/1.1" 200 0 "-" "WordPress/6.7.2; https://bodyguardslosangeles.net"
43.134.141.244 - - [22/Jul/2025:05:25:10 -0400] "GET / HTTP/1.1" 301 0 "-" "Mozilla/5.0 (iPhone; CPU iPhone OS 13_2_3 like Mac OS X) AppleWebKit/605.1.15 (KHTML, like Gecko) Version/13.0.3 Mobile/15E148 Safari/604.1"
23.92.177.29 - - [22/Jul/2025:05:26:06 -0400] "POST /wp-cron.php?doing_wp_cron=1753176366.6166679859161376953125 HTTP/1.1" 200 0 "-" "WordPress/6.7.2; https://bodyguardslosangeles.net"
216.73.216.220 - - [22/Jul/2025:05:26:06 -0400] "GET /sitemap604.xml HTTP/1.1" 404 14303 "-" "Mozilla/5.0 AppleWebKit/537.36 (KHTML, like Gecko; compatible; ClaudeBot/1.0; +claudebot@anthropic.com)"
23.92.177.29 - - [22/Jul/2025:05:26:43 -0400] "POST /wp-cron.php?doing_wp_cron=1753176403.1399989128112792968750 HTTP/1.1" 200 0 "-" "WordPress/6.7.2; https://bodyguardslosangeles.net"
57.141.4.15 - - [22/Jul/2025:05:26:42 -0400] "GET /shopdetail/3496925/ HTTP/1.1" 404 70507 "-" "meta-externalagent/1.1 (+https://developers.facebook.com/docs/sharing/webmasters/crawler)"
57.141.4.8 - - [22/Jul/2025:05:27:06 -0400] "GET /shopdetail/15568536/ HTTP/1.1" 404 70509 "-" "meta-externalagent/1.1 (+https://developers.facebook.com/docs/sharing/webmasters/crawler)"
23.92.177.29 - - [22/Jul/2025:05:29:32 -0400] "POST /wp-cron.php?doing_wp_cron=1753176572.8215699195861816406250 HTTP/1.1" 200 0 "-" "WordPress/6.7.2; https://bodyguardslosangeles.net"
223.204.175.38 - - [22/Jul/2025:05:29:32 -0400] "GET /wp-json/wp/v2/posts HTTP/1.1" 200 5239 "-" "Mozilla/5.0 (Windows NT 10.0; Win64; x64) AppleWebKit/537.36 (KHTML, like Gecko) Chrome/120.0.0.0 Safari/537.36"
216.73.216.220 - - [22/Jul/2025:05:30:01 -0400] "GET /sitemap376.xml HTTP/1.1" 404 14303 "-" "Mozilla/5.0 AppleWebKit/537.36 (KHTML, like Gecko; compatible; ClaudeBot/1.0; +claudebot@anthropic.com)"
57.141.4.4 - - [22/Jul/2025:05:31:35 -0400] "GET /shopdetail/8410436/ HTTP/1.1" 404 70507 "-" "meta-externalagent/1.1 (+https://developers.facebook.com/docs/sharing/webmasters/crawler)"
57.141.4.18 - - [22/Jul/2025:05:31:47 -0400] "GET /shopdetail/9780914/ HTTP/1.1" 404 70507 "-" "meta-externalagent/1.1 (+https://developers.facebook.com/docs/sharing/webmasters/crawler)"
57.141.4.16 - - [22/Jul/2025:05:31:51 -0400] "GET /shopdetail/13748469/ HTTP/1.1" 404 70509 "-" "meta-externalagent/1.1 (+https://developers.facebook.com/docs/sharing/webmasters/crawler)"
23.92.177.29 - - [22/Jul/2025:05:33:24 -0400] "POST /wp-cron.php?doing_wp_cron=1753176804.8707430362701416015625 HTTP/1.1" 200 0 "-" "WordPress/6.7.2; https://bodyguardslosangeles.net"
57.141.4.23 - - [22/Jul/2025:05:33:24 -0400] "GET /shopdetail/9794081/ HTTP/1.1" 404 70507 "-" "meta-externalagent/1.1 (+https://developers.facebook.com/docs/sharing/webmasters/crawler)"
216.73.216.220 - - [22/Jul/2025:05:34:03 -0400] "GET /sitemap346.xml HTTP/1.1" 404 14303 "-" "Mozilla/5.0 AppleWebKit/537.36 (KHTML, like Gecko; compatible; ClaudeBot/1.0; +claudebot@anthropic.com)"
23.92.177.29 - - [22/Jul/2025:05:35:54 -0400] "POST /wp-cron.php?doing_wp_cron=1753176954.4205970764160156250000 HTTP/1.1" 200 0 "-" "WordPress/6.7.2; https://bodyguardslosangeles.net"
