Current File : //proc/thread-self/root/home/quantums/access-logs/alhidayamaintenance.com.quantumseoinc.com-ssl_log
23.92.177.29 - - [13/Jul/2025:08:16:31 -0400] "POST /wp-cron.php?doing_wp_cron=1752408991.1630959510803222656250 HTTP/1.1" 200 0 "-" "WordPress/6.8.1; https://alhidayamaintenance.com"
57.141.4.7 - - [13/Jul/2025:08:16:31 -0400] "GET /181959633.html HTTP/2" 404 72880 "-" "meta-externalagent/1.1 (+https://developers.facebook.com/docs/sharing/webmasters/crawler)"
57.141.4.4 - - [13/Jul/2025:08:16:33 -0400] "GET /484025485.html HTTP/2" 404 72880 "-" "meta-externalagent/1.1 (+https://developers.facebook.com/docs/sharing/webmasters/crawler)"
57.141.4.21 - - [13/Jul/2025:08:16:36 -0400] "GET /432651063.html HTTP/2" 404 72880 "-" "meta-externalagent/1.1 (+https://developers.facebook.com/docs/sharing/webmasters/crawler)"
57.141.4.13 - - [13/Jul/2025:08:16:41 -0400] "GET /628830299.html HTTP/2" 404 72880 "-" "meta-externalagent/1.1 (+https://developers.facebook.com/docs/sharing/webmasters/crawler)"
57.141.4.11 - - [13/Jul/2025:08:16:41 -0400] "GET /201259859.html HTTP/2" 404 72880 "-" "meta-externalagent/1.1 (+https://developers.facebook.com/docs/sharing/webmasters/crawler)"
57.141.4.27 - - [13/Jul/2025:08:16:47 -0400] "GET /619947689.html HTTP/2" 404 72880 "-" "meta-externalagent/1.1 (+https://developers.facebook.com/docs/sharing/webmasters/crawler)"
216.73.216.80 - - [13/Jul/2025:08:16:48 -0400] "GET /429504579.html HTTP/2" 404 19511 "-" "Mozilla/5.0 AppleWebKit/537.36 (KHTML, like Gecko; compatible; ClaudeBot/1.0; +claudebot@anthropic.com)"
216.73.216.80 - - [13/Jul/2025:08:16:48 -0400] "GET /145341403.html HTTP/2" 404 19511 "-" "Mozilla/5.0 AppleWebKit/537.36 (KHTML, like Gecko; compatible; ClaudeBot/1.0; +claudebot@anthropic.com)"
216.73.216.80 - - [13/Jul/2025:08:16:48 -0400] "GET /427583583.html HTTP/2" 404 19511 "-" "Mozilla/5.0 AppleWebKit/537.36 (KHTML, like Gecko; compatible; ClaudeBot/1.0; +claudebot@anthropic.com)"
216.73.216.80 - - [13/Jul/2025:08:16:49 -0400] "GET /136463875.html HTTP/2" 404 19512 "-" "Mozilla/5.0 AppleWebKit/537.36 (KHTML, like Gecko; compatible; ClaudeBot/1.0; +claudebot@anthropic.com)"
216.73.216.80 - - [13/Jul/2025:08:16:49 -0400] "GET /336674831.html HTTP/2" 404 19511 "-" "Mozilla/5.0 AppleWebKit/537.36 (KHTML, like Gecko; compatible; ClaudeBot/1.0; +claudebot@anthropic.com)"
216.73.216.80 - - [13/Jul/2025:08:16:49 -0400] "GET /390088829.html HTTP/2" 404 19512 "-" "Mozilla/5.0 AppleWebKit/537.36 (KHTML, like Gecko; compatible; ClaudeBot/1.0; +claudebot@anthropic.com)"
216.73.216.80 - - [13/Jul/2025:08:16:49 -0400] "GET /265719463.html HTTP/2" 404 19511 "-" "Mozilla/5.0 AppleWebKit/537.36 (KHTML, like Gecko; compatible; ClaudeBot/1.0; +claudebot@anthropic.com)"
216.73.216.80 - - [13/Jul/2025:08:16:49 -0400] "GET /360826915.html HTTP/2" 404 19511 "-" "Mozilla/5.0 AppleWebKit/537.36 (KHTML, like Gecko; compatible; ClaudeBot/1.0; +claudebot@anthropic.com)"
216.73.216.80 - - [13/Jul/2025:08:16:49 -0400] "GET /436062295.html HTTP/2" 404 19511 "-" "Mozilla/5.0 AppleWebKit/537.36 (KHTML, like Gecko; compatible; ClaudeBot/1.0; +claudebot@anthropic.com)"
216.73.216.80 - - [13/Jul/2025:08:16:49 -0400] "GET /63402139.html HTTP/2" 404 19511 "-" "Mozilla/5.0 AppleWebKit/537.36 (KHTML, like Gecko; compatible; ClaudeBot/1.0; +claudebot@anthropic.com)"
216.73.216.80 - - [13/Jul/2025:08:16:49 -0400] "GET /601864723.html HTTP/2" 404 19511 "-" "Mozilla/5.0 AppleWebKit/537.36 (KHTML, like Gecko; compatible; ClaudeBot/1.0; +claudebot@anthropic.com)"
216.73.216.80 - - [13/Jul/2025:08:16:49 -0400] "GET /562382907.html HTTP/2" 404 19511 "-" "Mozilla/5.0 AppleWebKit/537.36 (KHTML, like Gecko; compatible; ClaudeBot/1.0; +claudebot@anthropic.com)"
216.73.216.80 - - [13/Jul/2025:08:16:49 -0400] "GET /46185291.html HTTP/2" 404 19511 "-" "Mozilla/5.0 AppleWebKit/537.36 (KHTML, like Gecko; compatible; ClaudeBot/1.0; +claudebot@anthropic.com)"
57.141.4.17 - - [13/Jul/2025:08:16:54 -0400] "GET /605099295.html HTTP/2" 404 72880 "-" "meta-externalagent/1.1 (+https://developers.facebook.com/docs/sharing/webmasters/crawler)"
40.77.167.10 - - [13/Jul/2025:08:16:56 -0400] "GET /107422908.shtml HTTP/2" 200 16675 "-" "Mozilla/5.0 AppleWebKit/537.36 (KHTML, like Gecko; compatible; bingbot/2.0; +http://www.bing.com/bingbot.htm) Chrome/116.0.1938.76 Safari/537.36"
40.77.167.10 - - [13/Jul/2025:08:16:57 -0400] "GET /570513852.shtml HTTP/2" 200 17095 "-" "Mozilla/5.0 AppleWebKit/537.36 (KHTML, like Gecko; compatible; bingbot/2.0; +http://www.bing.com/bingbot.htm) Chrome/116.0.1938.76 Safari/537.36"
23.92.177.29 - - [13/Jul/2025:08:16:59 -0400] "POST /wp-cron.php?doing_wp_cron=1752409019.2940061092376708984375 HTTP/1.1" 200 0 "-" "WordPress/6.8.1; https://alhidayamaintenance.com"
57.141.4.13 - - [13/Jul/2025:08:16:59 -0400] "GET /102586779.html HTTP/2" 404 72880 "-" "meta-externalagent/1.1 (+https://developers.facebook.com/docs/sharing/webmasters/crawler)"
23.92.177.29 - - [13/Jul/2025:08:17:07 -0400] "POST /wp-cron.php?doing_wp_cron=1752409027.5603449344635009765625 HTTP/1.1" 200 0 "-" "WordPress/6.8.1; https://alhidayamaintenance.com"
57.141.4.18 - - [13/Jul/2025:08:17:07 -0400] "GET /555652403.html HTTP/2" 404 72880 "-" "meta-externalagent/1.1 (+https://developers.facebook.com/docs/sharing/webmasters/crawler)"
57.141.4.7 - - [13/Jul/2025:08:17:07 -0400] "GET /424146699.html HTTP/2" 404 72880 "-" "meta-externalagent/1.1 (+https://developers.facebook.com/docs/sharing/webmasters/crawler)"
57.141.4.19 - - [13/Jul/2025:08:17:07 -0400] "GET /93248725.html HTTP/2" 404 72880 "-" "meta-externalagent/1.1 (+https://developers.facebook.com/docs/sharing/webmasters/crawler)"
57.141.4.29 - - [13/Jul/2025:08:17:08 -0400] "GET /89994067.html HTTP/2" 404 72880 "-" "meta-externalagent/1.1 (+https://developers.facebook.com/docs/sharing/webmasters/crawler)"
57.141.4.6 - - [13/Jul/2025:08:17:20 -0400] "GET /412343633.html HTTP/2" 404 72880 "-" "meta-externalagent/1.1 (+https://developers.facebook.com/docs/sharing/webmasters/crawler)"
52.167.144.142 - - [13/Jul/2025:08:17:21 -0400] "GET /467072417.html HTTP/2" 200 17071 "-" "Mozilla/5.0 AppleWebKit/537.36 (KHTML, like Gecko; compatible; bingbot/2.0; +http://www.bing.com/bingbot.htm) Chrome/116.0.1938.76 Safari/537.36"
52.167.144.166 - - [13/Jul/2025:08:17:22 -0400] "GET /534470844.shtml HTTP/2" 200 16886 "-" "Mozilla/5.0 AppleWebKit/537.36 (KHTML, like Gecko; compatible; bingbot/2.0; +http://www.bing.com/bingbot.htm) Chrome/116.0.1938.76 Safari/537.36"
52.167.144.166 - - [13/Jul/2025:08:17:23 -0400] "GET /pcmypage?callback=/product%2Fdetail%2FRIZBA74080643 HTTP/2" 200 16819 "-" "Mozilla/5.0 AppleWebKit/537.36 (KHTML, like Gecko; compatible; bingbot/2.0; +http://www.bing.com/bingbot.htm) Chrome/116.0.1938.76 Safari/537.36"
57.141.4.26 - - [13/Jul/2025:08:17:26 -0400] "GET /507218765.html HTTP/2" 404 72880 "-" "meta-externalagent/1.1 (+https://developers.facebook.com/docs/sharing/webmasters/crawler)"
40.77.167.50 - - [13/Jul/2025:08:17:29 -0400] "GET /272302347.html HTTP/2" 200 17018 "-" "Mozilla/5.0 AppleWebKit/537.36 (KHTML, like Gecko; compatible; bingbot/2.0; +http://www.bing.com/bingbot.htm) Chrome/116.0.1938.76 Safari/537.36"
57.141.4.5 - - [13/Jul/2025:08:17:34 -0400] "GET /609592267.html HTTP/2" 404 72880 "-" "meta-externalagent/1.1 (+https://developers.facebook.com/docs/sharing/webmasters/crawler)"
216.73.216.80 - - [13/Jul/2025:08:17:34 -0400] "GET /699690561.html HTTP/2" 404 19511 "-" "Mozilla/5.0 AppleWebKit/537.36 (KHTML, like Gecko; compatible; ClaudeBot/1.0; +claudebot@anthropic.com)"
216.73.216.80 - - [13/Jul/2025:08:17:34 -0400] "GET /706938461.html HTTP/2" 404 19511 "-" "Mozilla/5.0 AppleWebKit/537.36 (KHTML, like Gecko; compatible; ClaudeBot/1.0; +claudebot@anthropic.com)"
216.73.216.80 - - [13/Jul/2025:08:17:34 -0400] "GET /538867525.html HTTP/2" 404 19513 "-" "Mozilla/5.0 AppleWebKit/537.36 (KHTML, like Gecko; compatible; ClaudeBot/1.0; +claudebot@anthropic.com)"
216.73.216.80 - - [13/Jul/2025:08:17:34 -0400] "GET /602474079.html HTTP/2" 404 19511 "-" "Mozilla/5.0 AppleWebKit/537.36 (KHTML, like Gecko; compatible; ClaudeBot/1.0; +claudebot@anthropic.com)"
216.73.216.80 - - [13/Jul/2025:08:17:34 -0400] "GET /502064891.html HTTP/2" 404 19511 "-" "Mozilla/5.0 AppleWebKit/537.36 (KHTML, like Gecko; compatible; ClaudeBot/1.0; +claudebot@anthropic.com)"
216.73.216.80 - - [13/Jul/2025:08:17:34 -0400] "GET /610748301.html HTTP/2" 404 19511 "-" "Mozilla/5.0 AppleWebKit/537.36 (KHTML, like Gecko; compatible; ClaudeBot/1.0; +claudebot@anthropic.com)"
216.73.216.80 - - [13/Jul/2025:08:17:34 -0400] "GET /403162879.html HTTP/2" 404 19511 "-" "Mozilla/5.0 AppleWebKit/537.36 (KHTML, like Gecko; compatible; ClaudeBot/1.0; +claudebot@anthropic.com)"
216.73.216.80 - - [13/Jul/2025:08:17:34 -0400] "GET /109657535.html HTTP/2" 404 19511 "-" "Mozilla/5.0 AppleWebKit/537.36 (KHTML, like Gecko; compatible; ClaudeBot/1.0; +claudebot@anthropic.com)"
216.73.216.80 - - [13/Jul/2025:08:17:34 -0400] "GET /243332527.html HTTP/2" 404 19511 "-" "Mozilla/5.0 AppleWebKit/537.36 (KHTML, like Gecko; compatible; ClaudeBot/1.0; +claudebot@anthropic.com)"
216.73.216.80 - - [13/Jul/2025:08:17:35 -0400] "GET /135466109.html HTTP/2" 404 19511 "-" "Mozilla/5.0 AppleWebKit/537.36 (KHTML, like Gecko; compatible; ClaudeBot/1.0; +claudebot@anthropic.com)"
216.73.216.80 - - [13/Jul/2025:08:17:35 -0400] "GET /686553107.html HTTP/2" 404 19511 "-" "Mozilla/5.0 AppleWebKit/537.36 (KHTML, like Gecko; compatible; ClaudeBot/1.0; +claudebot@anthropic.com)"
216.73.216.80 - - [13/Jul/2025:08:17:35 -0400] "GET /681282105.html HTTP/2" 404 19511 "-" "Mozilla/5.0 AppleWebKit/537.36 (KHTML, like Gecko; compatible; ClaudeBot/1.0; +claudebot@anthropic.com)"
216.73.216.80 - - [13/Jul/2025:08:17:35 -0400] "GET /133931103.html HTTP/2" 404 19513 "-" "Mozilla/5.0 AppleWebKit/537.36 (KHTML, like Gecko; compatible; ClaudeBot/1.0; +claudebot@anthropic.com)"
52.167.144.166 - - [13/Jul/2025:08:17:39 -0400] "GET /206879932.shtml HTTP/2" 200 17346 "-" "Mozilla/5.0 AppleWebKit/537.36 (KHTML, like Gecko; compatible; bingbot/2.0; +http://www.bing.com/bingbot.htm) Chrome/116.0.1938.76 Safari/537.36"
57.141.4.3 - - [13/Jul/2025:08:17:40 -0400] "GET /215483409.html HTTP/2" 404 72880 "-" "meta-externalagent/1.1 (+https://developers.facebook.com/docs/sharing/webmasters/crawler)"
52.167.144.142 - - [13/Jul/2025:08:17:41 -0400] "GET /625062359.html HTTP/2" 200 17142 "-" "Mozilla/5.0 AppleWebKit/537.36 (KHTML, like Gecko; compatible; bingbot/2.0; +http://www.bing.com/bingbot.htm) Chrome/116.0.1938.76 Safari/537.36"
57.141.4.30 - - [13/Jul/2025:08:17:53 -0400] "GET /384745227.html HTTP/2" 404 72880 "-" "meta-externalagent/1.1 (+https://developers.facebook.com/docs/sharing/webmasters/crawler)"
52.167.144.142 - - [13/Jul/2025:08:18:02 -0400] "GET /539566905.html HTTP/2" 200 17602 "-" "Mozilla/5.0 AppleWebKit/537.36 (KHTML, like Gecko; compatible; bingbot/2.0; +http://www.bing.com/bingbot.htm) Chrome/116.0.1938.76 Safari/537.36"
23.92.177.29 - - [13/Jul/2025:08:18:17 -0400] "POST /wp-cron.php?doing_wp_cron=1752409097.4255061149597167968750 HTTP/1.1" 200 0 "-" "WordPress/6.8.1; https://alhidayamaintenance.com"
216.73.216.80 - - [13/Jul/2025:08:18:17 -0400] "GET /499803159.html HTTP/2" 404 19511 "-" "Mozilla/5.0 AppleWebKit/537.36 (KHTML, like Gecko; compatible; ClaudeBot/1.0; +claudebot@anthropic.com)"
216.73.216.80 - - [13/Jul/2025:08:18:17 -0400] "GET /98085579.html HTTP/2" 404 19592 "-" "Mozilla/5.0 AppleWebKit/537.36 (KHTML, like Gecko; compatible; ClaudeBot/1.0; +claudebot@anthropic.com)"
216.73.216.80 - - [13/Jul/2025:08:18:17 -0400] "GET /28601087.html HTTP/2" 404 19511 "-" "Mozilla/5.0 AppleWebKit/537.36 (KHTML, like Gecko; compatible; ClaudeBot/1.0; +claudebot@anthropic.com)"
216.73.216.80 - - [13/Jul/2025:08:18:17 -0400] "GET /328518221.html HTTP/2" 404 19563 "-" "Mozilla/5.0 AppleWebKit/537.36 (KHTML, like Gecko; compatible; ClaudeBot/1.0; +claudebot@anthropic.com)"
216.73.216.80 - - [13/Jul/2025:08:18:17 -0400] "GET /311596613.html HTTP/2" 404 19511 "-" "Mozilla/5.0 AppleWebKit/537.36 (KHTML, like Gecko; compatible; ClaudeBot/1.0; +claudebot@anthropic.com)"
216.73.216.80 - - [13/Jul/2025:08:18:17 -0400] "GET /312309061.html HTTP/2" 404 19511 "-" "Mozilla/5.0 AppleWebKit/537.36 (KHTML, like Gecko; compatible; ClaudeBot/1.0; +claudebot@anthropic.com)"
216.73.216.80 - - [13/Jul/2025:08:18:17 -0400] "GET /650232779.html HTTP/2" 404 19511 "-" "Mozilla/5.0 AppleWebKit/537.36 (KHTML, like Gecko; compatible; ClaudeBot/1.0; +claudebot@anthropic.com)"
216.73.216.80 - - [13/Jul/2025:08:18:17 -0400] "GET /253964555.html HTTP/2" 404 19511 "-" "Mozilla/5.0 AppleWebKit/537.36 (KHTML, like Gecko; compatible; ClaudeBot/1.0; +claudebot@anthropic.com)"
216.73.216.80 - - [13/Jul/2025:08:18:17 -0400] "GET /655403109.html HTTP/2" 404 19511 "-" "Mozilla/5.0 AppleWebKit/537.36 (KHTML, like Gecko; compatible; ClaudeBot/1.0; +claudebot@anthropic.com)"
216.73.216.80 - - [13/Jul/2025:08:18:18 -0400] "GET /185607541.html HTTP/2" 404 19511 "-" "Mozilla/5.0 AppleWebKit/537.36 (KHTML, like Gecko; compatible; ClaudeBot/1.0; +claudebot@anthropic.com)"
216.73.216.80 - - [13/Jul/2025:08:18:18 -0400] "GET /286178143.html HTTP/2" 404 19511 "-" "Mozilla/5.0 AppleWebKit/537.36 (KHTML, like Gecko; compatible; ClaudeBot/1.0; +claudebot@anthropic.com)"
216.73.216.80 - - [13/Jul/2025:08:18:18 -0400] "GET /379870863.html HTTP/2" 404 19511 "-" "Mozilla/5.0 AppleWebKit/537.36 (KHTML, like Gecko; compatible; ClaudeBot/1.0; +claudebot@anthropic.com)"
216.73.216.80 - - [13/Jul/2025:08:18:18 -0400] "GET /557332367.html HTTP/2" 404 19511 "-" "Mozilla/5.0 AppleWebKit/537.36 (KHTML, like Gecko; compatible; ClaudeBot/1.0; +claudebot@anthropic.com)"
57.141.4.25 - - [13/Jul/2025:08:18:19 -0400] "GET /595732201.html HTTP/2" 404 72880 "-" "meta-externalagent/1.1 (+https://developers.facebook.com/docs/sharing/webmasters/crawler)"
40.77.167.50 - - [13/Jul/2025:08:18:30 -0400] "GET /157918627.html HTTP/2" 200 16970 "-" "Mozilla/5.0 AppleWebKit/537.36 (KHTML, like Gecko; compatible; bingbot/2.0; +http://www.bing.com/bingbot.htm) Chrome/116.0.1938.76 Safari/537.36"
40.77.167.50 - - [13/Jul/2025:08:18:31 -0400] "GET /304266433.html HTTP/2" 200 17278 "-" "Mozilla/5.0 AppleWebKit/537.36 (KHTML, like Gecko; compatible; bingbot/2.0; +http://www.bing.com/bingbot.htm) Chrome/116.0.1938.76 Safari/537.36"
57.141.4.21 - - [13/Jul/2025:08:18:32 -0400] "GET /59503277.html HTTP/2" 404 72880 "-" "meta-externalagent/1.1 (+https://developers.facebook.com/docs/sharing/webmasters/crawler)"
51.222.253.16 - - [13/Jul/2025:08:18:36 -0400] "GET /44243725.html HTTP/2" 404 19511 "-" "Mozilla/5.0 (compatible; AhrefsBot/7.0; +http://ahrefs.com/robot/)"
40.77.167.50 - - [13/Jul/2025:08:18:38 -0400] "GET /61183725.html HTTP/2" 200 17200 "-" "Mozilla/5.0 AppleWebKit/537.36 (KHTML, like Gecko; compatible; bingbot/2.0; +http://www.bing.com/bingbot.htm) Chrome/116.0.1938.76 Safari/537.36"
40.77.167.10 - - [13/Jul/2025:08:18:38 -0400] "GET /164093884.shtml HTTP/2" 200 17029 "-" "Mozilla/5.0 AppleWebKit/537.36 (KHTML, like Gecko; compatible; bingbot/2.0; +http://www.bing.com/bingbot.htm) Chrome/116.0.1938.76 Safari/537.36"
52.167.144.142 - - [13/Jul/2025:08:18:42 -0400] "GET /327233201.html HTTP/2" 200 17130 "-" "Mozilla/5.0 AppleWebKit/537.36 (KHTML, like Gecko; compatible; bingbot/2.0; +http://www.bing.com/bingbot.htm) Chrome/116.0.1938.76 Safari/537.36"
57.141.4.2 - - [13/Jul/2025:08:18:43 -0400] "GET /430118291.html HTTP/2" 404 72880 "-" "meta-externalagent/1.1 (+https://developers.facebook.com/docs/sharing/webmasters/crawler)"
57.141.4.23 - - [13/Jul/2025:08:18:46 -0400] "GET /24381333.html HTTP/2" 404 72880 "-" "meta-externalagent/1.1 (+https://developers.facebook.com/docs/sharing/webmasters/crawler)"
57.141.4.14 - - [13/Jul/2025:08:18:51 -0400] "GET /595732201.html HTTP/2" 404 72880 "-" "meta-externalagent/1.1 (+https://developers.facebook.com/docs/sharing/webmasters/crawler)"
57.141.4.30 - - [13/Jul/2025:08:18:54 -0400] "GET /123047395.html HTTP/2" 404 72880 "-" "meta-externalagent/1.1 (+https://developers.facebook.com/docs/sharing/webmasters/crawler)"
23.92.177.29 - - [13/Jul/2025:08:18:58 -0400] "POST /wp-cron.php?doing_wp_cron=1752409138.0231220722198486328125 HTTP/1.1" 200 0 "-" "WordPress/6.8.1; https://alhidayamaintenance.com"
57.141.4.13 - - [13/Jul/2025:08:18:57 -0400] "GET /711252595.html HTTP/2" 404 72880 "-" "meta-externalagent/1.1 (+https://developers.facebook.com/docs/sharing/webmasters/crawler)"
40.77.167.50 - - [13/Jul/2025:08:18:59 -0400] "GET /307659999.html HTTP/2" 200 17107 "-" "Mozilla/5.0 AppleWebKit/537.36 (KHTML, like Gecko; compatible; bingbot/2.0; +http://www.bing.com/bingbot.htm) Chrome/116.0.1938.76 Safari/537.36"
216.73.216.80 - - [13/Jul/2025:08:18:59 -0400] "GET /648227567.html HTTP/2" 404 19592 "-" "Mozilla/5.0 AppleWebKit/537.36 (KHTML, like Gecko; compatible; ClaudeBot/1.0; +claudebot@anthropic.com)"
216.73.216.80 - - [13/Jul/2025:08:18:59 -0400] "GET /559768339.html HTTP/2" 404 19512 "-" "Mozilla/5.0 AppleWebKit/537.36 (KHTML, like Gecko; compatible; ClaudeBot/1.0; +claudebot@anthropic.com)"
216.73.216.80 - - [13/Jul/2025:08:18:59 -0400] "GET /188432407.html HTTP/2" 404 19511 "-" "Mozilla/5.0 AppleWebKit/537.36 (KHTML, like Gecko; compatible; ClaudeBot/1.0; +claudebot@anthropic.com)"
52.167.144.166 - - [13/Jul/2025:08:18:59 -0400] "GET /384499900.shtml HTTP/2" 200 16905 "-" "Mozilla/5.0 AppleWebKit/537.36 (KHTML, like Gecko; compatible; bingbot/2.0; +http://www.bing.com/bingbot.htm) Chrome/116.0.1938.76 Safari/537.36"
216.73.216.80 - - [13/Jul/2025:08:18:59 -0400] "GET /627901019.html HTTP/2" 404 19511 "-" "Mozilla/5.0 AppleWebKit/537.36 (KHTML, like Gecko; compatible; ClaudeBot/1.0; +claudebot@anthropic.com)"
216.73.216.80 - - [13/Jul/2025:08:18:59 -0400] "GET /503094117.html HTTP/2" 404 19511 "-" "Mozilla/5.0 AppleWebKit/537.36 (KHTML, like Gecko; compatible; ClaudeBot/1.0; +claudebot@anthropic.com)"
216.73.216.80 - - [13/Jul/2025:08:18:59 -0400] "GET /301477867.html HTTP/2" 404 19511 "-" "Mozilla/5.0 AppleWebKit/537.36 (KHTML, like Gecko; compatible; ClaudeBot/1.0; +claudebot@anthropic.com)"
216.73.216.80 - - [13/Jul/2025:08:19:00 -0400] "GET /619424727.html HTTP/2" 404 19511 "-" "Mozilla/5.0 AppleWebKit/537.36 (KHTML, like Gecko; compatible; ClaudeBot/1.0; +claudebot@anthropic.com)"
216.73.216.80 - - [13/Jul/2025:08:19:00 -0400] "GET /44473867.html HTTP/2" 404 19511 "-" "Mozilla/5.0 AppleWebKit/537.36 (KHTML, like Gecko; compatible; ClaudeBot/1.0; +claudebot@anthropic.com)"
216.73.216.80 - - [13/Jul/2025:08:19:00 -0400] "GET /531276227.html HTTP/2" 404 19511 "-" "Mozilla/5.0 AppleWebKit/537.36 (KHTML, like Gecko; compatible; ClaudeBot/1.0; +claudebot@anthropic.com)"
216.73.216.80 - - [13/Jul/2025:08:19:00 -0400] "GET /304907491.html HTTP/2" 404 19511 "-" "Mozilla/5.0 AppleWebKit/537.36 (KHTML, like Gecko; compatible; ClaudeBot/1.0; +claudebot@anthropic.com)"
216.73.216.80 - - [13/Jul/2025:08:19:00 -0400] "GET /690031615.html HTTP/2" 404 19511 "-" "Mozilla/5.0 AppleWebKit/537.36 (KHTML, like Gecko; compatible; ClaudeBot/1.0; +claudebot@anthropic.com)"
216.73.216.80 - - [13/Jul/2025:08:19:00 -0400] "GET /139569461.html HTTP/2" 404 19511 "-" "Mozilla/5.0 AppleWebKit/537.36 (KHTML, like Gecko; compatible; ClaudeBot/1.0; +claudebot@anthropic.com)"
216.73.216.80 - - [13/Jul/2025:08:19:00 -0400] "GET /408689917.html HTTP/2" 404 19511 "-" "Mozilla/5.0 AppleWebKit/537.36 (KHTML, like Gecko; compatible; ClaudeBot/1.0; +claudebot@anthropic.com)"
40.77.167.10 - - [13/Jul/2025:08:19:04 -0400] "GET /513697212.shtml HTTP/2" 200 17294 "-" "Mozilla/5.0 AppleWebKit/537.36 (KHTML, like Gecko; compatible; bingbot/2.0; +http://www.bing.com/bingbot.htm) Chrome/116.0.1938.76 Safari/537.36"
216.73.216.253 - - [13/Jul/2025:08:19:15 -0400] "GET /robots.txt HTTP/1.1" 200 99 "-" "Mozilla/5.0 AppleWebKit/537.36 (KHTML, like Gecko; compatible; ClaudeBot/1.0; +claudebot@anthropic.com)"
23.92.177.29 - - [13/Jul/2025:08:19:16 -0400] "POST /wp-cron.php?doing_wp_cron=1752409156.3586668968200683593750 HTTP/1.1" 200 0 "-" "WordPress/6.8.1; https://alhidayamaintenance.com"
216.73.216.253 - - [13/Jul/2025:08:19:16 -0400] "GET /708477339.html HTTP/2" 404 19511 "-" "Mozilla/5.0 AppleWebKit/537.36 (KHTML, like Gecko; compatible; ClaudeBot/1.0; +claudebot@anthropic.com)"
216.73.216.253 - - [13/Jul/2025:08:19:16 -0400] "GET /274600863.html HTTP/2" 404 19511 "-" "Mozilla/5.0 AppleWebKit/537.36 (KHTML, like Gecko; compatible; ClaudeBot/1.0; +claudebot@anthropic.com)"
216.73.216.253 - - [13/Jul/2025:08:19:16 -0400] "GET /238353619.html HTTP/2" 404 19511 "-" "Mozilla/5.0 AppleWebKit/537.36 (KHTML, like Gecko; compatible; ClaudeBot/1.0; +claudebot@anthropic.com)"
216.73.216.253 - - [13/Jul/2025:08:19:16 -0400] "GET /60453369.html HTTP/2" 404 19511 "-" "Mozilla/5.0 AppleWebKit/537.36 (KHTML, like Gecko; compatible; ClaudeBot/1.0; +claudebot@anthropic.com)"
216.73.216.253 - - [13/Jul/2025:08:19:16 -0400] "GET /39608941.html HTTP/2" 404 19511 "-" "Mozilla/5.0 AppleWebKit/537.36 (KHTML, like Gecko; compatible; ClaudeBot/1.0; +claudebot@anthropic.com)"
216.73.216.253 - - [13/Jul/2025:08:19:17 -0400] "GET /wp-content/themes/eyecraftersny-child/js/owl.carousel.min.js HTTP/2" 200 14239 "https://alhidayamaintenance.com/60453369.html" "Mozilla/5.0 AppleWebKit/537.36 (KHTML, like Gecko; compatible; ClaudeBot/1.0; +claudebot@anthropic.com)"
216.73.216.253 - - [13/Jul/2025:08:19:17 -0400] "GET /wp-content/themes/eyecraftersny-child/js/owl.carousel.min.js HTTP/2" 200 14239 "https://alhidayamaintenance.com/708477339.html" "Mozilla/5.0 AppleWebKit/537.36 (KHTML, like Gecko; compatible; ClaudeBot/1.0; +claudebot@anthropic.com)"
216.73.216.253 - - [13/Jul/2025:08:19:17 -0400] "GET /wp-content/themes/eyecraftersny-child/js/owl.carousel.min.js HTTP/2" 200 14239 "https://alhidayamaintenance.com/274600863.html" "Mozilla/5.0 AppleWebKit/537.36 (KHTML, like Gecko; compatible; ClaudeBot/1.0; +claudebot@anthropic.com)"
216.73.216.253 - - [13/Jul/2025:08:19:17 -0400] "GET /wp-content/themes/eyecraftersny-child/js/wow.min.js HTTP/2" 200 5654 "https://alhidayamaintenance.com/708477339.html" "Mozilla/5.0 AppleWebKit/537.36 (KHTML, like Gecko; compatible; ClaudeBot/1.0; +claudebot@anthropic.com)"
216.73.216.253 - - [13/Jul/2025:08:19:17 -0400] "GET /wp-content/themes/eyecraftersny-child/js/wow.min.js HTTP/2" 200 5654 "https://alhidayamaintenance.com/274600863.html" "Mozilla/5.0 AppleWebKit/537.36 (KHTML, like Gecko; compatible; ClaudeBot/1.0; +claudebot@anthropic.com)"
216.73.216.253 - - [13/Jul/2025:08:19:17 -0400] "GET /wp-content/plugins/contact-form-7/includes/swv/js/index.js?ver=5.7.6 HTTP/2" 200 5927 "https://alhidayamaintenance.com/274600863.html" "Mozilla/5.0 AppleWebKit/537.36 (KHTML, like Gecko; compatible; ClaudeBot/1.0; +claudebot@anthropic.com)"
216.73.216.253 - - [13/Jul/2025:08:19:17 -0400] "GET /wp-content/plugins/contact-form-7/includes/js/index.js?ver=5.7.6 HTTP/2" 200 6977 "https://alhidayamaintenance.com/274600863.html" "Mozilla/5.0 AppleWebKit/537.36 (KHTML, like Gecko; compatible; ClaudeBot/1.0; +claudebot@anthropic.com)"
216.73.216.253 - - [13/Jul/2025:08:19:17 -0400] "GET /wp-content/plugins/real-time-auto-find-and-replace/assets/js/rtafar.local.js?ver=1.4.8 HTTP/2" 200 3066 "https://alhidayamaintenance.com/274600863.html" "Mozilla/5.0 AppleWebKit/537.36 (KHTML, like Gecko; compatible; ClaudeBot/1.0; +claudebot@anthropic.com)"
216.73.216.253 - - [13/Jul/2025:08:19:17 -0400] "GET /wp-content/themes/twentytwentyone/assets/js/primary-navigation.js?ver=1.0.0 HTTP/2" 200 4822 "https://alhidayamaintenance.com/274600863.html" "Mozilla/5.0 AppleWebKit/537.36 (KHTML, like Gecko; compatible; ClaudeBot/1.0; +claudebot@anthropic.com)"
216.73.216.253 - - [13/Jul/2025:08:19:17 -0400] "GET /wp-content/themes/twentytwentyone/assets/js/responsive-embeds.js?ver=1.0.0 HTTP/2" 200 3510 "https://alhidayamaintenance.com/274600863.html" "Mozilla/5.0 AppleWebKit/537.36 (KHTML, like Gecko; compatible; ClaudeBot/1.0; +claudebot@anthropic.com)"
216.73.216.253 - - [13/Jul/2025:08:19:17 -0400] "GET /wp-content/plugins/wp-whatsapp-chat/build/frontend/js/index.js?ver=9970b5c8c94b720844fe HTTP/2" 200 5316 "https://alhidayamaintenance.com/274600863.html" "Mozilla/5.0 AppleWebKit/537.36 (KHTML, like Gecko; compatible; ClaudeBot/1.0; +claudebot@anthropic.com)"
216.73.216.253 - - [13/Jul/2025:08:19:17 -0400] "GET /wp-content/plugins/real-time-auto-find-and-replace/assets/js/rtafar.app.min.js?ver=1.4.8 HTTP/2" 200 3162 "https://alhidayamaintenance.com/274600863.html" "Mozilla/5.0 AppleWebKit/537.36 (KHTML, like Gecko; compatible; ClaudeBot/1.0; +claudebot@anthropic.com)"
216.73.216.253 - - [13/Jul/2025:08:19:17 -0400] "GET /wp-content/plugins/contact-form-7/includes/swv/js/index.js?ver=5.7.6 HTTP/2" 200 5927 "https://alhidayamaintenance.com/708477339.html" "Mozilla/5.0 AppleWebKit/537.36 (KHTML, like Gecko; compatible; ClaudeBot/1.0; +claudebot@anthropic.com)"
216.73.216.253 - - [13/Jul/2025:08:19:17 -0400] "GET /wp-content/plugins/contact-form-7/includes/js/index.js?ver=5.7.6 HTTP/2" 200 6977 "https://alhidayamaintenance.com/708477339.html" "Mozilla/5.0 AppleWebKit/537.36 (KHTML, like Gecko; compatible; ClaudeBot/1.0; +claudebot@anthropic.com)"
216.73.216.253 - - [13/Jul/2025:08:19:17 -0400] "GET /wp-content/plugins/real-time-auto-find-and-replace/assets/js/rtafar.local.js?ver=1.4.8 HTTP/2" 200 3066 "https://alhidayamaintenance.com/708477339.html" "Mozilla/5.0 AppleWebKit/537.36 (KHTML, like Gecko; compatible; ClaudeBot/1.0; +claudebot@anthropic.com)"
216.73.216.253 - - [13/Jul/2025:08:19:17 -0400] "GET /wp-content/themes/twentytwentyone/assets/js/primary-navigation.js?ver=1.0.0 HTTP/2" 200 4822 "https://alhidayamaintenance.com/708477339.html" "Mozilla/5.0 AppleWebKit/537.36 (KHTML, like Gecko; compatible; ClaudeBot/1.0; +claudebot@anthropic.com)"
216.73.216.253 - - [13/Jul/2025:08:19:17 -0400] "GET /wp-content/themes/twentytwentyone/assets/js/responsive-embeds.js?ver=1.0.0 HTTP/2" 200 3510 "https://alhidayamaintenance.com/708477339.html" "Mozilla/5.0 AppleWebKit/537.36 (KHTML, like Gecko; compatible; ClaudeBot/1.0; +claudebot@anthropic.com)"
216.73.216.253 - - [13/Jul/2025:08:19:17 -0400] "GET /wp-content/plugins/wp-whatsapp-chat/build/frontend/js/index.js?ver=9970b5c8c94b720844fe HTTP/2" 200 5316 "https://alhidayamaintenance.com/708477339.html" "Mozilla/5.0 AppleWebKit/537.36 (KHTML, like Gecko; compatible; ClaudeBot/1.0; +claudebot@anthropic.com)"
216.73.216.253 - - [13/Jul/2025:08:19:17 -0400] "GET /wp-content/plugins/real-time-auto-find-and-replace/assets/js/rtafar.app.min.js?ver=1.4.8 HTTP/2" 200 3162 "https://alhidayamaintenance.com/708477339.html" "Mozilla/5.0 AppleWebKit/537.36 (KHTML, like Gecko; compatible; ClaudeBot/1.0; +claudebot@anthropic.com)"
216.73.216.253 - - [13/Jul/2025:08:19:17 -0400] "GET /wp-content/themes/eyecraftersny-child/js/wow.min.js HTTP/2" 200 5654 "https://alhidayamaintenance.com/60453369.html" "Mozilla/5.0 AppleWebKit/537.36 (KHTML, like Gecko; compatible; ClaudeBot/1.0; +claudebot@anthropic.com)"
216.73.216.253 - - [13/Jul/2025:08:19:17 -0400] "GET /wp-content/themes/eyecraftersny-child/js/owl.carousel.min.js HTTP/2" 200 14239 "https://alhidayamaintenance.com/39608941.html" "Mozilla/5.0 AppleWebKit/537.36 (KHTML, like Gecko; compatible; ClaudeBot/1.0; +claudebot@anthropic.com)"
216.73.216.253 - - [13/Jul/2025:08:19:17 -0400] "GET /wp-content/plugins/contact-form-7/includes/swv/js/index.js?ver=5.7.6 HTTP/2" 200 5927 "https://alhidayamaintenance.com/60453369.html" "Mozilla/5.0 AppleWebKit/537.36 (KHTML, like Gecko; compatible; ClaudeBot/1.0; +claudebot@anthropic.com)"
216.73.216.253 - - [13/Jul/2025:08:19:17 -0400] "GET /wp-content/plugins/contact-form-7/includes/js/index.js?ver=5.7.6 HTTP/2" 200 6977 "https://alhidayamaintenance.com/60453369.html" "Mozilla/5.0 AppleWebKit/537.36 (KHTML, like Gecko; compatible; ClaudeBot/1.0; +claudebot@anthropic.com)"
216.73.216.253 - - [13/Jul/2025:08:19:17 -0400] "GET /wp-content/plugins/real-time-auto-find-and-replace/assets/js/rtafar.local.js?ver=1.4.8 HTTP/2" 200 3066 "https://alhidayamaintenance.com/60453369.html" "Mozilla/5.0 AppleWebKit/537.36 (KHTML, like Gecko; compatible; ClaudeBot/1.0; +claudebot@anthropic.com)"
216.73.216.253 - - [13/Jul/2025:08:19:17 -0400] "GET /wp-content/themes/twentytwentyone/assets/js/primary-navigation.js?ver=1.0.0 HTTP/2" 200 4822 "https://alhidayamaintenance.com/60453369.html" "Mozilla/5.0 AppleWebKit/537.36 (KHTML, like Gecko; compatible; ClaudeBot/1.0; +claudebot@anthropic.com)"
216.73.216.253 - - [13/Jul/2025:08:19:17 -0400] "GET /wp-content/themes/twentytwentyone/assets/js/responsive-embeds.js?ver=1.0.0 HTTP/2" 200 3510 "https://alhidayamaintenance.com/60453369.html" "Mozilla/5.0 AppleWebKit/537.36 (KHTML, like Gecko; compatible; ClaudeBot/1.0; +claudebot@anthropic.com)"
216.73.216.253 - - [13/Jul/2025:08:19:17 -0400] "GET /wp-content/plugins/wp-whatsapp-chat/build/frontend/js/index.js?ver=9970b5c8c94b720844fe HTTP/2" 200 5316 "https://alhidayamaintenance.com/60453369.html" "Mozilla/5.0 AppleWebKit/537.36 (KHTML, like Gecko; compatible; ClaudeBot/1.0; +claudebot@anthropic.com)"
216.73.216.253 - - [13/Jul/2025:08:19:17 -0400] "GET /wp-content/plugins/real-time-auto-find-and-replace/assets/js/rtafar.app.min.js?ver=1.4.8 HTTP/2" 200 3162 "https://alhidayamaintenance.com/60453369.html" "Mozilla/5.0 AppleWebKit/537.36 (KHTML, like Gecko; compatible; ClaudeBot/1.0; +claudebot@anthropic.com)"
216.73.216.253 - - [13/Jul/2025:08:19:17 -0400] "GET /wp-content/themes/eyecraftersny-child/js/wow.min.js HTTP/2" 200 5654 "https://alhidayamaintenance.com/39608941.html" "Mozilla/5.0 AppleWebKit/537.36 (KHTML, like Gecko; compatible; ClaudeBot/1.0; +claudebot@anthropic.com)"
216.73.216.253 - - [13/Jul/2025:08:19:17 -0400] "GET /wp-content/plugins/contact-form-7/includes/swv/js/index.js?ver=5.7.6 HTTP/2" 200 5927 "https://alhidayamaintenance.com/39608941.html" "Mozilla/5.0 AppleWebKit/537.36 (KHTML, like Gecko; compatible; ClaudeBot/1.0; +claudebot@anthropic.com)"
216.73.216.253 - - [13/Jul/2025:08:19:17 -0400] "GET /wp-content/plugins/contact-form-7/includes/js/index.js?ver=5.7.6 HTTP/2" 200 6977 "https://alhidayamaintenance.com/39608941.html" "Mozilla/5.0 AppleWebKit/537.36 (KHTML, like Gecko; compatible; ClaudeBot/1.0; +claudebot@anthropic.com)"
216.73.216.253 - - [13/Jul/2025:08:19:17 -0400] "GET /wp-content/plugins/real-time-auto-find-and-replace/assets/js/rtafar.local.js?ver=1.4.8 HTTP/2" 200 3066 "https://alhidayamaintenance.com/39608941.html" "Mozilla/5.0 AppleWebKit/537.36 (KHTML, like Gecko; compatible; ClaudeBot/1.0; +claudebot@anthropic.com)"
216.73.216.253 - - [13/Jul/2025:08:19:17 -0400] "GET /wp-content/themes/twentytwentyone/assets/js/primary-navigation.js?ver=1.0.0 HTTP/2" 200 4822 "https://alhidayamaintenance.com/39608941.html" "Mozilla/5.0 AppleWebKit/537.36 (KHTML, like Gecko; compatible; ClaudeBot/1.0; +claudebot@anthropic.com)"
216.73.216.253 - - [13/Jul/2025:08:19:17 -0400] "GET /wp-content/themes/twentytwentyone/assets/js/responsive-embeds.js?ver=1.0.0 HTTP/2" 200 3510 "https://alhidayamaintenance.com/39608941.html" "Mozilla/5.0 AppleWebKit/537.36 (KHTML, like Gecko; compatible; ClaudeBot/1.0; +claudebot@anthropic.com)"
216.73.216.253 - - [13/Jul/2025:08:19:17 -0400] "GET /wp-content/plugins/wp-whatsapp-chat/build/frontend/js/index.js?ver=9970b5c8c94b720844fe HTTP/2" 200 5316 "https://alhidayamaintenance.com/39608941.html" "Mozilla/5.0 AppleWebKit/537.36 (KHTML, like Gecko; compatible; ClaudeBot/1.0; +claudebot@anthropic.com)"
216.73.216.253 - - [13/Jul/2025:08:19:17 -0400] "GET /wp-content/plugins/real-time-auto-find-and-replace/assets/js/rtafar.app.min.js?ver=1.4.8 HTTP/2" 200 3162 "https://alhidayamaintenance.com/39608941.html" "Mozilla/5.0 AppleWebKit/537.36 (KHTML, like Gecko; compatible; ClaudeBot/1.0; +claudebot@anthropic.com)"
216.73.216.253 - - [13/Jul/2025:08:19:17 -0400] "GET /wp-content/themes/eyecraftersny-child/js/owl.carousel.min.js HTTP/2" 200 14239 "https://alhidayamaintenance.com/238353619.html" "Mozilla/5.0 AppleWebKit/537.36 (KHTML, like Gecko; compatible; ClaudeBot/1.0; +claudebot@anthropic.com)"
216.73.216.253 - - [13/Jul/2025:08:19:17 -0400] "GET /wp-content/themes/eyecraftersny-child/js/wow.min.js HTTP/2" 200 5654 "https://alhidayamaintenance.com/238353619.html" "Mozilla/5.0 AppleWebKit/537.36 (KHTML, like Gecko; compatible; ClaudeBot/1.0; +claudebot@anthropic.com)"
216.73.216.253 - - [13/Jul/2025:08:19:17 -0400] "GET /wp-content/plugins/contact-form-7/includes/swv/js/index.js?ver=5.7.6 HTTP/2" 200 5927 "https://alhidayamaintenance.com/238353619.html" "Mozilla/5.0 AppleWebKit/537.36 (KHTML, like Gecko; compatible; ClaudeBot/1.0; +claudebot@anthropic.com)"
216.73.216.253 - - [13/Jul/2025:08:19:17 -0400] "GET /wp-content/plugins/contact-form-7/includes/js/index.js?ver=5.7.6 HTTP/2" 200 6977 "https://alhidayamaintenance.com/238353619.html" "Mozilla/5.0 AppleWebKit/537.36 (KHTML, like Gecko; compatible; ClaudeBot/1.0; +claudebot@anthropic.com)"
216.73.216.253 - - [13/Jul/2025:08:19:17 -0400] "GET /wp-content/plugins/real-time-auto-find-and-replace/assets/js/rtafar.local.js?ver=1.4.8 HTTP/2" 200 3066 "https://alhidayamaintenance.com/238353619.html" "Mozilla/5.0 AppleWebKit/537.36 (KHTML, like Gecko; compatible; ClaudeBot/1.0; +claudebot@anthropic.com)"
216.73.216.253 - - [13/Jul/2025:08:19:17 -0400] "GET /wp-content/themes/twentytwentyone/assets/js/primary-navigation.js?ver=1.0.0 HTTP/2" 200 4822 "https://alhidayamaintenance.com/238353619.html" "Mozilla/5.0 AppleWebKit/537.36 (KHTML, like Gecko; compatible; ClaudeBot/1.0; +claudebot@anthropic.com)"
216.73.216.253 - - [13/Jul/2025:08:19:17 -0400] "GET /wp-content/themes/twentytwentyone/assets/js/responsive-embeds.js?ver=1.0.0 HTTP/2" 200 3510 "https://alhidayamaintenance.com/238353619.html" "Mozilla/5.0 AppleWebKit/537.36 (KHTML, like Gecko; compatible; ClaudeBot/1.0; +claudebot@anthropic.com)"
216.73.216.253 - - [13/Jul/2025:08:19:17 -0400] "GET /wp-content/plugins/wp-whatsapp-chat/build/frontend/js/index.js?ver=9970b5c8c94b720844fe HTTP/2" 200 5316 "https://alhidayamaintenance.com/238353619.html" "Mozilla/5.0 AppleWebKit/537.36 (KHTML, like Gecko; compatible; ClaudeBot/1.0; +claudebot@anthropic.com)"
216.73.216.253 - - [13/Jul/2025:08:19:17 -0400] "GET /wp-content/plugins/real-time-auto-find-and-replace/assets/js/rtafar.app.min.js?ver=1.4.8 HTTP/2" 200 3162 "https://alhidayamaintenance.com/238353619.html" "Mozilla/5.0 AppleWebKit/537.36 (KHTML, like Gecko; compatible; ClaudeBot/1.0; +claudebot@anthropic.com)"
216.73.216.253 - - [13/Jul/2025:08:19:17 -0400] "GET /wp-includes/js/wp-emoji-release.min.js?ver=6.8.1 HTTP/2" 200 7813 "https://alhidayamaintenance.com/274600863.html" "Mozilla/5.0 AppleWebKit/537.36 (KHTML, like Gecko; compatible; ClaudeBot/1.0; +claudebot@anthropic.com)"
216.73.216.253 - - [13/Jul/2025:08:19:17 -0400] "GET /wp-includes/js/wp-emoji-release.min.js?ver=6.8.1 HTTP/2" 200 7813 "https://alhidayamaintenance.com/708477339.html" "Mozilla/5.0 AppleWebKit/537.36 (KHTML, like Gecko; compatible; ClaudeBot/1.0; +claudebot@anthropic.com)"
216.73.216.253 - - [13/Jul/2025:08:19:17 -0400] "GET /wp-includes/js/wp-emoji-release.min.js?ver=6.8.1 HTTP/2" 200 7813 "https://alhidayamaintenance.com/60453369.html" "Mozilla/5.0 AppleWebKit/537.36 (KHTML, like Gecko; compatible; ClaudeBot/1.0; +claudebot@anthropic.com)"
216.73.216.253 - - [13/Jul/2025:08:19:17 -0400] "GET /wp-includes/js/wp-emoji-release.min.js?ver=6.8.1 HTTP/2" 200 7813 "https://alhidayamaintenance.com/39608941.html" "Mozilla/5.0 AppleWebKit/537.36 (KHTML, like Gecko; compatible; ClaudeBot/1.0; +claudebot@anthropic.com)"
216.73.216.253 - - [13/Jul/2025:08:19:17 -0400] "GET /wp-includes/js/wp-emoji-release.min.js?ver=6.8.1 HTTP/2" 200 7813 "https://alhidayamaintenance.com/238353619.html" "Mozilla/5.0 AppleWebKit/537.36 (KHTML, like Gecko; compatible; ClaudeBot/1.0; +claudebot@anthropic.com)"
157.55.39.201 - - [13/Jul/2025:08:19:19 -0400] "GET /307811260.shtml HTTP/2" 200 17834 "-" "Mozilla/5.0 AppleWebKit/537.36 (KHTML, like Gecko; compatible; bingbot/2.0; +http://www.bing.com/bingbot.htm) Chrome/116.0.1938.76 Safari/537.36"
216.73.216.253 - - [13/Jul/2025:08:19:19 -0400] "GET /197698103.html HTTP/2" 404 19513 "-" "Mozilla/5.0 AppleWebKit/537.36 (KHTML, like Gecko; compatible; ClaudeBot/1.0; +claudebot@anthropic.com)"
216.73.216.253 - - [13/Jul/2025:08:19:19 -0400] "GET /378339971.html HTTP/2" 404 19513 "-" "Mozilla/5.0 AppleWebKit/537.36 (KHTML, like Gecko; compatible; ClaudeBot/1.0; +claudebot@anthropic.com)"
216.73.216.253 - - [13/Jul/2025:08:19:19 -0400] "GET /132431187.html HTTP/2" 404 19513 "-" "Mozilla/5.0 AppleWebKit/537.36 (KHTML, like Gecko; compatible; ClaudeBot/1.0; +claudebot@anthropic.com)"
216.73.216.253 - - [13/Jul/2025:08:19:19 -0400] "GET /340902087.html HTTP/2" 404 19513 "-" "Mozilla/5.0 AppleWebKit/537.36 (KHTML, like Gecko; compatible; ClaudeBot/1.0; +claudebot@anthropic.com)"
216.73.216.253 - - [13/Jul/2025:08:19:19 -0400] "GET /457909329.html HTTP/2" 404 19513 "-" "Mozilla/5.0 AppleWebKit/537.36 (KHTML, like Gecko; compatible; ClaudeBot/1.0; +claudebot@anthropic.com)"
216.73.216.253 - - [13/Jul/2025:08:19:23 -0400] "GET /134297975.html HTTP/2" 404 19511 "-" "Mozilla/5.0 AppleWebKit/537.36 (KHTML, like Gecko; compatible; ClaudeBot/1.0; +claudebot@anthropic.com)"
216.73.216.253 - - [13/Jul/2025:08:19:23 -0400] "GET /128016381.html HTTP/2" 404 19511 "-" "Mozilla/5.0 AppleWebKit/537.36 (KHTML, like Gecko; compatible; ClaudeBot/1.0; +claudebot@anthropic.com)"
216.73.216.253 - - [13/Jul/2025:08:19:23 -0400] "GET /573632519.html HTTP/2" 404 19511 "-" "Mozilla/5.0 AppleWebKit/537.36 (KHTML, like Gecko; compatible; ClaudeBot/1.0; +claudebot@anthropic.com)"
216.73.216.253 - - [13/Jul/2025:08:19:23 -0400] "GET /311247407.html HTTP/2" 404 19511 "-" "Mozilla/5.0 AppleWebKit/537.36 (KHTML, like Gecko; compatible; ClaudeBot/1.0; +claudebot@anthropic.com)"
216.73.216.253 - - [13/Jul/2025:08:19:23 -0400] "GET /720185541.html HTTP/2" 404 19511 "-" "Mozilla/5.0 AppleWebKit/537.36 (KHTML, like Gecko; compatible; ClaudeBot/1.0; +claudebot@anthropic.com)"
216.73.216.253 - - [13/Jul/2025:08:19:26 -0400] "GET /190883383.html HTTP/2" 404 19512 "-" "Mozilla/5.0 AppleWebKit/537.36 (KHTML, like Gecko; compatible; ClaudeBot/1.0; +claudebot@anthropic.com)"
57.141.4.14 - - [13/Jul/2025:08:19:27 -0400] "GET /700997845.html HTTP/2" 404 72880 "-" "meta-externalagent/1.1 (+https://developers.facebook.com/docs/sharing/webmasters/crawler)"
216.73.216.253 - - [13/Jul/2025:08:19:27 -0400] "GET /65766479.html HTTP/2" 404 19512 "-" "Mozilla/5.0 AppleWebKit/537.36 (KHTML, like Gecko; compatible; ClaudeBot/1.0; +claudebot@anthropic.com)"
216.73.216.253 - - [13/Jul/2025:08:19:28 -0400] "GET /254214783.html HTTP/2" 404 19511 "-" "Mozilla/5.0 AppleWebKit/537.36 (KHTML, like Gecko; compatible; ClaudeBot/1.0; +claudebot@anthropic.com)"
216.73.216.253 - - [13/Jul/2025:08:19:28 -0400] "GET /352723545.html HTTP/2" 404 19511 "-" "Mozilla/5.0 AppleWebKit/537.36 (KHTML, like Gecko; compatible; ClaudeBot/1.0; +claudebot@anthropic.com)"
216.73.216.253 - - [13/Jul/2025:08:19:28 -0400] "GET /154067681.html HTTP/2" 404 19511 "-" "Mozilla/5.0 AppleWebKit/537.36 (KHTML, like Gecko; compatible; ClaudeBot/1.0; +claudebot@anthropic.com)"
40.77.167.10 - - [13/Jul/2025:08:19:29 -0400] "GET /500781500.shtml HTTP/2" 200 16573 "-" "Mozilla/5.0 AppleWebKit/537.36 (KHTML, like Gecko; compatible; bingbot/2.0; +http://www.bing.com/bingbot.htm) Chrome/116.0.1938.76 Safari/537.36"
216.73.216.253 - - [13/Jul/2025:08:19:30 -0400] "GET /360501425.html HTTP/2" 404 19511 "-" "Mozilla/5.0 AppleWebKit/537.36 (KHTML, like Gecko; compatible; ClaudeBot/1.0; +claudebot@anthropic.com)"
57.141.4.25 - - [13/Jul/2025:08:19:35 -0400] "GET /609889685.html HTTP/2" 404 72880 "-" "meta-externalagent/1.1 (+https://developers.facebook.com/docs/sharing/webmasters/crawler)"
40.77.167.10 - - [13/Jul/2025:08:19:37 -0400] "GET /532599228.shtml HTTP/2" 200 16585 "-" "Mozilla/5.0 AppleWebKit/537.36 (KHTML, like Gecko; compatible; bingbot/2.0; +http://www.bing.com/bingbot.htm) Chrome/116.0.1938.76 Safari/537.36"
216.73.216.80 - - [13/Jul/2025:08:19:38 -0400] "GET /362395559.html HTTP/2" 404 19511 "-" "Mozilla/5.0 AppleWebKit/537.36 (KHTML, like Gecko; compatible; ClaudeBot/1.0; +claudebot@anthropic.com)"
216.73.216.80 - - [13/Jul/2025:08:19:38 -0400] "GET /95290963.html HTTP/2" 404 19511 "-" "Mozilla/5.0 AppleWebKit/537.36 (KHTML, like Gecko; compatible; ClaudeBot/1.0; +claudebot@anthropic.com)"
216.73.216.80 - - [13/Jul/2025:08:19:38 -0400] "GET /21430143.html HTTP/2" 404 19511 "-" "Mozilla/5.0 AppleWebKit/537.36 (KHTML, like Gecko; compatible; ClaudeBot/1.0; +claudebot@anthropic.com)"
216.73.216.80 - - [13/Jul/2025:08:19:38 -0400] "GET /134578211.html HTTP/2" 404 19511 "-" "Mozilla/5.0 AppleWebKit/537.36 (KHTML, like Gecko; compatible; ClaudeBot/1.0; +claudebot@anthropic.com)"
216.73.216.80 - - [13/Jul/2025:08:19:38 -0400] "GET /339260117.html HTTP/2" 404 19511 "-" "Mozilla/5.0 AppleWebKit/537.36 (KHTML, like Gecko; compatible; ClaudeBot/1.0; +claudebot@anthropic.com)"
216.73.216.80 - - [13/Jul/2025:08:19:38 -0400] "GET /384299221.html HTTP/2" 404 19511 "-" "Mozilla/5.0 AppleWebKit/537.36 (KHTML, like Gecko; compatible; ClaudeBot/1.0; +claudebot@anthropic.com)"
216.73.216.80 - - [13/Jul/2025:08:19:38 -0400] "GET /155363833.html HTTP/2" 404 19511 "-" "Mozilla/5.0 AppleWebKit/537.36 (KHTML, like Gecko; compatible; ClaudeBot/1.0; +claudebot@anthropic.com)"
216.73.216.80 - - [13/Jul/2025:08:19:38 -0400] "GET /269502891.html HTTP/2" 404 19511 "-" "Mozilla/5.0 AppleWebKit/537.36 (KHTML, like Gecko; compatible; ClaudeBot/1.0; +claudebot@anthropic.com)"
216.73.216.80 - - [13/Jul/2025:08:19:38 -0400] "GET /119799029.html HTTP/2" 404 19513 "-" "Mozilla/5.0 AppleWebKit/537.36 (KHTML, like Gecko; compatible; ClaudeBot/1.0; +claudebot@anthropic.com)"
216.73.216.80 - - [13/Jul/2025:08:19:38 -0400] "GET /408014011.html HTTP/2" 404 19513 "-" "Mozilla/5.0 AppleWebKit/537.36 (KHTML, like Gecko; compatible; ClaudeBot/1.0; +claudebot@anthropic.com)"
216.73.216.80 - - [13/Jul/2025:08:19:39 -0400] "GET /177522563.html HTTP/2" 404 19513 "-" "Mozilla/5.0 AppleWebKit/537.36 (KHTML, like Gecko; compatible; ClaudeBot/1.0; +claudebot@anthropic.com)"
216.73.216.80 - - [13/Jul/2025:08:19:39 -0400] "GET /245090657.html HTTP/2" 404 19513 "-" "Mozilla/5.0 AppleWebKit/537.36 (KHTML, like Gecko; compatible; ClaudeBot/1.0; +claudebot@anthropic.com)"
216.73.216.80 - - [13/Jul/2025:08:19:39 -0400] "GET /347899759.html HTTP/2" 404 19513 "-" "Mozilla/5.0 AppleWebKit/537.36 (KHTML, like Gecko; compatible; ClaudeBot/1.0; +claudebot@anthropic.com)"
57.141.4.30 - - [13/Jul/2025:08:19:39 -0400] "GET /144629439.html HTTP/2" 404 72880 "-" "meta-externalagent/1.1 (+https://developers.facebook.com/docs/sharing/webmasters/crawler)"
52.167.144.166 - - [13/Jul/2025:08:19:41 -0400] "GET /642326460.shtml HTTP/2" 200 17934 "-" "Mozilla/5.0 AppleWebKit/537.36 (KHTML, like Gecko; compatible; bingbot/2.0; +http://www.bing.com/bingbot.htm) Chrome/116.0.1938.76 Safari/537.36"
57.141.4.12 - - [13/Jul/2025:08:19:46 -0400] "GET /355071671.html HTTP/2" 404 72880 "-" "meta-externalagent/1.1 (+https://developers.facebook.com/docs/sharing/webmasters/crawler)"
207.46.13.107 - - [13/Jul/2025:08:19:58 -0400] "GET /449526460.shtml HTTP/2" 200 17373 "-" "Mozilla/5.0 AppleWebKit/537.36 (KHTML, like Gecko; compatible; bingbot/2.0; +http://www.bing.com/bingbot.htm) Chrome/116.0.1938.76 Safari/537.36"
52.167.144.142 - - [13/Jul/2025:08:20:00 -0400] "GET /694268067.html HTTP/2" 200 17466 "-" "Mozilla/5.0 AppleWebKit/537.36 (KHTML, like Gecko; compatible; bingbot/2.0; +http://www.bing.com/bingbot.htm) Chrome/116.0.1938.76 Safari/537.36"
40.77.167.50 - - [13/Jul/2025:08:20:09 -0400] "GET /121650571.html HTTP/2" 200 16870 "-" "Mozilla/5.0 AppleWebKit/537.36 (KHTML, like Gecko; compatible; bingbot/2.0; +http://www.bing.com/bingbot.htm) Chrome/116.0.1938.76 Safari/537.36"
23.92.177.29 - - [13/Jul/2025:08:20:11 -0400] "POST /wp-cron.php?doing_wp_cron=1752409211.3365230560302734375000 HTTP/1.1" 200 0 "-" "WordPress/6.8.1; https://alhidayamaintenance.com"
57.141.4.24 - - [13/Jul/2025:08:20:11 -0400] "GET /357557011.html HTTP/2" 404 72880 "-" "meta-externalagent/1.1 (+https://developers.facebook.com/docs/sharing/webmasters/crawler)"
52.167.144.166 - - [13/Jul/2025:08:20:12 -0400] "GET /pcmypage?callback=/product%2Fdetail%2FGBLD5090439 HTTP/2" 200 16763 "-" "Mozilla/5.0 AppleWebKit/537.36 (KHTML, like Gecko; compatible; bingbot/2.0; +http://www.bing.com/bingbot.htm) Chrome/116.0.1938.76 Safari/537.36"
57.141.4.26 - - [13/Jul/2025:08:20:17 -0400] "GET /652974881.html HTTP/2" 404 72880 "-" "meta-externalagent/1.1 (+https://developers.facebook.com/docs/sharing/webmasters/crawler)"
207.46.13.107 - - [13/Jul/2025:08:20:18 -0400] "GET /366571708.shtml HTTP/2" 200 16491 "-" "Mozilla/5.0 AppleWebKit/537.36 (KHTML, like Gecko; compatible; bingbot/2.0; +http://www.bing.com/bingbot.htm) Chrome/116.0.1938.76 Safari/537.36"
40.77.167.50 - - [13/Jul/2025:08:20:19 -0400] "GET /19723559.html HTTP/2" 200 16664 "-" "Mozilla/5.0 AppleWebKit/537.36 (KHTML, like Gecko; compatible; bingbot/2.0; +http://www.bing.com/bingbot.htm) Chrome/116.0.1938.76 Safari/537.36"
216.73.216.80 - - [13/Jul/2025:08:20:24 -0400] "GET /515052063.html HTTP/2" 404 19511 "-" "Mozilla/5.0 AppleWebKit/537.36 (KHTML, like Gecko; compatible; ClaudeBot/1.0; +claudebot@anthropic.com)"
216.73.216.80 - - [13/Jul/2025:08:20:24 -0400] "GET /669865029.html HTTP/2" 404 19511 "-" "Mozilla/5.0 AppleWebKit/537.36 (KHTML, like Gecko; compatible; ClaudeBot/1.0; +claudebot@anthropic.com)"
216.73.216.80 - - [13/Jul/2025:08:20:24 -0400] "GET /466675537.html HTTP/2" 404 19511 "-" "Mozilla/5.0 AppleWebKit/537.36 (KHTML, like Gecko; compatible; ClaudeBot/1.0; +claudebot@anthropic.com)"
216.73.216.80 - - [13/Jul/2025:08:20:24 -0400] "GET /251642807.html HTTP/2" 404 19511 "-" "Mozilla/5.0 AppleWebKit/537.36 (KHTML, like Gecko; compatible; ClaudeBot/1.0; +claudebot@anthropic.com)"
216.73.216.80 - - [13/Jul/2025:08:20:24 -0400] "GET /436419487.html HTTP/2" 404 19511 "-" "Mozilla/5.0 AppleWebKit/537.36 (KHTML, like Gecko; compatible; ClaudeBot/1.0; +claudebot@anthropic.com)"
216.73.216.80 - - [13/Jul/2025:08:20:24 -0400] "GET /121798433.html HTTP/2" 404 19511 "-" "Mozilla/5.0 AppleWebKit/537.36 (KHTML, like Gecko; compatible; ClaudeBot/1.0; +claudebot@anthropic.com)"
216.73.216.80 - - [13/Jul/2025:08:20:24 -0400] "GET /175279465.html HTTP/2" 404 19511 "-" "Mozilla/5.0 AppleWebKit/537.36 (KHTML, like Gecko; compatible; ClaudeBot/1.0; +claudebot@anthropic.com)"
216.73.216.80 - - [13/Jul/2025:08:20:24 -0400] "GET /446828149.html HTTP/2" 404 19511 "-" "Mozilla/5.0 AppleWebKit/537.36 (KHTML, like Gecko; compatible; ClaudeBot/1.0; +claudebot@anthropic.com)"
216.73.216.80 - - [13/Jul/2025:08:20:24 -0400] "GET /347978409.html HTTP/2" 404 19511 "-" "Mozilla/5.0 AppleWebKit/537.36 (KHTML, like Gecko; compatible; ClaudeBot/1.0; +claudebot@anthropic.com)"
216.73.216.80 - - [13/Jul/2025:08:20:24 -0400] "GET /449183051.html HTTP/2" 404 19511 "-" "Mozilla/5.0 AppleWebKit/537.36 (KHTML, like Gecko; compatible; ClaudeBot/1.0; +claudebot@anthropic.com)"
216.73.216.80 - - [13/Jul/2025:08:20:24 -0400] "GET /685204925.html HTTP/2" 404 19511 "-" "Mozilla/5.0 AppleWebKit/537.36 (KHTML, like Gecko; compatible; ClaudeBot/1.0; +claudebot@anthropic.com)"
216.73.216.80 - - [13/Jul/2025:08:20:25 -0400] "GET /483926991.html HTTP/2" 404 19511 "-" "Mozilla/5.0 AppleWebKit/537.36 (KHTML, like Gecko; compatible; ClaudeBot/1.0; +claudebot@anthropic.com)"
216.73.216.80 - - [13/Jul/2025:08:20:25 -0400] "GET /64213323.html HTTP/2" 404 19511 "-" "Mozilla/5.0 AppleWebKit/537.36 (KHTML, like Gecko; compatible; ClaudeBot/1.0; +claudebot@anthropic.com)"
40.77.167.10 - - [13/Jul/2025:08:20:27 -0400] "GET /377958332.shtml HTTP/2" 200 17502 "-" "Mozilla/5.0 AppleWebKit/537.36 (KHTML, like Gecko; compatible; bingbot/2.0; +http://www.bing.com/bingbot.htm) Chrome/116.0.1938.76 Safari/537.36"
57.141.4.11 - - [13/Jul/2025:08:20:34 -0400] "GET /467798901.html HTTP/2" 404 72880 "-" "meta-externalagent/1.1 (+https://developers.facebook.com/docs/sharing/webmasters/crawler)"
40.77.167.10 - - [13/Jul/2025:08:20:38 -0400] "GET /84854204.shtml HTTP/2" 200 17839 "-" "Mozilla/5.0 AppleWebKit/537.36 (KHTML, like Gecko; compatible; bingbot/2.0; +http://www.bing.com/bingbot.htm) Chrome/116.0.1938.76 Safari/537.36"
57.141.4.19 - - [13/Jul/2025:08:20:39 -0400] "GET /137284255.html HTTP/2" 404 72880 "-" "meta-externalagent/1.1 (+https://developers.facebook.com/docs/sharing/webmasters/crawler)"
207.46.13.141 - - [13/Jul/2025:08:20:59 -0400] "GET /176435257.html HTTP/2" 200 16947 "-" "Mozilla/5.0 AppleWebKit/537.36 (KHTML, like Gecko; compatible; bingbot/2.0; +http://www.bing.com/bingbot.htm) Chrome/116.0.1938.76 Safari/537.36"
23.92.177.29 - - [13/Jul/2025:08:21:01 -0400] "POST /wp-cron.php?doing_wp_cron=1752409261.5780799388885498046875 HTTP/1.1" 200 0 "-" "WordPress/6.8.1; https://alhidayamaintenance.com"
216.73.216.80 - - [13/Jul/2025:08:21:01 -0400] "GET /588431061.html HTTP/2" 404 19511 "-" "Mozilla/5.0 AppleWebKit/537.36 (KHTML, like Gecko; compatible; ClaudeBot/1.0; +claudebot@anthropic.com)"
216.73.216.80 - - [13/Jul/2025:08:21:01 -0400] "GET /237347383.html HTTP/2" 404 19511 "-" "Mozilla/5.0 AppleWebKit/537.36 (KHTML, like Gecko; compatible; ClaudeBot/1.0; +claudebot@anthropic.com)"
216.73.216.80 - - [13/Jul/2025:08:21:01 -0400] "GET /246921145.html HTTP/2" 404 19511 "-" "Mozilla/5.0 AppleWebKit/537.36 (KHTML, like Gecko; compatible; ClaudeBot/1.0; +claudebot@anthropic.com)"
216.73.216.80 - - [13/Jul/2025:08:21:01 -0400] "GET /603759099.html HTTP/2" 404 19511 "-" "Mozilla/5.0 AppleWebKit/537.36 (KHTML, like Gecko; compatible; ClaudeBot/1.0; +claudebot@anthropic.com)"
