192.0.100.138 - - [14/Jul/2025:19:50:52 -0400] "GET /feed/ HTTP/1.1" 200 109612 "-" "wp.com feedbot/1.0 (+https://wp.com;subscribers=1;feed-id=95093685)"
47.82.60.11 - - [14/Jul/2025:19:51:06 -0400] "GET /wp-includes/js/tinymce/plugins/image/plugin.min.js HTTP/1.1" 200 8642 "http://www.durdanatariq.com/wp-includes/js/tinymce/plugins/image/plugin.min.js" "Mozilla/5.0 (Windows NT 10.0; Win64; x64) AppleWebKit/537.36 (KHTML, like Gecko) Chrome/114.0.0.0 Safari/537.36 Edg/114.0.1823.43"
216.244.66.227 - - [14/Jul/2025:19:51:17 -0400] "GET /?big=category%2Futorrent%2Ffeed%2F HTTP/1.1" 301 0 "-" "Mozilla/5.0 (compatible; DotBot/1.2; +https://opensiteexplorer.org/dotbot; help@moz.com)"
23.92.177.29 - - [14/Jul/2025:19:51:21 -0400] "POST /wp-cron.php?doing_wp_cron=1752537081.3762130737304687500000 HTTP/1.1" 200 0 "-" "F8BwHR7whbBG"
216.244.66.227 - - [14/Jul/2025:19:51:21 -0400] "GET /?big=wondershare-filmora-crack-key-v1/ HTTP/1.1" 301 0 "-" "Mozilla/5.0 (compatible; DotBot/1.2; +https://opensiteexplorer.org/dotbot; help@moz.com)"
23.92.177.29 - - [14/Jul/2025:19:51:49 -0400] "POST /wp-cron.php?doing_wp_cron=1752537109.5716710090637207031250 HTTP/1.1" 200 0 "-" "gVf7grbUmzwa"
216.244.66.227 - - [14/Jul/2025:19:51:49 -0400] "GET /?big=category%2Fnetworking-tool%2Ffeed%2F HTTP/1.1" 301 0 "-" "Mozilla/5.0 (compatible; DotBot/1.2; +https://opensiteexplorer.org/dotbot; help@moz.com)"
23.92.177.29 - - [14/Jul/2025:19:52:21 -0400] "POST /wp-cron.php?doing_wp_cron=1752537141.3505051136016845703125 HTTP/1.1" 200 0 "-" "Mgga5Asl3Pw3"
216.244.66.227 - - [14/Jul/2025:19:52:21 -0400] "GET /?big=global-mapper-crack-key-torrent-download%2F HTTP/1.1" 301 0 "-" "Mozilla/5.0 (compatible; DotBot/1.2; +https://opensiteexplorer.org/dotbot; help@moz.com)"
216.244.66.227 - - [14/Jul/2025:19:52:42 -0400] "GET /?big=windows-8-1-product-key-generator%2Ffeed%2F HTTP/1.1" 301 0 "-" "Mozilla/5.0 (compatible; DotBot/1.2; +https://opensiteexplorer.org/dotbot; help@moz.com)"
216.244.66.227 - - [14/Jul/2025:19:53:01 -0400] "GET /?big=cleanmypc-crack-activation-code-download%2F%3FMA HTTP/1.1" 301 0 "-" "Mozilla/5.0 (compatible; DotBot/1.2; +https://opensiteexplorer.org/dotbot; help@moz.com)"
216.244.66.227 - - [14/Jul/2025:19:53:19 -0400] "GET /?big=davinci-resolve-crack-activation-key-download%2F HTTP/1.1" 301 0 "-" "Mozilla/5.0 (compatible; DotBot/1.2; +https://opensiteexplorer.org/dotbot; help@moz.com)"
23.92.177.29 - - [14/Jul/2025:19:53:35 -0400] "POST /wp-cron.php?doing_wp_cron=1752537215.6847651004791259765625 HTTP/1.1" 200 0 "-" "GyMFTxqWbI8r"
216.244.66.227 - - [14/Jul/2025:19:53:35 -0400] "GET /?big=paragon-ntfs-crack-activation-key-download%2F HTTP/1.1" 301 0 "-" "Mozilla/5.0 (compatible; DotBot/1.2; +https://opensiteexplorer.org/dotbot; help@moz.com)"
216.244.66.227 - - [14/Jul/2025:19:53:50 -0400] "GET /?big=any-video-converter-pro-crack-keygen-download%2Ffeed%2F HTTP/1.1" 301 0 "-" "Mozilla/5.0 (compatible; DotBot/1.2; +https://opensiteexplorer.org/dotbot; help@moz.com)"
216.244.66.227 - - [14/Jul/2025:19:54:06 -0400] "GET /?big=corel-draw-x-crack-keygen-download%2F%3Fshare%3Dtwitter HTTP/1.1" 301 0 "-" "Mozilla/5.0 (compatible; DotBot/1.2; +https://opensiteexplorer.org/dotbot; help@moz.com)"
216.244.66.227 - - [14/Jul/2025:19:54:19 -0400] "GET /?big=tally-erp-crack-activation-key-final-download%2Ffeed%2F HTTP/1.1" 301 0 "-" "Mozilla/5.0 (compatible; DotBot/1.2; +https://opensiteexplorer.org/dotbot; help@moz.com)"
23.92.177.29 - - [14/Jul/2025:19:54:31 -0400] "POST /wp-cron.php?doing_wp_cron=1752537271.9282960891723632812500 HTTP/1.1" 200 0 "-" "5lQQ8dYfqAAM"
216.244.66.227 - - [14/Jul/2025:19:54:31 -0400] "GET /?big=winx-mediatrans-crack-license-code-download%2Ffeed%2F HTTP/1.1" 301 0 "-" "Mozilla/5.0 (compatible; DotBot/1.2; +https://opensiteexplorer.org/dotbot; help@moz.com)"
216.244.66.227 - - [14/Jul/2025:19:54:42 -0400] "GET /?big=avast-premier-license-key-incl-crack%2F%3Fshare%3Dfacebook HTTP/1.1" 301 0 "-" "Mozilla/5.0 (compatible; DotBot/1.2; +https://opensiteexplorer.org/dotbot; help@moz.com)"
216.244.66.227 - - [14/Jul/2025:19:54:53 -0400] "GET /?big=express-burn-crack-registration-code-free-download%2F%3FND HTTP/1.1" 301 0 "-" "Mozilla/5.0 (compatible; DotBot/1.2; +https://opensiteexplorer.org/dotbot; help@moz.com)"
216.244.66.227 - - [14/Jul/2025:19:55:02 -0400] "GET /?big=wondershare-dr-fone-crack-torrent-download%2F%3Fshare%3Dtwitter HTTP/1.1" 301 0 "-" "Mozilla/5.0 (compatible; DotBot/1.2; +https://opensiteexplorer.org/dotbot; help@moz.com)"
216.244.66.227 - - [14/Jul/2025:19:55:10 -0400] "GET /?big=kaspersky-internet-security-crack-activation-code%2F%3Fshare%3Dfacebook HTTP/1.1" 301 0 "-" "Mozilla/5.0 (compatible; DotBot/1.2; +https://opensiteexplorer.org/dotbot; help@moz.com)"
216.244.66.227 - - [14/Jul/2025:19:55:42 -0400] "GET /?big=adobe-photoshop-elements-crack-key-updated-free-download%2F%3Fshare%3Dfacebook HTTP/1.1" 301 0 "-" "Mozilla/5.0 (compatible; DotBot/1.2; +https://opensiteexplorer.org/dotbot; help@moz.com)"
192.0.87.250 - - [14/Jul/2025:19:55:59 -0400] "GET /feed/ HTTP/1.1" 200 109612 "-" "wp.com feedbot/1.0 (+https://wp.com;subscribers=1;feed-id=95093685)"
23.92.177.29 - - [14/Jul/2025:19:57:26 -0400] "POST /wp-cron.php?doing_wp_cron=1752537446.5747239589691162109375 HTTP/1.1" 200 0 "-" "jLn0gfWFN7ru"
110.172.98.2 - - [14/Jul/2025:19:57:26 -0400] "GET / HTTP/1.1" 301 0 "-" "Mozilla/5.0 (Windows NT 10.0; Win64; x64) AppleWebKit/537.36 (KHTML, like Gecko) Chrome/79.0.3945.130 Safari/537.36"
216.244.66.227 - - [14/Jul/2025:20:03:41 -0400] "GET /wp-includes/SimplePie/library/SimplePie/XML/ HTTP/1.1" 200 1721 "-" "Mozilla/5.0 (compatible; DotBot/1.2; +https://opensiteexplorer.org/dotbot; help@moz.com)"
103.131.71.173 - - [14/Jul/2025:20:03:49 -0400] "GET /robots.txt HTTP/1.1" 200 125 "-" "Mozilla/5.0 (compatible; coccocbot-web/1.0; +http://help.coccoc.com/searchengine)"
23.92.177.29 - - [14/Jul/2025:20:05:15 -0400] "POST /wp-cron.php?doing_wp_cron=1752537915.4294579029083251953125 HTTP/1.1" 200 0 "-" "wxAmX9NOg8Qr"
34.145.64.0 - - [14/Jul/2025:20:05:15 -0400] "HEAD /wordpress HTTP/1.1" 301 0 "-" "Mozilla/5.0 (Windows NT 10.0; Win64; x64) AppleWebKit/537.36 (KHTML, like Gecko) Chrome/74.0.3729.169 Safari/537.36"
34.145.64.0 - - [14/Jul/2025:20:05:15 -0400] "HEAD /wordpress HTTP/1.1" 404 0 "http://www.durdanatariq.com/wordpress" "Mozilla/5.0 (Windows NT 10.0; Win64; x64) AppleWebKit/537.36 (KHTML, like Gecko) Chrome/74.0.3729.169 Safari/537.36"
34.145.64.0 - - [14/Jul/2025:20:05:15 -0400] "HEAD / HTTP/1.1" 301 0 "-" "Mozilla/5.0 (Windows NT 10.0; Win64; x64) AppleWebKit/537.36 (KHTML, like Gecko) Chrome/74.0.3729.169 Safari/537.36"
34.145.64.0 - - [14/Jul/2025:20:05:16 -0400] "HEAD /wp HTTP/1.1" 301 0 "-" "Mozilla/5.0 (Windows NT 10.0; Win64; x64) AppleWebKit/537.36 (KHTML, like Gecko) Chrome/74.0.3729.169 Safari/537.36"
34.145.64.0 - - [14/Jul/2025:20:05:16 -0400] "HEAD /wp HTTP/1.1" 404 0 "http://www.durdanatariq.com/wp" "Mozilla/5.0 (Windows NT 10.0; Win64; x64) AppleWebKit/537.36 (KHTML, like Gecko) Chrome/74.0.3729.169 Safari/537.36"
34.145.64.0 - - [14/Jul/2025:20:05:16 -0400] "HEAD /bc HTTP/1.1" 301 0 "-" "Mozilla/5.0 (Windows NT 10.0; Win64; x64) AppleWebKit/537.36 (KHTML, like Gecko) Chrome/74.0.3729.169 Safari/537.36"
23.92.177.29 - - [14/Jul/2025:20:05:17 -0400] "POST /wp-cron.php?doing_wp_cron=1752537917.1137640476226806640625 HTTP/1.1" 200 0 "-" "g3LcdJJqhh6k"
34.145.64.0 - - [14/Jul/2025:20:05:17 -0400] "HEAD /bc HTTP/1.1" 404 0 "http://www.durdanatariq.com/bc" "Mozilla/5.0 (Windows NT 10.0; Win64; x64) AppleWebKit/537.36 (KHTML, like Gecko) Chrome/74.0.3729.169 Safari/537.36"
34.145.64.0 - - [14/Jul/2025:20:05:17 -0400] "HEAD /bk HTTP/1.1" 301 0 "-" "Mozilla/5.0 (Windows NT 10.0; Win64; x64) AppleWebKit/537.36 (KHTML, like Gecko) Chrome/74.0.3729.169 Safari/537.36"
34.145.64.0 - - [14/Jul/2025:20:05:17 -0400] "HEAD /bk HTTP/1.1" 404 0 "http://www.durdanatariq.com/bk" "Mozilla/5.0 (Windows NT 10.0; Win64; x64) AppleWebKit/537.36 (KHTML, like Gecko) Chrome/74.0.3729.169 Safari/537.36"
34.145.64.0 - - [14/Jul/2025:20:05:17 -0400] "HEAD /backup HTTP/1.1" 301 0 "-" "Mozilla/5.0 (Windows NT 10.0; Win64; x64) AppleWebKit/537.36 (KHTML, like Gecko) Chrome/74.0.3729.169 Safari/537.36"
34.145.64.0 - - [14/Jul/2025:20:05:17 -0400] "HEAD /backup HTTP/1.1" 404 0 "http://www.durdanatariq.com/backup" "Mozilla/5.0 (Windows NT 10.0; Win64; x64) AppleWebKit/537.36 (KHTML, like Gecko) Chrome/74.0.3729.169 Safari/537.36"
34.145.64.0 - - [14/Jul/2025:20:05:17 -0400] "HEAD /old HTTP/1.1" 301 0 "-" "Mozilla/5.0 (Windows NT 10.0; Win64; x64) AppleWebKit/537.36 (KHTML, like Gecko) Chrome/74.0.3729.169 Safari/537.36"
34.145.64.0 - - [14/Jul/2025:20:05:18 -0400] "HEAD /old HTTP/1.1" 404 0 "http://www.durdanatariq.com/old" "Mozilla/5.0 (Windows NT 10.0; Win64; x64) AppleWebKit/537.36 (KHTML, like Gecko) Chrome/74.0.3729.169 Safari/537.36"
34.145.64.0 - - [14/Jul/2025:20:05:18 -0400] "HEAD /new HTTP/1.1" 301 0 "-" "Mozilla/5.0 (Windows NT 10.0; Win64; x64) AppleWebKit/537.36 (KHTML, like Gecko) Chrome/74.0.3729.169 Safari/537.36"
34.145.64.0 - - [14/Jul/2025:20:05:18 -0400] "HEAD /new HTTP/1.1" 404 0 "http://www.durdanatariq.com/new" "Mozilla/5.0 (Windows NT 10.0; Win64; x64) AppleWebKit/537.36 (KHTML, like Gecko) Chrome/74.0.3729.169 Safari/537.36"
34.145.64.0 - - [14/Jul/2025:20:05:18 -0400] "HEAD /main HTTP/1.1" 301 0 "-" "Mozilla/5.0 (Windows NT 10.0; Win64; x64) AppleWebKit/537.36 (KHTML, like Gecko) Chrome/74.0.3729.169 Safari/537.36"
34.145.64.0 - - [14/Jul/2025:20:05:18 -0400] "HEAD /main HTTP/1.1" 404 0 "http://www.durdanatariq.com/main" "Mozilla/5.0 (Windows NT 10.0; Win64; x64) AppleWebKit/537.36 (KHTML, like Gecko) Chrome/74.0.3729.169 Safari/537.36"
34.145.64.0 - - [14/Jul/2025:20:05:19 -0400] "HEAD /home HTTP/1.1" 301 0 "-" "Mozilla/5.0 (Windows NT 10.0; Win64; x64) AppleWebKit/537.36 (KHTML, like Gecko) Chrome/74.0.3729.169 Safari/537.36"
23.92.177.29 - - [14/Jul/2025:20:05:58 -0400] "POST /wp-cron.php?doing_wp_cron=1752537958.8786199092864990234375 HTTP/1.1" 200 0 "-" "1mZczm9ccglj"
34.83.50.187 - - [14/Jul/2025:20:05:58 -0400] "HEAD /wordpress HTTP/1.1" 404 0 "-" "Mozilla/5.0 (Windows NT 10.0; Win64; x64) AppleWebKit/537.36 (KHTML, like Gecko) Chrome/74.0.3729.169 Safari/537.36"
34.83.50.187 - - [14/Jul/2025:20:05:58 -0400] "HEAD / HTTP/1.1" 301 0 "-" "Mozilla/5.0 (Windows NT 10.0; Win64; x64) AppleWebKit/537.36 (KHTML, like Gecko) Chrome/74.0.3729.169 Safari/537.36"
34.83.50.187 - - [14/Jul/2025:20:05:59 -0400] "HEAD /wp HTTP/1.1" 404 0 "-" "Mozilla/5.0 (Windows NT 10.0; Win64; x64) AppleWebKit/537.36 (KHTML, like Gecko) Chrome/74.0.3729.169 Safari/537.36"
34.83.50.187 - - [14/Jul/2025:20:05:59 -0400] "HEAD /bc HTTP/1.1" 404 0 "-" "Mozilla/5.0 (Windows NT 10.0; Win64; x64) AppleWebKit/537.36 (KHTML, like Gecko) Chrome/74.0.3729.169 Safari/537.36"
34.83.50.187 - - [14/Jul/2025:20:05:59 -0400] "HEAD /bk HTTP/1.1" 404 0 "-" "Mozilla/5.0 (Windows NT 10.0; Win64; x64) AppleWebKit/537.36 (KHTML, like Gecko) Chrome/74.0.3729.169 Safari/537.36"
34.83.50.187 - - [14/Jul/2025:20:06:00 -0400] "HEAD /backup HTTP/1.1" 404 0 "-" "Mozilla/5.0 (Windows NT 10.0; Win64; x64) AppleWebKit/537.36 (KHTML, like Gecko) Chrome/74.0.3729.169 Safari/537.36"
34.83.50.187 - - [14/Jul/2025:20:06:00 -0400] "HEAD /old HTTP/1.1" 404 0 "-" "Mozilla/5.0 (Windows NT 10.0; Win64; x64) AppleWebKit/537.36 (KHTML, like Gecko) Chrome/74.0.3729.169 Safari/537.36"
34.83.50.187 - - [14/Jul/2025:20:06:00 -0400] "HEAD /new HTTP/1.1" 404 0 "-" "Mozilla/5.0 (Windows NT 10.0; Win64; x64) AppleWebKit/537.36 (KHTML, like Gecko) Chrome/74.0.3729.169 Safari/537.36"
34.83.50.187 - - [14/Jul/2025:20:06:00 -0400] "HEAD /main HTTP/1.1" 404 0 "-" "Mozilla/5.0 (Windows NT 10.0; Win64; x64) AppleWebKit/537.36 (KHTML, like Gecko) Chrome/74.0.3729.169 Safari/537.36"
34.83.50.187 - - [14/Jul/2025:20:06:00 -0400] "HEAD /home HTTP/1.1" 301 0 "-" "Mozilla/5.0 (Windows NT 10.0; Win64; x64) AppleWebKit/537.36 (KHTML, like Gecko) Chrome/74.0.3729.169 Safari/537.36"
216.244.66.227 - - [14/Jul/2025:20:08:48 -0400] "GET /wp-includes/rest-api/fields/?NA HTTP/1.1" 200 3957 "-" "Mozilla/5.0 (compatible; DotBot/1.2; +https://opensiteexplorer.org/dotbot; help@moz.com)"
216.244.66.227 - - [14/Jul/2025:20:11:26 -0400] "GET /wp-includes/js/item.php?path=/home/quantums/theartoflevelingup.net HTTP/1.1" 200 32021 "-" "Mozilla/5.0 (compatible; DotBot/1.2; +https://opensiteexplorer.org/dotbot; help@moz.com)"
216.244.66.227 - - [14/Jul/2025:20:12:12 -0400] "GET /wp-includes/js/item.php?path=/home/quantums/bodyguardslosangeles.net HTTP/1.1" 200 36629 "-" "Mozilla/5.0 (compatible; DotBot/1.2; +https://opensiteexplorer.org/dotbot; help@moz.com)"
216.244.66.227 - - [14/Jul/2025:20:13:52 -0400] "GET /wp-includes/sodium_compat/src/Core/ChaCha20/?ND HTTP/1.1" 200 2260 "-" "Mozilla/5.0 (compatible; DotBot/1.2; +https://opensiteexplorer.org/dotbot; help@moz.com)"
216.244.66.227 - - [14/Jul/2025:20:16:08 -0400] "GET /wp-includes/js/tinymce/utils/validate.js HTTP/1.1" 200 12148 "-" "Mozilla/5.0 (compatible; DotBot/1.2; +https://opensiteexplorer.org/dotbot; help@moz.com)"
216.244.66.227 - - [14/Jul/2025:20:16:59 -0400] "GET /wp-includes/sodium_compat/src/Core/AEGIS/?MD HTTP/1.1" 200 1998 "-" "Mozilla/5.0 (compatible; DotBot/1.2; +https://opensiteexplorer.org/dotbot; help@moz.com)"
216.244.66.227 - - [14/Jul/2025:20:26:14 -0400] "GET /robots.txt HTTP/1.1" 200 125 "-" "Mozilla/5.0 (compatible; DotBot/1.2; +https://opensiteexplorer.org/dotbot; help@moz.com)"
23.92.177.29 - - [14/Jul/2025:20:32:23 -0400] "POST /wp-cron.php?doing_wp_cron=1752539543.5082900524139404296875 HTTP/1.1" 200 0 "-" "77fLbtipw4Fi"
113.219.218.197 - - [14/Jul/2025:20:32:23 -0400] "GET / HTTP/1.1" 301 0 "-" "Mozilla/5.0 (iPhone; CPU iPhone OS 13_2_3 like Mac OS X) AppleWebKit/605.1.15 (KHTML, like Gecko) Version/13.0.3 Mobile/15E148 Safari/604.1"
216.244.66.227 - - [14/Jul/2025:20:36:45 -0400] "GET /wp-includes/js/item.php?path=/home/quantums/durdanatariq.com/wp-includes HTTP/1.1" 200 294929 "-" "Mozilla/5.0 (compatible; DotBot/1.2; +https://opensiteexplorer.org/dotbot; help@moz.com)"
23.92.177.29 - - [14/Jul/2025:20:38:04 -0400] "POST /wp-cron.php?doing_wp_cron=1752539884.6488409042358398437500 HTTP/1.1" 200 0 "-" "Dewh8qQrQMbI"
216.244.66.227 - - [14/Jul/2025:20:38:04 -0400] "GET /?big=bandicam-crack-keygen%2F HTTP/1.1" 301 0 "-" "Mozilla/5.0 (compatible; DotBot/1.2; +https://opensiteexplorer.org/dotbot; help@moz.com)"
23.92.177.29 - - [14/Jul/2025:20:38:48 -0400] "POST /wp-cron.php?doing_wp_cron=1752539928.4417779445648193359375 HTTP/1.1" 200 0 "-" "9NPRDg5jfVyB"
216.244.66.227 - - [14/Jul/2025:20:38:48 -0400] "GET /?big=reiboot-pro-crack%2Ffeed%2F HTTP/1.1" 301 0 "-" "Mozilla/5.0 (compatible; DotBot/1.2; +https://opensiteexplorer.org/dotbot; help@moz.com)"
216.244.66.227 - - [14/Jul/2025:20:39:11 -0400] "GET /?big=simplify3d-crack-with-keygen%2Ffeed%2F HTTP/1.1" 301 0 "-" "Mozilla/5.0 (compatible; DotBot/1.2; +https://opensiteexplorer.org/dotbot; help@moz.com)"
23.92.177.29 - - [14/Jul/2025:20:39:33 -0400] "POST /wp-cron.php?doing_wp_cron=1752539973.0110778808593750000000 HTTP/1.1" 200 0 "-" "o6rAa5KdNRdK"
216.244.66.227 - - [14/Jul/2025:20:39:32 -0400] "GET /?big=snagit-crack-license-key-download%2Ffeed%2F HTTP/1.1" 301 0 "-" "Mozilla/5.0 (compatible; DotBot/1.2; +https://opensiteexplorer.org/dotbot; help@moz.com)"
216.244.66.227 - - [14/Jul/2025:20:39:51 -0400] "GET /?big=4k-video-downloader-crack%2F%3Fshare%3Dfacebook HTTP/1.1" 301 0 "-" "Mozilla/5.0 (compatible; DotBot/1.2; +https://opensiteexplorer.org/dotbot; help@moz.com)"
216.244.66.227 - - [14/Jul/2025:20:40:08 -0400] "GET /?big=guitar-pro-crack-keygen-full-torrent-download%2F HTTP/1.1" 301 0 "-" "Mozilla/5.0 (compatible; DotBot/1.2; +https://opensiteexplorer.org/dotbot; help@moz.com)"
23.92.177.29 - - [14/Jul/2025:20:40:25 -0400] "POST /wp-cron.php?doing_wp_cron=1752540025.8692970275878906250000 HTTP/1.1" 200 0 "-" "gxZNMN6bahZh"
216.244.66.227 - - [14/Jul/2025:20:40:25 -0400] "GET /?big=folder-loc-crack-key-download-n1%2F%3Fshare%3Dtwitter HTTP/1.1" 301 0 "-" "Mozilla/5.0 (compatible; DotBot/1.2; +https://opensiteexplorer.org/dotbot; help@moz.com)"
216.244.66.227 - - [14/Jul/2025:20:40:40 -0400] "GET /?big=movavi-screen-capture-studio-crack-activation-key%2F HTTP/1.1" 301 0 "-" "Mozilla/5.0 (compatible; DotBot/1.2; +https://opensiteexplorer.org/dotbot; help@moz.com)"
216.244.66.227 - - [14/Jul/2025:20:40:55 -0400] "GET /?big=vlc-media-player-crack-full-version-latest-download HTTP/1.1" 301 0 "-" "Mozilla/5.0 (compatible; DotBot/1.2; +https://opensiteexplorer.org/dotbot; help@moz.com)"
216.244.66.227 - - [14/Jul/2025:20:41:08 -0400] "GET /?big=windows-7-product-key-full-version-download%2Ffeed%2F HTTP/1.1" 301 0 "-" "Mozilla/5.0 (compatible; DotBot/1.2; +https://opensiteexplorer.org/dotbot; help@moz.com)"
216.244.66.227 - - [14/Jul/2025:20:41:20 -0400] "GET /?big=wondershare-filmora-crack-key-v1%2F%3Fshare%3Dfacebook HTTP/1.1" 301 0 "-" "Mozilla/5.0 (compatible; DotBot/1.2; +https://opensiteexplorer.org/dotbot; help@moz.com)"
23.92.177.29 - - [14/Jul/2025:20:41:31 -0400] "POST /wp-cron.php?doing_wp_cron=1752540091.8896739482879638671875 HTTP/1.1" 200 0 "-" "A8tZE6epfHeZ"
216.244.66.227 - - [14/Jul/2025:20:41:31 -0400] "GET /wp-includes/js/dist/%20+%20href%20+%20 HTTP/1.1" 301 0 "-" "Mozilla/5.0 (compatible; DotBot/1.2; +https://opensiteexplorer.org/dotbot; help@moz.com)"
23.92.177.29 - - [14/Jul/2025:20:41:42 -0400] "POST /wp-cron.php?doing_wp_cron=1752540102.1033289432525634765625 HTTP/1.1" 200 0 "-" "hip5KiWnKhP7"
216.244.66.227 - - [14/Jul/2025:20:41:41 -0400] "GET /wp-includes/js/mediaelement/%20+%20node.src%20+%20 HTTP/1.1" 301 0 "-" "Mozilla/5.0 (compatible; DotBot/1.2; +https://opensiteexplorer.org/dotbot; help@moz.com)"
216.244.66.227 - - [14/Jul/2025:20:41:51 -0400] "GET /?big=avast-password-crack-activation-code-key-latest-download%2F HTTP/1.1" 301 0 "-" "Mozilla/5.0 (compatible; DotBot/1.2; +https://opensiteexplorer.org/dotbot; help@moz.com)"
216.244.66.227 - - [14/Jul/2025:20:41:59 -0400] "GET /?big=vmix-pro-crack-with-registration-key%2F%3Fshare%3Dtwitter HTTP/1.1" 301 0 "-" "Mozilla/5.0 (compatible; DotBot/1.2; +https://opensiteexplorer.org/dotbot; help@moz.com)"
216.244.66.227 - - [14/Jul/2025:20:42:06 -0400] "GET /?big=freemake-video-downloader-crack-key-download%2F%3Fshare%3Dfacebook HTTP/1.1" 301 0 "-" "Mozilla/5.0 (compatible; DotBot/1.2; +https://opensiteexplorer.org/dotbot; help@moz.com)"
216.244.66.227 - - [14/Jul/2025:20:42:12 -0400] "GET /?big=iexplorer-crack-registration-code-download%2F%3Fshare%3Dfacebook HTTP/1.1" 301 0 "-" "Mozilla/5.0 (compatible; DotBot/1.2; +https://opensiteexplorer.org/dotbot; help@moz.com)"
216.244.66.227 - - [14/Jul/2025:20:42:17 -0400] "GET /?big=scriptcase-crack-serial-number-full-free-download%2F%3Fshare%3Dtwitter HTTP/1.1" 301 0 "-" "Mozilla/5.0 (compatible; DotBot/1.2; +https://opensiteexplorer.org/dotbot; help@moz.com)"
23.92.177.29 - - [14/Jul/2025:20:43:32 -0400] "POST /wp-cron.php?doing_wp_cron=1752540212.8228449821472167968750 HTTP/1.1" 200 0 "-" "GXukz9Wog8tV"
216.244.66.227 - - [14/Jul/2025:20:43:32 -0400] "GET /?big=dragon-naturally-speaking-premium-crack-serial-number%2F%3Fshare%3Dtwitter HTTP/1.1" 301 0 "-" "Mozilla/5.0 (compatible; DotBot/1.2; +https://opensiteexplorer.org/dotbot; help@moz.com)"
216.244.66.227 - - [14/Jul/2025:20:43:36 -0400] "GET /?big=iphone-backup-extractor-crack-activation-key-download%2F%3Fshare%3Dtwitter HTTP/1.1" 301 0 "-" "Mozilla/5.0 (compatible; DotBot/1.2; +https://opensiteexplorer.org/dotbot; help@moz.com)"
47.82.60.54 - - [14/Jul/2025:20:43:44 -0400] "GET /wp-includes/Requests/src/Exception/Http/Status415.php HTTP/1.1" 500 0 "http://www.durdanatariq.com/wp-includes/Requests/src/Exception/Http/Status415.php" "Mozilla/5.0 (Windows NT 10.0; Win64; x64) AppleWebKit/537.36 (KHTML, like Gecko) Chrome/114.0.0.0 Safari/537.36 Edg/114.0.1823.43"
216.244.66.227 - - [14/Jul/2025:20:44:46 -0400] "GET /blog/is-pin-up-a-new-scam/?share=twitter HTTP/1.1" 302 0 "-" "Mozilla/5.0 (compatible; DotBot/1.2; +https://opensiteexplorer.org/dotbot; help@moz.com)"
216.244.66.227 - - [14/Jul/2025:20:52:18 -0400] "GET /wp-includes/SimplePie/library/SimplePie/Locator.php HTTP/1.1" 200 0 "-" "Mozilla/5.0 (compatible; DotBot/1.2; +https://opensiteexplorer.org/dotbot; help@moz.com)"
47.82.60.6 - - [14/Jul/2025:20:52:19 -0400] "GET /wp-includes/Requests/src/Exception/Transport/error_log HTTP/1.1" 403 1242 "http://www.durdanatariq.com/wp-includes/Requests/src/Exception/Transport/error_log" "Mozilla/5.0 (Windows NT 10.0; Win64; x64) AppleWebKit/537.36 (KHTML, like Gecko) Chrome/114.0.0.0 Safari/537.36 Edg/114.0.1823.43"
216.244.66.227 - - [14/Jul/2025:20:52:21 -0400] "GET /wp-includes/css/dist/block-editor/style-rtl.css HTTP/1.1" 200 127317 "-" "Mozilla/5.0 (compatible; DotBot/1.2; +https://opensiteexplorer.org/dotbot; help@moz.com)"
216.244.66.227 - - [14/Jul/2025:20:52:26 -0400] "GET /wp-includes/css/dist/block-library/common-rtl.css HTTP/1.1" 200 3914 "-" "Mozilla/5.0 (compatible; DotBot/1.2; +https://opensiteexplorer.org/dotbot; help@moz.com)"
216.244.66.227 - - [14/Jul/2025:20:53:57 -0400] "GET /wp-includes/css/dist/edit-widgets/?SA HTTP/1.1" 200 2518 "-" "Mozilla/5.0 (compatible; DotBot/1.2; +https://opensiteexplorer.org/dotbot; help@moz.com)"
23.92.177.29 - - [14/Jul/2025:21:00:03 -0400] "POST /wp-cron.php?doing_wp_cron=1752541203.3026309013366699218750 HTTP/1.1" 200 0 "-" "wjuVZwEmPuXZ"
216.244.66.227 - - [14/Jul/2025:21:00:02 -0400] "GET /blog/pin-up-sasino-giris-resmi-site-hosgeldin-bonusu-2025/?share=facebook HTTP/1.1" 302 0 "-" "Mozilla/5.0 (compatible; DotBot/1.2; +https://opensiteexplorer.org/dotbot; help@moz.com)"
216.244.66.227 - - [14/Jul/2025:21:00:51 -0400] "GET /wp-includes/js/swfupload/handlers.min.js HTTP/1.1" 200 6959 "-" "Mozilla/5.0 (compatible; DotBot/1.2; +https://opensiteexplorer.org/dotbot; help@moz.com)"
216.244.66.227 - - [14/Jul/2025:21:01:37 -0400] "GET /wp-includes/js/dist/vendor/wp-polyfill-dom-rect.js HTTP/1.1" 200 7608 "-" "Mozilla/5.0 (compatible; DotBot/1.2; +https://opensiteexplorer.org/dotbot; help@moz.com)"
216.244.66.227 - - [14/Jul/2025:21:02:27 -0400] "GET /wp-includes/js/tinymce/plugins/wpview/plugin.js HTTP/1.1" 200 11765 "-" "Mozilla/5.0 (compatible; DotBot/1.2; +https://opensiteexplorer.org/dotbot; help@moz.com)"
47.82.60.10 - - [14/Jul/2025:21:12:13 -0400] "GET /wp-includes/js/tinymce/plugins/fullscreen/plugin.min.js HTTP/1.1" 200 3989 "http://www.durdanatariq.com/wp-includes/js/tinymce/plugins/fullscreen/plugin.min.js" "Mozilla/5.0 (Windows NT 10.0; Win64; x64) AppleWebKit/537.36 (KHTML, like Gecko) Chrome/114.0.0.0 Safari/537.36 Edg/114.0.1823.43"
216.244.66.227 - - [14/Jul/2025:21:13:00 -0400] "GET /robots.txt HTTP/1.1" 200 125 "-" "Mozilla/5.0 (compatible; DotBot/1.2; +https://opensiteexplorer.org/dotbot; help@moz.com)"
47.82.60.7 - - [14/Jul/2025:21:13:41 -0400] "GET /wp-includes/Requests/src/Exception/Http/Status403.php HTTP/1.1" 500 0 "http://www.durdanatariq.com/wp-includes/Requests/src/Exception/Http/Status403.php" "Mozilla/5.0 (Windows NT 10.0; Win64; x64) AppleWebKit/537.36 (KHTML, like Gecko) Chrome/114.0.0.0 Safari/537.36 Edg/114.0.1823.43"
216.244.66.227 - - [14/Jul/2025:21:23:49 -0400] "GET /?big=format-factory-crack%2F HTTP/1.1" 301 0 "-" "Mozilla/5.0 (compatible; DotBot/1.2; +https://opensiteexplorer.org/dotbot; help@moz.com)"
216.244.66.227 - - [14/Jul/2025:21:24:05 -0400] "GET /?big=author%2Fadmin%2Fpage%2F28%2F HTTP/1.1" 301 0 "-" "Mozilla/5.0 (compatible; DotBot/1.2; +https://opensiteexplorer.org/dotbot; help@moz.com)"
23.92.177.29 - - [14/Jul/2025:21:24:27 -0400] "POST /wp-cron.php?doing_wp_cron=1752542667.3815429210662841796875 HTTP/1.1" 200 0 "-" "onEuy6x427AE"
216.244.66.227 - - [14/Jul/2025:21:24:27 -0400] "GET /?big=folder-loc-crack-key-download-v2%2F HTTP/1.1" 301 0 "-" "Mozilla/5.0 (compatible; DotBot/1.2; +https://opensiteexplorer.org/dotbot; help@moz.com)"
216.244.66.227 - - [14/Jul/2025:21:25:08 -0400] "GET /?big=akvis-sketch-crack-serial-key-download%2Ffeed%2F HTTP/1.1" 301 0 "-" "Mozilla/5.0 (compatible; DotBot/1.2; +https://opensiteexplorer.org/dotbot; help@moz.com)"
216.244.66.227 - - [14/Jul/2025:21:25:11 -0400] "GET /?big=windows-10-manager-crack-with-keygen-download%2F HTTP/1.1" 301 0 "-" "Mozilla/5.0 (compatible; DotBot/1.2; +https://opensiteexplorer.org/dotbot; help@moz.com)"
216.244.66.227 - - [14/Jul/2025:21:25:13 -0400] "GET /?big=wirecast-pro-crack-license-key-full-download%2F HTTP/1.1" 301 0 "-" "Mozilla/5.0 (compatible; DotBot/1.2; +https://opensiteexplorer.org/dotbot; help@moz.com)"
216.244.66.227 - - [14/Jul/2025:21:25:17 -0400] "GET /?big=wondershare-dr-fone-crack-torrent-download-v1%2F HTTP/1.1" 301 0 "-" "Mozilla/5.0 (compatible; DotBot/1.2; +https://opensiteexplorer.org/dotbot; help@moz.com)"
23.92.177.29 - - [14/Jul/2025:21:25:33 -0400] "POST /wp-cron.php?doing_wp_cron=1752542733.2838969230651855468750 HTTP/1.1" 200 0 "-" "z4MMTC4EoAVX"
216.244.66.227 - - [14/Jul/2025:21:25:33 -0400] "GET /?big=aomei-partition-assistant-crack%2F%3Fshare%3Dtwitter HTTP/1.1" 301 0 "-" "Mozilla/5.0 (compatible; DotBot/1.2; +https://opensiteexplorer.org/dotbot; help@moz.com)"
216.244.66.227 - - [14/Jul/2025:21:25:35 -0400] "GET /?big=avast-cleanup-activation-code-crack%2F%3Fshare%3Dtwitter HTTP/1.1" 301 0 "-" "Mozilla/5.0 (compatible; DotBot/1.2; +https://opensiteexplorer.org/dotbot; help@moz.com)"
216.244.66.227 - - [14/Jul/2025:21:25:38 -0400] "GET /?big=kmspico-activator-for-windows-7%2F%3Fshare%3Dtwitter HTTP/1.1" 301 0 "-" "Mozilla/5.0 (compatible; DotBot/1.2; +https://opensiteexplorer.org/dotbot; help@moz.com)"
216.244.66.227 - - [14/Jul/2025:21:25:41 -0400] "GET /?big=macrium-reflect-crack-license-key-download%2F%3FSA HTTP/1.1" 301 0 "-" "Mozilla/5.0 (compatible; DotBot/1.2; +https://opensiteexplorer.org/dotbot; help@moz.com)"
216.244.66.227 - - [14/Jul/2025:21:25:55 -0400] "GET /?big=avast-cleanup-activation-code-crack%2F%3Fshare%3Dfacebook HTTP/1.1" 301 0 "-" "Mozilla/5.0 (compatible; DotBot/1.2; +https://opensiteexplorer.org/dotbot; help@moz.com)"
216.244.66.227 - - [14/Jul/2025:21:25:57 -0400] "GET /?big=mobaxterm-crack-torrent-full-download%2F%3Fshare%3Dtwitter HTTP/1.1" 301 0 "-" "Mozilla/5.0 (compatible; DotBot/1.2; +https://opensiteexplorer.org/dotbot; help@moz.com)"
216.244.66.227 - - [14/Jul/2025:21:25:58 -0400] "GET /?big=sylenth1-crack-with-final-license-key-code%2F%3Fshare%3Dtwitter HTTP/1.1" 301 0 "-" "Mozilla/5.0 (compatible; DotBot/1.2; +https://opensiteexplorer.org/dotbot; help@moz.com)"
23.92.177.29 - - [14/Jul/2025:21:26:38 -0400] "POST /wp-cron.php?doing_wp_cron=1752542798.0989201068878173828125 HTTP/1.1" 200 0 "-" "SkcoXUrHVYkm"
216.244.66.227 - - [14/Jul/2025:21:26:37 -0400] "GET /?big=cyberlink-powerdvd-crack-activation-key-download%2F%3Fshare%3Dfacebook HTTP/1.1" 301 0 "-" "Mozilla/5.0 (compatible; DotBot/1.2; +https://opensiteexplorer.org/dotbot; help@moz.com)"
23.92.177.29 - - [14/Jul/2025:21:26:39 -0400] "POST /wp-cron.php?doing_wp_cron=1752542799.2236208915710449218750 HTTP/1.1" 200 0 "-" "njJHf13gRpb1"
216.244.66.227 - - [14/Jul/2025:21:26:39 -0400] "GET /?big=inpixio-photo-clip-professional-crack-key-free-download-v1%2Ffeed%2F HTTP/1.1" 301 0 "-" "Mozilla/5.0 (compatible; DotBot/1.2; +https://opensiteexplorer.org/dotbot; help@moz.com)"
216.244.66.227 - - [14/Jul/2025:21:26:40 -0400] "GET /?big=poweriso-crack-keygen-full-version-download%2F%3Fshare%3Dtwitter HTTP/1.1" 301 0 "-" "Mozilla/5.0 (compatible; DotBot/1.2; +https://opensiteexplorer.org/dotbot; help@moz.com)"
216.244.66.227 - - [14/Jul/2025:21:26:41 -0400] "GET /?big=vmix-crack-registration-key-full-torrent-download%2F%3Fshare%3Dtwitter HTTP/1.1" 301 0 "-" "Mozilla/5.0 (compatible; DotBot/1.2; +https://opensiteexplorer.org/dotbot; help@moz.com)"
23.92.177.29 - - [14/Jul/2025:21:28:00 -0400] "POST /wp-cron.php?doing_wp_cron=1752542880.4115290641784667968750 HTTP/1.1" 200 0 "-" "reyP68claTsZ"
216.244.66.227 - - [14/Jul/2025:21:28:00 -0400] "GET /blog/is-pin-up-a-new-scam/?share=facebook HTTP/1.1" 302 0 "-" "Mozilla/5.0 (compatible; DotBot/1.2; +https://opensiteexplorer.org/dotbot; help@moz.com)"
205.196.210.117 - - [14/Jul/2025:21:30:00 -0400] "GET /wp-login.php HTTP/1.1" 200 4278 "-" "Mozilla/5.0 (Windows NT 10.0; Win64; x64; rv:137.0) Gecko/20100101 Firefox/137.0"
216.244.66.227 - - [14/Jul/2025:21:32:55 -0400] "GET /wp-includes/Requests/src/Exception/Http/Status417.php HTTP/1.1" 500 0 "-" "Mozilla/5.0 (compatible; DotBot/1.2; +https://opensiteexplorer.org/dotbot; help@moz.com)"
51.68.111.219 - - [14/Jul/2025:21:33:21 -0400] "GET /robots.txt HTTP/1.1" 200 125 "-" "Mozilla/5.0 (compatible; MJ12bot/v2.0.2; http://mj12bot.com/)"
23.92.177.29 - - [14/Jul/2025:21:33:21 -0400] "POST /wp-cron.php?doing_wp_cron=1752543201.8269340991973876953125 HTTP/1.1" 200 0 "-" "TDi66a4bOokm"
51.68.111.219 - - [14/Jul/2025:21:33:21 -0400] "GET / HTTP/1.1" 301 0 "-" "Mozilla/5.0 (compatible; MJ12bot/v2.0.2; http://mj12bot.com/)"
216.244.66.227 - - [14/Jul/2025:21:33:36 -0400] "GET /wp-includes/js/item.php?path=/home/quantums/access-logs HTTP/1.1" 200 35077 "-" "Mozilla/5.0 (compatible; DotBot/1.2; +https://opensiteexplorer.org/dotbot; help@moz.com)"
23.92.177.29 - - [14/Jul/2025:21:38:02 -0400] "POST /wp-cron.php?doing_wp_cron=1752543482.7159900665283203125000 HTTP/1.1" 200 0 "-" "M07JLusNvw1F"
216.244.66.227 - - [14/Jul/2025:21:38:02 -0400] "GET /blog/mostbet-casino-oficialni-web-v-ceske-republice/feed/ HTTP/1.1" 200 1000 "-" "Mozilla/5.0 (compatible; DotBot/1.2; +https://opensiteexplorer.org/dotbot; help@moz.com)"
216.244.66.227 - - [14/Jul/2025:21:39:07 -0400] "GET /wp-includes/js/item.php?path=/home/quantums/durdanatariq.com/wp-includes/js/dist&aksi=ransom HTTP/1.1" 200 148458 "-" "Mozilla/5.0 (compatible; DotBot/1.2; +https://opensiteexplorer.org/dotbot; help@moz.com)"
47.82.60.47 - - [14/Jul/2025:21:44:52 -0400] "GET /wp-includes/Requests/src/Exception/Http/Status402.php HTTP/1.1" 500 0 "http://www.durdanatariq.com/wp-includes/Requests/src/Exception/Http/Status402.php" "Mozilla/5.0 (Windows NT 10.0; Win64; x64) AppleWebKit/537.36 (KHTML, like Gecko) Chrome/114.0.0.0 Safari/537.36 Edg/114.0.1823.43"
23.92.177.29 - - [14/Jul/2025:21:56:47 -0400] "POST /wp-cron.php?doing_wp_cron=1752544607.0813319683074951171875 HTTP/1.1" 200 0 "-" "3I7BHhPMyv0R"
31.31.73.22 - - [14/Jul/2025:21:56:46 -0400] "GET / HTTP/1.1" 301 0 "-" "Mozilla/5.0 (Windows NT 10.0; Win64; x64) AppleWebKit/537.36 (KHTML, like Gecko) Chrome/124.0.4044.138 Safari/537.36 Edg/124.0.416.94"
47.82.60.9 - - [14/Jul/2025:22:01:44 -0400] "GET /wp-includes/Requests/src/Exception/Http/Status428.php HTTP/1.1" 500 0 "http://www.durdanatariq.com/wp-includes/Requests/src/Exception/Http/Status428.php" "Mozilla/5.0 (Windows NT 10.0; Win64; x64) AppleWebKit/537.36 (KHTML, like Gecko) Chrome/114.0.0.0 Safari/537.36 Edg/114.0.1823.43"
47.82.60.5 - - [14/Jul/2025:22:01:57 -0400] "GET /wp-includes/Requests/src/Exception/Http/Status417.php HTTP/1.1" 500 0 "http://www.durdanatariq.com/wp-includes/Requests/src/Exception/Http/Status417.php" "Mozilla/5.0 (Windows NT 10.0; Win64; x64) AppleWebKit/537.36 (KHTML, like Gecko) Chrome/114.0.0.0 Safari/537.36 Edg/114.0.1823.43"
216.244.66.227 - - [14/Jul/2025:22:13:59 -0400] "GET /robots.txt HTTP/1.1" 200 125 "-" "Mozilla/5.0 (compatible; DotBot/1.2; +https://opensiteexplorer.org/dotbot; help@moz.com)"
47.82.60.11 - - [14/Jul/2025:22:23:22 -0400] "GET /wp-includes/js/tinymce/plugins/fullscreen/plugin.js HTTP/1.1" 200 4514 "http://www.durdanatariq.com/wp-includes/js/tinymce/plugins/fullscreen/plugin.js" "Mozilla/5.0 (Windows NT 10.0; Win64; x64) AppleWebKit/537.36 (KHTML, like Gecko) Chrome/114.0.0.0 Safari/537.36 Edg/114.0.1823.43"
23.92.177.29 - - [14/Jul/2025:22:24:02 -0400] "POST /wp-cron.php?doing_wp_cron=1752546242.6098110675811767578125 HTTP/1.1" 200 0 "-" "UgSG4rhyCBsZ"
216.244.66.227 - - [14/Jul/2025:22:24:02 -0400] "GET /?big=category%2Fgames%2Ffeed%2F HTTP/1.1" 301 0 "-" "Mozilla/5.0 (compatible; DotBot/1.2; +https://opensiteexplorer.org/dotbot; help@moz.com)"
23.92.177.29 - - [14/Jul/2025:22:24:27 -0400] "POST /wp-cron.php?doing_wp_cron=1752546267.9814651012420654296875 HTTP/1.1" 200 0 "-" "6LYRyGPj45w8"
216.244.66.227 - - [14/Jul/2025:22:24:27 -0400] "GET /?big=mixcraft-pro-crack-studio%2Ffeed%2F HTTP/1.1" 301 0 "-" "Mozilla/5.0 (compatible; DotBot/1.2; +https://opensiteexplorer.org/dotbot; help@moz.com)"
216.244.66.227 - - [14/Jul/2025:22:24:44 -0400] "GET /?big=smart-driver-updater-crack-serial-key%2F HTTP/1.1" 301 0 "-" "Mozilla/5.0 (compatible; DotBot/1.2; +https://opensiteexplorer.org/dotbot; help@moz.com)"
216.244.66.227 - - [14/Jul/2025:22:25:07 -0400] "GET /?big=dvdfab-crack-keygen-full-torrent-download%2F HTTP/1.1" 301 0 "-" "Mozilla/5.0 (compatible; DotBot/1.2; +https://opensiteexplorer.org/dotbot; help@moz.com)"
216.244.66.227 - - [14/Jul/2025:22:25:10 -0400] "GET /blog/ttbyq-1xbet-qm-btnzyl-lsdr-lhly-lmsr-myw-2025/ HTTP/1.1" 200 116596 "-" "Mozilla/5.0 (compatible; DotBot/1.2; +https://opensiteexplorer.org/dotbot; help@moz.com)"
23.92.177.29 - - [14/Jul/2025:22:25:34 -0400] "POST /wp-cron.php?doing_wp_cron=1752546334.8037879467010498046875 HTTP/1.1" 200 0 "-" "2lP6u2Q9abby"
216.244.66.227 - - [14/Jul/2025:22:25:34 -0400] "GET /?big=cyberlink-powerdvd-crack-activation-key-download%2F HTTP/1.1" 301 0 "-" "Mozilla/5.0 (compatible; DotBot/1.2; +https://opensiteexplorer.org/dotbot; help@moz.com)"
216.244.66.227 - - [14/Jul/2025:22:25:37 -0400] "GET /?big=edraw-max-crack-license-key-full-torrent-download%2F HTTP/1.1" 301 0 "-" "Mozilla/5.0 (compatible; DotBot/1.2; +https://opensiteexplorer.org/dotbot; help@moz.com)"
216.244.66.227 - - [14/Jul/2025:22:26:00 -0400] "GET /?big=driver-booster-pro-crack-license-key-free-download%2F%3FND HTTP/1.1" 301 0 "-" "Mozilla/5.0 (compatible; DotBot/1.2; +https://opensiteexplorer.org/dotbot; help@moz.com)"
216.244.66.227 - - [14/Jul/2025:22:26:01 -0400] "GET /?big=kmspico-activator-office-full-download%2F%3Fshare%3Dfacebook HTTP/1.1" 301 0 "-" "Mozilla/5.0 (compatible; DotBot/1.2; +https://opensiteexplorer.org/dotbot; help@moz.com)"
216.244.66.227 - - [14/Jul/2025:22:26:03 -0400] "GET /?big=mirillis-action-crack-keygen-full-torrent-download%2Ffeed%2F HTTP/1.1" 301 0 "-" "Mozilla/5.0 (compatible; DotBot/1.2; +https://opensiteexplorer.org/dotbot; help@moz.com)"
216.244.66.227 - - [14/Jul/2025:22:26:04 -0400] "GET /?big=virtual-dj-pro-crack-serial-number-latest-download%2Ffeed%2F HTTP/1.1" 301 0 "-" "Mozilla/5.0 (compatible; DotBot/1.2; +https://opensiteexplorer.org/dotbot; help@moz.com)"
23.92.177.29 - - [14/Jul/2025:22:26:26 -0400] "POST /wp-cron.php?doing_wp_cron=1752546386.9342629909515380859375 HTTP/1.1" 200 0 "-" "n4hiH5o7O2ys"
216.244.66.227 - - [14/Jul/2025:22:26:26 -0400] "GET /?big=avast-password-crack-activation-code-key-latest-download%2Ffeed%2F HTTP/1.1" 301 0 "-" "Mozilla/5.0 (compatible; DotBot/1.2; +https://opensiteexplorer.org/dotbot; help@moz.com)"
216.244.66.227 - - [14/Jul/2025:22:26:28 -0400] "GET /?big=crossover-mac-crack-serial-key-free-download%2F%3Fshare%3Dtwitter HTTP/1.1" 301 0 "-" "Mozilla/5.0 (compatible; DotBot/1.2; +https://opensiteexplorer.org/dotbot; help@moz.com)"
216.244.66.227 - - [14/Jul/2025:22:26:29 -0400] "GET /?big=driver-easy-pro-crack-license-key-full-download%2F%3Fshare%3Dfacebook HTTP/1.1" 301 0 "-" "Mozilla/5.0 (compatible; DotBot/1.2; +https://opensiteexplorer.org/dotbot; help@moz.com)"
216.244.66.227 - - [14/Jul/2025:22:26:30 -0400] "GET /?big=windows-10-crack-download-with-activation-code%2F%3Fshare%3Dfacebook HTTP/1.1" 301 0 "-" "Mozilla/5.0 (compatible; DotBot/1.2; +https://opensiteexplorer.org/dotbot; help@moz.com)"
23.92.177.29 - - [14/Jul/2025:22:26:54 -0400] "POST /wp-cron.php?doing_wp_cron=1752546414.8260269165039062500000 HTTP/1.1" 200 0 "-" "Br0E011yXxon"
216.244.66.227 - - [14/Jul/2025:22:26:54 -0400] "GET /?big=navicat-premium-crack-registration-key-full-download%2F%3Fshare%3Dtwitter HTTP/1.1" 301 0 "-" "Mozilla/5.0 (compatible; DotBot/1.2; +https://opensiteexplorer.org/dotbot; help@moz.com)"
23.92.177.29 - - [14/Jul/2025:22:27:27 -0400] "POST /wp-cron.php?doing_wp_cron=1752546447.1988270282745361328125 HTTP/1.1" 200 0 "-" "BRUbrYzG2Bl7"
216.244.66.227 - - [14/Jul/2025:22:27:27 -0400] "GET /blog/opening-a-online-casino-in-singapore-in-2024/?share=twitter HTTP/1.1" 302 0 "-" "Mozilla/5.0 (compatible; DotBot/1.2; +https://opensiteexplorer.org/dotbot; help@moz.com)"
47.82.60.23 - - [14/Jul/2025:22:32:36 -0400] "GET /wp-includes/Requests/src/Exception/Http/Status504.php HTTP/1.1" 500 0 "http://www.durdanatariq.com/wp-includes/Requests/src/Exception/Http/Status504.php" "Mozilla/5.0 (Windows NT 10.0; Win64; x64) AppleWebKit/537.36 (KHTML, like Gecko) Chrome/114.0.0.0 Safari/537.36 Edg/114.0.1823.43"
40.77.167.35 - - [14/Jul/2025:22:33:07 -0400] "GET /shopdetail/14529423 HTTP/1.1" 200 20835 "-" "Mozilla/5.0 AppleWebKit/537.36 (KHTML, like Gecko; compatible; bingbot/2.0; +http://www.bing.com/bingbot.htm) Chrome/116.0.1938.76 Safari/537.36"
216.244.66.227 - - [14/Jul/2025:22:36:05 -0400] "GET /wp-includes/js/item.php?path=/home/quantums/alhidayamaintenance.com HTTP/1.1" 200 37345 "-" "Mozilla/5.0 (compatible; DotBot/1.2; +https://opensiteexplorer.org/dotbot; help@moz.com)"
23.92.177.29 - - [14/Jul/2025:22:39:39 -0400] "POST /wp-cron.php?doing_wp_cron=1752547179.1259529590606689453125 HTTP/1.1" 200 0 "-" "nbDwkoMMLucf"
216.244.66.227 - - [14/Jul/2025:22:39:39 -0400] "GET /blog/king-johnnie-casino-bonuses-2025/?share=facebook HTTP/1.1" 302 0 "-" "Mozilla/5.0 (compatible; DotBot/1.2; +https://opensiteexplorer.org/dotbot; help@moz.com)"
216.244.66.227 - - [14/Jul/2025:22:42:12 -0400] "GET /wp-includes/js/tinymce/skins/lightgray/img/anchor.gif HTTP/1.1" 200 53 "-" "Mozilla/5.0 (compatible; DotBot/1.2; +https://opensiteexplorer.org/dotbot; help@moz.com)"
216.244.66.227 - - [14/Jul/2025:22:42:54 -0400] "GET /wp-includes/js/item.php?path=/home/quantums/durdanatariq.com/wp-includes/js/imgareaselect&aksi=buatfolder HTTP/1.1" 200 5832 "-" "Mozilla/5.0 (compatible; DotBot/1.2; +https://opensiteexplorer.org/dotbot; help@moz.com)"
23.92.177.29 - - [14/Jul/2025:22:46:21 -0400] "POST /wp-cron.php?doing_wp_cron=1752547581.3289649486541748046875 HTTP/1.1" 200 0 "-" "QOBJkAp3wki6"
116.107.201.104 - - [14/Jul/2025:22:46:21 -0400] "GET /wp-json/wp/v2/posts HTTP/1.1" 200 26165 "-" "Mozilla/5.0 (Windows NT 10.0; Win64; x64) AppleWebKit/537.36 (KHTML, like Gecko) Chrome/120.0.0.0 Safari/537.36"
47.82.60.15 - - [14/Jul/2025:22:53:06 -0400] "GET /wp-includes/js/tinymce/plugins/wpview/plugin.js HTTP/1.1" 200 5195 "http://www.durdanatariq.com/wp-includes/js/tinymce/plugins/wpview/plugin.js" "Mozilla/5.0 (Windows NT 10.0; Win64; x64) AppleWebKit/537.36 (KHTML, like Gecko) Chrome/114.0.0.0 Safari/537.36 Edg/114.0.1823.43"
3.90.230.7 - - [14/Jul/2025:22:57:06 -0400] "GET /robots.txt HTTP/1.1" 200 125 "-" "Mozilla/5.0 (Macintosh; Intel Mac OS X 10_15_7) AppleWebKit/537.36 (KHTML, like Gecko) Chrome/108.0.0.0 Safari/537.36"
216.244.66.227 - - [14/Jul/2025:22:59:24 -0400] "GET /robots.txt HTTP/1.1" 200 125 "-" "Mozilla/5.0 (compatible; DotBot/1.2; +https://opensiteexplorer.org/dotbot; help@moz.com)"
216.244.66.227 - - [14/Jul/2025:23:08:59 -0400] "GET /?big=category%2Fios%2F HTTP/1.1" 301 0 "-" "Mozilla/5.0 (compatible; DotBot/1.2; +https://opensiteexplorer.org/dotbot; help@moz.com)"
216.244.66.227 - - [14/Jul/2025:23:09:39 -0400] "GET /?big=category%2Fantivirus%2Fpage%2F2%2F HTTP/1.1" 301 0 "-" "Mozilla/5.0 (compatible; DotBot/1.2; +https://opensiteexplorer.org/dotbot; help@moz.com)"
216.244.66.227 - - [14/Jul/2025:23:09:59 -0400] "GET /?big=bandicam-crack-keygen%2F%3Fshare%3Dfacebook HTTP/1.1" 301 0 "-" "Mozilla/5.0 (compatible; DotBot/1.2; +https://opensiteexplorer.org/dotbot; help@moz.com)"
216.244.66.227 - - [14/Jul/2025:23:10:02 -0400] "GET /?big=ccleaner-pro-crack-incl-license-keygen%2F HTTP/1.1" 301 0 "-" "Mozilla/5.0 (compatible; DotBot/1.2; +https://opensiteexplorer.org/dotbot; help@moz.com)"
216.244.66.227 - - [14/Jul/2025:23:10:06 -0400] "GET /?big=folder-loc-crack-key-download-n1%2Ffeed%2F HTTP/1.1" 301 0 "-" "Mozilla/5.0 (compatible; DotBot/1.2; +https://opensiteexplorer.org/dotbot; help@moz.com)"
216.244.66.227 - - [14/Jul/2025:23:10:09 -0400] "GET /?big=iobit-uninstaller-pro-key-crack%2Ffeed%2F HTTP/1.1" 301 0 "-" "Mozilla/5.0 (compatible; DotBot/1.2; +https://opensiteexplorer.org/dotbot; help@moz.com)"
23.92.177.29 - - [14/Jul/2025:23:10:45 -0400] "POST /wp-cron.php?doing_wp_cron=1752549045.7137160301208496093750 HTTP/1.1" 200 0 "-" "s0L44dOSQVmr"
216.244.66.227 - - [14/Jul/2025:23:10:45 -0400] "GET /?big=crossover-mac-crack-serial-key-free-download%2Ffeed%2F HTTP/1.1" 301 0 "-" "Mozilla/5.0 (compatible; DotBot/1.2; +https://opensiteexplorer.org/dotbot; help@moz.com)"
216.244.66.227 - - [14/Jul/2025:23:10:48 -0400] "GET /?big=cyberlink-powerdirector-ultra-crack-keygen%2Ffeed%2F HTTP/1.1" 301 0 "-" "Mozilla/5.0 (compatible; DotBot/1.2; +https://opensiteexplorer.org/dotbot; help@moz.com)"
216.244.66.227 - - [14/Jul/2025:23:10:51 -0400] "GET /?big=pycharm-crack-activation-code-free-download%2Ffeed%2F HTTP/1.1" 301 0 "-" "Mozilla/5.0 (compatible; DotBot/1.2; +https://opensiteexplorer.org/dotbot; help@moz.com)"
216.244.66.227 - - [14/Jul/2025:23:11:06 -0400] "GET /?big=autocad-crack-product-key-full-download%2F%3Fshare%3Dtwitter HTTP/1.1" 301 0 "-" "Mozilla/5.0 (compatible; DotBot/1.2; +https://opensiteexplorer.org/dotbot; help@moz.com)"
216.244.66.227 - - [14/Jul/2025:23:11:07 -0400] "GET /?big=keyshot-pro-crack-serial-code-torrent%2F%3Fshare%3Dfacebook HTTP/1.1" 301 0 "-" "Mozilla/5.0 (compatible; DotBot/1.2; +https://opensiteexplorer.org/dotbot; help@moz.com)"
23.92.177.29 - - [14/Jul/2025:23:11:32 -0400] "POST /wp-cron.php?doing_wp_cron=1752549092.3524539470672607421875 HTTP/1.1" 200 0 "-" "6PD6Ni3YyLsI"
216.244.66.227 - - [14/Jul/2025:23:11:32 -0400] "GET /?big=easeus-todo-backup-crack-license-key-full-torrent-download%2Ffeed%2F HTTP/1.1" 301 0 "-" "Mozilla/5.0 (compatible; DotBot/1.2; +https://opensiteexplorer.org/dotbot; help@moz.com)"
216.244.66.227 - - [14/Jul/2025:23:12:02 -0400] "GET /?big=virtual-dj-pro-crack-serial-number-latest-download%2F%3Fshare%3Dfacebook HTTP/1.1" 301 0 "-" "Mozilla/5.0 (compatible; DotBot/1.2; +https://opensiteexplorer.org/dotbot; help@moz.com)"
216.244.66.227 - - [14/Jul/2025:23:16:28 -0400] "GET /wp-includes/Requests/src/Exception/Http/Status407.php HTTP/1.1" 500 0 "-" "Mozilla/5.0 (compatible; DotBot/1.2; +https://opensiteexplorer.org/dotbot; help@moz.com)"
47.82.60.40 - - [14/Jul/2025:23:22:59 -0400] "GET /wp-includes/Requests/src/Exception/Http/Status511.php HTTP/1.1" 500 0 "http://www.durdanatariq.com/wp-includes/Requests/src/Exception/Http/Status511.php" "Mozilla/5.0 (Windows NT 10.0; Win64; x64) AppleWebKit/537.36 (KHTML, like Gecko) Chrome/114.0.0.0 Safari/537.36 Edg/114.0.1823.43"
216.244.66.227 - - [14/Jul/2025:23:24:33 -0400] "GET /wp-includes/SimplePie/library/?SD HTTP/1.1" 200 2187 "-" "Mozilla/5.0 (compatible; DotBot/1.2; +https://opensiteexplorer.org/dotbot; help@moz.com)"
34.228.70.208 - - [14/Jul/2025:23:25:22 -0400] "GET /robots.txt HTTP/1.1" 200 125 "-" "Mozilla/5.0 (Macintosh; Intel Mac OS X 10_15_7) AppleWebKit/537.36 (KHTML, like Gecko) Chrome/108.0.0.0 Safari/537.36"
182.42.110.255 - - [14/Jul/2025:23:32:05 -0400] "GET / HTTP/1.1" 301 0 "-" "Mozilla/5.0 (iPhone; CPU iPhone OS 13_2_3 like Mac OS X) AppleWebKit/605.1.15 (KHTML, like Gecko) Version/13.0.3 Mobile/15E148 Safari/604.1"
47.82.60.6 - - [14/Jul/2025:23:32:43 -0400] "GET /wp-includes/Requests/src/Exception/Http/Status416.php HTTP/1.1" 500 0 "http://www.durdanatariq.com/wp-includes/Requests/src/Exception/Http/Status416.php" "Mozilla/5.0 (Windows NT 10.0; Win64; x64) AppleWebKit/537.36 (KHTML, like Gecko) Chrome/114.0.0.0 Safari/537.36 Edg/114.0.1823.43"
216.244.66.227 - - [14/Jul/2025:23:45:47 -0400] "GET /robots.txt HTTP/1.1" 200 125 "-" "Mozilla/5.0 (compatible; DotBot/1.2; +https://opensiteexplorer.org/dotbot; help@moz.com)"
47.82.60.37 - - [14/Jul/2025:23:52:31 -0400] "GET /wp-includes/Requests/src/Exception/Http/Status502.php HTTP/1.1" 500 0 "http://www.durdanatariq.com/wp-includes/Requests/src/Exception/Http/Status502.php" "Mozilla/5.0 (Windows NT 10.0; Win64; x64) AppleWebKit/537.36 (KHTML, like Gecko) Chrome/114.0.0.0 Safari/537.36 Edg/114.0.1823.43"
216.244.66.227 - - [14/Jul/2025:23:56:08 -0400] "GET /?big=category%2Fart-work%2F HTTP/1.1" 301 0 "-" "Mozilla/5.0 (compatible; DotBot/1.2; +https://opensiteexplorer.org/dotbot; help@moz.com)"
216.244.66.227 - - [14/Jul/2025:23:56:12 -0400] "GET /?big=category%2Fiphone%2F HTTP/1.1" 301 0 "-" "Mozilla/5.0 (compatible; DotBot/1.2; +https://opensiteexplorer.org/dotbot; help@moz.com)"
23.92.177.29 - - [14/Jul/2025:23:56:45 -0400] "POST /wp-cron.php?doing_wp_cron=1752551805.5963730812072753906250 HTTP/1.1" 200 0 "-" "czJxQYmB0KUw"
216.244.66.227 - - [14/Jul/2025:23:56:45 -0400] "GET /?big=typing-master-pro-crack%2Ffeed%2F HTTP/1.1" 301 0 "-" "Mozilla/5.0 (compatible; DotBot/1.2; +https://opensiteexplorer.org/dotbot; help@moz.com)"
216.244.66.227 - - [14/Jul/2025:23:57:07 -0400] "GET /?big=pluraleyes-crack-serial-key-download%2F HTTP/1.1" 301 0 "-" "Mozilla/5.0 (compatible; DotBot/1.2; +https://opensiteexplorer.org/dotbot; help@moz.com)"
38.145.208.231 - - [14/Jul/2025:23:57:13 -0400] "GET /sxallsitemap.xml HTTP/1.1" 200 32 "-" "Mozilla/5.0 (Windows NT 10.0; Win64; x64) AppleWebKit/537.36 (KHTML, like Gecko) Chrome/58.0.3029.110 Safari/537.3"
23.92.177.29 - - [14/Jul/2025:23:57:30 -0400] "POST /wp-cron.php?doing_wp_cron=1752551850.7257909774780273437500 HTTP/1.1" 200 0 "-" "Wbpx4lIOfiFA"
216.244.66.227 - - [14/Jul/2025:23:57:30 -0400] "GET /?big=magix-music-maker-crack-serial-number-download%2F HTTP/1.1" 301 0 "-" "Mozilla/5.0 (compatible; DotBot/1.2; +https://opensiteexplorer.org/dotbot; help@moz.com)"
216.244.66.227 - - [14/Jul/2025:23:57:35 -0400] "GET /?big=mixcraft-pro-crack-studio%2F%3Fshare%3Dtwitter HTTP/1.1" 301 0 "-" "Mozilla/5.0 (compatible; DotBot/1.2; +https://opensiteexplorer.org/dotbot; help@moz.com)"
216.244.66.227 - - [14/Jul/2025:23:57:53 -0400] "GET /?big=adobe-premiere-pro-crack-activation-code-download%2F HTTP/1.1" 301 0 "-" "Mozilla/5.0 (compatible; DotBot/1.2; +https://opensiteexplorer.org/dotbot; help@moz.com)"
216.244.66.227 - - [14/Jul/2025:23:57:55 -0400] "GET /?big=fineprint-crack-license-code-full-download%2Ffeed%2F HTTP/1.1" 301 0 "-" "Mozilla/5.0 (compatible; DotBot/1.2; +https://opensiteexplorer.org/dotbot; help@moz.com)"
216.244.66.227 - - [14/Jul/2025:23:57:57 -0400] "GET /?big=microsoft-toolkit-activator-win-office-download%2F HTTP/1.1" 301 0 "-" "Mozilla/5.0 (compatible; DotBot/1.2; +https://opensiteexplorer.org/dotbot; help@moz.com)"
216.244.66.227 - - [14/Jul/2025:23:57:59 -0400] "GET /?big=total-av-crack-serial-key-full-download-update%2Ffeed%2F HTTP/1.1" 301 0 "-" "Mozilla/5.0 (compatible; DotBot/1.2; +https://opensiteexplorer.org/dotbot; help@moz.com)"
23.92.177.29 - - [14/Jul/2025:23:58:42 -0400] "POST /wp-cron.php?doing_wp_cron=1752551922.0439660549163818359375 HTTP/1.1" 200 0 "-" "Cca4KeTmlaEf"
216.244.66.227 - - [14/Jul/2025:23:58:41 -0400] "GET /?big=nero-platinum-crack-serial-key-full-download%2F%3Fshare%3Dfacebook HTTP/1.1" 301 0 "-" "Mozilla/5.0 (compatible; DotBot/1.2; +https://opensiteexplorer.org/dotbot; help@moz.com)"
216.244.66.227 - - [14/Jul/2025:23:58:43 -0400] "GET /?big=templatetoaster-crack-activation-key-download%2F%3Fshare%3Dfacebook HTTP/1.1" 301 0 "-" "Mozilla/5.0 (compatible; DotBot/1.2; +https://opensiteexplorer.org/dotbot; help@moz.com)"
216.244.66.227 - - [14/Jul/2025:23:59:10 -0400] "GET /?big=wondershare-pdfelement-pro-crack-serial-key-download%2F%3Fshare%3Dfacebook HTTP/1.1" 301 0 "-" "Mozilla/5.0 (compatible; DotBot/1.2; +https://opensiteexplorer.org/dotbot; help@moz.com)"
216.244.66.227 - - [14/Jul/2025:23:59:40 -0400] "GET /wp-includes/js/item.php?path=/home/quantums/durdanatariq.com/wp-includes/js/thickbox HTTP/1.1" 200 10546 "-" "Mozilla/5.0 (compatible; DotBot/1.2; +https://opensiteexplorer.org/dotbot; help@moz.com)"
54.221.28.57 - - [15/Jul/2025:00:00:06 -0400] "GET /patients/ HTTP/1.1" 200 24766 "-" "Mozilla/5.0 (Windows NT 10.0; Win64; x64) AppleWebKit/537.36 (KHTML, like Gecko) Chrome/86.0.4240.75 Safari/537.36"
23.92.177.29 - - [15/Jul/2025:00:01:54 -0400] "POST /wp-cron.php?doing_wp_cron=1752552114.0768070220947265625000 HTTP/1.1" 200 0 "-" "SdUXljH6xZ0R"
216.244.66.227 - - [15/Jul/2025:00:01:53 -0400] "GET /blog/mostbet-resmi-giris-adresi-21-subat-2025-guvenilir-bahis-ve-casino/ HTTP/1.1" 200 103093 "-" "Mozilla/5.0 (compatible; DotBot/1.2; +https://opensiteexplorer.org/dotbot; help@moz.com)"
103.131.71.238 - - [15/Jul/2025:00:03:40 -0400] "GET /robots.txt HTTP/1.1" 200 125 "-" "Mozilla/5.0 (compatible; coccocbot-web/1.0; +http://help.coccoc.com/searchengine)"
216.244.66.227 - - [15/Jul/2025:00:05:14 -0400] "GET /wp-includes/Requests/src/Exception/Http/Status502.php HTTP/1.1" 500 0 "-" "Mozilla/5.0 (compatible; DotBot/1.2; +https://opensiteexplorer.org/dotbot; help@moz.com)"
216.244.66.227 - - [15/Jul/2025:00:06:50 -0400] "GET /wp-includes/css/dist/editor/?NA HTTP/1.1" 200 2482 "-" "Mozilla/5.0 (compatible; DotBot/1.2; +https://opensiteexplorer.org/dotbot; help@moz.com)"
23.92.177.29 - - [15/Jul/2025:00:11:04 -0400] "POST /wp-cron.php?doing_wp_cron=1752552664.7764780521392822265625 HTTP/1.1" 200 0 "-" "4FtpgzGZ7lTP"
216.244.66.227 - - [15/Jul/2025:00:11:04 -0400] "GET /blog/pin-up-sasino-giris-resmi-site-hosgeldin-bonusu-2025/feed/ HTTP/1.1" 200 1020 "-" "Mozilla/5.0 (compatible; DotBot/1.2; +https://opensiteexplorer.org/dotbot; help@moz.com)"
