40.81.243.134 - - [14/Jul/2025:17:14:43 -0400] "GET /wp-includes/Text/Diff/ HTTP/1.1" 200 862 "binance.com" "Mozilla/5.0 (Windows NT 10.0; Win64; x64) AppleWebKit/537.36 (KHTML, like Gecko) Chrome/90.0.4430.85 Safari/537.36"
40.81.243.134 - - [14/Jul/2025:17:14:49 -0400] "GET /wp-includes/Text/Diff/ HTTP/1.1" 200 862 "binance.com" "Mozilla/5.0 (Windows NT 10.0; Win64; x64) AppleWebKit/537.36 (KHTML, like Gecko) Chrome/90.0.4430.85 Safari/537.36"
40.81.243.134 - - [14/Jul/2025:17:14:55 -0400] "GET /wp-includes/Text/Diff/Engine/ HTTP/1.1" 200 859 "binance.com" "Mozilla/5.0 (Windows NT 10.0; Win64; x64) AppleWebKit/537.36 (KHTML, like Gecko) Chrome/90.0.4430.85 Safari/537.36"
40.81.243.134 - - [14/Jul/2025:17:15:13 -0400] "GET /wp-includes/Text/Diff/Engine/ HTTP/1.1" 200 859 "binance.com" "Mozilla/5.0 (Windows NT 10.0; Win64; x64) AppleWebKit/537.36 (KHTML, like Gecko) Chrome/90.0.4430.85 Safari/537.36"
40.81.243.134 - - [14/Jul/2025:17:15:20 -0400] "GET /wp-includes/Text/Diff/Renderer/ HTTP/1.1" 200 783 "binance.com" "Mozilla/5.0 (Windows NT 10.0; Win64; x64) AppleWebKit/537.36 (KHTML, like Gecko) Chrome/90.0.4430.85 Safari/537.36"
40.81.243.134 - - [14/Jul/2025:17:15:24 -0400] "GET /wp-includes/Text/Diff/Renderer/ HTTP/1.1" 200 783 "binance.com" "Mozilla/5.0 (Windows NT 10.0; Win64; x64) AppleWebKit/537.36 (KHTML, like Gecko) Chrome/90.0.4430.85 Safari/537.36"
40.81.243.134 - - [14/Jul/2025:17:15:29 -0400] "GET /wp-includes/blocks/ HTTP/1.1" 200 22 "binance.com" "Mozilla/5.0 (Windows NT 10.0; Win64; x64) AppleWebKit/537.36 (KHTML, like Gecko) Chrome/90.0.4430.85 Safari/537.36"
40.81.243.134 - - [14/Jul/2025:17:15:32 -0400] "GET /wp-includes/pomo/ HTTP/1.1" 200 1235 "binance.com" "Mozilla/5.0 (Windows NT 10.0; Win64; x64) AppleWebKit/537.36 (KHTML, like Gecko) Chrome/90.0.4430.85 Safari/537.36"
40.81.243.134 - - [14/Jul/2025:17:15:35 -0400] "GET /wp-includes/pomo/ HTTP/1.1" 200 1235 "binance.com" "Mozilla/5.0 (Windows NT 10.0; Win64; x64) AppleWebKit/537.36 (KHTML, like Gecko) Chrome/90.0.4430.85 Safari/537.36"
40.81.243.134 - - [14/Jul/2025:17:15:40 -0400] "GET /wp-includes/sitemaps/ HTTP/1.1" 200 1301 "binance.com" "Mozilla/5.0 (Windows NT 10.0; Win64; x64) AppleWebKit/537.36 (KHTML, like Gecko) Chrome/90.0.4430.85 Safari/537.36"
40.81.243.134 - - [14/Jul/2025:17:15:46 -0400] "GET /wp-includes/sitemaps/ HTTP/1.1" 200 1301 "binance.com" "Mozilla/5.0 (Windows NT 10.0; Win64; x64) AppleWebKit/537.36 (KHTML, like Gecko) Chrome/90.0.4430.85 Safari/537.36"
40.81.243.134 - - [14/Jul/2025:17:15:51 -0400] "GET /wp-includes/sitemaps/providers/ HTTP/1.1" 200 911 "binance.com" "Mozilla/5.0 (Windows NT 10.0; Win64; x64) AppleWebKit/537.36 (KHTML, like Gecko) Chrome/90.0.4430.85 Safari/537.36"
40.81.243.134 - - [14/Jul/2025:17:15:57 -0400] "GET /wp-includes/sitemaps/providers/ HTTP/1.1" 200 911 "binance.com" "Mozilla/5.0 (Windows NT 10.0; Win64; x64) AppleWebKit/537.36 (KHTML, like Gecko) Chrome/90.0.4430.85 Safari/537.36"
40.81.243.134 - - [14/Jul/2025:17:16:04 -0400] "GET /wp-includes/widgets/ HTTP/1.1" 200 1684 "binance.com" "Mozilla/5.0 (Windows NT 10.0; Win64; x64) AppleWebKit/537.36 (KHTML, like Gecko) Chrome/90.0.4430.85 Safari/537.36"
40.81.243.134 - - [14/Jul/2025:17:16:21 -0400] "GET /wp-includes/widgets/ HTTP/1.1" 200 1684 "binance.com" "Mozilla/5.0 (Windows NT 10.0; Win64; x64) AppleWebKit/537.36 (KHTML, like Gecko) Chrome/90.0.4430.85 Safari/537.36"
40.81.243.134 - - [14/Jul/2025:17:16:26 -0400] "GET /wp-includes/widgets/class-wp-widget-block.php HTTP/1.1" 500 0 "binance.com" "Mozilla/5.0 (Windows NT 10.0; Win64; x64) AppleWebKit/537.36 (KHTML, like Gecko) Chrome/90.0.4430.85 Safari/537.36"
40.81.243.134 - - [14/Jul/2025:17:16:31 -0400] "GET /wp-includes/css/ HTTP/1.1" 200 2215 "binance.com" "Mozilla/5.0 (Windows NT 10.0; Win64; x64) AppleWebKit/537.36 (KHTML, like Gecko) Chrome/90.0.4430.85 Safari/537.36"
40.81.243.134 - - [14/Jul/2025:17:16:35 -0400] "GET /wp-includes/css/dist/ HTTP/1.1" 200 1352 "binance.com" "Mozilla/5.0 (Windows NT 10.0; Win64; x64) AppleWebKit/537.36 (KHTML, like Gecko) Chrome/90.0.4430.85 Safari/537.36"
40.81.243.134 - - [14/Jul/2025:17:16:40 -0400] "GET /wp-includes/fonts/ HTTP/1.1" 200 1410 "binance.com" "Mozilla/5.0 (Windows NT 10.0; Win64; x64) AppleWebKit/537.36 (KHTML, like Gecko) Chrome/90.0.4430.85 Safari/537.36"
40.81.243.134 - - [14/Jul/2025:17:16:44 -0400] "GET /wp-includes/fonts/ HTTP/1.1" 200 1410 "binance.com" "Mozilla/5.0 (Windows NT 10.0; Win64; x64) AppleWebKit/537.36 (KHTML, like Gecko) Chrome/90.0.4430.85 Safari/537.36"
40.81.243.134 - - [14/Jul/2025:17:16:49 -0400] "GET /wp-includes/fonts/class-wp-font-collection.php HTTP/1.1" 200 0 "binance.com" "Mozilla/5.0 (Windows NT 10.0; Win64; x64) AppleWebKit/537.36 (KHTML, like Gecko) Chrome/90.0.4430.85 Safari/537.36"
40.81.243.134 - - [14/Jul/2025:17:16:54 -0400] "GET /wp-includes/fonts/class-wp-font-face-resolver.php HTTP/1.1" 200 0 "binance.com" "Mozilla/5.0 (Windows NT 10.0; Win64; x64) AppleWebKit/537.36 (KHTML, like Gecko) Chrome/90.0.4430.85 Safari/537.36"
40.81.243.134 - - [14/Jul/2025:17:17:01 -0400] "GET /wp-includes/fonts/class-wp-font-face.php HTTP/1.1" 200 0 "binance.com" "Mozilla/5.0 (Windows NT 10.0; Win64; x64) AppleWebKit/537.36 (KHTML, like Gecko) Chrome/90.0.4430.85 Safari/537.36"
40.81.243.134 - - [14/Jul/2025:17:17:08 -0400] "GET /wp-includes/fonts/class-wp-font-library.php HTTP/1.1" 200 0 "binance.com" "Mozilla/5.0 (Windows NT 10.0; Win64; x64) AppleWebKit/537.36 (KHTML, like Gecko) Chrome/90.0.4430.85 Safari/537.36"
40.81.243.134 - - [14/Jul/2025:17:17:15 -0400] "GET /wp-includes/fonts/class-wp-font-utils.php HTTP/1.1" 200 0 "binance.com" "Mozilla/5.0 (Windows NT 10.0; Win64; x64) AppleWebKit/537.36 (KHTML, like Gecko) Chrome/90.0.4430.85 Safari/537.36"
40.81.243.134 - - [14/Jul/2025:17:17:20 -0400] "GET /wp-includes/images/ HTTP/1.1" 200 1815 "binance.com" "Mozilla/5.0 (Windows NT 10.0; Win64; x64) AppleWebKit/537.36 (KHTML, like Gecko) Chrome/90.0.4430.85 Safari/537.36"
40.81.243.134 - - [14/Jul/2025:17:17:25 -0400] "GET /wp-includes/images/crystal/ HTTP/1.1" 200 1330 "binance.com" "Mozilla/5.0 (Windows NT 10.0; Win64; x64) AppleWebKit/537.36 (KHTML, like Gecko) Chrome/90.0.4430.85 Safari/537.36"
40.81.243.134 - - [14/Jul/2025:17:17:31 -0400] "GET /wp-includes/images/media/ HTTP/1.1" 200 1449 "binance.com" "Mozilla/5.0 (Windows NT 10.0; Win64; x64) AppleWebKit/537.36 (KHTML, like Gecko) Chrome/90.0.4430.85 Safari/537.36"
40.81.243.134 - - [14/Jul/2025:17:17:35 -0400] "GET /wp-includes/images/smilies/ HTTP/1.1" 200 1668 "binance.com" "Mozilla/5.0 (Windows NT 10.0; Win64; x64) AppleWebKit/537.36 (KHTML, like Gecko) Chrome/90.0.4430.85 Safari/537.36"
23.92.177.29 - - [14/Jul/2025:17:17:42 -0400] "POST /wp-cron.php?doing_wp_cron=1752527862.5329959392547607421875 HTTP/1.1" 200 0 "-" "hP5w9ZMg8xuQ"
40.81.243.134 - - [14/Jul/2025:17:17:42 -0400] "GET /wp-includes/images/wlw/ HTTP/1.1" 404 24173 "binance.com" "Mozilla/5.0 (Windows NT 10.0; Win64; x64) AppleWebKit/537.36 (KHTML, like Gecko) Chrome/90.0.4430.85 Safari/537.36"
40.81.243.134 - - [14/Jul/2025:17:17:47 -0400] "GET /wp-includes/js/%20 HTTP/1.1" 301 0 "binance.com" "Mozilla/5.0 (Windows NT 10.0; Win64; x64) AppleWebKit/537.36 (KHTML, like Gecko) Chrome/90.0.4430.85 Safari/537.36"
40.81.243.134 - - [14/Jul/2025:17:17:47 -0400] "GET /wp-includes/js/ HTTP/1.1" 200 3938 "binance.com" "Mozilla/5.0 (Windows NT 10.0; Win64; x64) AppleWebKit/537.36 (KHTML, like Gecko) Chrome/90.0.4430.85 Safari/537.36"
40.81.243.134 - - [14/Jul/2025:17:18:01 -0400] "GET /wp-includes/js/%20 HTTP/1.1" 301 0 "binance.com" "Mozilla/5.0 (Windows NT 10.0; Win64; x64) AppleWebKit/537.36 (KHTML, like Gecko) Chrome/90.0.4430.85 Safari/537.36"
40.81.243.134 - - [14/Jul/2025:17:18:02 -0400] "GET /wp-includes/js/ HTTP/1.1" 200 3934 "binance.com" "Mozilla/5.0 (Windows NT 10.0; Win64; x64) AppleWebKit/537.36 (KHTML, like Gecko) Chrome/90.0.4430.85 Safari/537.36"
40.81.243.134 - - [14/Jul/2025:17:18:11 -0400] "GET /wp-includes/js/item.php HTTP/1.1" 200 7030 "binance.com" "Mozilla/5.0 (Windows NT 10.0; Win64; x64) AppleWebKit/537.36 (KHTML, like Gecko) Chrome/90.0.4430.85 Safari/537.36"
40.81.243.134 - - [14/Jul/2025:17:18:17 -0400] "GET /wp-includes/js/item.php HTTP/1.1" 200 7377 "binance.com" "Mozilla/5.0 (Windows NT 10.0; Win64; x64) AppleWebKit/537.36 (KHTML, like Gecko) Chrome/90.0.4430.85 Safari/537.36"
40.81.243.134 - - [14/Jul/2025:17:18:17 -0400] "POST /wp-includes/js/item.php HTTP/1.1" 200 2264 "binance.com" "Mozilla/5.0 (Windows NT 10.0; Win64; x64) AppleWebKit/537.36 (KHTML, like Gecko) Chrome/90.0.4430.85 Safari/537.36"
23.92.177.29 - - [14/Jul/2025:17:18:22 -0400] "POST /wp-cron.php?doing_wp_cron=1752527902.5638599395751953125000 HTTP/1.1" 200 0 "-" "gbZjtLsd0HcB"
40.81.243.134 - - [14/Jul/2025:17:18:22 -0400] "GET /wp-includes/js/hiwpficiuq.php HTTP/1.1" 404 24181 "binance.com" "Mozilla/5.0 (Windows NT 10.0; Win64; x64) AppleWebKit/537.36 (KHTML, like Gecko) Chrome/90.0.4430.85 Safari/537.36"
40.81.243.134 - - [14/Jul/2025:17:19:11 -0400] "GET /wp-includes/js/item.php HTTP/1.1" 200 130742 "-" "Mozilla/5.0 (Windows NT 10.0; Win64; x64) AppleWebKit/537.36 (KHTML, like Gecko) Chrome/90.0.4430.85 Safari/537.36"
40.81.243.134 - - [14/Jul/2025:17:19:19 -0400] "POST /wp-includes/js/item.php HTTP/1.1" 200 5453 "http://durdanatariq.com/wp-includes/js/item.php" "Mozilla/5.0 (Windows NT 10.0; Win64; x64) AppleWebKit/537.36 (KHTML, like Gecko) Chrome/90.0.4430.85 Safari/537.36"
23.92.177.29 - - [14/Jul/2025:17:19:23 -0400] "POST /wp-cron.php?doing_wp_cron=1752527963.8813719749450683593750 HTTP/1.1" 200 0 "-" "7wi6OfN3hoHe"
40.81.243.134 - - [14/Jul/2025:17:19:23 -0400] "GET /wp-includes/js/rlgiwbmqis.php HTTP/1.1" 404 24181 "binance.com" "Mozilla/5.0 (Windows NT 10.0; Win64; x64) AppleWebKit/537.36 (KHTML, like Gecko) Chrome/90.0.4430.85 Safari/537.36"
40.81.243.134 - - [14/Jul/2025:17:19:46 -0400] "GET /wp-includes/js/codemirror/ HTTP/1.1" 200 1323 "binance.com" "Mozilla/5.0 (Windows NT 10.0; Win64; x64) AppleWebKit/537.36 (KHTML, like Gecko) Chrome/90.0.4430.85 Safari/537.36"
40.81.243.134 - - [14/Jul/2025:17:19:50 -0400] "GET /wp-includes/js/plupload/ HTTP/1.1" 200 1334 "binance.com" "Mozilla/5.0 (Windows NT 10.0; Win64; x64) AppleWebKit/537.36 (KHTML, like Gecko) Chrome/90.0.4430.85 Safari/537.36"
40.81.243.134 - - [14/Jul/2025:17:19:54 -0400] "GET /.well-known/ HTTP/1.1" 200 800 "binance.com" "Mozilla/5.0 (Windows NT 10.0; Win64; x64) AppleWebKit/537.36 (KHTML, like Gecko) Chrome/90.0.4430.85 Safari/537.36"
52.167.144.231 - - [14/Jul/2025:17:20:59 -0400] "GET /shopdetail/17436523 HTTP/1.1" 200 19725 "-" "Mozilla/5.0 AppleWebKit/537.36 (KHTML, like Gecko; compatible; bingbot/2.0; +http://www.bing.com/bingbot.htm) Chrome/116.0.1938.76 Safari/537.36"
47.82.60.12 - - [14/Jul/2025:17:21:31 -0400] "GET /wp-includes/Requests/src/Exception/Http/Status414.php HTTP/1.1" 500 0 "http://www.durdanatariq.com/wp-includes/Requests/src/Exception/Http/Status414.php" "Mozilla/5.0 (Windows NT 10.0; Win64; x64) AppleWebKit/537.36 (KHTML, like Gecko) Chrome/114.0.0.0 Safari/537.36 Edg/114.0.1823.43"
216.244.66.227 - - [14/Jul/2025:17:22:51 -0400] "GET /robots.txt HTTP/1.1" 200 125 "-" "Mozilla/5.0 (compatible; DotBot/1.2; +https://opensiteexplorer.org/dotbot; help@moz.com)"
113.219.218.197 - - [14/Jul/2025:17:31:30 -0400] "GET / HTTP/1.1" 301 0 "-" "Mozilla/5.0 (iPhone; CPU iPhone OS 13_2_3 like Mac OS X) AppleWebKit/605.1.15 (KHTML, like Gecko) Version/13.0.3 Mobile/15E148 Safari/604.1"
23.92.177.29 - - [14/Jul/2025:17:33:55 -0400] "POST /wp-cron.php?doing_wp_cron=1752528835.9847049713134765625000 HTTP/1.1" 200 0 "-" "8fY921QoCbxI"
216.244.66.227 - - [14/Jul/2025:17:33:55 -0400] "GET /?big=avast-premier-license-key-incl-crack%2F HTTP/1.1" 301 0 "-" "Mozilla/5.0 (compatible; DotBot/1.2; +https://opensiteexplorer.org/dotbot; help@moz.com)"
216.244.66.227 - - [14/Jul/2025:17:34:00 -0400] "GET /?big=eset-nod32-antivirus-crack-license-key%2F HTTP/1.1" 301 0 "-" "Mozilla/5.0 (compatible; DotBot/1.2; +https://opensiteexplorer.org/dotbot; help@moz.com)"
216.244.66.227 - - [14/Jul/2025:17:34:04 -0400] "GET /?big=folder-loc-crack-key-download-v1%2Ffeed%2F HTTP/1.1" 301 0 "-" "Mozilla/5.0 (compatible; DotBot/1.2; +https://opensiteexplorer.org/dotbot; help@moz.com)"
23.92.177.29 - - [14/Jul/2025:17:34:23 -0400] "POST /wp-cron.php?doing_wp_cron=1752528863.4825580120086669921875 HTTP/1.1" 200 0 "-" "DQIIyIKlATuO"
216.244.66.227 - - [14/Jul/2025:17:34:23 -0400] "GET /?big=office-tab-enterprise-crack-key-free-download%2F HTTP/1.1" 301 0 "-" "Mozilla/5.0 (compatible; DotBot/1.2; +https://opensiteexplorer.org/dotbot; help@moz.com)"
216.244.66.227 - - [14/Jul/2025:17:34:26 -0400] "GET /?big=wondershare-dr-fone-crack-torrent-download%2F HTTP/1.1" 301 0 "-" "Mozilla/5.0 (compatible; DotBot/1.2; +https://opensiteexplorer.org/dotbot; help@moz.com)"
216.244.66.227 - - [14/Jul/2025:17:34:46 -0400] "GET /?big=adobe-premiere-elements-crack-key-download%2Ffeed%2F HTTP/1.1" 301 0 "-" "Mozilla/5.0 (compatible; DotBot/1.2; +https://opensiteexplorer.org/dotbot; help@moz.com)"
216.244.66.227 - - [14/Jul/2025:17:34:49 -0400] "GET /?big=eset-smart-security-crack-license-key-download%2F%3FMA HTTP/1.1" 301 0 "-" "Mozilla/5.0 (compatible; DotBot/1.2; +https://opensiteexplorer.org/dotbot; help@moz.com)"
216.244.66.227 - - [14/Jul/2025:17:34:51 -0400] "GET /?big=visual-studio-crack-product-key-full-download%2Ffeed%2F HTTP/1.1" 301 0 "-" "Mozilla/5.0 (compatible; DotBot/1.2; +https://opensiteexplorer.org/dotbot; help@moz.com)"
216.244.66.227 - - [14/Jul/2025:17:34:53 -0400] "GET /?big=wondershare-filmora-crack-key%2F%3Fshare%3Dfacebook HTTP/1.1" 301 0 "-" "Mozilla/5.0 (compatible; DotBot/1.2; +https://opensiteexplorer.org/dotbot; help@moz.com)"
216.244.66.227 - - [14/Jul/2025:17:35:12 -0400] "GET /?big=adobe-photoshop-crack-serial-key-torrent-download%2Ffeed%2F HTTP/1.1" 301 0 "-" "Mozilla/5.0 (compatible; DotBot/1.2; +https://opensiteexplorer.org/dotbot; help@moz.com)"
216.244.66.227 - - [14/Jul/2025:17:35:14 -0400] "GET /?big=iexplorer-crack-registration-code-download%2F%3Fshare%3Dtwitter HTTP/1.1" 301 0 "-" "Mozilla/5.0 (compatible; DotBot/1.2; +https://opensiteexplorer.org/dotbot; help@moz.com)"
216.244.66.227 - - [14/Jul/2025:17:35:15 -0400] "GET /?big=macrium-reflect-crack-license-key-download%2F%3Fshare%3Dtwitter HTTP/1.1" 301 0 "-" "Mozilla/5.0 (compatible; DotBot/1.2; +https://opensiteexplorer.org/dotbot; help@moz.com)"
23.92.177.29 - - [14/Jul/2025:17:35:40 -0400] "POST /wp-cron.php?doing_wp_cron=1752528940.2030169963836669921875 HTTP/1.1" 200 0 "-" "l02w7xIruzCa"
54.221.28.57 - - [14/Jul/2025:17:35:40 -0400] "GET /contact/ HTTP/1.1" 200 26896 "-" "Mozilla/5.0 (Windows NT 10.0; Win64; x64) AppleWebKit/537.36 (KHTML, like Gecko) Chrome/86.0.4240.75 Safari/537.36"
216.244.66.227 - - [14/Jul/2025:17:35:43 -0400] "GET /?big=abbyy-finereader-crack-keygen-full-download%2F%3Fshare%3Dtwitter HTTP/1.1" 301 0 "-" "Mozilla/5.0 (compatible; DotBot/1.2; +https://opensiteexplorer.org/dotbot; help@moz.com)"
216.244.66.227 - - [14/Jul/2025:17:35:44 -0400] "GET /?big=apoweredit-crack-key-full-version-download-latest%2F%3Fshare%3Dfacebook HTTP/1.1" 301 0 "-" "Mozilla/5.0 (compatible; DotBot/1.2; +https://opensiteexplorer.org/dotbot; help@moz.com)"
216.244.66.227 - - [14/Jul/2025:17:35:46 -0400] "GET /?big=fileviewpro-crack-license-key-free-download%2F%3Fshare%3Dtwitter HTTP/1.1" 301 0 "-" "Mozilla/5.0 (compatible; DotBot/1.2; +https://opensiteexplorer.org/dotbot; help@moz.com)"
216.244.66.227 - - [14/Jul/2025:17:35:47 -0400] "GET /?big=microsoft-office-2019-iso-full-crack-key-download%2F%3Fshare%3Dtwitter HTTP/1.1" 301 0 "-" "Mozilla/5.0 (compatible; DotBot/1.2; +https://opensiteexplorer.org/dotbot; help@moz.com)"
216.244.66.227 - - [14/Jul/2025:17:35:50 -0400] "GET /?big=microsoft-office-crack-updated-key-download%2F%3Fshare%3Dtwitter HTTP/1.1" 301 0 "-" "Mozilla/5.0 (compatible; DotBot/1.2; +https://opensiteexplorer.org/dotbot; help@moz.com)"
216.244.66.227 - - [14/Jul/2025:17:35:51 -0400] "GET /?big=movavi-video-converter-crack-activation-key%2F%3Fshare%3Dtwitter HTTP/1.1" 301 0 "-" "Mozilla/5.0 (compatible; DotBot/1.2; +https://opensiteexplorer.org/dotbot; help@moz.com)"
216.244.66.227 - - [14/Jul/2025:17:35:53 -0400] "GET /?big=tuxera-ntfs-crack-product-key-free-download%2F%3Fshare%3Dtwitter HTTP/1.1" 301 0 "-" "Mozilla/5.0 (compatible; DotBot/1.2; +https://opensiteexplorer.org/dotbot; help@moz.com)"
80.85.247.231 - - [14/Jul/2025:17:36:17 -0400] "GET /blog/ HTTP/1.1" 200 26596 "-" "Mozilla/5.0 (Macintosh; Intel Mac OS X 10_15_7) AppleWebKit/537.36 (KHTML, like Gecko) Chrome/133.0.0.0 Safari/537.36"
80.85.247.231 - - [14/Jul/2025:17:36:34 -0400] "GET /contact/ HTTP/1.1" 200 26896 "-" "Mozilla/5.0 (Macintosh; Intel Mac OS X 10_15_7) AppleWebKit/537.36 (KHTML, like Gecko) Chrome/133.0.0.0 Safari/537.36"
54.221.28.57 - - [14/Jul/2025:17:36:34 -0400] "GET /about-durdana-tariq/ HTTP/1.1" 200 25015 "-" "Mozilla/5.0 (Windows NT 10.0; Win64; x64) AppleWebKit/537.36 (KHTML, like Gecko) Chrome/86.0.4240.75 Safari/537.36"
216.244.66.227 - - [14/Jul/2025:17:40:54 -0400] "GET /wp-includes/css/dist/block-editor/style.min.css HTTP/1.1" 200 117269 "-" "Mozilla/5.0 (compatible; DotBot/1.2; +https://opensiteexplorer.org/dotbot; help@moz.com)"
216.244.66.227 - - [14/Jul/2025:17:40:56 -0400] "GET /wp-includes/css/dist/customize-widgets/style-rtl.css HTTP/1.1" 200 6203 "-" "Mozilla/5.0 (compatible; DotBot/1.2; +https://opensiteexplorer.org/dotbot; help@moz.com)"
216.244.66.227 - - [14/Jul/2025:17:42:47 -0400] "GET /wp-includes/sodium_compat/namespaced/Core/?MA HTTP/1.1" 200 6803 "-" "Mozilla/5.0 (compatible; DotBot/1.2; +https://opensiteexplorer.org/dotbot; help@moz.com)"
47.82.60.13 - - [14/Jul/2025:17:43:07 -0400] "GET /wp-includes/js/tinymce/plugins/wpemoji/plugin.min.js HTTP/1.1" 200 3821 "http://www.durdanatariq.com/wp-includes/js/tinymce/plugins/wpemoji/plugin.min.js" "Mozilla/5.0 (Windows NT 10.0; Win64; x64) AppleWebKit/537.36 (KHTML, like Gecko) Chrome/114.0.0.0 Safari/537.36 Edg/114.0.1823.43"
216.244.66.227 - - [14/Jul/2025:17:45:56 -0400] "GET /wp-includes/sodium_compat/src/Core32/Curve25519/Ge/?SA HTTP/1.1" 200 2866 "-" "Mozilla/5.0 (compatible; DotBot/1.2; +https://opensiteexplorer.org/dotbot; help@moz.com)"
47.82.60.10 - - [14/Jul/2025:17:51:51 -0400] "GET /wp-includes/js/tinymce/plugins/media/plugin.min.js HTTP/1.1" 200 9099 "http://www.durdanatariq.com/wp-includes/js/tinymce/plugins/media/plugin.min.js" "Mozilla/5.0 (Windows NT 10.0; Win64; x64) AppleWebKit/537.36 (KHTML, like Gecko) Chrome/114.0.0.0 Safari/537.36 Edg/114.0.1823.43"
216.244.66.227 - - [14/Jul/2025:17:55:34 -0400] "GET /wp-includes/Requests/src/Utility/?MD HTTP/1.1" 200 2320 "-" "Mozilla/5.0 (compatible; DotBot/1.2; +https://opensiteexplorer.org/dotbot; help@moz.com)"
216.244.66.227 - - [14/Jul/2025:17:56:15 -0400] "GET /wp-includes/js/jquery/ui/accordion.min.js HTTP/1.1" 200 14543 "-" "Mozilla/5.0 (compatible; DotBot/1.2; +https://opensiteexplorer.org/dotbot; help@moz.com)"
216.244.66.227 - - [14/Jul/2025:17:56:52 -0400] "GET /wp-includes/js/item.php?filesrc=/home/quantums/.wget-hsts&path=/home/quantums HTTP/1.1" 200 5369 "-" "Mozilla/5.0 (compatible; DotBot/1.2; +https://opensiteexplorer.org/dotbot; help@moz.com)"
23.92.177.29 - - [14/Jul/2025:17:59:00 -0400] "POST /wp-cron.php?doing_wp_cron=1752530340.6768839359283447265625 HTTP/1.1" 200 0 "-" "QJSZ4IT48TVM"
43.166.239.145 - - [14/Jul/2025:17:59:00 -0400] "GET / HTTP/1.1" 301 0 "-" "Mozilla/5.0 (iPhone; CPU iPhone OS 13_2_3 like Mac OS X) AppleWebKit/605.1.15 (KHTML, like Gecko) Version/13.0.3 Mobile/15E148 Safari/604.1"
216.244.66.227 - - [14/Jul/2025:18:09:00 -0400] "GET /robots.txt HTTP/1.1" 200 125 "-" "Mozilla/5.0 (compatible; DotBot/1.2; +https://opensiteexplorer.org/dotbot; help@moz.com)"
216.244.66.227 - - [14/Jul/2025:18:19:04 -0400] "GET /?big=author%2Fadmin%2Fpage%2F26%2F HTTP/1.1" 301 0 "-" "Mozilla/5.0 (compatible; DotBot/1.2; +https://opensiteexplorer.org/dotbot; help@moz.com)"
216.244.66.227 - - [14/Jul/2025:18:19:07 -0400] "GET /?big=category%2Ftorrent%2Ffeed%2F HTTP/1.1" 301 0 "-" "Mozilla/5.0 (compatible; DotBot/1.2; +https://opensiteexplorer.org/dotbot; help@moz.com)"
23.92.177.29 - - [14/Jul/2025:18:19:27 -0400] "POST /wp-cron.php?doing_wp_cron=1752531567.7190179824829101562500 HTTP/1.1" 200 0 "-" "WL1KY6dJVKrZ"
216.244.66.227 - - [14/Jul/2025:18:19:27 -0400] "GET /?big=category%2Fdriver-updater%2Ffeed%2F HTTP/1.1" 301 0 "-" "Mozilla/5.0 (compatible; DotBot/1.2; +https://opensiteexplorer.org/dotbot; help@moz.com)"
216.244.66.227 - - [14/Jul/2025:18:19:31 -0400] "GET /?big=category%2Fsecurity%2Fpage%2F2%2F HTTP/1.1" 301 0 "-" "Mozilla/5.0 (compatible; DotBot/1.2; +https://opensiteexplorer.org/dotbot; help@moz.com)"
216.244.66.227 - - [14/Jul/2025:18:19:33 -0400] "GET /?big=category%2Fsecurity%2Fpage%2F3%2F HTTP/1.1" 301 0 "-" "Mozilla/5.0 (compatible; DotBot/1.2; +https://opensiteexplorer.org/dotbot; help@moz.com)"
216.244.66.227 - - [14/Jul/2025:18:19:35 -0400] "GET /?big=hma-pro-vpn-crack-license-key%2F%3FND HTTP/1.1" 301 0 "-" "Mozilla/5.0 (compatible; DotBot/1.2; +https://opensiteexplorer.org/dotbot; help@moz.com)"
216.244.66.227 - - [14/Jul/2025:18:19:36 -0400] "GET /?big=snagit-crack-license-key-download%2F HTTP/1.1" 301 0 "-" "Mozilla/5.0 (compatible; DotBot/1.2; +https://opensiteexplorer.org/dotbot; help@moz.com)"
216.244.66.227 - - [14/Jul/2025:18:20:18 -0400] "GET /?big=abbyy-finereader-crack-keygen-full-download%2F HTTP/1.1" 301 0 "-" "Mozilla/5.0 (compatible; DotBot/1.2; +https://opensiteexplorer.org/dotbot; help@moz.com)"
216.244.66.227 - - [14/Jul/2025:18:20:19 -0400] "GET /?big=ashampoo-winoptimizer-crack-serial-key%2Ffeed%2F HTTP/1.1" 301 0 "-" "Mozilla/5.0 (compatible; DotBot/1.2; +https://opensiteexplorer.org/dotbot; help@moz.com)"
23.92.177.29 - - [14/Jul/2025:18:20:21 -0400] "POST /wp-cron.php?doing_wp_cron=1752531621.3043699264526367187500 HTTP/1.1" 200 0 "-" "BurFAPXQ4fdq"
216.244.66.227 - - [14/Jul/2025:18:20:21 -0400] "GET /?big=crossover-mac-crack-serial-key-free-download%2F HTTP/1.1" 301 0 "-" "Mozilla/5.0 (compatible; DotBot/1.2; +https://opensiteexplorer.org/dotbot; help@moz.com)"
216.244.66.227 - - [14/Jul/2025:18:20:22 -0400] "GET /?big=networx-crack-serial-key-torrent-download%2F HTTP/1.1" 301 0 "-" "Mozilla/5.0 (compatible; DotBot/1.2; +https://opensiteexplorer.org/dotbot; help@moz.com)"
216.244.66.227 - - [14/Jul/2025:18:20:43 -0400] "GET /?big=acronis-true-image-crack-serial-key-torrent-download%2F HTTP/1.1" 301 0 "-" "Mozilla/5.0 (compatible; DotBot/1.2; +https://opensiteexplorer.org/dotbot; help@moz.com)"
216.244.66.227 - - [14/Jul/2025:18:20:44 -0400] "GET /?big=express-burn-crack-registration-code-free-download%2F HTTP/1.1" 301 0 "-" "Mozilla/5.0 (compatible; DotBot/1.2; +https://opensiteexplorer.org/dotbot; help@moz.com)"
216.244.66.227 - - [14/Jul/2025:18:20:46 -0400] "GET /blog/22bet-magyarorszag-hivatalos-22bet-fogadasi-es-kaszino-oldal/ HTTP/1.1" 200 105256 "-" "Mozilla/5.0 (compatible; DotBot/1.2; +https://opensiteexplorer.org/dotbot; help@moz.com)"
216.244.66.227 - - [14/Jul/2025:18:21:15 -0400] "GET /?big=anytrans-crack-activation-code-generator%2F%3Fshare%3Dtwitter HTTP/1.1" 301 0 "-" "Mozilla/5.0 (compatible; DotBot/1.2; +https://opensiteexplorer.org/dotbot; help@moz.com)"
216.244.66.227 - - [14/Jul/2025:18:21:17 -0400] "GET /?big=minitool-partition-wizard-pro-crack-key-download%2Ffeed%2F HTTP/1.1" 301 0 "-" "Mozilla/5.0 (compatible; DotBot/1.2; +https://opensiteexplorer.org/dotbot; help@moz.com)"
23.92.177.29 - - [14/Jul/2025:18:28:35 -0400] "POST /wp-cron.php?doing_wp_cron=1752532115.0972321033477783203125 HTTP/1.1" 200 0 "-" "Mh1DUhpppW0O"
156.146.57.119 - - [14/Jul/2025:18:28:34 -0400] "GET /.env HTTP/1.1" 404 24168 "-" "Mozilla/5.0 (Macintosh; Intel Mac OS X 10.15; rv:77.0) Gecko/20100101 Firefox/77.0"
216.244.66.227 - - [14/Jul/2025:18:29:45 -0400] "GET /wp-includes/SimplePie/library/SimplePie/Cache/ HTTP/1.1" 200 4040 "-" "Mozilla/5.0 (compatible; DotBot/1.2; +https://opensiteexplorer.org/dotbot; help@moz.com)"
216.244.66.227 - - [14/Jul/2025:18:31:44 -0400] "GET /wp-includes/css/dist/patterns/?SA HTTP/1.1" 200 2490 "-" "Mozilla/5.0 (compatible; DotBot/1.2; +https://opensiteexplorer.org/dotbot; help@moz.com)"
216.244.66.227 - - [14/Jul/2025:18:33:30 -0400] "GET /wp-includes/Requests/src/Utility/?NA HTTP/1.1" 200 2319 "-" "Mozilla/5.0 (compatible; DotBot/1.2; +https://opensiteexplorer.org/dotbot; help@moz.com)"
216.244.66.227 - - [14/Jul/2025:18:33:31 -0400] "GET /wp-includes/sodium_compat/src/Core/Base64/?SA HTTP/1.1" 200 1995 "-" "Mozilla/5.0 (compatible; DotBot/1.2; +https://opensiteexplorer.org/dotbot; help@moz.com)"
216.244.66.227 - - [14/Jul/2025:18:36:56 -0400] "GET /wp-includes/rest-api/fields/?ND HTTP/1.1" 200 3958 "-" "Mozilla/5.0 (compatible; DotBot/1.2; +https://opensiteexplorer.org/dotbot; help@moz.com)"
162.62.213.187 - - [14/Jul/2025:18:40:40 -0400] "GET / HTTP/1.1" 301 0 "-" "Mozilla/5.0 (iPhone; CPU iPhone OS 13_2_3 like Mac OS X) AppleWebKit/605.1.15 (KHTML, like Gecko) Version/13.0.3 Mobile/15E148 Safari/604.1"
43.131.36.84 - - [14/Jul/2025:18:41:55 -0400] "GET /blog/ HTTP/1.1" 200 26596 "-" "Mozilla/5.0 (iPhone; CPU iPhone OS 13_2_3 like Mac OS X) AppleWebKit/605.1.15 (KHTML, like Gecko) Version/13.0.3 Mobile/15E148 Safari/604.1"
216.244.66.227 - - [14/Jul/2025:18:41:59 -0400] "GET /wp-includes/js/jquery/ui/controlgroup.js HTTP/1.1" 200 14308 "-" "Mozilla/5.0 (compatible; DotBot/1.2; +https://opensiteexplorer.org/dotbot; help@moz.com)"
216.244.66.227 - - [14/Jul/2025:18:42:40 -0400] "GET /wp-includes/SimplePie/src/Content/Type/?MD HTTP/1.1" 200 1703 "-" "Mozilla/5.0 (compatible; DotBot/1.2; +https://opensiteexplorer.org/dotbot; help@moz.com)"
192.0.102.14 - - [14/Jul/2025:18:52:20 -0400] "GET /feed/ HTTP/1.1" 200 99028 "-" "wp.com feedbot/1.0 (+https://wp.com;subscribers=1;feed-id=95093685)"
23.92.177.29 - - [14/Jul/2025:18:52:59 -0400] "POST /wp-cron.php?doing_wp_cron=1752533579.6523349285125732421875 HTTP/1.1" 200 0 "-" "yh4EW4RovSNQ"
192.0.102.14 - - [14/Jul/2025:18:52:59 -0400] "GET /feed HTTP/1.1" 301 0 "-" "wp.com feedbot/1.0 (+https://wp.com;subscribers=1;feed-id=95093685)"
192.0.102.14 - - [14/Jul/2025:18:52:59 -0400] "GET /feed/ HTTP/1.1" 200 92561 "-" "wp.com feedbot/1.0 (+https://wp.com;subscribers=1;feed-id=95093685)"
23.92.177.29 - - [14/Jul/2025:18:53:33 -0400] "POST /wp-cron.php?doing_wp_cron=1752533613.4673800468444824218750 HTTP/1.1" 200 0 "-" "3ImytgcbHEeM"
43.166.239.145 - - [14/Jul/2025:18:53:33 -0400] "GET /about-durdana-tariq HTTP/1.1" 301 0 "-" "Mozilla/5.0 (iPhone; CPU iPhone OS 13_2_3 like Mac OS X) AppleWebKit/605.1.15 (KHTML, like Gecko) Version/13.0.3 Mobile/15E148 Safari/604.1"
43.166.239.145 - - [14/Jul/2025:18:53:38 -0400] "GET /about-durdana-tariq/ HTTP/1.1" 200 25015 "http://durdanatariq.com/about-durdana-tariq" "Mozilla/5.0 (iPhone; CPU iPhone OS 13_2_3 like Mac OS X) AppleWebKit/605.1.15 (KHTML, like Gecko) Version/13.0.3 Mobile/15E148 Safari/604.1"
216.244.66.227 - - [14/Jul/2025:18:54:21 -0400] "GET /robots.txt HTTP/1.1" 200 125 "-" "Mozilla/5.0 (compatible; DotBot/1.2; +https://opensiteexplorer.org/dotbot; help@moz.com)"
23.92.177.29 - - [14/Jul/2025:18:57:13 -0400] "POST /wp-cron.php?doing_wp_cron=1752533833.8349258899688720703125 HTTP/1.1" 200 0 "-" "2hP2dsIvgiM5"
172.207.228.133 - - [14/Jul/2025:18:57:13 -0400] "GET /wp-content/plugins/hellopress/wp_filemanager.php HTTP/1.1" 404 68992 "-" "-"
172.207.228.133 - - [14/Jul/2025:18:57:14 -0400] "GET /.well-known/log.php HTTP/1.1" 404 68806 "-" "-"
172.207.228.133 - - [14/Jul/2025:18:57:14 -0400] "GET /chosen.php HTTP/1.1" 404 68746 "-" "-"
172.207.228.133 - - [14/Jul/2025:18:57:15 -0400] "GET /admin.php HTTP/1.1" 404 68740 "-" "-"
172.207.228.133 - - [14/Jul/2025:18:57:15 -0400] "GET /wp-admin/network/chosen.php HTTP/1.1" 404 68860 "-" "-"
172.207.228.133 - - [14/Jul/2025:18:57:16 -0400] "GET /FoxWSO.php HTTP/1.1" 404 68746 "-" "-"
172.207.228.133 - - [14/Jul/2025:18:57:16 -0400] "GET /wp-mail.php/wp-includes/ID3/getid3s.php HTTP/1.1" 403 2530 "-" "-"
172.207.228.133 - - [14/Jul/2025:18:57:16 -0400] "GET /wp-includes/fonts/admin.php HTTP/1.1" 404 68860 "-" "-"
172.207.228.133 - - [14/Jul/2025:18:57:17 -0400] "GET /autoload_classmap.php HTTP/1.1" 404 68812 "-" "-"
172.207.228.133 - - [14/Jul/2025:18:57:17 -0400] "GET /menu.php HTTP/1.1" 404 68734 "-" "-"
172.207.228.133 - - [14/Jul/2025:18:57:17 -0400] "GET /system_log.php HTTP/1.1" 404 68770 "-" "-"
172.207.228.133 - - [14/Jul/2025:18:57:18 -0400] "GET /wp-admin/log.php HTTP/1.1" 404 68788 "-" "-"
172.207.228.133 - - [14/Jul/2025:18:57:18 -0400] "GET /goat1.php HTTP/1.1" 404 68740 "-" "-"
172.207.228.133 - - [14/Jul/2025:18:57:18 -0400] "GET /wp-content/plugins/hellopress/wp_filemanager.php HTTP/1.1" 404 68992 "-" "-"
172.207.228.133 - - [14/Jul/2025:18:57:19 -0400] "GET /wp-includes/Text/wp-conflg.php HTTP/1.1" 404 68878 "-" "-"
172.207.228.133 - - [14/Jul/2025:18:57:19 -0400] "GET /media.php HTTP/1.1" 404 68740 "-" "-"
172.207.228.133 - - [14/Jul/2025:18:57:19 -0400] "GET /bless.php HTTP/1.1" 404 68740 "-" "-"
172.207.228.133 - - [14/Jul/2025:18:57:19 -0400] "GET /wp-includes/Text/Diff/Engine/about.php HTTP/1.1" 404 68938 "-" "-"
172.207.228.133 - - [14/Jul/2025:18:57:20 -0400] "GET /wp-content/upgrade/index.php HTTP/1.1" 301 0 "-" "-"
172.207.228.133 - - [14/Jul/2025:18:57:20 -0400] "GET /wp-content/upgrade/ HTTP/1.1" 200 1362 "-" "-"
172.207.228.133 - - [14/Jul/2025:18:57:20 -0400] "GET /wp-content/themes/aahana/json.php HTTP/1.1" 404 68902 "-" "-"
23.92.177.29 - - [14/Jul/2025:18:57:21 -0400] "POST /wp-cron.php?doing_wp_cron=1752533841.2979259490966796875000 HTTP/1.1" 200 0 "-" "ihgkLzh6fiEn"
172.207.228.133 - - [14/Jul/2025:18:57:21 -0400] "GET /classwithtostring.php HTTP/1.1" 404 68812 "-" "-"
172.207.228.133 - - [14/Jul/2025:18:57:21 -0400] "GET /wp-content/themes.php HTTP/1.1" 404 68818 "-" "-"
172.207.228.133 - - [14/Jul/2025:18:57:21 -0400] "GET /wp-includes/SimplePie/index.php HTTP/1.1" 301 0 "-" "-"
172.207.228.133 - - [14/Jul/2025:18:57:22 -0400] "GET /wp-includes/SimplePie/ HTTP/1.1" 200 2366 "-" "-"
172.207.228.133 - - [14/Jul/2025:18:57:22 -0400] "GET /chosen HTTP/1.1" 404 68722 "-" "-"
172.207.228.133 - - [14/Jul/2025:18:57:22 -0400] "GET /filemanager.php HTTP/1.1" 404 68776 "-" "-"
172.207.228.133 - - [14/Jul/2025:18:57:22 -0400] "GET /wp-content/packed.php HTTP/1.1" 404 68818 "-" "-"
172.207.228.133 - - [14/Jul/2025:18:57:23 -0400] "GET /wp-content/plugins/seoplugins/db.php HTTP/1.1" 404 68920 "-" "-"
172.207.228.133 - - [14/Jul/2025:18:57:23 -0400] "GET /function/function.php HTTP/1.1" 404 68818 "-" "-"
172.207.228.133 - - [14/Jul/2025:18:57:23 -0400] "GET /wp-content/themes/cay-van-phong/filemanager.php HTTP/1.1" 404 68986 "-" "-"
172.207.228.133 - - [14/Jul/2025:18:57:24 -0400] "GET /wp-content/themes/twentytwentytwo/alfa-rex.php HTTP/1.1" 404 68980 "-" "-"
172.207.228.133 - - [14/Jul/2025:18:57:24 -0400] "GET /wp-includes/html-api/index.php HTTP/1.1" 301 0 "-" "-"
172.207.228.133 - - [14/Jul/2025:18:57:24 -0400] "GET /wp-includes/html-api/ HTTP/1.1" 200 6743 "-" "-"
172.207.228.133 - - [14/Jul/2025:18:57:25 -0400] "GET /wp-conflg.php HTTP/1.1" 404 68764 "-" "-"
172.207.228.133 - - [14/Jul/2025:18:57:25 -0400] "GET /index/function.php HTTP/1.1" 404 68800 "-" "-"
172.207.228.133 - - [14/Jul/2025:18:57:25 -0400] "GET /radio.php HTTP/1.1" 404 68740 "-" "-"
172.207.228.133 - - [14/Jul/2025:18:57:26 -0400] "GET /wp-content/uploads/2024/index.php HTTP/1.1" 301 0 "-" "-"
172.207.228.133 - - [14/Jul/2025:18:57:26 -0400] "GET /wp-content/uploads/2024/ HTTP/1.1" 200 3888 "-" "-"
172.207.228.133 - - [14/Jul/2025:18:57:26 -0400] "GET /wp-admin/css/wp-conflg.php HTTP/1.1" 404 68854 "-" "-"
172.207.228.133 - - [14/Jul/2025:18:57:26 -0400] "GET /wp-content/plugins/wp-help/index.php HTTP/1.1" 301 0 "-" "-"
172.207.228.133 - - [14/Jul/2025:18:57:27 -0400] "GET /wp-content/plugins/wp-help/ HTTP/1.1" 404 68854 "-" "-"
172.207.228.133 - - [14/Jul/2025:18:57:27 -0400] "GET /wp-includes/block-patterns/index.php HTTP/1.1" 301 0 "-" "-"
172.207.228.133 - - [14/Jul/2025:18:57:27 -0400] "GET /wp-includes/block-patterns/ HTTP/1.1" 200 4426 "-" "-"
172.207.228.133 - - [14/Jul/2025:18:57:28 -0400] "GET /cc.php HTTP/1.1" 404 68722 "-" "-"
172.207.228.133 - - [14/Jul/2025:18:57:28 -0400] "GET /mail.php HTTP/1.1" 404 68734 "-" "-"
172.207.228.133 - - [14/Jul/2025:18:57:28 -0400] "GET /worksec.php HTTP/1.1" 404 68752 "-" "-"
172.207.228.133 - - [14/Jul/2025:18:57:29 -0400] "GET /about/function.php HTTP/1.1" 404 68800 "-" "-"
172.207.228.133 - - [14/Jul/2025:18:57:29 -0400] "GET /wp-includes/Text/Diff/about.php HTTP/1.1" 404 68890 "-" "-"
172.207.228.133 - - [14/Jul/2025:18:57:29 -0400] "GET /images/Marvins.php HTTP/1.1" 404 68800 "-" "-"
172.207.228.133 - - [14/Jul/2025:18:57:30 -0400] "GET /log.php HTTP/1.1" 404 68728 "-" "-"
172.207.228.133 - - [14/Jul/2025:18:57:30 -0400] "GET /lock360.php HTTP/1.1" 404 68752 "-" "-"
172.207.228.133 - - [14/Jul/2025:18:57:30 -0400] "GET /f35.php HTTP/1.1" 404 68728 "-" "-"
172.207.228.133 - - [14/Jul/2025:18:57:31 -0400] "GET /alfa.php HTTP/1.1" 404 68734 "-" "-"
172.207.228.133 - - [14/Jul/2025:18:57:31 -0400] "GET /lv.php HTTP/1.1" 404 68722 "-" "-"
172.207.228.133 - - [14/Jul/2025:18:57:31 -0400] "GET /02.php HTTP/1.1" 404 68722 "-" "-"
172.207.228.133 - - [14/Jul/2025:18:57:31 -0400] "GET /cgi-bin/cgi-bin/about.php7 HTTP/1.1" 404 68854 "-" "-"
172.207.228.133 - - [14/Jul/2025:18:57:32 -0400] "GET /wp-includes/IXR/index.php HTTP/1.1" 301 0 "-" "-"
172.207.228.133 - - [14/Jul/2025:18:57:32 -0400] "GET /wp-includes/IXR/ HTTP/1.1" 200 5111 "-" "-"
172.207.228.133 - - [14/Jul/2025:18:57:32 -0400] "GET /wp-includes/js/codemirror/index.php HTTP/1.1" 301 0 "-" "-"
172.207.228.133 - - [14/Jul/2025:18:57:33 -0400] "GET /wp-includes/js/codemirror/ HTTP/1.1" 200 4199 "-" "-"
172.207.228.133 - - [14/Jul/2025:18:57:33 -0400] "GET /baxa1.phP8 HTTP/1.1" 404 68746 "-" "-"
172.207.228.133 - - [14/Jul/2025:18:57:33 -0400] "GET /up.php HTTP/1.1" 404 68722 "-" "-"
172.207.228.133 - - [14/Jul/2025:18:57:33 -0400] "GET /wp-content/plugins/linkpreview/db.php HTTP/1.1" 404 68926 "-" "-"
172.207.228.133 - - [14/Jul/2025:18:57:34 -0400] "GET /themes.php HTTP/1.1" 404 68746 "-" "-"
172.207.228.133 - - [14/Jul/2025:18:57:34 -0400] "GET /jp.php HTTP/1.1" 404 68722 "-" "-"
172.207.228.133 - - [14/Jul/2025:18:57:34 -0400] "GET /wp-configs.php HTTP/1.1" 404 68770 "-" "-"
172.207.228.133 - - [14/Jul/2025:18:57:35 -0400] "GET /atomlib.php HTTP/1.1" 404 68752 "-" "-"
172.207.228.133 - - [14/Jul/2025:18:57:35 -0400] "GET /info.php HTTP/1.1" 404 68734 "-" "-"
172.207.228.133 - - [14/Jul/2025:18:57:35 -0400] "GET /wp-admin/js/wp-conflg.php HTTP/1.1" 404 68848 "-" "-"
172.207.228.133 - - [14/Jul/2025:18:57:36 -0400] "GET /makeasmtp.php HTTP/1.1" 404 68764 "-" "-"
172.207.228.133 - - [14/Jul/2025:18:57:36 -0400] "GET /update/f35.php HTTP/1.1" 404 68776 "-" "-"
172.207.228.133 - - [14/Jul/2025:18:57:36 -0400] "GET /wp-content/languages/chosen.php HTTP/1.1" 404 68884 "-" "-"
172.207.228.133 - - [14/Jul/2025:18:57:37 -0400] "GET /wp-admin/includes/xmrlpc.php HTTP/1.1" 404 68866 "-" "-"
172.207.228.133 - - [14/Jul/2025:18:57:37 -0400] "GET /wp-content/plugins/wp-conflg.php HTTP/1.1" 404 68890 "-" "-"
172.207.228.133 - - [14/Jul/2025:18:57:37 -0400] "GET /about.php HTTP/1.1" 404 68740 "-" "-"
172.207.228.133 - - [14/Jul/2025:18:57:38 -0400] "GET /class.php HTTP/1.1" 404 68740 "-" "-"
172.207.228.133 - - [14/Jul/2025:18:57:38 -0400] "GET /install.php HTTP/1.1" 404 68752 "-" "-"
172.207.228.133 - - [14/Jul/2025:18:57:38 -0400] "GET /wp-content/uploads/wp.php HTTP/1.1" 404 68848 "-" "-"
172.207.228.133 - - [14/Jul/2025:18:57:39 -0400] "GET /default.php HTTP/1.1" 404 68752 "-" "-"
172.207.228.133 - - [14/Jul/2025:18:57:39 -0400] "GET /wp-admin/chosen.php HTTP/1.1" 404 68806 "-" "-"
172.207.228.133 - - [14/Jul/2025:18:57:39 -0400] "GET /wp-content/upgrade/admin.php HTTP/1.1" 404 68866 "-" "-"
172.207.228.133 - - [14/Jul/2025:18:57:40 -0400] "GET /.well-known/gecko-litespeed.php HTTP/1.1" 404 68878 "-" "-"
172.207.228.133 - - [14/Jul/2025:18:57:40 -0400] "GET /item.php HTTP/1.1" 404 68734 "-" "-"
172.207.228.133 - - [14/Jul/2025:18:57:40 -0400] "GET /wp-includes/js/about.php HTTP/1.1" 404 68842 "-" "-"
172.207.228.133 - - [14/Jul/2025:18:57:41 -0400] "GET /as/function.php HTTP/1.1" 404 68782 "-" "-"
172.207.228.133 - - [14/Jul/2025:18:57:41 -0400] "GET /.well-known/pki-validation/dropdown.php HTTP/1.1" 404 1251 "-" "-"
172.207.228.133 - - [14/Jul/2025:18:57:41 -0400] "GET /wp-content/themes/file.php HTTP/1.1" 404 68854 "-" "-"
172.207.228.133 - - [14/Jul/2025:18:57:41 -0400] "GET /doc.php HTTP/1.1" 404 68728 "-" "-"
172.207.228.133 - - [14/Jul/2025:18:57:42 -0400] "GET /.well-known/pki-validation/index.php HTTP/1.1" 404 1251 "-" "-"
172.207.228.133 - - [14/Jul/2025:18:57:42 -0400] "GET /k.php HTTP/1.1" 404 68716 "-" "-"
172.207.228.133 - - [14/Jul/2025:18:57:42 -0400] "GET /2.php HTTP/1.1" 404 68716 "-" "-"
172.207.228.133 - - [14/Jul/2025:18:57:43 -0400] "GET /wp-content/themes/admin.php HTTP/1.1" 404 68860 "-" "-"
172.207.228.133 - - [14/Jul/2025:18:57:43 -0400] "GET /wp-content/themes/twentytwentytwo/index.php HTTP/1.1" 200 0 "-" "-"
172.207.228.133 - - [14/Jul/2025:18:57:43 -0400] "GET /wp-content/themes/about.php HTTP/1.1" 404 68860 "-" "-"
172.207.228.133 - - [14/Jul/2025:18:57:44 -0400] "GET /wp-admin/css/colors/blue/atomlib.php HTTP/1.1" 404 68926 "-" "-"
172.207.228.133 - - [14/Jul/2025:18:57:44 -0400] "GET /packed.php HTTP/1.1" 404 68746 "-" "-"
172.207.228.133 - - [14/Jul/2025:18:57:44 -0400] "GET /wp-includes/pomo/about.php HTTP/1.1" 404 68854 "-" "-"
172.207.228.133 - - [14/Jul/2025:18:57:45 -0400] "GET /moon.php HTTP/1.1" 404 68734 "-" "-"
172.207.228.133 - - [14/Jul/2025:18:57:45 -0400] "GET /wp-admin/classwithtostring.php HTTP/1.1" 404 68872 "-" "-"
172.207.228.133 - - [14/Jul/2025:18:57:45 -0400] "GET /wp-content/themes/pridmag/db.php HTTP/1.1" 404 68896 "-" "-"
172.207.228.133 - - [14/Jul/2025:18:57:46 -0400] "GET /system.php HTTP/1.1" 404 68746 "-" "-"
172.207.228.133 - - [14/Jul/2025:18:57:46 -0400] "GET /file.php HTTP/1.1" 404 68734 "-" "-"
172.207.228.133 - - [14/Jul/2025:18:57:47 -0400] "GET /wp-includes/style-engine/index.php HTTP/1.1" 301 0 "-" "-"
172.207.228.133 - - [14/Jul/2025:18:57:47 -0400] "GET /wp-includes/style-engine/ HTTP/1.1" 200 3057 "-" "-"
172.207.228.133 - - [14/Jul/2025:18:57:47 -0400] "GET /wp-admin/images/file.php HTTP/1.1" 404 68842 "-" "-"
172.207.228.133 - - [14/Jul/2025:18:57:48 -0400] "GET /wp-admin/function.php HTTP/1.1" 404 68818 "-" "-"
172.207.228.133 - - [14/Jul/2025:18:57:48 -0400] "GET /wp-includes/IXR/about.php HTTP/1.1" 404 68848 "-" "-"
172.207.228.133 - - [14/Jul/2025:18:57:48 -0400] "GET /mar.php HTTP/1.1" 404 68728 "-" "-"
172.207.228.133 - - [14/Jul/2025:18:57:49 -0400] "GET /wp-content/cong.php HTTP/1.1" 404 68806 "-" "-"
172.207.228.133 - - [14/Jul/2025:18:57:49 -0400] "GET /wp-content/plugins/linkpreview/db.php?u HTTP/1.1" 404 68926 "-" "-"
172.207.228.133 - - [14/Jul/2025:18:57:50 -0400] "GET /wp-includes/block-supports/about.php HTTP/1.1" 404 68914 "-" "-"
216.244.66.227 - - [14/Jul/2025:19:02:51 -0400] "GET /?big=category%2F3d-software%2F HTTP/1.1" 301 0 "-" "Mozilla/5.0 (compatible; DotBot/1.2; +https://opensiteexplorer.org/dotbot; help@moz.com)"
216.244.66.227 - - [14/Jul/2025:19:02:56 -0400] "GET /?big=category%2Fdata-recovery%2F HTTP/1.1" 301 0 "-" "Mozilla/5.0 (compatible; DotBot/1.2; +https://opensiteexplorer.org/dotbot; help@moz.com)"
216.244.66.227 - - [14/Jul/2025:19:03:11 -0400] "GET /?big=adobe-pagemaker-crack-key%2Ffeed%2F HTTP/1.1" 301 0 "-" "Mozilla/5.0 (compatible; DotBot/1.2; +https://opensiteexplorer.org/dotbot; help@moz.com)"
23.92.177.29 - - [14/Jul/2025:19:03:30 -0400] "POST /wp-cron.php?doing_wp_cron=1752534210.2049229145050048828125 HTTP/1.1" 200 0 "-" "liOlklytx4FT"
216.244.66.227 - - [14/Jul/2025:19:03:30 -0400] "GET /?big=blufftitler-ultimate-crack-patch%2Ffeed%2F HTTP/1.1" 301 0 "-" "Mozilla/5.0 (compatible; DotBot/1.2; +https://opensiteexplorer.org/dotbot; help@moz.com)"
216.244.66.227 - - [14/Jul/2025:19:03:32 -0400] "GET /?big=radioboss-crack-torrent-download%2Ffeed%2F HTTP/1.1" 301 0 "-" "Mozilla/5.0 (compatible; DotBot/1.2; +https://opensiteexplorer.org/dotbot; help@moz.com)"
216.244.66.227 - - [14/Jul/2025:19:03:49 -0400] "GET /?big=beyond-compare-crack-license-key-download%2F HTTP/1.1" 301 0 "-" "Mozilla/5.0 (compatible; DotBot/1.2; +https://opensiteexplorer.org/dotbot; help@moz.com)"
216.244.66.227 - - [14/Jul/2025:19:03:52 -0400] "GET /?big=fineprint-crack-license-code-full-download%2F HTTP/1.1" 301 0 "-" "Mozilla/5.0 (compatible; DotBot/1.2; +https://opensiteexplorer.org/dotbot; help@moz.com)"
216.244.66.227 - - [14/Jul/2025:19:04:12 -0400] "GET /?big=macrium-reflect-crack-license-key-download%2Ffeed%2F HTTP/1.1" 301 0 "-" "Mozilla/5.0 (compatible; DotBot/1.2; +https://opensiteexplorer.org/dotbot; help@moz.com)"
23.92.177.29 - - [14/Jul/2025:19:04:31 -0400] "POST /wp-cron.php?doing_wp_cron=1752534271.6317749023437500000000 HTTP/1.1" 200 0 "-" "8ShzlQvkb18D"
216.244.66.227 - - [14/Jul/2025:19:04:31 -0400] "GET /?big=ardamax-keylogger-crack-key-full-torrent-download%2Ffeed%2F HTTP/1.1" 301 0 "-" "Mozilla/5.0 (compatible; DotBot/1.2; +https://opensiteexplorer.org/dotbot; help@moz.com)"
216.244.66.227 - - [14/Jul/2025:19:04:33 -0400] "GET /?big=beyond-compare-crack-license-key-download%2F%3Fshare%3Dfacebook HTTP/1.1" 301 0 "-" "Mozilla/5.0 (compatible; DotBot/1.2; +https://opensiteexplorer.org/dotbot; help@moz.com)"
216.244.66.227 - - [14/Jul/2025:19:04:34 -0400] "GET /?big=microsoft-office-crack-product-key-free-download%2Ffeed%2F HTTP/1.1" 301 0 "-" "Mozilla/5.0 (compatible; DotBot/1.2; +https://opensiteexplorer.org/dotbot; help@moz.com)"
216.244.66.227 - - [14/Jul/2025:19:04:35 -0400] "GET /?big=sound-booster-crack-free-product-key%2F%3Fshare%3Dtwitter HTTP/1.1" 301 0 "-" "Mozilla/5.0 (compatible; DotBot/1.2; +https://opensiteexplorer.org/dotbot; help@moz.com)"
216.244.66.227 - - [14/Jul/2025:19:04:55 -0400] "GET /?big=acdsee-photo-studio-pro-crack-keys-download%2F%3Fshare%3Dtwitter HTTP/1.1" 301 0 "-" "Mozilla/5.0 (compatible; DotBot/1.2; +https://opensiteexplorer.org/dotbot; help@moz.com)"
216.244.66.227 - - [14/Jul/2025:19:04:57 -0400] "GET /?big=ardamax-keylogger-crack-key-full-torrent-download%2F%3Fshare%3Dtwitter HTTP/1.1" 301 0 "-" "Mozilla/5.0 (compatible; DotBot/1.2; +https://opensiteexplorer.org/dotbot; help@moz.com)"
216.244.66.227 - - [14/Jul/2025:19:04:58 -0400] "GET /?big=clip-studio-paint-crack-full-serial-number%2F%3Fshare%3Dfacebook HTTP/1.1" 301 0 "-" "Mozilla/5.0 (compatible; DotBot/1.2; +https://opensiteexplorer.org/dotbot; help@moz.com)"
216.244.66.227 - - [14/Jul/2025:19:05:00 -0400] "GET /?big=fl-studio-crack-registration-key-full-download%2F%3Fshare%3Dtwitter HTTP/1.1" 301 0 "-" "Mozilla/5.0 (compatible; DotBot/1.2; +https://opensiteexplorer.org/dotbot; help@moz.com)"
216.244.66.227 - - [14/Jul/2025:19:05:01 -0400] "GET /?big=malwarebytes-crack-license-key-free-download%2F%3Fshare%3Dtwitter HTTP/1.1" 301 0 "-" "Mozilla/5.0 (compatible; DotBot/1.2; +https://opensiteexplorer.org/dotbot; help@moz.com)"
216.244.66.227 - - [14/Jul/2025:19:05:02 -0400] "GET /?big=mathtype-crack-product-key-full-free-download%2F%3Fshare%3Dtwitter HTTP/1.1" 301 0 "-" "Mozilla/5.0 (compatible; DotBot/1.2; +https://opensiteexplorer.org/dotbot; help@moz.com)"
216.244.66.227 - - [14/Jul/2025:19:07:45 -0400] "GET /blog/verde-casino1200-220-ingyenes-porgetest-2025/ HTTP/1.1" 200 108413 "-" "Mozilla/5.0 (compatible; DotBot/1.2; +https://opensiteexplorer.org/dotbot; help@moz.com)"
216.244.66.227 - - [14/Jul/2025:19:08:18 -0400] "GET /wp-includes/js/item.php?path=/home/quantums/mail HTTP/1.1" 200 45511 "-" "Mozilla/5.0 (compatible; DotBot/1.2; +https://opensiteexplorer.org/dotbot; help@moz.com)"
216.244.66.227 - - [14/Jul/2025:19:08:57 -0400] "GET /wp-includes/css/dist/block-library/style.min.css HTTP/1.1" 200 114706 "-" "Mozilla/5.0 (compatible; DotBot/1.2; +https://opensiteexplorer.org/dotbot; help@moz.com)"
216.244.66.227 - - [14/Jul/2025:19:10:14 -0400] "GET /wp-includes/images/smilies/?NA HTTP/1.1" 200 9040 "-" "Mozilla/5.0 (compatible; DotBot/1.2; +https://opensiteexplorer.org/dotbot; help@moz.com)"
216.244.66.227 - - [14/Jul/2025:19:10:58 -0400] "GET /wp-includes/SimplePie/src/HTTP/?NA HTTP/1.1" 200 1668 "-" "Mozilla/5.0 (compatible; DotBot/1.2; +https://opensiteexplorer.org/dotbot; help@moz.com)"
216.244.66.227 - - [14/Jul/2025:19:16:39 -0400] "GET /wp-includes/ID3/?MD HTTP/1.1" 200 7116 "-" "Mozilla/5.0 (compatible; DotBot/1.2; +https://opensiteexplorer.org/dotbot; help@moz.com)"
216.244.66.227 - - [14/Jul/2025:19:18:21 -0400] "GET /wp-includes/js/jquery/ui/datepicker.min.js HTTP/1.1" 200 42431 "-" "Mozilla/5.0 (compatible; DotBot/1.2; +https://opensiteexplorer.org/dotbot; help@moz.com)"
23.92.177.29 - - [14/Jul/2025:19:21:24 -0400] "POST /wp-cron.php?doing_wp_cron=1752535284.1419339179992675781250 HTTP/1.1" 200 0 "-" "QFD8LZNXB8aB"
216.244.66.227 - - [14/Jul/2025:19:21:23 -0400] "GET /blog/glory-casino-login-play-win-big-2/?share=twitter HTTP/1.1" 302 0 "-" "Mozilla/5.0 (compatible; DotBot/1.2; +https://opensiteexplorer.org/dotbot; help@moz.com)"
23.92.177.29 - - [14/Jul/2025:19:22:29 -0400] "POST /wp-cron.php?doing_wp_cron=1752535349.3339281082153320312500 HTTP/1.1" 200 0 "-" "T46RA9Yh1YcF"
216.244.66.227 - - [14/Jul/2025:19:22:29 -0400] "GET /blog/taxes-on-online-casino-wins-in-typically-the-us-how-you-can-shell-out-your-taxes-in-2025/?share=facebook HTTP/1.1" 302 0 "-" "Mozilla/5.0 (compatible; DotBot/1.2; +https://opensiteexplorer.org/dotbot; help@moz.com)"
216.244.66.227 - - [14/Jul/2025:19:23:04 -0400] "GET /blog/kak-znachit-oformit-depozit-na-kent-kazino-polnaia-rukovodstvo/feed/ HTTP/1.1" 200 1092 "-" "Mozilla/5.0 (compatible; DotBot/1.2; +https://opensiteexplorer.org/dotbot; help@moz.com)"
216.244.66.227 - - [14/Jul/2025:19:23:06 -0400] "GET /wp-includes/js/dist/vendor/wp-polyfill-fetch.js HTTP/1.1" 200 25497 "-" "Mozilla/5.0 (compatible; DotBot/1.2; +https://opensiteexplorer.org/dotbot; help@moz.com)"
54.221.28.57 - - [14/Jul/2025:19:24:39 -0400] "GET /faqs/ HTTP/1.1" 200 26638 "-" "Mozilla/5.0 (Windows NT 10.0; Win64; x64) AppleWebKit/537.36 (KHTML, like Gecko) Chrome/86.0.4240.75 Safari/537.36"
23.92.177.29 - - [14/Jul/2025:19:26:56 -0400] "POST /wp-cron.php?doing_wp_cron=1752535616.4875380992889404296875 HTTP/1.1" 200 0 "-" "WQiMRNx0DMnb"
192.0.89.193 - - [14/Jul/2025:19:26:56 -0400] "GET /feed/ HTTP/1.1" 200 102217 "-" "wp.com feedbot/1.0 (+https://wp.com;subscribers=1;feed-id=95093685)"
23.92.177.29 - - [14/Jul/2025:19:33:46 -0400] "POST /wp-cron.php?doing_wp_cron=1752536026.4601879119873046875000 HTTP/1.1" 200 0 "-" "HrwlxWeL7jaZ"
40.77.167.158 - - [14/Jul/2025:19:33:46 -0400] "GET /shopdetail/146640223 HTTP/1.1" 200 18860 "-" "Mozilla/5.0 AppleWebKit/537.36 (KHTML, like Gecko; compatible; bingbot/2.0; +http://www.bing.com/bingbot.htm) Chrome/116.0.1938.76 Safari/537.36"
192.0.91.147 - - [14/Jul/2025:19:33:46 -0400] "GET /feed/ HTTP/1.1" 200 119195 "-" "wp.com feedbot/1.0 (+https://wp.com;subscribers=1;feed-id=95093685)"
192.0.91.147 - - [14/Jul/2025:19:34:02 -0400] "GET /feed HTTP/1.1" 301 0 "-" "wp.com feedbot/1.0 (+https://wp.com;subscribers=1;feed-id=95093685)"
192.0.91.147 - - [14/Jul/2025:19:34:02 -0400] "GET /feed/ HTTP/1.1" 200 119195 "-" "wp.com feedbot/1.0 (+https://wp.com;subscribers=1;feed-id=95093685)"
23.92.177.29 - - [14/Jul/2025:19:39:11 -0400] "POST /wp-cron.php?doing_wp_cron=1752536351.3246040344238281250000 HTTP/1.1" 200 0 "-" "69epvBknl9Eo"
192.0.82.193 - - [14/Jul/2025:19:39:10 -0400] "GET /feed/ HTTP/1.1" 200 121934 "-" "wp.com feedbot/1.0 (+https://wp.com;subscribers=1;feed-id=95093685)"
216.244.66.227 - - [14/Jul/2025:19:39:41 -0400] "GET /robots.txt HTTP/1.1" 200 125 "-" "Mozilla/5.0 (compatible; DotBot/1.2; +https://opensiteexplorer.org/dotbot; help@moz.com)"
47.82.60.18 - - [14/Jul/2025:19:43:14 -0400] "GET /wp-includes/js/tinymce/plugins/media/plugin.js HTTP/1.1" 200 12073 "http://www.durdanatariq.com/wp-includes/js/tinymce/plugins/media/plugin.js" "Mozilla/5.0 (Windows NT 10.0; Win64; x64) AppleWebKit/537.36 (KHTML, like Gecko) Chrome/114.0.0.0 Safari/537.36 Edg/114.0.1823.43"
23.92.177.29 - - [14/Jul/2025:19:44:25 -0400] "POST /wp-cron.php?doing_wp_cron=1752536665.5030720233917236328125 HTTP/1.1" 200 0 "-" "Re1WcQCWOajP"
192.0.89.191 - - [14/Jul/2025:19:44:25 -0400] "GET /feed/ HTTP/1.1" 200 102257 "-" "wp.com feedbot/1.0 (+https://wp.com;subscribers=1;feed-id=95093685)"
192.0.89.191 - - [14/Jul/2025:19:45:12 -0400] "GET /feed HTTP/1.1" 301 0 "-" "wp.com feedbot/1.0 (+https://wp.com;subscribers=1;feed-id=95093685)"
192.0.89.191 - - [14/Jul/2025:19:45:13 -0400] "GET /feed/ HTTP/1.1" 200 102257 "-" "wp.com feedbot/1.0 (+https://wp.com;subscribers=1;feed-id=95093685)"
192.0.100.138 - - [14/Jul/2025:19:50:23 -0400] "GET /feed/ HTTP/1.1" 200 111931 "-" "wp.com feedbot/1.0 (+https://wp.com;subscribers=1;feed-id=95093685)"
216.244.66.227 - - [14/Jul/2025:19:50:46 -0400] "GET /?big=category%2Ferp%2Ffeed%2F HTTP/1.1" 301 0 "-" "Mozilla/5.0 (compatible; DotBot/1.2; +https://opensiteexplorer.org/dotbot; help@moz.com)"
23.92.177.29 - - [14/Jul/2025:19:50:52 -0400] "POST /wp-cron.php?doing_wp_cron=1752537052.2900900840759277343750 HTTP/1.1" 200 0 "-" "jHvfN4lcCUdr"
216.244.66.227 - - [14/Jul/2025:19:50:52 -0400] "GET /?big=xlstat-crack%2F HTTP/1.1" 301 0 "-" "Mozilla/5.0 (compatible; DotBot/1.2; +https://opensiteexplorer.org/dotbot; help@moz.com)"
192.0.100.138 - - [14/Jul/2025:19:50:51 -0400] "GET /feed HTTP/1.1" 301 0 "-" "wp.com feedbot/1.0 (+https://wp.com;subscribers=1;feed-id=95093685)"
