216.244.66.227 - - [14/Jul/2025:13:33:47 -0400] "GET /?big=duplicate-photo-cleaner-crack-license-key%2F%3Fshare%3Dfacebook HTTP/1.1" 301 0 "-" "Mozilla/5.0 (compatible; DotBot/1.2; +https://opensiteexplorer.org/dotbot; help@moz.com)"
216.244.66.227 - - [14/Jul/2025:13:33:53 -0400] "GET /?big=fineprint-crack-license-code-full-download%2F%3Fshare%3Dtwitter HTTP/1.1" 301 0 "-" "Mozilla/5.0 (compatible; DotBot/1.2; +https://opensiteexplorer.org/dotbot; help@moz.com)"
216.244.66.227 - - [14/Jul/2025:13:33:58 -0400] "GET /?big=iphone-backup-extractor-crack-activation-key-download%2Ffeed%2F HTTP/1.1" 301 0 "-" "Mozilla/5.0 (compatible; DotBot/1.2; +https://opensiteexplorer.org/dotbot; help@moz.com)"
216.244.66.227 - - [14/Jul/2025:13:34:29 -0400] "GET /?big=camtasia-studio-crack-serial-key-free-download%2F%3Fshare%3Dfacebook HTTP/1.1" 301 0 "-" "Mozilla/5.0 (compatible; DotBot/1.2; +https://opensiteexplorer.org/dotbot; help@moz.com)"
216.244.66.227 - - [14/Jul/2025:13:34:34 -0400] "GET /?big=camtasia-studio-crack-serial-key-free-download-v1%2F%3Fshare%3Dfacebook HTTP/1.1" 301 0 "-" "Mozilla/5.0 (compatible; DotBot/1.2; +https://opensiteexplorer.org/dotbot; help@moz.com)"
216.244.66.227 - - [14/Jul/2025:13:34:37 -0400] "GET /?big=driver-booster-pro-crack-license-key-free-download%2F%3Fshare%3Dtwitter HTTP/1.1" 301 0 "-" "Mozilla/5.0 (compatible; DotBot/1.2; +https://opensiteexplorer.org/dotbot; help@moz.com)"
216.244.66.227 - - [14/Jul/2025:13:34:40 -0400] "GET /?big=expert-pdf-crack-professional-version-incl-keygen%2F%3Fshare%3Dtwitter HTTP/1.1" 301 0 "-" "Mozilla/5.0 (compatible; DotBot/1.2; +https://opensiteexplorer.org/dotbot; help@moz.com)"
216.244.66.227 - - [14/Jul/2025:13:34:43 -0400] "GET /?big=windows-10-crack-download-with-activation-code%2F%3Fshare%3Dtwitter HTTP/1.1" 301 0 "-" "Mozilla/5.0 (compatible; DotBot/1.2; +https://opensiteexplorer.org/dotbot; help@moz.com)"
216.244.66.227 - - [14/Jul/2025:13:34:45 -0400] "GET /?big=windows-8-activation-key-full-working-download%2F%3Fshare%3Dtwitter HTTP/1.1" 301 0 "-" "Mozilla/5.0 (compatible; DotBot/1.2; +https://opensiteexplorer.org/dotbot; help@moz.com)"
216.244.66.227 - - [14/Jul/2025:13:35:16 -0400] "GET /?big=bitdefender-total-security-crack-license-key-download%2F%3Fshare%3Dfacebook HTTP/1.1" 301 0 "-" "Mozilla/5.0 (compatible; DotBot/1.2; +https://opensiteexplorer.org/dotbot; help@moz.com)"
216.244.66.227 - - [14/Jul/2025:13:35:18 -0400] "GET /?big=pubg-pc-crack-full-version-with-cd-key-new-season-download%2F%3Fshare%3Dfacebook HTTP/1.1" 301 0 "-" "Mozilla/5.0 (compatible; DotBot/1.2; +https://opensiteexplorer.org/dotbot; help@moz.com)"
216.244.66.227 - - [14/Jul/2025:13:36:49 -0400] "GET /blog/gioca-crazy-time-on-the-internet-in-italia/feed/ HTTP/1.1" 200 979 "-" "Mozilla/5.0 (compatible; DotBot/1.2; +https://opensiteexplorer.org/dotbot; help@moz.com)"
216.244.66.227 - - [14/Jul/2025:13:47:28 -0400] "GET /wp-includes/css/dist/block-editor/?MA HTTP/1.1" 200 5606 "-" "Mozilla/5.0 (compatible; DotBot/1.2; +https://opensiteexplorer.org/dotbot; help@moz.com)"
216.244.66.227 - - [14/Jul/2025:13:47:29 -0400] "GET /wp-includes/css/dist/components/?SA HTTP/1.1" 200 2506 "-" "Mozilla/5.0 (compatible; DotBot/1.2; +https://opensiteexplorer.org/dotbot; help@moz.com)"
216.244.66.227 - - [14/Jul/2025:13:48:20 -0400] "GET /wp-includes/css/dist/reusable-blocks/?NA HTTP/1.1" 200 2528 "-" "Mozilla/5.0 (compatible; DotBot/1.2; +https://opensiteexplorer.org/dotbot; help@moz.com)"
216.244.66.227 - - [14/Jul/2025:13:48:21 -0400] "GET /wp-includes/sodium_compat/src/Core/SecretStream/?MA HTTP/1.1" 200 1724 "-" "Mozilla/5.0 (compatible; DotBot/1.2; +https://opensiteexplorer.org/dotbot; help@moz.com)"
216.244.66.227 - - [14/Jul/2025:13:52:00 -0400] "GET /wp-includes/sodium_compat/src/Core/?ND HTTP/1.1" 200 8825 "-" "Mozilla/5.0 (compatible; DotBot/1.2; +https://opensiteexplorer.org/dotbot; help@moz.com)"
216.244.66.227 - - [14/Jul/2025:13:53:50 -0400] "GET /blog/samye-rossiiskie-onlain-kazino-reiting-top-kazino-rossii/?share=facebook HTTP/1.1" 302 0 "-" "Mozilla/5.0 (compatible; DotBot/1.2; +https://opensiteexplorer.org/dotbot; help@moz.com)"
216.244.66.227 - - [14/Jul/2025:13:54:51 -0400] "GET /wp-includes/Text/Diff/Renderer/?SD HTTP/1.1" 200 1664 "-" "Mozilla/5.0 (compatible; DotBot/1.2; +https://opensiteexplorer.org/dotbot; help@moz.com)"
216.244.66.227 - - [14/Jul/2025:13:55:49 -0400] "GET /wp-includes/js/jquery/ui/checkboxradio.js HTTP/1.1" 200 13271 "-" "Mozilla/5.0 (compatible; DotBot/1.2; +https://opensiteexplorer.org/dotbot; help@moz.com)"
216.244.66.227 - - [14/Jul/2025:13:55:50 -0400] "GET /wp-includes/js/jquery/ui/effect-blind.js HTTP/1.1" 200 7326 "-" "Mozilla/5.0 (compatible; DotBot/1.2; +https://opensiteexplorer.org/dotbot; help@moz.com)"
216.244.66.227 - - [14/Jul/2025:13:55:51 -0400] "GET /wp-includes/js/jquery/ui/progressbar.js HTTP/1.1" 200 9921 "-" "Mozilla/5.0 (compatible; DotBot/1.2; +https://opensiteexplorer.org/dotbot; help@moz.com)"
216.244.66.227 - - [14/Jul/2025:13:55:52 -0400] "GET /wp-includes/sodium_compat/namespaced/Core/?SD HTTP/1.1" 200 6804 "-" "Mozilla/5.0 (compatible; DotBot/1.2; +https://opensiteexplorer.org/dotbot; help@moz.com)"
216.244.66.227 - - [14/Jul/2025:13:56:49 -0400] "GET /wp-includes/js/tinymce/plugins/wplink/ HTTP/1.1" 200 1974 "-" "Mozilla/5.0 (compatible; DotBot/1.2; +https://opensiteexplorer.org/dotbot; help@moz.com)"
216.244.66.227 - - [14/Jul/2025:13:56:50 -0400] "GET /wp-includes/js/tinymce/skins/lightgray/skin.min.css HTTP/1.1" 200 44010 "-" "Mozilla/5.0 (compatible; DotBot/1.2; +https://opensiteexplorer.org/dotbot; help@moz.com)"
47.82.60.49 - - [14/Jul/2025:14:01:48 -0400] "GET /wp-includes/Requests/src/Exception/Http/Status306.php HTTP/1.1" 500 0 "http://www.durdanatariq.com/wp-includes/Requests/src/Exception/Http/Status306.php" "Mozilla/5.0 (Windows NT 10.0; Win64; x64) AppleWebKit/537.36 (KHTML, like Gecko) Chrome/114.0.0.0 Safari/537.36 Edg/114.0.1823.43"
216.244.66.227 - - [14/Jul/2025:14:04:41 -0400] "GET /robots.txt HTTP/1.1" 200 125 "-" "Mozilla/5.0 (compatible; DotBot/1.2; +https://opensiteexplorer.org/dotbot; help@moz.com)"
216.244.66.227 - - [14/Jul/2025:14:17:43 -0400] "GET /?big=audials-one-crack-key-torrent-download%2F HTTP/1.1" 301 0 "-" "Mozilla/5.0 (compatible; DotBot/1.2; +https://opensiteexplorer.org/dotbot; help@moz.com)"
216.244.66.227 - - [14/Jul/2025:14:17:49 -0400] "GET /?big=sketchup-crack-keygen-torrent-download%2F HTTP/1.1" 301 0 "-" "Mozilla/5.0 (compatible; DotBot/1.2; +https://opensiteexplorer.org/dotbot; help@moz.com)"
216.244.66.227 - - [14/Jul/2025:14:18:12 -0400] "GET /?big=cleanmypc-crack-activation-code-download-v2%2F HTTP/1.1" 301 0 "-" "Mozilla/5.0 (compatible; DotBot/1.2; +https://opensiteexplorer.org/dotbot; help@moz.com)"
216.244.66.227 - - [14/Jul/2025:14:18:17 -0400] "GET /?big=fl-studio-crack-keygen-full-zip-file-download%2F HTTP/1.1" 301 0 "-" "Mozilla/5.0 (compatible; DotBot/1.2; +https://opensiteexplorer.org/dotbot; help@moz.com)"
23.92.177.29 - - [14/Jul/2025:14:18:21 -0400] "POST /wp-cron.php?doing_wp_cron=1752517101.7703640460968017578125 HTTP/1.1" 200 0 "-" "0MMVXSpm6F3M"
216.244.66.227 - - [14/Jul/2025:14:18:21 -0400] "GET /?big=kmspico-activator-final-for-office-16-download%2F HTTP/1.1" 301 0 "-" "Mozilla/5.0 (compatible; DotBot/1.2; +https://opensiteexplorer.org/dotbot; help@moz.com)"
216.244.66.227 - - [14/Jul/2025:14:18:45 -0400] "GET /?big=kmspico-activator-for-windows-full-download%2Ffeed%2F HTTP/1.1" 301 0 "-" "Mozilla/5.0 (compatible; DotBot/1.2; +https://opensiteexplorer.org/dotbot; help@moz.com)"
216.244.66.227 - - [14/Jul/2025:14:18:47 -0400] "GET /?big=mcafee-livesafe-crack-activation-key-full-download%2F HTTP/1.1" 301 0 "-" "Mozilla/5.0 (compatible; DotBot/1.2; +https://opensiteexplorer.org/dotbot; help@moz.com)"
216.244.66.227 - - [14/Jul/2025:14:18:48 -0400] "GET /?big=rekordbox-dj-crack-license-key-download-win-mac%2F HTTP/1.1" 301 0 "-" "Mozilla/5.0 (compatible; DotBot/1.2; +https://opensiteexplorer.org/dotbot; help@moz.com)"
216.244.66.227 - - [14/Jul/2025:14:18:50 -0400] "GET /?big=unhackme-crack-license-key-torrent-download%2Ffeed%2F HTTP/1.1" 301 0 "-" "Mozilla/5.0 (compatible; DotBot/1.2; +https://opensiteexplorer.org/dotbot; help@moz.com)"
216.244.66.227 - - [14/Jul/2025:14:18:51 -0400] "GET /?big=unity-crack-serial-number-download-win-mac%2Ffeed%2F HTTP/1.1" 301 0 "-" "Mozilla/5.0 (compatible; DotBot/1.2; +https://opensiteexplorer.org/dotbot; help@moz.com)"
216.244.66.227 - - [14/Jul/2025:14:19:18 -0400] "GET /?big=kmspico-activator-office-full-download%2F%3Fshare%3Dtwitter HTTP/1.1" 301 0 "-" "Mozilla/5.0 (compatible; DotBot/1.2; +https://opensiteexplorer.org/dotbot; help@moz.com)"
216.244.66.227 - - [14/Jul/2025:14:20:34 -0400] "GET /?big=adobe-photoshop-elements-crack-key-updated-free-download%2F%3Fshare%3Dtwitter HTTP/1.1" 301 0 "-" "Mozilla/5.0 (compatible; DotBot/1.2; +https://opensiteexplorer.org/dotbot; help@moz.com)"
216.244.66.227 - - [14/Jul/2025:14:29:54 -0400] "GET /wp-includes/css/dist/block-directory/style-rtl.css HTTP/1.1" 200 4157 "-" "Mozilla/5.0 (compatible; DotBot/1.2; +https://opensiteexplorer.org/dotbot; help@moz.com)"
216.244.66.227 - - [14/Jul/2025:14:29:55 -0400] "GET /wp-includes/sodium_compat/src/PHP52/ HTTP/1.1" 200 1707 "-" "Mozilla/5.0 (compatible; DotBot/1.2; +https://opensiteexplorer.org/dotbot; help@moz.com)"
47.82.60.41 - - [14/Jul/2025:14:31:13 -0400] "GET /wp-includes/Requests/src/Exception/Http/Status431.php HTTP/1.1" 500 0 "http://www.durdanatariq.com/wp-includes/Requests/src/Exception/Http/Status431.php" "Mozilla/5.0 (Windows NT 10.0; Win64; x64) AppleWebKit/537.36 (KHTML, like Gecko) Chrome/114.0.0.0 Safari/537.36 Edg/114.0.1823.43"
216.244.66.227 - - [14/Jul/2025:14:33:06 -0400] "GET /wp-includes/SimplePie/src/Content/Type/?SA HTTP/1.1" 200 1702 "-" "Mozilla/5.0 (compatible; DotBot/1.2; +https://opensiteexplorer.org/dotbot; help@moz.com)"
216.244.66.227 - - [14/Jul/2025:14:33:07 -0400] "GET /wp-includes/css/dist/edit-widgets/?NA HTTP/1.1" 200 2518 "-" "Mozilla/5.0 (compatible; DotBot/1.2; +https://opensiteexplorer.org/dotbot; help@moz.com)"
222.79.104.23 - - [14/Jul/2025:14:34:54 -0400] "GET / HTTP/1.1" 301 0 "-" "Mozilla/5.0 (iPhone; CPU iPhone OS 13_2_3 like Mac OS X) AppleWebKit/605.1.15 (KHTML, like Gecko) Version/13.0.3 Mobile/15E148 Safari/604.1"
216.244.66.227 - - [14/Jul/2025:14:35:42 -0400] "GET /wp-includes/rest-api/?MD HTTP/1.1" 200 3900 "-" "Mozilla/5.0 (compatible; DotBot/1.2; +https://opensiteexplorer.org/dotbot; help@moz.com)"
216.244.66.227 - - [14/Jul/2025:14:39:14 -0400] "GET /wp-includes/css/dist/edit-widgets/?SD HTTP/1.1" 200 2519 "-" "Mozilla/5.0 (compatible; DotBot/1.2; +https://opensiteexplorer.org/dotbot; help@moz.com)"
216.244.66.227 - - [14/Jul/2025:14:41:02 -0400] "GET /wp-includes/js/tinymce/plugins/compat3x/plugin.min.js HTTP/1.1" 200 9812 "-" "Mozilla/5.0 (compatible; DotBot/1.2; +https://opensiteexplorer.org/dotbot; help@moz.com)"
47.82.60.46 - - [14/Jul/2025:14:42:06 -0400] "GET /wp-includes/Requests/src/Exception/Http/error_log HTTP/1.1" 403 1242 "http://www.durdanatariq.com/wp-includes/Requests/src/Exception/Http/error_log" "Mozilla/5.0 (Windows NT 10.0; Win64; x64) AppleWebKit/537.36 (KHTML, like Gecko) Chrome/114.0.0.0 Safari/537.36 Edg/114.0.1823.43"
216.244.66.227 - - [14/Jul/2025:14:42:54 -0400] "GET /wp-includes/js/item.php?path=/home/quantums/durdanatariq.com/wp-includes/js/jquery&aksi=ransom HTTP/1.1" 200 27834 "-" "Mozilla/5.0 (compatible; DotBot/1.2; +https://opensiteexplorer.org/dotbot; help@moz.com)"
47.82.60.8 - - [14/Jul/2025:14:51:05 -0400] "GET /wp-includes/js/tinymce/plugins/wordpress/plugin.min.js HTTP/1.1" 200 9330 "http://www.durdanatariq.com/wp-includes/js/tinymce/plugins/wordpress/plugin.min.js" "Mozilla/5.0 (Windows NT 10.0; Win64; x64) AppleWebKit/537.36 (KHTML, like Gecko) Chrome/114.0.0.0 Safari/537.36 Edg/114.0.1823.43"
52.167.144.66 - - [14/Jul/2025:14:51:20 -0400] "GET /robots.txt HTTP/1.1" 200 125 "-" "Mozilla/5.0 AppleWebKit/537.36 (KHTML, like Gecko; compatible; bingbot/2.0; +http://www.bing.com/bingbot.htm) Chrome/116.0.1938.76 Safari/537.36"
216.244.66.227 - - [14/Jul/2025:14:51:22 -0400] "GET /robots.txt HTTP/1.1" 200 125 "-" "Mozilla/5.0 (compatible; DotBot/1.2; +https://opensiteexplorer.org/dotbot; help@moz.com)"
40.77.167.41 - - [14/Jul/2025:14:51:30 -0400] "GET /shopdetail/261576023 HTTP/1.1" 200 20028 "-" "Mozilla/5.0 AppleWebKit/537.36 (KHTML, like Gecko; compatible; bingbot/2.0; +http://www.bing.com/bingbot.htm) Chrome/116.0.1938.76 Safari/537.36"
47.82.60.2 - - [14/Jul/2025:14:52:37 -0400] "GET /wp-includes/Requests/src/Exception/Http/Status409.php HTTP/1.1" 500 0 "http://www.durdanatariq.com/wp-includes/Requests/src/Exception/Http/Status409.php" "Mozilla/5.0 (Windows NT 10.0; Win64; x64) AppleWebKit/537.36 (KHTML, like Gecko) Chrome/114.0.0.0 Safari/537.36 Edg/114.0.1823.43"
171.249.211.244 - - [14/Jul/2025:14:59:39 -0400] "GET /wp-json/wp/v2/posts HTTP/1.1" 200 139220 "-" "Mozilla/5.0 (Windows NT 10.0; Win64; x64) AppleWebKit/537.36 (KHTML, like Gecko) Chrome/120.0.0.0 Safari/537.36"
216.244.66.227 - - [14/Jul/2025:15:02:31 -0400] "GET /?big=category%2Fengineering%2F HTTP/1.1" 301 0 "-" "Mozilla/5.0 (compatible; DotBot/1.2; +https://opensiteexplorer.org/dotbot; help@moz.com)"
216.244.66.227 - - [14/Jul/2025:15:03:29 -0400] "GET /?big=anytrans-crack-activation-code-generator%2F HTTP/1.1" 301 0 "-" "Mozilla/5.0 (compatible; DotBot/1.2; +https://opensiteexplorer.org/dotbot; help@moz.com)"
216.244.66.227 - - [14/Jul/2025:15:03:34 -0400] "GET /?big=category%2Fentertainment%2Fpage%2F2%2F HTTP/1.1" 301 0 "-" "Mozilla/5.0 (compatible; DotBot/1.2; +https://opensiteexplorer.org/dotbot; help@moz.com)"
216.244.66.227 - - [14/Jul/2025:15:04:02 -0400] "GET /?big=avast-cleanup-activation-code-crack%2Ffeed%2F HTTP/1.1" 301 0 "-" "Mozilla/5.0 (compatible; DotBot/1.2; +https://opensiteexplorer.org/dotbot; help@moz.com)"
216.244.66.227 - - [14/Jul/2025:15:04:07 -0400] "GET /?big=brave-browser-crack-review-download%2Ffeed%2F HTTP/1.1" 301 0 "-" "Mozilla/5.0 (compatible; DotBot/1.2; +https://opensiteexplorer.org/dotbot; help@moz.com)"
216.244.66.227 - - [14/Jul/2025:15:04:10 -0400] "GET /?big=kmsauto-net-crack-portable-winmac-download%2F HTTP/1.1" 301 0 "-" "Mozilla/5.0 (compatible; DotBot/1.2; +https://opensiteexplorer.org/dotbot; help@moz.com)"
216.244.66.227 - - [14/Jul/2025:15:04:13 -0400] "GET /?big=kmspico-activator-for-windows-8-1-download%2F HTTP/1.1" 301 0 "-" "Mozilla/5.0 (compatible; DotBot/1.2; +https://opensiteexplorer.org/dotbot; help@moz.com)"
216.244.66.227 - - [14/Jul/2025:15:04:34 -0400] "GET /?big=brave-browser-crack-review-download%2F%3Fshare%3Dtwitter HTTP/1.1" 301 0 "-" "Mozilla/5.0 (compatible; DotBot/1.2; +https://opensiteexplorer.org/dotbot; help@moz.com)"
216.244.66.227 - - [14/Jul/2025:15:04:35 -0400] "GET /?big=express-vpn-crack-activation-code%2F%3Fshare%3Dfacebook HTTP/1.1" 301 0 "-" "Mozilla/5.0 (compatible; DotBot/1.2; +https://opensiteexplorer.org/dotbot; help@moz.com)"
216.244.66.227 - - [14/Jul/2025:15:04:37 -0400] "GET /?big=fraps-crack-keygen-free-download%2F%3Fshare%3Dtwitter HTTP/1.1" 301 0 "-" "Mozilla/5.0 (compatible; DotBot/1.2; +https://opensiteexplorer.org/dotbot; help@moz.com)"
216.244.66.227 - - [14/Jul/2025:15:04:39 -0400] "GET /?big=rekordbox-dj-crack-license-key-download-win-mac%2F%3FND HTTP/1.1" 301 0 "-" "Mozilla/5.0 (compatible; DotBot/1.2; +https://opensiteexplorer.org/dotbot; help@moz.com)"
216.244.66.227 - - [14/Jul/2025:15:05:03 -0400] "GET /?big=wintousb-enterprise-crack-keygen-download%2F%3Fshare%3Dtwitter HTTP/1.1" 301 0 "-" "Mozilla/5.0 (compatible; DotBot/1.2; +https://opensiteexplorer.org/dotbot; help@moz.com)"
216.244.66.227 - - [14/Jul/2025:15:05:43 -0400] "GET /?big=windows-8-activation-key-full-working-download%2F%3Fshare%3Dfacebook HTTP/1.1" 301 0 "-" "Mozilla/5.0 (compatible; DotBot/1.2; +https://opensiteexplorer.org/dotbot; help@moz.com)"
23.92.177.29 - - [14/Jul/2025:15:07:24 -0400] "POST /wp-cron.php?doing_wp_cron=1752520044.5071148872375488281250 HTTP/1.1" 200 0 "-" "M2wAopQrRJfa"
216.244.66.227 - - [14/Jul/2025:15:07:24 -0400] "GET /?big=microsoft-office-2019-full-crack-product-key-download%2F%3Fshare%3Dfacebook HTTP/1.1" 301 0 "-" "Mozilla/5.0 (compatible; DotBot/1.2; +https://opensiteexplorer.org/dotbot; help@moz.com)"
216.244.66.227 - - [14/Jul/2025:15:07:25 -0400] "GET /?big=plumbytes-anti-malware-crack-license-key-free-download%2F%3Fshare%3Dfacebook HTTP/1.1" 301 0 "-" "Mozilla/5.0 (compatible; DotBot/1.2; +https://opensiteexplorer.org/dotbot; help@moz.com)"
216.244.66.227 - - [14/Jul/2025:15:09:58 -0400] "GET /blog/ramenbet-promokod-zerkalo-ramen-bet-casino-ramenbet-kazino/?share=twitter HTTP/1.1" 302 0 "-" "Mozilla/5.0 (compatible; DotBot/1.2; +https://opensiteexplorer.org/dotbot; help@moz.com)"
216.244.66.227 - - [14/Jul/2025:15:15:02 -0400] "GET /blog/1win-promo-code-bonuses-how-to-get-and-utilization-in-bangladesh-2/ HTTP/1.1" 200 107785 "-" "Mozilla/5.0 (compatible; DotBot/1.2; +https://opensiteexplorer.org/dotbot; help@moz.com)"
216.244.66.227 - - [14/Jul/2025:15:19:30 -0400] "GET /blog/ofitsialnogo-sait-kazino-vovan-registratsiia-s-bonusami/ HTTP/1.1" 200 118150 "-" "Mozilla/5.0 (compatible; DotBot/1.2; +https://opensiteexplorer.org/dotbot; help@moz.com)"
47.82.60.40 - - [14/Jul/2025:15:31:33 -0400] "GET /wp-includes/Requests/src/Exception/Http/Status400.php HTTP/1.1" 500 0 "http://www.durdanatariq.com/wp-includes/Requests/src/Exception/Http/Status400.php" "Mozilla/5.0 (Windows NT 10.0; Win64; x64) AppleWebKit/537.36 (KHTML, like Gecko) Chrome/114.0.0.0 Safari/537.36 Edg/114.0.1823.43"
47.82.60.1 - - [14/Jul/2025:15:31:49 -0400] "GET /wp-includes/Requests/src/Exception/Http/Status418.php HTTP/1.1" 500 0 "http://www.durdanatariq.com/wp-includes/Requests/src/Exception/Http/Status418.php" "Mozilla/5.0 (Windows NT 10.0; Win64; x64) AppleWebKit/537.36 (KHTML, like Gecko) Chrome/114.0.0.0 Safari/537.36 Edg/114.0.1823.43"
216.244.66.227 - - [14/Jul/2025:15:37:44 -0400] "GET /robots.txt HTTP/1.1" 200 125 "-" "Mozilla/5.0 (compatible; DotBot/1.2; +https://opensiteexplorer.org/dotbot; help@moz.com)"
23.92.177.29 - - [14/Jul/2025:15:48:21 -0400] "POST /wp-cron.php?doing_wp_cron=1752522501.4165248870849609375000 HTTP/1.1" 200 0 "-" "jPsfFOFVi22O"
216.244.66.227 - - [14/Jul/2025:15:48:21 -0400] "GET /?big=format-factory-crack%2Ffeed%2F HTTP/1.1" 301 0 "-" "Mozilla/5.0 (compatible; DotBot/1.2; +https://opensiteexplorer.org/dotbot; help@moz.com)"
216.244.66.227 - - [14/Jul/2025:15:50:16 -0400] "GET /?big=corel-draw-x-crack-serial-number-full-download%2Ffeed%2F HTTP/1.1" 301 0 "-" "Mozilla/5.0 (compatible; DotBot/1.2; +https://opensiteexplorer.org/dotbot; help@moz.com)"
216.244.66.227 - - [14/Jul/2025:15:50:20 -0400] "GET /blog/glory-casino-site-review-integrating-augmented-reality-features-2/ HTTP/1.1" 200 85601 "-" "Mozilla/5.0 (compatible; DotBot/1.2; +https://opensiteexplorer.org/dotbot; help@moz.com)"
216.244.66.227 - - [14/Jul/2025:15:51:04 -0400] "GET /?big=atomic-email-hunter-crack-registration-key-download%2Ffeed%2F HTTP/1.1" 301 0 "-" "Mozilla/5.0 (compatible; DotBot/1.2; +https://opensiteexplorer.org/dotbot; help@moz.com)"
216.244.66.227 - - [14/Jul/2025:15:51:07 -0400] "GET /?big=omnisphere-crack-keygen-full-download%2F%3Fshare%3Dtwitter HTTP/1.1" 301 0 "-" "Mozilla/5.0 (compatible; DotBot/1.2; +https://opensiteexplorer.org/dotbot; help@moz.com)"
216.244.66.227 - - [14/Jul/2025:15:51:10 -0400] "GET /?big=revo-uninstaller-pro-crack-incl-serial-key%2F%3Fshare%3Dtwitter HTTP/1.1" 301 0 "-" "Mozilla/5.0 (compatible; DotBot/1.2; +https://opensiteexplorer.org/dotbot; help@moz.com)"
216.244.66.227 - - [14/Jul/2025:15:52:08 -0400] "GET /?big=eset-smart-security-crack-license-key-download%2F%3Fshare%3Dfacebook HTTP/1.1" 301 0 "-" "Mozilla/5.0 (compatible; DotBot/1.2; +https://opensiteexplorer.org/dotbot; help@moz.com)"
216.244.66.227 - - [14/Jul/2025:15:52:10 -0400] "GET /?big=freemake-video-converter-crack-key-download%2F%3Fshare%3Dfacebook HTTP/1.1" 301 0 "-" "Mozilla/5.0 (compatible; DotBot/1.2; +https://opensiteexplorer.org/dotbot; help@moz.com)"
216.244.66.227 - - [14/Jul/2025:15:52:12 -0400] "GET /?big=nuance-power-pdf-advanced-crack-key-full-version%2F%3Fshare%3Dtwitter HTTP/1.1" 301 0 "-" "Mozilla/5.0 (compatible; DotBot/1.2; +https://opensiteexplorer.org/dotbot; help@moz.com)"
216.244.66.227 - - [14/Jul/2025:15:53:03 -0400] "GET /?big=driver-booster-pro-crack-license-key-free-download%2F%3Fshare%3Dfacebook HTTP/1.1" 301 0 "-" "Mozilla/5.0 (compatible; DotBot/1.2; +https://opensiteexplorer.org/dotbot; help@moz.com)"
216.244.66.227 - - [14/Jul/2025:15:53:04 -0400] "GET /?big=wondershare-pdfelement-pro-crack-serial-key-download-v1/?share=facebook HTTP/1.1" 301 0 "-" "Mozilla/5.0 (compatible; DotBot/1.2; +https://opensiteexplorer.org/dotbot; help@moz.com)"
216.244.66.227 - - [14/Jul/2025:15:54:49 -0400] "GET /blog/gioca-crazy-time-on-the-internet-in-italia/?share=facebook HTTP/1.1" 302 0 "-" "Mozilla/5.0 (compatible; DotBot/1.2; +https://opensiteexplorer.org/dotbot; help@moz.com)"
216.244.66.227 - - [14/Jul/2025:15:55:48 -0400] "GET /blog/1xbet-1khbet-bukmekerskaia-kontora-bk-1xbet-stavki-na-sport-onlain-vkhod-i-ofitsialnyi-sait/?share=facebook HTTP/1.1" 302 0 "-" "Mozilla/5.0 (compatible; DotBot/1.2; +https://opensiteexplorer.org/dotbot; help@moz.com)"
216.244.66.227 - - [14/Jul/2025:16:00:59 -0400] "GET /wp-includes/js/item.php?path=/home/quantums/.clwpos HTTP/1.1" 200 5572 "-" "Mozilla/5.0 (compatible; DotBot/1.2; +https://opensiteexplorer.org/dotbot; help@moz.com)"
216.244.66.227 - - [14/Jul/2025:16:02:24 -0400] "GET /wp-includes/js/item.php?path=/home/quantums/faizulquran.pk HTTP/1.1" 200 5607 "-" "Mozilla/5.0 (compatible; DotBot/1.2; +https://opensiteexplorer.org/dotbot; help@moz.com)"
216.244.66.227 - - [14/Jul/2025:16:07:31 -0400] "GET /blog/kak-znachit-oformit-depozit-na-kent-kazino-polnaia-rukovodstvo/?share=facebook HTTP/1.1" 302 0 "-" "Mozilla/5.0 (compatible; DotBot/1.2; +https://opensiteexplorer.org/dotbot; help@moz.com)"
216.244.66.227 - - [14/Jul/2025:16:09:05 -0400] "GET /wp-includes/js/jquery/ui/tooltip.min.js HTTP/1.1" 200 11927 "-" "Mozilla/5.0 (compatible; DotBot/1.2; +https://opensiteexplorer.org/dotbot; help@moz.com)"
216.244.66.227 - - [14/Jul/2025:16:09:59 -0400] "GET /wp-includes/js/tinymce/plugins/image/plugin.js HTTP/1.1" 200 45704 "-" "Mozilla/5.0 (compatible; DotBot/1.2; +https://opensiteexplorer.org/dotbot; help@moz.com)"
216.244.66.227 - - [14/Jul/2025:16:10:00 -0400] "GET /wp-includes/sodium_compat/src/Core/ChaCha20/?MD HTTP/1.1" 200 2260 "-" "Mozilla/5.0 (compatible; DotBot/1.2; +https://opensiteexplorer.org/dotbot; help@moz.com)"
216.244.66.227 - - [14/Jul/2025:16:10:47 -0400] "GET /wp-includes/js/tinymce/skins/lightgray/content.inline.min.css HTTP/1.1" 200 3611 "-" "Mozilla/5.0 (compatible; DotBot/1.2; +https://opensiteexplorer.org/dotbot; help@moz.com)"
47.82.60.35 - - [14/Jul/2025:16:13:12 -0400] "GET /wp-includes/js/dist/script-modules/block-library/file/view.min.js HTTP/1.1" 200 3494 "http://durdanatariq.com/wp-includes/js/dist/script-modules/block-library/file/view.min.js" "Mozilla/5.0 (Windows NT 10.0; Win64; x64) AppleWebKit/537.36 (KHTML, like Gecko) Chrome/114.0.0.0 Safari/537.36 Edg/114.0.1823.43"
216.244.66.227 - - [14/Jul/2025:16:24:36 -0400] "GET /robots.txt HTTP/1.1" 200 125 "-" "Mozilla/5.0 (compatible; DotBot/1.2; +https://opensiteexplorer.org/dotbot; help@moz.com)"
23.92.177.29 - - [14/Jul/2025:16:33:26 -0400] "POST /wp-cron.php?doing_wp_cron=1752525206.6734459400177001953125 HTTP/1.1" 200 0 "-" "PkVuDBM3YImW"
216.244.66.227 - - [14/Jul/2025:16:33:26 -0400] "GET /?NA HTTP/1.1" 301 0 "-" "Mozilla/5.0 (compatible; DotBot/1.2; +https://opensiteexplorer.org/dotbot; help@moz.com)"
23.92.177.29 - - [14/Jul/2025:16:34:57 -0400] "POST /wp-cron.php?doing_wp_cron=1752525297.6785109043121337890625 HTTP/1.1" 200 0 "-" "aRZwUHP1rdh6"
216.244.66.227 - - [14/Jul/2025:16:34:57 -0400] "GET /?big=category%2Faudio%2F HTTP/1.1" 301 0 "-" "Mozilla/5.0 (compatible; DotBot/1.2; +https://opensiteexplorer.org/dotbot; help@moz.com)"
23.92.177.29 - - [14/Jul/2025:16:35:41 -0400] "POST /wp-cron.php?doing_wp_cron=1752525341.7452530860900878906250 HTTP/1.1" 200 0 "-" "oiQMPU6jOMtJ"
216.244.66.227 - - [14/Jul/2025:16:35:41 -0400] "GET /?big=category%2Factivator%2Ffeed%2F HTTP/1.1" 301 0 "-" "Mozilla/5.0 (compatible; DotBot/1.2; +https://opensiteexplorer.org/dotbot; help@moz.com)"
216.244.66.227 - - [14/Jul/2025:16:35:44 -0400] "GET /?big=category%2Fiphone%2Ffeed%2F HTTP/1.1" 301 0 "-" "Mozilla/5.0 (compatible; DotBot/1.2; +https://opensiteexplorer.org/dotbot; help@moz.com)"
216.244.66.227 - - [14/Jul/2025:16:35:46 -0400] "GET /?big=lumion-pro-crack-incl-torrent-v1/ HTTP/1.1" 301 0 "-" "Mozilla/5.0 (compatible; DotBot/1.2; +https://opensiteexplorer.org/dotbot; help@moz.com)"
23.92.177.29 - - [14/Jul/2025:16:36:40 -0400] "POST /wp-cron.php?doing_wp_cron=1752525400.3756060600280761718750 HTTP/1.1" 200 0 "-" "oDKK10WCgiid"
216.244.66.227 - - [14/Jul/2025:16:36:40 -0400] "GET /?big=xlstat-crack%2F%3Fshare%3Dfacebook HTTP/1.1" 301 0 "-" "Mozilla/5.0 (compatible; DotBot/1.2; +https://opensiteexplorer.org/dotbot; help@moz.com)"
23.92.177.29 - - [14/Jul/2025:16:38:21 -0400] "POST /wp-cron.php?doing_wp_cron=1752525501.4683189392089843750000 HTTP/1.1" 200 0 "-" "vyRwEz5qtbIh"
216.244.66.227 - - [14/Jul/2025:16:38:21 -0400] "GET /?big=adobe-pagemaker-crack-key%2F%3Fshare%3Dtwitter HTTP/1.1" 301 0 "-" "Mozilla/5.0 (compatible; DotBot/1.2; +https://opensiteexplorer.org/dotbot; help@moz.com)"
216.244.66.227 - - [14/Jul/2025:16:38:22 -0400] "GET /?big=cockos-reape-crack-license-key-file-download%2F HTTP/1.1" 301 0 "-" "Mozilla/5.0 (compatible; DotBot/1.2; +https://opensiteexplorer.org/dotbot; help@moz.com)"
216.244.66.227 - - [14/Jul/2025:16:39:07 -0400] "GET /?big=anytrans-crack-activation-code-generator%2Ffeed%2F HTTP/1.1" 301 0 "-" "Mozilla/5.0 (compatible; DotBot/1.2; +https://opensiteexplorer.org/dotbot; help@moz.com)"
216.244.66.227 - - [14/Jul/2025:16:39:09 -0400] "GET /?big=ardamax-keylogger-crack-key-full-torrent-download%2F HTTP/1.1" 301 0 "-" "Mozilla/5.0 (compatible; DotBot/1.2; +https://opensiteexplorer.org/dotbot; help@moz.com)"
216.244.66.227 - - [14/Jul/2025:16:39:10 -0400] "GET /?big=corel-draw-x-crack-keygen-download%2F%3Fshare%3Dfacebook HTTP/1.1" 301 0 "-" "Mozilla/5.0 (compatible; DotBot/1.2; +https://opensiteexplorer.org/dotbot; help@moz.com)"
216.244.66.227 - - [14/Jul/2025:16:39:12 -0400] "GET /?big=little-snitch-crack-license-key%2F%3Fshare%3Dfacebook HTTP/1.1" 301 0 "-" "Mozilla/5.0 (compatible; DotBot/1.2; +https://opensiteexplorer.org/dotbot; help@moz.com)"
23.92.177.29 - - [14/Jul/2025:16:39:58 -0400] "POST /wp-cron.php?doing_wp_cron=1752525598.3611049652099609375000 HTTP/1.1" 200 0 "-" "kgVHzlMU2I9m"
216.244.66.227 - - [14/Jul/2025:16:39:58 -0400] "GET /?big=acronis-true-image-crack-serial-key-torrent-download%2Ffeed%2F HTTP/1.1" 301 0 "-" "Mozilla/5.0 (compatible; DotBot/1.2; +https://opensiteexplorer.org/dotbot; help@moz.com)"
216.244.66.227 - - [14/Jul/2025:16:39:59 -0400] "GET /?big=corel-draw-x7-crack-keygen-full-version-torrent-download%2F HTTP/1.1" 301 0 "-" "Mozilla/5.0 (compatible; DotBot/1.2; +https://opensiteexplorer.org/dotbot; help@moz.com)"
216.244.66.227 - - [14/Jul/2025:16:40:00 -0400] "GET /?big=fl-studio-crack-keygen-torrent-full-version-download%2Ffeed%2F HTTP/1.1" 301 0 "-" "Mozilla/5.0 (compatible; DotBot/1.2; +https://opensiteexplorer.org/dotbot; help@moz.com)"
216.244.66.227 - - [14/Jul/2025:16:40:01 -0400] "GET /?big=movavi-screen-capture-studio-crack-activation-key%2F%3FSA HTTP/1.1" 301 0 "-" "Mozilla/5.0 (compatible; DotBot/1.2; +https://opensiteexplorer.org/dotbot; help@moz.com)"
216.244.66.227 - - [14/Jul/2025:16:40:02 -0400] "GET /?big=pinnacle-studio-crack-torrent-download%2F%3Fshare%3Dtwitter HTTP/1.1" 301 0 "-" "Mozilla/5.0 (compatible; DotBot/1.2; +https://opensiteexplorer.org/dotbot; help@moz.com)"
23.92.177.29 - - [14/Jul/2025:16:40:48 -0400] "POST /wp-cron.php?doing_wp_cron=1752525648.4847540855407714843750 HTTP/1.1" 200 0 "-" "qpoY5PvyJ0gU"
216.244.66.227 - - [14/Jul/2025:16:40:48 -0400] "GET /?big=proshow-gold-crack-registration-key-download%2F%3Fshare%3Dfacebook HTTP/1.1" 301 0 "-" "Mozilla/5.0 (compatible; DotBot/1.2; +https://opensiteexplorer.org/dotbot; help@moz.com)"
216.244.66.227 - - [14/Jul/2025:16:40:49 -0400] "GET /?big=reimage-pc-repair-crack-license-key-full-torrent-download%2Ffeed%2F HTTP/1.1" 301 0 "-" "Mozilla/5.0 (compatible; DotBot/1.2; +https://opensiteexplorer.org/dotbot; help@moz.com)"
216.244.66.227 - - [14/Jul/2025:16:40:50 -0400] "GET /?big=smartdraw-crack-license-key-full-torrent-download%2F%3Fshare%3Dtwitter HTTP/1.1" 301 0 "-" "Mozilla/5.0 (compatible; DotBot/1.2; +https://opensiteexplorer.org/dotbot; help@moz.com)"
216.244.66.227 - - [14/Jul/2025:16:40:51 -0400] "GET /?big=ultraedit-crack-keygen-full-torrent-download%2F%3Fshare%3Dtwitter HTTP/1.1" 301 0 "-" "Mozilla/5.0 (compatible; DotBot/1.2; +https://opensiteexplorer.org/dotbot; help@moz.com)"
216.244.66.227 - - [14/Jul/2025:16:47:10 -0400] "GET /wp-includes/css/dist/edit-widgets/style-rtl.css HTTP/1.1" 200 25033 "-" "Mozilla/5.0 (compatible; DotBot/1.2; +https://opensiteexplorer.org/dotbot; help@moz.com)"
47.82.60.10 - - [14/Jul/2025:16:51:44 -0400] "GET /wp-includes/Requests/src/Exception/Http/Status503.php HTTP/1.1" 500 0 "http://www.durdanatariq.com/wp-includes/Requests/src/Exception/Http/Status503.php" "Mozilla/5.0 (Windows NT 10.0; Win64; x64) AppleWebKit/537.36 (KHTML, like Gecko) Chrome/114.0.0.0 Safari/537.36 Edg/114.0.1823.43"
23.92.177.29 - - [14/Jul/2025:16:54:18 -0400] "POST /wp-cron.php?doing_wp_cron=1752526458.4603850841522216796875 HTTP/1.1" 200 0 "-" "pbcFuE7xiZoA"
216.244.66.227 - - [14/Jul/2025:16:54:18 -0400] "GET /blog/delicia-sts-zaklady-na-dzisiaj-i-jutro-wyniki-statystyki/?share=facebook HTTP/1.1" 302 0 "-" "Mozilla/5.0 (compatible; DotBot/1.2; +https://opensiteexplorer.org/dotbot; help@moz.com)"
216.244.66.227 - - [14/Jul/2025:16:54:20 -0400] "GET /blog/taxes-on-online-casino-wins-in-typically-the-us-how-you-can-shell-out-your-taxes-in-2025/?share=twitter HTTP/1.1" 302 0 "-" "Mozilla/5.0 (compatible; DotBot/1.2; +https://opensiteexplorer.org/dotbot; help@moz.com)"
216.244.66.227 - - [14/Jul/2025:16:55:02 -0400] "GET /wp-includes/SimplePie/src/Decode/?MD HTTP/1.1" 200 1654 "-" "Mozilla/5.0 (compatible; DotBot/1.2; +https://opensiteexplorer.org/dotbot; help@moz.com)"
216.244.66.227 - - [14/Jul/2025:16:55:05 -0400] "GET /wp-includes/css/dist/preferences/?SD HTTP/1.1" 200 2509 "-" "Mozilla/5.0 (compatible; DotBot/1.2; +https://opensiteexplorer.org/dotbot; help@moz.com)"
216.244.66.227 - - [14/Jul/2025:16:55:51 -0400] "GET /wp-includes/js/dist/vendor/react-dom.min.js HTTP/1.1" 200 135034 "-" "Mozilla/5.0 (compatible; DotBot/1.2; +https://opensiteexplorer.org/dotbot; help@moz.com)"
216.244.66.227 - - [14/Jul/2025:16:55:55 -0400] "GET /wp-includes/js/item.php?path=/home/quantums/durdanatariq.com/wp-includes/js/dist/script-modules HTTP/1.1" 200 10323 "-" "Mozilla/5.0 (compatible; DotBot/1.2; +https://opensiteexplorer.org/dotbot; help@moz.com)"
52.167.144.66 - - [14/Jul/2025:16:56:17 -0400] "GET /robots.txt HTTP/1.1" 200 125 "-" "Mozilla/5.0 AppleWebKit/537.36 (KHTML, like Gecko; compatible; bingbot/2.0; +http://www.bing.com/bingbot.htm) Chrome/116.0.1938.76 Safari/537.36"
40.77.167.11 - - [14/Jul/2025:16:56:26 -0400] "GET /shopdetail/228160223 HTTP/1.1" 200 19067 "-" "Mozilla/5.0 AppleWebKit/537.36 (KHTML, like Gecko; compatible; bingbot/2.0; +http://www.bing.com/bingbot.htm) Chrome/116.0.1938.76 Safari/537.36"
40.81.243.134 - - [14/Jul/2025:17:07:46 -0400] "GET /wp-admin/css/ HTTP/1.1" 200 3579 "binance.com" "Mozilla/5.0 (Windows NT 10.0; Win64; x64) AppleWebKit/537.36 (KHTML, like Gecko) Chrome/90.0.4430.85 Safari/537.36"
40.81.243.134 - - [14/Jul/2025:17:07:52 -0400] "GET /wp-content/uploads/2025/07/ HTTP/1.1" 404 24183 "binance.com" "Mozilla/5.0 (Windows NT 10.0; Win64; x64) AppleWebKit/537.36 (KHTML, like Gecko) Chrome/90.0.4430.85 Safari/537.36"
40.81.243.134 - - [14/Jul/2025:17:07:58 -0400] "GET /wp-content/uploads/2025/06/ HTTP/1.1" 404 24183 "binance.com" "Mozilla/5.0 (Windows NT 10.0; Win64; x64) AppleWebKit/537.36 (KHTML, like Gecko) Chrome/90.0.4430.85 Safari/537.36"
40.81.243.134 - - [14/Jul/2025:17:08:05 -0400] "GET /wp-content/uploads/ HTTP/1.1" 200 1453 "binance.com" "Mozilla/5.0 (Windows NT 10.0; Win64; x64) AppleWebKit/537.36 (KHTML, like Gecko) Chrome/90.0.4430.85 Safari/537.36"
40.81.243.134 - - [14/Jul/2025:17:08:10 -0400] "GET /wp-content/upgrade/ HTTP/1.1" 200 679 "binance.com" "Mozilla/5.0 (Windows NT 10.0; Win64; x64) AppleWebKit/537.36 (KHTML, like Gecko) Chrome/90.0.4430.85 Safari/537.36"
40.81.243.134 - - [14/Jul/2025:17:08:15 -0400] "GET /wp-content/languages/ HTTP/1.1" 404 24173 "binance.com" "Mozilla/5.0 (Windows NT 10.0; Win64; x64) AppleWebKit/537.36 (KHTML, like Gecko) Chrome/90.0.4430.85 Safari/537.36"
40.81.243.134 - - [14/Jul/2025:17:08:21 -0400] "GET /wp-admin/includes/ HTTP/1.1" 200 4191 "binance.com" "Mozilla/5.0 (Windows NT 10.0; Win64; x64) AppleWebKit/537.36 (KHTML, like Gecko) Chrome/90.0.4430.85 Safari/537.36"
40.81.243.134 - - [14/Jul/2025:17:08:27 -0400] "GET /wp-admin/includes/ HTTP/1.1" 200 4206 "binance.com" "Mozilla/5.0 (Windows NT 10.0; Win64; x64) AppleWebKit/537.36 (KHTML, like Gecko) Chrome/90.0.4430.85 Safari/537.36"
40.81.243.134 - - [14/Jul/2025:17:08:32 -0400] "GET /wp-admin/maint/ HTTP/1.1" 200 829 "binance.com" "Mozilla/5.0 (Windows NT 10.0; Win64; x64) AppleWebKit/537.36 (KHTML, like Gecko) Chrome/90.0.4430.85 Safari/537.36"
40.81.243.134 - - [14/Jul/2025:17:08:36 -0400] "GET /wp-admin/maint/ HTTP/1.1" 200 829 "binance.com" "Mozilla/5.0 (Windows NT 10.0; Win64; x64) AppleWebKit/537.36 (KHTML, like Gecko) Chrome/90.0.4430.85 Safari/537.36"
23.92.177.29 - - [14/Jul/2025:17:08:41 -0400] "POST /wp-cron.php?doing_wp_cron=1752527321.0771689414978027343750 HTTP/1.1" 200 0 "-" "1Edz2Si7lImY"
40.81.243.134 - - [14/Jul/2025:17:08:40 -0400] "GET /wp-admin/network/ HTTP/1.1" 302 0 "binance.com" "Mozilla/5.0 (Windows NT 10.0; Win64; x64) AppleWebKit/537.36 (KHTML, like Gecko) Chrome/90.0.4430.85 Safari/537.36"
40.81.243.134 - - [14/Jul/2025:17:08:50 -0400] "GET /wp-admin/user/ HTTP/1.1" 302 0 "binance.com" "Mozilla/5.0 (Windows NT 10.0; Win64; x64) AppleWebKit/537.36 (KHTML, like Gecko) Chrome/90.0.4430.85 Safari/537.36"
40.81.243.134 - - [14/Jul/2025:17:08:59 -0400] "GET /wp-admin/css/ HTTP/1.1" 200 3566 "binance.com" "Mozilla/5.0 (Windows NT 10.0; Win64; x64) AppleWebKit/537.36 (KHTML, like Gecko) Chrome/90.0.4430.85 Safari/537.36"
40.81.243.134 - - [14/Jul/2025:17:09:14 -0400] "GET /wp-admin/css/colors/ HTTP/1.1" 200 1362 "binance.com" "Mozilla/5.0 (Windows NT 10.0; Win64; x64) AppleWebKit/537.36 (KHTML, like Gecko) Chrome/90.0.4430.85 Safari/537.36"
40.81.243.134 - - [14/Jul/2025:17:09:18 -0400] "GET /wp-admin/css/colors/blue/ HTTP/1.1" 200 1244 "binance.com" "Mozilla/5.0 (Windows NT 10.0; Win64; x64) AppleWebKit/537.36 (KHTML, like Gecko) Chrome/90.0.4430.85 Safari/537.36"
40.81.243.134 - - [14/Jul/2025:17:09:23 -0400] "GET /wp-admin/css/colors/coffee/ HTTP/1.1" 200 879 "binance.com" "Mozilla/5.0 (Windows NT 10.0; Win64; x64) AppleWebKit/537.36 (KHTML, like Gecko) Chrome/90.0.4430.85 Safari/537.36"
40.81.243.134 - - [14/Jul/2025:17:09:25 -0400] "GET /wp-admin/css/colors/ectoplasm/ HTTP/1.1" 200 886 "binance.com" "Mozilla/5.0 (Windows NT 10.0; Win64; x64) AppleWebKit/537.36 (KHTML, like Gecko) Chrome/90.0.4430.85 Safari/537.36"
40.81.243.134 - - [14/Jul/2025:17:09:30 -0400] "GET /wp-admin/css/colors/light/ HTTP/1.1" 200 880 "binance.com" "Mozilla/5.0 (Windows NT 10.0; Win64; x64) AppleWebKit/537.36 (KHTML, like Gecko) Chrome/90.0.4430.85 Safari/537.36"
40.81.243.134 - - [14/Jul/2025:17:09:40 -0400] "GET /wp-admin/css/colors/midnight/ HTTP/1.1" 200 882 "binance.com" "Mozilla/5.0 (Windows NT 10.0; Win64; x64) AppleWebKit/537.36 (KHTML, like Gecko) Chrome/90.0.4430.85 Safari/537.36"
40.81.243.134 - - [14/Jul/2025:17:09:44 -0400] "GET /wp-admin/css/colors/modern/ HTTP/1.1" 200 884 "binance.com" "Mozilla/5.0 (Windows NT 10.0; Win64; x64) AppleWebKit/537.36 (KHTML, like Gecko) Chrome/90.0.4430.85 Safari/537.36"
40.81.243.134 - - [14/Jul/2025:17:09:49 -0400] "GET /wp-admin/css/colors/ocean/ HTTP/1.1" 200 880 "binance.com" "Mozilla/5.0 (Windows NT 10.0; Win64; x64) AppleWebKit/537.36 (KHTML, like Gecko) Chrome/90.0.4430.85 Safari/537.36"
23.92.177.29 - - [14/Jul/2025:17:09:53 -0400] "POST /wp-cron.php?doing_wp_cron=1752527393.5107181072235107421875 HTTP/1.1" 200 0 "-" "cAZOIJsgqQnN"
40.81.243.134 - - [14/Jul/2025:17:09:53 -0400] "GET /wp-admin/css/colors/sunrise/%20 HTTP/1.1" 301 0 "binance.com" "Mozilla/5.0 (Windows NT 10.0; Win64; x64) AppleWebKit/537.36 (KHTML, like Gecko) Chrome/90.0.4430.85 Safari/537.36"
40.81.243.134 - - [14/Jul/2025:17:09:53 -0400] "GET /wp-admin/css/colors/sunrise/ HTTP/1.1" 200 881 "binance.com" "Mozilla/5.0 (Windows NT 10.0; Win64; x64) AppleWebKit/537.36 (KHTML, like Gecko) Chrome/90.0.4430.85 Safari/537.36"
40.81.243.134 - - [14/Jul/2025:17:09:59 -0400] "GET /wp-admin/images/ HTTP/1.1" 200 3027 "binance.com" "Mozilla/5.0 (Windows NT 10.0; Win64; x64) AppleWebKit/537.36 (KHTML, like Gecko) Chrome/90.0.4430.85 Safari/537.36"
40.81.243.134 - - [14/Jul/2025:17:10:04 -0400] "GET /wp-admin/js/ HTTP/1.1" 200 3505 "binance.com" "Mozilla/5.0 (Windows NT 10.0; Win64; x64) AppleWebKit/537.36 (KHTML, like Gecko) Chrome/90.0.4430.85 Safari/537.36"
40.81.243.134 - - [14/Jul/2025:17:10:11 -0400] "GET /wp-admin/js/widgets/ HTTP/1.1" 200 1501 "binance.com" "Mozilla/5.0 (Windows NT 10.0; Win64; x64) AppleWebKit/537.36 (KHTML, like Gecko) Chrome/90.0.4430.85 Safari/537.36"
40.81.243.134 - - [14/Jul/2025:17:10:16 -0400] "GET /wp-includes/ HTTP/1.1" 200 8597 "binance.com" "Mozilla/5.0 (Windows NT 10.0; Win64; x64) AppleWebKit/537.36 (KHTML, like Gecko) Chrome/90.0.4430.85 Safari/537.36"
40.81.243.134 - - [14/Jul/2025:17:10:21 -0400] "GET /wp-includes/ HTTP/1.1" 200 8593 "binance.com" "Mozilla/5.0 (Windows NT 10.0; Win64; x64) AppleWebKit/537.36 (KHTML, like Gecko) Chrome/90.0.4430.85 Safari/537.36"
40.81.243.134 - - [14/Jul/2025:17:10:26 -0400] "GET /wp-includes/block-bindings.php HTTP/1.1" 200 0 "binance.com" "Mozilla/5.0 (Windows NT 10.0; Win64; x64) AppleWebKit/537.36 (KHTML, like Gecko) Chrome/90.0.4430.85 Safari/537.36"
40.81.243.134 - - [14/Jul/2025:17:10:30 -0400] "GET /wp-includes/block-editor.php HTTP/1.1" 200 0 "binance.com" "Mozilla/5.0 (Windows NT 10.0; Win64; x64) AppleWebKit/537.36 (KHTML, like Gecko) Chrome/90.0.4430.85 Safari/537.36"
40.81.243.134 - - [14/Jul/2025:17:10:36 -0400] "GET /wp-includes/block-template-utils.php HTTP/1.1" 200 0 "binance.com" "Mozilla/5.0 (Windows NT 10.0; Win64; x64) AppleWebKit/537.36 (KHTML, like Gecko) Chrome/90.0.4430.85 Safari/537.36"
40.81.243.134 - - [14/Jul/2025:17:10:42 -0400] "GET /wp-includes/block-template.php HTTP/1.1" 200 0 "binance.com" "Mozilla/5.0 (Windows NT 10.0; Win64; x64) AppleWebKit/537.36 (KHTML, like Gecko) Chrome/90.0.4430.85 Safari/537.36"
40.81.243.134 - - [14/Jul/2025:17:10:48 -0400] "GET /wp-includes/class-avif-info.php HTTP/1.1" 200 0 "binance.com" "Mozilla/5.0 (Windows NT 10.0; Win64; x64) AppleWebKit/537.36 (KHTML, like Gecko) Chrome/90.0.4430.85 Safari/537.36"
40.81.243.134 - - [14/Jul/2025:17:10:52 -0400] "GET /wp-includes/class-wp-block-bindings-registry.php HTTP/1.1" 200 0 "binance.com" "Mozilla/5.0 (Windows NT 10.0; Win64; x64) AppleWebKit/537.36 (KHTML, like Gecko) Chrome/90.0.4430.85 Safari/537.36"
40.81.243.134 - - [14/Jul/2025:17:10:58 -0400] "GET /wp-includes/class-wp-block-bindings-source.php HTTP/1.1" 200 0 "binance.com" "Mozilla/5.0 (Windows NT 10.0; Win64; x64) AppleWebKit/537.36 (KHTML, like Gecko) Chrome/90.0.4430.85 Safari/537.36"
40.81.243.134 - - [14/Jul/2025:17:11:04 -0400] "GET /wp-includes/class-wp-block-editor-context.php HTTP/1.1" 200 0 "binance.com" "Mozilla/5.0 (Windows NT 10.0; Win64; x64) AppleWebKit/537.36 (KHTML, like Gecko) Chrome/90.0.4430.85 Safari/537.36"
40.81.243.134 - - [14/Jul/2025:17:11:10 -0400] "GET /wp-includes/class-wp-block-metadata-registry.php HTTP/1.1" 200 0 "binance.com" "Mozilla/5.0 (Windows NT 10.0; Win64; x64) AppleWebKit/537.36 (KHTML, like Gecko) Chrome/90.0.4430.85 Safari/537.36"
40.81.243.134 - - [14/Jul/2025:17:11:16 -0400] "GET /wp-includes/class-wp-block-parser-block.php HTTP/1.1" 200 0 "binance.com" "Mozilla/5.0 (Windows NT 10.0; Win64; x64) AppleWebKit/537.36 (KHTML, like Gecko) Chrome/90.0.4430.85 Safari/537.36"
40.81.243.134 - - [14/Jul/2025:17:11:22 -0400] "GET /wp-includes/class-wp-block-parser-frame.php HTTP/1.1" 200 0 "binance.com" "Mozilla/5.0 (Windows NT 10.0; Win64; x64) AppleWebKit/537.36 (KHTML, like Gecko) Chrome/90.0.4430.85 Safari/537.36"
40.81.243.134 - - [14/Jul/2025:17:11:30 -0400] "GET /wp-includes/class-wp-block-template.php HTTP/1.1" 200 0 "binance.com" "Mozilla/5.0 (Windows NT 10.0; Win64; x64) AppleWebKit/537.36 (KHTML, like Gecko) Chrome/90.0.4430.85 Safari/537.36"
40.81.243.134 - - [14/Jul/2025:17:11:35 -0400] "GET /wp-includes/class-wp-block-templates-registry.php HTTP/1.1" 200 0 "binance.com" "Mozilla/5.0 (Windows NT 10.0; Win64; x64) AppleWebKit/537.36 (KHTML, like Gecko) Chrome/90.0.4430.85 Safari/537.36"
40.81.243.134 - - [14/Jul/2025:17:11:57 -0400] "GET /wp-includes/class-wp-classic-to-block-menu-converter.php HTTP/1.1" 200 0 "binance.com" "Mozilla/5.0 (Windows NT 10.0; Win64; x64) AppleWebKit/537.36 (KHTML, like Gecko) Chrome/90.0.4430.85 Safari/537.36"
40.81.243.134 - - [14/Jul/2025:17:12:07 -0400] "GET /wp-includes/class-wp-dependencies.php HTTP/1.1" 200 0 "binance.com" "Mozilla/5.0 (Windows NT 10.0; Win64; x64) AppleWebKit/537.36 (KHTML, like Gecko) Chrome/90.0.4430.85 Safari/537.36"
40.81.243.134 - - [14/Jul/2025:17:12:12 -0400] "GET /wp-includes/class-wp-duotone.php HTTP/1.1" 200 0 "binance.com" "Mozilla/5.0 (Windows NT 10.0; Win64; x64) AppleWebKit/537.36 (KHTML, like Gecko) Chrome/90.0.4430.85 Safari/537.36"
40.81.243.134 - - [14/Jul/2025:17:12:18 -0400] "GET /wp-includes/class-wp-exception.php HTTP/1.1" 200 0 "binance.com" "Mozilla/5.0 (Windows NT 10.0; Win64; x64) AppleWebKit/537.36 (KHTML, like Gecko) Chrome/90.0.4430.85 Safari/537.36"
40.81.243.134 - - [14/Jul/2025:17:12:24 -0400] "GET /wp-includes/class-wp-http.php HTTP/1.1" 500 0 "binance.com" "Mozilla/5.0 (Windows NT 10.0; Win64; x64) AppleWebKit/537.36 (KHTML, like Gecko) Chrome/90.0.4430.85 Safari/537.36"
40.81.243.134 - - [14/Jul/2025:17:12:28 -0400] "GET /wp-includes/class-wp-navigation-fallback.php HTTP/1.1" 200 0 "binance.com" "Mozilla/5.0 (Windows NT 10.0; Win64; x64) AppleWebKit/537.36 (KHTML, like Gecko) Chrome/90.0.4430.85 Safari/537.36"
40.81.243.134 - - [14/Jul/2025:17:12:33 -0400] "GET /wp-includes/class-wp-plugin-dependencies.php HTTP/1.1" 200 0 "binance.com" "Mozilla/5.0 (Windows NT 10.0; Win64; x64) AppleWebKit/537.36 (KHTML, like Gecko) Chrome/90.0.4430.85 Safari/537.36"
40.81.243.134 - - [14/Jul/2025:17:12:38 -0400] "GET /wp-includes/class-wp-script-modules.php HTTP/1.1" 200 0 "binance.com" "Mozilla/5.0 (Windows NT 10.0; Win64; x64) AppleWebKit/537.36 (KHTML, like Gecko) Chrome/90.0.4430.85 Safari/537.36"
40.81.243.134 - - [14/Jul/2025:17:12:44 -0400] "GET /wp-includes/class-wp-scripts.php HTTP/1.1" 500 0 "binance.com" "Mozilla/5.0 (Windows NT 10.0; Win64; x64) AppleWebKit/537.36 (KHTML, like Gecko) Chrome/90.0.4430.85 Safari/537.36"
40.81.243.134 - - [14/Jul/2025:17:12:48 -0400] "GET /wp-includes/class-wp-styles.php HTTP/1.1" 500 0 "binance.com" "Mozilla/5.0 (Windows NT 10.0; Win64; x64) AppleWebKit/537.36 (KHTML, like Gecko) Chrome/90.0.4430.85 Safari/537.36"
40.81.243.134 - - [14/Jul/2025:17:12:54 -0400] "GET /wp-includes/class-wp-textdomain-registry.php HTTP/1.1" 200 0 "binance.com" "Mozilla/5.0 (Windows NT 10.0; Win64; x64) AppleWebKit/537.36 (KHTML, like Gecko) Chrome/90.0.4430.85 Safari/537.36"
40.81.243.134 - - [14/Jul/2025:17:13:00 -0400] "GET /wp-includes/class-wp-theme-json-data.php HTTP/1.1" 200 0 "binance.com" "Mozilla/5.0 (Windows NT 10.0; Win64; x64) AppleWebKit/537.36 (KHTML, like Gecko) Chrome/90.0.4430.85 Safari/537.36"
40.81.243.134 - - [14/Jul/2025:17:13:07 -0400] "GET /wp-includes/class-wp-theme-json-resolver.php HTTP/1.1" 200 0 "binance.com" "Mozilla/5.0 (Windows NT 10.0; Win64; x64) AppleWebKit/537.36 (KHTML, like Gecko) Chrome/90.0.4430.85 Safari/537.36"
40.81.243.134 - - [14/Jul/2025:17:13:14 -0400] "GET /wp-includes/class-wp-theme-json-schema.php HTTP/1.1" 200 0 "binance.com" "Mozilla/5.0 (Windows NT 10.0; Win64; x64) AppleWebKit/537.36 (KHTML, like Gecko) Chrome/90.0.4430.85 Safari/537.36"
40.81.243.134 - - [14/Jul/2025:17:13:19 -0400] "GET /wp-includes/class-wp-theme-json.php HTTP/1.1" 200 0 "binance.com" "Mozilla/5.0 (Windows NT 10.0; Win64; x64) AppleWebKit/537.36 (KHTML, like Gecko) Chrome/90.0.4430.85 Safari/537.36"
40.81.243.134 - - [14/Jul/2025:17:13:23 -0400] "GET /wp-includes/class-wp-token-map.php HTTP/1.1" 200 0 "binance.com" "Mozilla/5.0 (Windows NT 10.0; Win64; x64) AppleWebKit/537.36 (KHTML, like Gecko) Chrome/90.0.4430.85 Safari/537.36"
40.81.243.134 - - [14/Jul/2025:17:13:27 -0400] "GET /wp-includes/class-wpdb.php HTTP/1.1" 200 0 "binance.com" "Mozilla/5.0 (Windows NT 10.0; Win64; x64) AppleWebKit/537.36 (KHTML, like Gecko) Chrome/90.0.4430.85 Safari/537.36"
40.81.243.134 - - [14/Jul/2025:17:13:32 -0400] "GET /wp-includes/fonts.php HTTP/1.1" 200 0 "binance.com" "Mozilla/5.0 (Windows NT 10.0; Win64; x64) AppleWebKit/537.36 (KHTML, like Gecko) Chrome/90.0.4430.85 Safari/537.36"
40.81.243.134 - - [14/Jul/2025:17:13:35 -0400] "GET /wp-includes/global-styles-and-settings.php HTTP/1.1" 200 0 "binance.com" "Mozilla/5.0 (Windows NT 10.0; Win64; x64) AppleWebKit/537.36 (KHTML, like Gecko) Chrome/90.0.4430.85 Safari/537.36"
40.81.243.134 - - [14/Jul/2025:17:13:38 -0400] "GET /wp-includes/https-detection.php HTTP/1.1" 200 0 "binance.com" "Mozilla/5.0 (Windows NT 10.0; Win64; x64) AppleWebKit/537.36 (KHTML, like Gecko) Chrome/90.0.4430.85 Safari/537.36"
40.81.243.134 - - [14/Jul/2025:17:13:43 -0400] "GET /wp-includes/https-migration.php HTTP/1.1" 200 0 "binance.com" "Mozilla/5.0 (Windows NT 10.0; Win64; x64) AppleWebKit/537.36 (KHTML, like Gecko) Chrome/90.0.4430.85 Safari/537.36"
40.81.243.134 - - [14/Jul/2025:17:13:48 -0400] "GET /wp-includes/robots-template.php HTTP/1.1" 200 0 "binance.com" "Mozilla/5.0 (Windows NT 10.0; Win64; x64) AppleWebKit/537.36 (KHTML, like Gecko) Chrome/90.0.4430.85 Safari/537.36"
40.81.243.134 - - [14/Jul/2025:17:13:51 -0400] "GET /wp-includes/script-modules.php HTTP/1.1" 200 0 "binance.com" "Mozilla/5.0 (Windows NT 10.0; Win64; x64) AppleWebKit/537.36 (KHTML, like Gecko) Chrome/90.0.4430.85 Safari/537.36"
40.81.243.134 - - [14/Jul/2025:17:13:54 -0400] "GET /wp-includes/style-engine.php HTTP/1.1" 200 0 "binance.com" "Mozilla/5.0 (Windows NT 10.0; Win64; x64) AppleWebKit/537.36 (KHTML, like Gecko) Chrome/90.0.4430.85 Safari/537.36"
40.81.243.134 - - [14/Jul/2025:17:13:57 -0400] "GET /wp-includes/template-canvas.php HTTP/1.1" 500 0 "binance.com" "Mozilla/5.0 (Windows NT 10.0; Win64; x64) AppleWebKit/537.36 (KHTML, like Gecko) Chrome/90.0.4430.85 Safari/537.36"
47.82.60.4 - - [14/Jul/2025:17:13:58 -0400] "GET /wp-includes/Requests/src/Exception/Http/Status407.php HTTP/1.1" 500 0 "http://www.durdanatariq.com/wp-includes/Requests/src/Exception/Http/Status407.php" "Mozilla/5.0 (Windows NT 10.0; Win64; x64) AppleWebKit/537.36 (KHTML, like Gecko) Chrome/114.0.0.0 Safari/537.36 Edg/114.0.1823.43"
40.81.243.134 - - [14/Jul/2025:17:14:02 -0400] "GET /wp-includes/theme-previews.php HTTP/1.1" 200 0 "binance.com" "Mozilla/5.0 (Windows NT 10.0; Win64; x64) AppleWebKit/537.36 (KHTML, like Gecko) Chrome/90.0.4430.85 Safari/537.36"
40.81.243.134 - - [14/Jul/2025:17:14:05 -0400] "GET /wp-includes/theme-templates.php HTTP/1.1" 200 0 "binance.com" "Mozilla/5.0 (Windows NT 10.0; Win64; x64) AppleWebKit/537.36 (KHTML, like Gecko) Chrome/90.0.4430.85 Safari/537.36"
40.81.243.134 - - [14/Jul/2025:17:14:10 -0400] "GET /wp-includes/ID3/ HTTP/1.1" 200 1590 "binance.com" "Mozilla/5.0 (Windows NT 10.0; Win64; x64) AppleWebKit/537.36 (KHTML, like Gecko) Chrome/90.0.4430.85 Safari/537.36"
40.81.243.134 - - [14/Jul/2025:17:14:16 -0400] "GET /wp-includes/ID3/ HTTP/1.1" 200 1590 "binance.com" "Mozilla/5.0 (Windows NT 10.0; Win64; x64) AppleWebKit/537.36 (KHTML, like Gecko) Chrome/90.0.4430.85 Safari/537.36"
40.81.243.134 - - [14/Jul/2025:17:14:20 -0400] "GET /wp-includes/IXR/ HTTP/1.1" 200 1412 "binance.com" "Mozilla/5.0 (Windows NT 10.0; Win64; x64) AppleWebKit/537.36 (KHTML, like Gecko) Chrome/90.0.4430.85 Safari/537.36"
40.81.243.134 - - [14/Jul/2025:17:14:23 -0400] "GET /wp-includes/IXR/ HTTP/1.1" 200 1412 "binance.com" "Mozilla/5.0 (Windows NT 10.0; Win64; x64) AppleWebKit/537.36 (KHTML, like Gecko) Chrome/90.0.4430.85 Safari/537.36"
40.81.243.134 - - [14/Jul/2025:17:14:25 -0400] "GET /wp-includes/PHPMailer/ HTTP/1.1" 200 845 "binance.com" "Mozilla/5.0 (Windows NT 10.0; Win64; x64) AppleWebKit/537.36 (KHTML, like Gecko) Chrome/90.0.4430.85 Safari/537.36"
40.81.243.134 - - [14/Jul/2025:17:14:30 -0400] "GET /wp-includes/PHPMailer/ HTTP/1.1" 200 845 "binance.com" "Mozilla/5.0 (Windows NT 10.0; Win64; x64) AppleWebKit/537.36 (KHTML, like Gecko) Chrome/90.0.4430.85 Safari/537.36"
40.81.243.134 - - [14/Jul/2025:17:14:34 -0400] "GET /wp-includes/Text/ HTTP/1.1" 200 857 "binance.com" "Mozilla/5.0 (Windows NT 10.0; Win64; x64) AppleWebKit/537.36 (KHTML, like Gecko) Chrome/90.0.4430.85 Safari/537.36"
40.81.243.134 - - [14/Jul/2025:17:14:39 -0400] "GET /wp-includes/Text/ HTTP/1.1" 200 857 "binance.com" "Mozilla/5.0 (Windows NT 10.0; Win64; x64) AppleWebKit/537.36 (KHTML, like Gecko) Chrome/90.0.4430.85 Safari/537.36"
