Current File : //proc/self/root/home/quantums/access-logs/durdanatariq.com.quantumseoinc.com
47.82.60.59 - - [14/Jul/2025:08:13:19 -0400] "GET /wp-includes/Requests/src/Exception/Http/Status429.php HTTP/1.1" 500 0 "http://www.durdanatariq.com/wp-includes/Requests/src/Exception/Http/Status429.php" "Mozilla/5.0 (Windows NT 10.0; Win64; x64) AppleWebKit/537.36 (KHTML, like Gecko) Chrome/114.0.0.0 Safari/537.36 Edg/114.0.1823.43"
216.244.66.227 - - [14/Jul/2025:08:13:48 -0400] "GET /robots.txt HTTP/1.1" 200 125 "-" "Mozilla/5.0 (compatible; DotBot/1.2; +https://opensiteexplorer.org/dotbot; help@moz.com)"
23.92.177.29 - - [14/Jul/2025:08:18:35 -0400] "POST /wp-cron.php?doing_wp_cron=1752495515.1864149570465087890625 HTTP/1.1" 200 0 "-" "0kNOyq1cMeRJ"
118.195.165.218 - - [14/Jul/2025:08:18:35 -0400] "GET / HTTP/1.1" 301 0 "-" "Mozilla/5.0 (iPhone; CPU iPhone OS 13_2_3 like Mac OS X) AppleWebKit/605.1.15 (KHTML, like Gecko) Version/13.0.3 Mobile/15E148 Safari/604.1"
47.82.60.33 - - [14/Jul/2025:08:22:07 -0400] "GET /wp-includes/js/tinymce/plugins/wpview/plugin.min.js HTTP/1.1" 200 4331 "http://www.durdanatariq.com/wp-includes/js/tinymce/plugins/wpview/plugin.min.js" "Mozilla/5.0 (Windows NT 10.0; Win64; x64) AppleWebKit/537.36 (KHTML, like Gecko) Chrome/114.0.0.0 Safari/537.36 Edg/114.0.1823.43"
23.92.177.29 - - [14/Jul/2025:08:23:49 -0400] "POST /wp-cron.php?doing_wp_cron=1752495829.0485799312591552734375 HTTP/1.1" 200 0 "-" "fYrDwE7W1GX4"
216.244.66.227 - - [14/Jul/2025:08:23:48 -0400] "GET /?big=author%2Fadmin%2F HTTP/1.1" 301 0 "-" "Mozilla/5.0 (compatible; DotBot/1.2; +https://opensiteexplorer.org/dotbot; help@moz.com)"
216.244.66.227 - - [14/Jul/2025:08:23:52 -0400] "GET /?big=category%2Fantivirus%2F HTTP/1.1" 301 0 "-" "Mozilla/5.0 (compatible; DotBot/1.2; +https://opensiteexplorer.org/dotbot; help@moz.com)"
23.92.177.29 - - [14/Jul/2025:08:24:28 -0400] "POST /wp-cron.php?doing_wp_cron=1752495868.6234390735626220703125 HTTP/1.1" 200 0 "-" "fqRWehUIM1mv"
216.244.66.227 - - [14/Jul/2025:08:24:28 -0400] "GET /?big=mixcraft-pro-crack-studio%2F HTTP/1.1" 301 0 "-" "Mozilla/5.0 (compatible; DotBot/1.2; +https://opensiteexplorer.org/dotbot; help@moz.com)"
216.244.66.227 - - [14/Jul/2025:08:25:04 -0400] "GET /?big=idm-crack-serial-key-free-download%2F HTTP/1.1" 301 0 "-" "Mozilla/5.0 (compatible; DotBot/1.2; +https://opensiteexplorer.org/dotbot; help@moz.com)"
23.92.177.29 - - [14/Jul/2025:08:25:32 -0400] "POST /wp-cron.php?doing_wp_cron=1752495932.0432379245758056640625 HTTP/1.1" 200 0 "-" "K4khUMvmeUGp"
216.244.66.227 - - [14/Jul/2025:08:25:31 -0400] "GET /?big=kmspico-office-activator-full-download%2F HTTP/1.1" 301 0 "-" "Mozilla/5.0 (compatible; DotBot/1.2; +https://opensiteexplorer.org/dotbot; help@moz.com)"
216.244.66.227 - - [14/Jul/2025:08:25:34 -0400] "GET /?big=lumion-pro-crack-incl-torrent-v1%2Ffeed%2F HTTP/1.1" 301 0 "-" "Mozilla/5.0 (compatible; DotBot/1.2; +https://opensiteexplorer.org/dotbot; help@moz.com)"
216.244.66.227 - - [14/Jul/2025:08:26:04 -0400] "GET /?big=driver-genius-pro-crack%2F%3Fshare%3Dfacebook HTTP/1.1" 301 0 "-" "Mozilla/5.0 (compatible; DotBot/1.2; +https://opensiteexplorer.org/dotbot; help@moz.com)"
216.244.66.227 - - [14/Jul/2025:08:26:05 -0400] "GET /?big=folder-loc-crack-key-download-n1/?share=facebook HTTP/1.1" 301 0 "-" "Mozilla/5.0 (compatible; DotBot/1.2; +https://opensiteexplorer.org/dotbot; help@moz.com)"
27.79.173.138 - - [14/Jul/2025:08:26:05 -0400] "GET /wp-json/wp/v2/posts HTTP/1.1" 200 139220 "-" "Mozilla/5.0 (Windows NT 10.0; Win64; x64) AppleWebKit/537.36 (KHTML, like Gecko) Chrome/120.0.0.0 Safari/537.36"
216.244.66.227 - - [14/Jul/2025:08:26:07 -0400] "GET /?big=pycharm-crack-activation-code-free-download%2F HTTP/1.1" 301 0 "-" "Mozilla/5.0 (compatible; DotBot/1.2; +https://opensiteexplorer.org/dotbot; help@moz.com)"
216.244.66.227 - - [14/Jul/2025:08:26:08 -0400] "GET /?big=typing-master-pro-crack%2F%3Fshare%3Dtwitter HTTP/1.1" 301 0 "-" "Mozilla/5.0 (compatible; DotBot/1.2; +https://opensiteexplorer.org/dotbot; help@moz.com)"
216.244.66.227 - - [14/Jul/2025:08:26:09 -0400] "GET /?big=wipersoft-crack-activation-code-free-download%2F HTTP/1.1" 301 0 "-" "Mozilla/5.0 (compatible; DotBot/1.2; +https://opensiteexplorer.org/dotbot; help@moz.com)"
23.92.177.29 - - [14/Jul/2025:08:26:40 -0400] "POST /wp-cron.php?doing_wp_cron=1752496000.9971020221710205078125 HTTP/1.1" 200 0 "-" "lBsyz4SGnfdC"
216.244.66.227 - - [14/Jul/2025:08:26:40 -0400] "GET /?big=idm-crack-serial-key-free-download%2F%3Fshare%3Dtwitter HTTP/1.1" 301 0 "-" "Mozilla/5.0 (compatible; DotBot/1.2; +https://opensiteexplorer.org/dotbot; help@moz.com)"
216.244.66.227 - - [14/Jul/2025:08:26:42 -0400] "GET /?big=iskysoft-pdf-editor-pro-crack-license-key-download%2F HTTP/1.1" 301 0 "-" "Mozilla/5.0 (compatible; DotBot/1.2; +https://opensiteexplorer.org/dotbot; help@moz.com)"
216.244.66.227 - - [14/Jul/2025:08:26:43 -0400] "GET /?big=vlc-media-player-crack-full-version-latest-download%2F HTTP/1.1" 301 0 "-" "Mozilla/5.0 (compatible; DotBot/1.2; +https://opensiteexplorer.org/dotbot; help@moz.com)"
216.244.66.227 - - [14/Jul/2025:08:27:06 -0400] "GET /?big=inpixio-photo-clip-professional-crack-key-free-download%2F HTTP/1.1" 301 0 "-" "Mozilla/5.0 (compatible; DotBot/1.2; +https://opensiteexplorer.org/dotbot; help@moz.com)"
216.244.66.227 - - [14/Jul/2025:08:27:08 -0400] "GET /?big=networx-crack-serial-key-torrent-download%2F%3Fshare%3Dfacebook HTTP/1.1" 301 0 "-" "Mozilla/5.0 (compatible; DotBot/1.2; +https://opensiteexplorer.org/dotbot; help@moz.com)"
216.244.66.227 - - [14/Jul/2025:08:27:45 -0400] "GET /?big=inpixio-photo-clip-professional-crack-key-free-download%2Ffeed%2F HTTP/1.1" 301 0 "-" "Mozilla/5.0 (compatible; DotBot/1.2; +https://opensiteexplorer.org/dotbot; help@moz.com)"
216.244.66.227 - - [14/Jul/2025:08:27:46 -0400] "GET /?big=kmspico-activator-final-for-office-16-download%2F%3Fshare%3Dtwitter HTTP/1.1" 301 0 "-" "Mozilla/5.0 (compatible; DotBot/1.2; +https://opensiteexplorer.org/dotbot; help@moz.com)"
216.244.66.227 - - [14/Jul/2025:08:27:47 -0400] "GET /?big=mcafee-livesafe-crack-activation-key-full-download%2F%3Fshare%3Dtwitter HTTP/1.1" 301 0 "-" "Mozilla/5.0 (compatible; DotBot/1.2; +https://opensiteexplorer.org/dotbot; help@moz.com)"
216.244.66.227 - - [14/Jul/2025:08:27:48 -0400] "GET /?big=smartdraw-crack-license-key-full-torrent-download%2F%3Fshare%3Dfacebook HTTP/1.1" 301 0 "-" "Mozilla/5.0 (compatible; DotBot/1.2; +https://opensiteexplorer.org/dotbot; help@moz.com)"
216.244.66.227 - - [14/Jul/2025:08:27:49 -0400] "GET /?big=winrar-crack-serial-keys-full-torrent-download%2F%3Fshare%3Dfacebook HTTP/1.1" 301 0 "-" "Mozilla/5.0 (compatible; DotBot/1.2; +https://opensiteexplorer.org/dotbot; help@moz.com)"
192.0.100.138 - - [14/Jul/2025:08:27:55 -0400] "GET /feed/ HTTP/1.1" 200 92562 "-" "wp.com feedbot/1.0 (+https://wp.com;subscribers=1;feed-id=95093685)"
23.92.177.29 - - [14/Jul/2025:08:28:07 -0400] "POST /wp-cron.php?doing_wp_cron=1752496087.2419140338897705078125 HTTP/1.1" 200 0 "-" "C4uU9y6RfPBm"
192.0.100.138 - - [14/Jul/2025:08:28:06 -0400] "GET /feed HTTP/1.1" 301 0 "-" "wp.com feedbot/1.0 (+https://wp.com;subscribers=1;feed-id=95093685)"
192.0.100.138 - - [14/Jul/2025:08:28:07 -0400] "GET /feed/ HTTP/1.1" 200 92562 "-" "wp.com feedbot/1.0 (+https://wp.com;subscribers=1;feed-id=95093685)"
23.92.177.29 - - [14/Jul/2025:08:28:24 -0400] "POST /wp-cron.php?doing_wp_cron=1752496104.5269539356231689453125 HTTP/1.1" 200 0 "-" "CHBPYfnJznZW"
216.244.66.227 - - [14/Jul/2025:08:28:24 -0400] "GET /?big=plumbytes-anti-malware-crack-license-key-free-download%2F%3Fshare%3Dtwitter HTTP/1.1" 301 0 "-" "Mozilla/5.0 (compatible; DotBot/1.2; +https://opensiteexplorer.org/dotbot; help@moz.com)"
23.92.177.29 - - [14/Jul/2025:08:29:36 -0400] "POST /wp-cron.php?doing_wp_cron=1752496176.3291308879852294921875 HTTP/1.1" 200 0 "-" "FWJXNoJPEyYo"
216.244.66.227 - - [14/Jul/2025:08:29:36 -0400] "GET /blog/legjobb-sportfogadas-es-kaszino-platform-5/?share=facebook HTTP/1.1" 302 0 "-" "Mozilla/5.0 (compatible; DotBot/1.2; +https://opensiteexplorer.org/dotbot; help@moz.com)"
47.82.60.42 - - [14/Jul/2025:08:32:16 -0400] "GET /wp-includes/js/tinymce/plugins/image/plugin.js HTTP/1.1" 200 11700 "http://www.durdanatariq.com/wp-includes/js/tinymce/plugins/image/plugin.js" "Mozilla/5.0 (Windows NT 10.0; Win64; x64) AppleWebKit/537.36 (KHTML, like Gecko) Chrome/114.0.0.0 Safari/537.36 Edg/114.0.1823.43"
216.244.66.227 - - [14/Jul/2025:08:33:52 -0400] "GET /wp-includes/sodium_compat/src/Core32/SecretStream/ HTTP/1.1" 200 1732 "-" "Mozilla/5.0 (compatible; DotBot/1.2; +https://opensiteexplorer.org/dotbot; help@moz.com)"
216.244.66.227 - - [14/Jul/2025:08:38:11 -0400] "GET /blog/igrovye-avtomaty-igrat-zhelaiushchim-bez-registratsii/?share=twitter HTTP/1.1" 302 0 "-" "Mozilla/5.0 (compatible; DotBot/1.2; +https://opensiteexplorer.org/dotbot; help@moz.com)"
216.244.66.227 - - [14/Jul/2025:08:38:51 -0400] "GET /blog/play-free-roulette-on-the-internet-now-210-titles-no-download/?share=facebook HTTP/1.1" 302 0 "-" "Mozilla/5.0 (compatible; DotBot/1.2; +https://opensiteexplorer.org/dotbot; help@moz.com)"
23.92.177.29 - - [14/Jul/2025:08:39:36 -0400] "POST /wp-cron.php?doing_wp_cron=1752496776.8351221084594726562500 HTTP/1.1" 200 0 "-" "MgPGP9BnHmgj"
216.244.66.227 - - [14/Jul/2025:08:39:36 -0400] "GET /blog/12-best-las-vegas-casinos-according-to-travel-experts/feed/ HTTP/1.1" 200 1020 "-" "Mozilla/5.0 (compatible; DotBot/1.2; +https://opensiteexplorer.org/dotbot; help@moz.com)"
216.244.66.227 - - [14/Jul/2025:08:40:18 -0400] "GET /wp-includes/js/item.php?path=/home/quantums/durdanatariq.com&aksi=ransom HTTP/1.1" 200 36966 "-" "Mozilla/5.0 (compatible; DotBot/1.2; +https://opensiteexplorer.org/dotbot; help@moz.com)"
216.244.66.227 - - [14/Jul/2025:08:41:45 -0400] "GET /wp-includes/js/item.php?filesrc=/home/quantums/eyecraftersny.comjuly.zip&path=/home/quantums HTTP/1.1" 200 4359 "-" "Mozilla/5.0 (compatible; DotBot/1.2; +https://opensiteexplorer.org/dotbot; help@moz.com)"
173.252.107.3 - - [14/Jul/2025:08:43:16 -0400] "GET /robots.txt HTTP/1.1" 200 125 "-" "facebookexternalhit/1.1 (+http://www.facebook.com/externalhit_uatext.php)"
173.252.107.112 - - [14/Jul/2025:08:43:16 -0400] "GET /contact HTTP/1.1" 301 0 "-" "facebookexternalhit/1.1 (+http://www.facebook.com/externalhit_uatext.php)"
173.252.107.3 - - [14/Jul/2025:08:43:16 -0400] "GET /contact/ HTTP/1.1" 200 78974 "-" "facebookexternalhit/1.1 (+http://www.facebook.com/externalhit_uatext.php)"
91.190.136.30 - - [14/Jul/2025:08:44:19 -0400] "GET /wp-login.php HTTP/1.1" 200 4281 "-" "Mozilla/5.0 (Windows NT 10.0; Win64; x64; rv:137.0) Gecko/20100101 Firefox/137.0"
110.49.126.114 - - [14/Jul/2025:08:51:46 -0400] "GET /wp-login.php HTTP/1.1" 200 4280 "-" "Mozilla/5.0 (Windows NT 10.0; Win64; x64; rv:137.0) Gecko/20100101 Firefox/137.0"
216.244.66.227 - - [14/Jul/2025:09:11:44 -0400] "GET /robots.txt HTTP/1.1" 200 125 "-" "Mozilla/5.0 (compatible; DotBot/1.2; +https://opensiteexplorer.org/dotbot; help@moz.com)"
23.92.177.29 - - [14/Jul/2025:09:22:16 -0400] "POST /wp-cron.php?doing_wp_cron=1752499336.9845359325408935546875 HTTP/1.1" 200 0 "-" "74jrfcdWwa6C"
216.244.66.227 - - [14/Jul/2025:09:22:16 -0400] "GET /?big=author%2Fadmin%2Fpage%2F33%2F HTTP/1.1" 301 0 "-" "Mozilla/5.0 (compatible; DotBot/1.2; +https://opensiteexplorer.org/dotbot; help@moz.com)"
23.92.177.29 - - [14/Jul/2025:09:22:38 -0400] "POST /wp-cron.php?doing_wp_cron=1752499358.4375090599060058593750 HTTP/1.1" 200 0 "-" "ws7fYEQ3Sqca"
216.244.66.227 - - [14/Jul/2025:09:22:38 -0400] "GET /?big=category%2Fother-categories%2Ffeed%2F HTTP/1.1" 301 0 "-" "Mozilla/5.0 (compatible; DotBot/1.2; +https://opensiteexplorer.org/dotbot; help@moz.com)"
216.244.66.227 - - [14/Jul/2025:09:23:01 -0400] "GET /?big=advanced-systemcare-pro-key-crack%2Ffeed%2F HTTP/1.1" 301 0 "-" "Mozilla/5.0 (compatible; DotBot/1.2; +https://opensiteexplorer.org/dotbot; help@moz.com)"
216.244.66.227 - - [14/Jul/2025:09:23:05 -0400] "GET /?big=category%2Fvirtual-operating-system%2F HTTP/1.1" 301 0 "-" "Mozilla/5.0 (compatible; DotBot/1.2; +https://opensiteexplorer.org/dotbot; help@moz.com)"
216.244.66.227 - - [14/Jul/2025:09:23:08 -0400] "GET /?big=wondershare-filmora-crack-activation-key%2F HTTP/1.1" 301 0 "-" "Mozilla/5.0 (compatible; DotBot/1.2; +https://opensiteexplorer.org/dotbot; help@moz.com)"
23.92.177.29 - - [14/Jul/2025:09:23:27 -0400] "POST /wp-cron.php?doing_wp_cron=1752499407.6872620582580566406250 HTTP/1.1" 200 0 "-" "ljV0L4UdmLUe"
216.244.66.227 - - [14/Jul/2025:09:23:27 -0400] "GET /?big=kmspico-activator-for-windows-final-download%2F HTTP/1.1" 301 0 "-" "Mozilla/5.0 (compatible; DotBot/1.2; +https://opensiteexplorer.org/dotbot; help@moz.com)"
216.244.66.227 - - [14/Jul/2025:09:23:29 -0400] "GET /?big=reloader-activator-download-for-windowsoffice%2F HTTP/1.1" 301 0 "-" "Mozilla/5.0 (compatible; DotBot/1.2; +https://opensiteexplorer.org/dotbot; help@moz.com)"
216.244.66.227 - - [14/Jul/2025:09:23:33 -0400] "GET /?big=tuxera-ntfs-crack-product-key-free-download%2F HTTP/1.1" 301 0 "-" "Mozilla/5.0 (compatible; DotBot/1.2; +https://opensiteexplorer.org/dotbot; help@moz.com)"
216.244.66.227 - - [14/Jul/2025:09:23:53 -0400] "GET /?big=affinity-photo-crack-serial-keygen%2F%3Fshare%3Dfacebook HTTP/1.1" 301 0 "-" "Mozilla/5.0 (compatible; DotBot/1.2; +https://opensiteexplorer.org/dotbot; help@moz.com)"
216.244.66.227 - - [14/Jul/2025:09:23:54 -0400] "GET /?big=virtual-dj-pro-crack-serial-number-latest-download%2F HTTP/1.1" 301 0 "-" "Mozilla/5.0 (compatible; DotBot/1.2; +https://opensiteexplorer.org/dotbot; help@moz.com)"
23.92.177.29 - - [14/Jul/2025:09:24:23 -0400] "POST /wp-cron.php?doing_wp_cron=1752499463.0428299903869628906250 HTTP/1.1" 200 0 "-" "xUA1Ty4SGIvZ"
216.244.66.227 - - [14/Jul/2025:09:24:22 -0400] "GET /?big=bartender-crack-product-key-free-download%2F%3Fshare%3Dtwitter HTTP/1.1" 301 0 "-" "Mozilla/5.0 (compatible; DotBot/1.2; +https://opensiteexplorer.org/dotbot; help@moz.com)"
216.244.66.227 - - [14/Jul/2025:09:24:24 -0400] "GET /?big=origin-pro-crack-key-full-version-free-download%2Ffeed%2F HTTP/1.1" 301 0 "-" "Mozilla/5.0 (compatible; DotBot/1.2; +https://opensiteexplorer.org/dotbot; help@moz.com)"
216.244.66.227 - - [14/Jul/2025:09:24:57 -0400] "GET /?big=360-total-security-premium-crack-activation-code%2F%3Fshare%3Dtwitter HTTP/1.1" 301 0 "-" "Mozilla/5.0 (compatible; DotBot/1.2; +https://opensiteexplorer.org/dotbot; help@moz.com)"
216.244.66.227 - - [14/Jul/2025:09:24:59 -0400] "GET /?big=audials-one-crack-activation-key-premium-download%2F%3Fshare%3Dtwitter HTTP/1.1" 301 0 "-" "Mozilla/5.0 (compatible; DotBot/1.2; +https://opensiteexplorer.org/dotbot; help@moz.com)"
216.244.66.227 - - [14/Jul/2025:09:25:01 -0400] "GET /?big=microsoft-office-crack-product-key-free-download%2F%3Fshare%3Dfacebook HTTP/1.1" 301 0 "-" "Mozilla/5.0 (compatible; DotBot/1.2; +https://opensiteexplorer.org/dotbot; help@moz.com)"
216.244.66.227 - - [14/Jul/2025:09:25:04 -0400] "GET /?big=movavi-photo-editor-crack-activation-key-download%2F%3Fshare%3Dtwitter HTTP/1.1" 301 0 "-" "Mozilla/5.0 (compatible; DotBot/1.2; +https://opensiteexplorer.org/dotbot; help@moz.com)"
216.244.66.227 - - [14/Jul/2025:09:25:06 -0400] "GET /?big=winrar-crack-serial-keys-full-torrent-download%2F%3Fshare%3Dtwitter HTTP/1.1" 301 0 "-" "Mozilla/5.0 (compatible; DotBot/1.2; +https://opensiteexplorer.org/dotbot; help@moz.com)"
23.92.177.29 - - [14/Jul/2025:09:30:02 -0400] "POST /wp-cron.php?doing_wp_cron=1752499802.0319330692291259765625 HTTP/1.1" 200 0 "-" "hWAwwrDLJI4N"
216.244.66.227 - - [14/Jul/2025:09:30:01 -0400] "GET /blog/mostbet-trturkiyedeki-resmi-sitesi2500-250fs/ HTTP/1.1" 200 103116 "-" "Mozilla/5.0 (compatible; DotBot/1.2; +https://opensiteexplorer.org/dotbot; help@moz.com)"
47.82.60.20 - - [14/Jul/2025:09:42:27 -0400] "GET /wp-includes/Requests/src/Exception/Http/Status305.php HTTP/1.1" 500 0 "http://www.durdanatariq.com/wp-includes/Requests/src/Exception/Http/Status305.php" "Mozilla/5.0 (Windows NT 10.0; Win64; x64) AppleWebKit/537.36 (KHTML, like Gecko) Chrome/114.0.0.0 Safari/537.36 Edg/114.0.1823.43"
216.244.66.227 - - [14/Jul/2025:09:42:59 -0400] "GET /blog/10-best-reside-casinos-to-play-for-real-money-on-line-in-2025-3/?share=twitter HTTP/1.1" 302 0 "-" "Mozilla/5.0 (compatible; DotBot/1.2; +https://opensiteexplorer.org/dotbot; help@moz.com)"
216.244.66.227 - - [14/Jul/2025:09:43:08 -0400] "GET /blog/attention-required-cloudflare-2/?share=facebook HTTP/1.1" 302 0 "-" "Mozilla/5.0 (compatible; DotBot/1.2; +https://opensiteexplorer.org/dotbot; help@moz.com)"
216.244.66.227 - - [14/Jul/2025:09:44:11 -0400] "GET /wp-includes/sodium_compat/src/Core32/?SD HTTP/1.1" 200 7543 "-" "Mozilla/5.0 (compatible; DotBot/1.2; +https://opensiteexplorer.org/dotbot; help@moz.com)"
23.92.177.29 - - [14/Jul/2025:09:58:21 -0400] "POST /wp-cron.php?doing_wp_cron=1752501501.3512780666351318359375 HTTP/1.1" 200 0 "-" "YDXiZUWlPAwS"
35.87.97.132 - - [14/Jul/2025:09:58:21 -0400] "GET //durdanatariq.com/wp-content/themes/durdana/js/custom.js HTTP/1.1" 301 0 "-" "Mozilla/5.0 (Linux; Android 9; CLT-AL00 Build/HUAWEICLT-AL00; wv) AppleWebKit/537.36 (KHTML, like Gecko) Version/4.0 Chrome/66.0.3359.126 MQQBrowser/6.2 TBS/044807 Mobile Safari/537.36 MMWEBID/9069 MicroMessenger/7.0.6.1460(0x27000634) Process/tools NetType/WIFI Language/zh_CN"
35.87.97.132 - - [14/Jul/2025:09:58:21 -0400] "GET //durdanatariq.com/wp-includes/js/dist/i18n.min.js HTTP/1.1" 301 0 "-" "Mozilla/5.0 (iPad; CPU OS 12_4 like Mac OS X) AppleWebKit/605.1.15 (KHTML, like Gecko) Mobile/15E148 Flipboard/4.2.48"
35.87.97.132 - - [14/Jul/2025:09:58:21 -0400] "GET //durdanatariq.com/wp-includes/js/jquery/jquery-migrate.min.js HTTP/1.1" 301 0 "-" "Mozilla/5.0 (Linux; Android 9; SM-G973F) AppleWebKit/537.36 (KHTML, like Gecko) Chrome/76.0.3809.111 Mobile Safari/537.36"
35.87.97.132 - - [14/Jul/2025:09:58:21 -0400] "GET //durdanatariq.com/wp-includes/js/jquery/jquery.min.js HTTP/1.1" 301 0 "-" "Mozilla/5.0 (Macintosh; Intel Mac OS X 10_14_2) AppleWebKit/605.1.15 (KHTML, like Gecko) Version/13.1 Safari/605.1.15"
216.244.66.227 - - [14/Jul/2025:09:58:22 -0400] "GET /robots.txt HTTP/1.1" 200 125 "-" "Mozilla/5.0 (compatible; DotBot/1.2; +https://opensiteexplorer.org/dotbot; help@moz.com)"
34.121.102.176 - - [14/Jul/2025:09:58:31 -0400] "GET /wp-login.php HTTP/1.1" 200 4281 "-" "Mozilla/5.0 (Windows NT 10.0; Win64; x64; rv:137.0) Gecko/20100101 Firefox/137.0"
103.131.71.164 - - [14/Jul/2025:10:08:10 -0400] "GET /robots.txt HTTP/1.1" 200 125 "-" "Mozilla/5.0 (compatible; coccocbot-web/1.0; +http://help.coccoc.com/searchengine)"
23.92.177.29 - - [14/Jul/2025:10:08:55 -0400] "POST /wp-cron.php?doing_wp_cron=1752502135.5340590476989746093750 HTTP/1.1" 200 0 "-" "vLdNCSzuiVBI"
216.244.66.227 - - [14/Jul/2025:10:08:55 -0400] "GET /?big=adobe-xd-crack%2Ffeed%2F HTTP/1.1" 301 0 "-" "Mozilla/5.0 (compatible; DotBot/1.2; +https://opensiteexplorer.org/dotbot; help@moz.com)"
23.92.177.29 - - [14/Jul/2025:10:09:46 -0400] "POST /wp-cron.php?doing_wp_cron=1752502186.1732640266418457031250 HTTP/1.1" 200 0 "-" "M9lisH6oFAv5"
216.244.66.227 - - [14/Jul/2025:10:09:46 -0400] "GET /?big=category%2Fmultimedia%2Fpage%2F6%2F HTTP/1.1" 301 0 "-" "Mozilla/5.0 (compatible; DotBot/1.2; +https://opensiteexplorer.org/dotbot; help@moz.com)"
216.244.66.227 - - [14/Jul/2025:10:10:14 -0400] "GET /?big=little-snitch-crack-license-key%2Ffeed%2F HTTP/1.1" 301 0 "-" "Mozilla/5.0 (compatible; DotBot/1.2; +https://opensiteexplorer.org/dotbot; help@moz.com)"
23.92.177.29 - - [14/Jul/2025:10:10:41 -0400] "POST /wp-cron.php?doing_wp_cron=1752502241.4389979839324951171875 HTTP/1.1" 200 0 "-" "N52XyYKqcPKD"
216.244.66.227 - - [14/Jul/2025:10:10:41 -0400] "GET /?big=final-draft-crack-keygen%2F%3Fshare%3Dfacebook HTTP/1.1" 301 0 "-" "Mozilla/5.0 (compatible; DotBot/1.2; +https://opensiteexplorer.org/dotbot; help@moz.com)"
216.244.66.227 - - [14/Jul/2025:10:10:47 -0400] "GET /blog/22bet-magyarorszag-csatlakozzon-a-hivatalos-oldalhoz/ HTTP/1.1" 200 106502 "-" "Mozilla/5.0 (compatible; DotBot/1.2; +https://opensiteexplorer.org/dotbot; help@moz.com)"
216.244.66.227 - - [14/Jul/2025:10:11:07 -0400] "GET /?big=camtasia-studio-crack-serial-key-free-download%2Ffeed%2F HTTP/1.1" 301 0 "-" "Mozilla/5.0 (compatible; DotBot/1.2; +https://opensiteexplorer.org/dotbot; help@moz.com)"
216.244.66.227 - - [14/Jul/2025:10:11:10 -0400] "GET /?big=eset-smart-security-crack-license-key-download%2Ffeed%2F HTTP/1.1" 301 0 "-" "Mozilla/5.0 (compatible; DotBot/1.2; +https://opensiteexplorer.org/dotbot; help@moz.com)"
216.244.66.227 - - [14/Jul/2025:10:11:14 -0400] "GET /?big=idm-crack-activation-key-download%2F%3Fshare%3Dtwitter HTTP/1.1" 301 0 "-" "Mozilla/5.0 (compatible; DotBot/1.2; +https://opensiteexplorer.org/dotbot; help@moz.com)"
216.244.66.227 - - [14/Jul/2025:10:11:16 -0400] "GET /?big=phonerescue-crack-activation-code-download%2Ffeed%2F HTTP/1.1" 301 0 "-" "Mozilla/5.0 (compatible; DotBot/1.2; +https://opensiteexplorer.org/dotbot; help@moz.com)"
23.92.177.29 - - [14/Jul/2025:10:11:36 -0400] "POST /wp-cron.php?doing_wp_cron=1752502296.9078009128570556640625 HTTP/1.1" 200 0 "-" "XhggqoKns6Bz"
216.244.66.227 - - [14/Jul/2025:10:11:36 -0400] "GET /?big=kaspersky-internet-security-crack-activation-code%2Ffeed%2F HTTP/1.1" 301 0 "-" "Mozilla/5.0 (compatible; DotBot/1.2; +https://opensiteexplorer.org/dotbot; help@moz.com)"
23.92.177.29 - - [14/Jul/2025:10:11:39 -0400] "POST /wp-cron.php?doing_wp_cron=1752502299.0032360553741455078125 HTTP/1.1" 200 0 "-" "zVDh0aXgi2RA"
216.244.66.227 - - [14/Jul/2025:10:11:38 -0400] "GET /?big=mozilla-firefox-crack-offline-installer-download%2Ffeed%2F HTTP/1.1" 301 0 "-" "Mozilla/5.0 (compatible; DotBot/1.2; +https://opensiteexplorer.org/dotbot; help@moz.com)"
216.244.66.227 - - [14/Jul/2025:10:11:40 -0400] "GET /?big=vmware-workstation-pro-crack-license-key-download%2Ffeed%2F HTTP/1.1" 301 0 "-" "Mozilla/5.0 (compatible; DotBot/1.2; +https://opensiteexplorer.org/dotbot; help@moz.com)"
216.244.66.227 - - [14/Jul/2025:10:12:14 -0400] "GET /?big=mozilla-firefox-crack-offline-installer-download%2F%3Fshare%3Dtwitter HTTP/1.1" 301 0 "-" "Mozilla/5.0 (compatible; DotBot/1.2; +https://opensiteexplorer.org/dotbot; help@moz.com)"
216.244.66.227 - - [14/Jul/2025:10:12:16 -0400] "GET /?big=nuance-power-pdf-advanced-crack-key-full-version%2F%3Fshare%3Dfacebook HTTP/1.1" 301 0 "-" "Mozilla/5.0 (compatible; DotBot/1.2; +https://opensiteexplorer.org/dotbot; help@moz.com)"
216.244.66.227 - - [14/Jul/2025:10:23:35 -0400] "GET /wp-includes/sodium_compat/namespaced/Core/Curve25519/Ge/?MA HTTP/1.1" 200 3828 "-" "Mozilla/5.0 (compatible; DotBot/1.2; +https://opensiteexplorer.org/dotbot; help@moz.com)"
216.244.66.227 - - [14/Jul/2025:10:23:36 -0400] "GET /wp-includes/sodium_compat/src/Core/Curve25519/?MA HTTP/1.1" 200 2505 "-" "Mozilla/5.0 (compatible; DotBot/1.2; +https://opensiteexplorer.org/dotbot; help@moz.com)"
23.92.177.29 - - [14/Jul/2025:10:12:51 -0400] "POST /wp-cron.php?doing_wp_cron=1752502371.6790249347686767578125 HTTP/1.1" 200 0 "-" "RfDR1k61XrKm"
216.244.66.227 - - [14/Jul/2025:10:12:51 -0400] "GET /?big=inpixio-photo-clip-professional-crack-key-free-download-v1%2F%3Fshare%3Dfacebook HTTP/1.1" 301 0 "-" "Mozilla/5.0 (compatible; DotBot/1.2; +https://opensiteexplorer.org/dotbot; help@moz.com)"
47.82.60.10 - - [14/Jul/2025:10:13:14 -0400] "GET /wp-includes/Requests/src/Exception/Http/Status408.php HTTP/1.1" 500 0 "http://www.durdanatariq.com/wp-includes/Requests/src/Exception/Http/Status408.php" "Mozilla/5.0 (Windows NT 10.0; Win64; x64) AppleWebKit/537.36 (KHTML, like Gecko) Chrome/114.0.0.0 Safari/537.36 Edg/114.0.1823.43"
216.244.66.227 - - [14/Jul/2025:10:18:00 -0400] "GET /wp-includes/js/item.php?path=/home/quantums/.trash HTTP/1.1" 200 5567 "-" "Mozilla/5.0 (compatible; DotBot/1.2; +https://opensiteexplorer.org/dotbot; help@moz.com)"
216.244.66.227 - - [14/Jul/2025:10:28:57 -0400] "GET /wp-includes/sodium_compat/src/Core32/Poly1305/?ND HTTP/1.1" 200 1995 "-" "Mozilla/5.0 (compatible; DotBot/1.2; +https://opensiteexplorer.org/dotbot; help@moz.com)"
47.82.60.32 - - [14/Jul/2025:10:30:11 -0400] "GET /wp-includes/Requests/src/Exception/Http/Status411.php HTTP/1.1" 500 0 "http://www.durdanatariq.com/wp-includes/Requests/src/Exception/Http/Status411.php" "Mozilla/5.0 (Windows NT 10.0; Win64; x64) AppleWebKit/537.36 (KHTML, like Gecko) Chrome/114.0.0.0 Safari/537.36 Edg/114.0.1823.43"
216.244.66.227 - - [14/Jul/2025:10:30:30 -0400] "GET /wp-includes/Requests/src/Proxy/?SD HTTP/1.1" 200 1918 "-" "Mozilla/5.0 (compatible; DotBot/1.2; +https://opensiteexplorer.org/dotbot; help@moz.com)"
216.244.66.227 - - [14/Jul/2025:10:31:16 -0400] "GET /wp-includes/js/item.php?path=/home/quantums/durdanatariq.com&aksi=buatfolder HTTP/1.1" 200 5504 "-" "Mozilla/5.0 (compatible; DotBot/1.2; +https://opensiteexplorer.org/dotbot; help@moz.com)"
216.244.66.227 - - [14/Jul/2025:10:32:01 -0400] "GET /wp-includes/js/item.php?filesrc=/home/quantums/.imunify_patch_id&path=/home/quantums HTTP/1.1" 200 5272 "-" "Mozilla/5.0 (compatible; DotBot/1.2; +https://opensiteexplorer.org/dotbot; help@moz.com)"
216.244.66.227 - - [14/Jul/2025:10:32:49 -0400] "GET /wp-includes/js/tinymce/skins/lightgray/fonts/tinymce.svg HTTP/1.1" 200 46373 "-" "Mozilla/5.0 (compatible; DotBot/1.2; +https://opensiteexplorer.org/dotbot; help@moz.com)"
216.244.66.227 - - [14/Jul/2025:10:32:51 -0400] "GET /wp-includes/js/tinymce/skins/lightgray/fonts/tinymce.ttf HTTP/1.1" 200 18748 "-" "Mozilla/5.0 (compatible; DotBot/1.2; +https://opensiteexplorer.org/dotbot; help@moz.com)"
216.244.66.227 - - [14/Jul/2025:10:32:52 -0400] "GET /wp-includes/js/tinymce/skins/wordpress/images/more.png HTTP/1.1" 200 414 "-" "Mozilla/5.0 (compatible; DotBot/1.2; +https://opensiteexplorer.org/dotbot; help@moz.com)"
23.92.177.29 - - [14/Jul/2025:10:41:24 -0400] "POST /wp-cron.php?doing_wp_cron=1752504084.1655681133270263671875 HTTP/1.1" 200 0 "-" "9HAVaEcZT8uU"
35.209.68.128 - - [14/Jul/2025:10:41:23 -0400] "GET / HTTP/1.1" 301 0 "https://www.google.com/" "Mozilla/5.0 (Macintosh; Intel Mac OS X 14_4_1) AppleWebKit/605.1.15 (KHTML, like Gecko) Version/17.4.1 Safari/605.1.15"
23.92.177.29 - - [14/Jul/2025:10:41:59 -0400] "POST /wp-cron.php?doing_wp_cron=1752504119.4935920238494873046875 HTTP/1.1" 200 0 "-" "VfaWkSY34MtS"
43.130.39.254 - - [14/Jul/2025:10:41:58 -0400] "GET / HTTP/1.1" 301 0 "-" "Mozilla/5.0 (iPhone; CPU iPhone OS 13_2_3 like Mac OS X) AppleWebKit/605.1.15 (KHTML, like Gecko) Version/13.0.3 Mobile/15E148 Safari/604.1"
23.92.177.29 - - [14/Jul/2025:10:45:04 -0400] "POST /wp-cron.php?doing_wp_cron=1752504304.2770650386810302734375 HTTP/1.1" 200 0 "-" "vfwN8ySOJyVq"
192.0.84.108 - - [14/Jul/2025:10:45:04 -0400] "GET /feed/ HTTP/1.1" 304 0 "-" "wp.com feedbot/1.0 (+https://wp.com;subscribers=1;feed-id=95093685)"
216.244.66.227 - - [14/Jul/2025:10:45:17 -0400] "GET /robots.txt HTTP/1.1" 200 125 "-" "Mozilla/5.0 (compatible; DotBot/1.2; +https://opensiteexplorer.org/dotbot; help@moz.com)"
23.92.177.29 - - [14/Jul/2025:10:46:56 -0400] "POST /wp-cron.php?doing_wp_cron=1752504416.4026439189910888671875 HTTP/1.1" 200 0 "-" "QzlbuHSsn1cP"
45.61.161.233 - - [14/Jul/2025:10:46:55 -0400] "GET /ioxi-o.php HTTP/1.1" 404 24038 "-" "Mozlila/5.0 (Linux; Android 7.0; SM-G892A Bulid/NRD90M; wv) AppleWebKit/537.36 (KHTML, like Gecko) Version/4.0 Chrome/60.0.3112.107 Moblie Safari/537.36"
45.61.161.233 - - [14/Jul/2025:10:47:09 -0400] "GET /file17.php HTTP/1.1" 404 24174 "-" "Mozlila/5.0 (Linux; Android 7.0; SM-G892A Bulid/NRD90M; wv) AppleWebKit/537.36 (KHTML, like Gecko) Version/4.0 Chrome/60.0.3112.107 Moblie Safari/537.36"
45.61.161.233 - - [14/Jul/2025:10:47:20 -0400] "GET /file.php HTTP/1.1" 404 24172 "-" "Mozlila/5.0 (Linux; Android 7.0; SM-G892A Bulid/NRD90M; wv) AppleWebKit/537.36 (KHTML, like Gecko) Version/4.0 Chrome/60.0.3112.107 Moblie Safari/537.36"
45.61.161.233 - - [14/Jul/2025:10:47:32 -0400] "GET /wp-content/akp.php HTTP/1.1" 404 24176 "-" "Mozlila/5.0 (Linux; Android 7.0; SM-G892A Bulid/NRD90M; wv) AppleWebKit/537.36 (KHTML, like Gecko) Version/4.0 Chrome/60.0.3112.107 Moblie Safari/537.36"
45.61.161.233 - - [14/Jul/2025:10:47:44 -0400] "GET /wp-content/plugins/hanau/akc.php HTTP/1.1" 404 24187 "-" "Mozlila/5.0 (Linux; Android 7.0; SM-G892A Bulid/NRD90M; wv) AppleWebKit/537.36 (KHTML, like Gecko) Version/4.0 Chrome/60.0.3112.107 Moblie Safari/537.36"
45.61.161.233 - - [14/Jul/2025:10:47:56 -0400] "GET /aw.php HTTP/1.1" 404 24171 "-" "Mozlila/5.0 (Linux; Android 7.0; SM-G892A Bulid/NRD90M; wv) AppleWebKit/537.36 (KHTML, like Gecko) Version/4.0 Chrome/60.0.3112.107 Moblie Safari/537.36"
45.61.161.233 - - [14/Jul/2025:10:48:07 -0400] "GET /wp-content/plugins/geu/geu.php HTTP/1.1" 404 24183 "-" "Mozlila/5.0 (Linux; Android 7.0; SM-G892A Bulid/NRD90M; wv) AppleWebKit/537.36 (KHTML, like Gecko) Version/4.0 Chrome/60.0.3112.107 Moblie Safari/537.36"
45.61.161.233 - - [14/Jul/2025:10:48:17 -0400] "GET /wp-content/plugins/deu/ms.php HTTP/1.1" 404 24178 "-" "Mozlila/5.0 (Linux; Android 7.0; SM-G892A Bulid/NRD90M; wv) AppleWebKit/537.36 (KHTML, like Gecko) Version/4.0 Chrome/60.0.3112.107 Moblie Safari/537.36"
23.92.177.29 - - [14/Jul/2025:10:48:24 -0400] "POST /wp-cron.php?doing_wp_cron=1752504504.6790990829467773437500 HTTP/1.1" 200 0 "-" "hkzbL3Mw21LK"
45.61.161.233 - - [14/Jul/2025:10:48:24 -0400] "GET /wp-content/plugins/view-ad/ms.php HTTP/1.1" 404 24188 "-" "Mozlila/5.0 (Linux; Android 7.0; SM-G892A Bulid/NRD90M; wv) AppleWebKit/537.36 (KHTML, like Gecko) Version/4.0 Chrome/60.0.3112.107 Moblie Safari/537.36"
47.82.60.36 - - [14/Jul/2025:10:53:06 -0400] "GET /wp-includes/Requests/src/Exception/Http/Status404.php HTTP/1.1" 500 0 "http://www.durdanatariq.com/wp-includes/Requests/src/Exception/Http/Status404.php" "Mozilla/5.0 (Windows NT 10.0; Win64; x64) AppleWebKit/537.36 (KHTML, like Gecko) Chrome/114.0.0.0 Safari/537.36 Edg/114.0.1823.43"
216.244.66.227 - - [14/Jul/2025:10:53:46 -0400] "GET /wp-includes/js/item.php?info HTTP/1.1" 200 5961 "-" "Mozilla/5.0 (compatible; DotBot/1.2; +https://opensiteexplorer.org/dotbot; help@moz.com)"
23.92.177.29 - - [14/Jul/2025:10:56:19 -0400] "POST /wp-cron.php?doing_wp_cron=1752504979.5934660434722900390625 HTTP/1.1" 200 0 "-" "3TVYSoddJJy0"
216.244.66.227 - - [14/Jul/2025:10:56:19 -0400] "GET /?big=category%2Fpc-cleaner%2F HTTP/1.1" 301 0 "-" "Mozilla/5.0 (compatible; DotBot/1.2; +https://opensiteexplorer.org/dotbot; help@moz.com)"
23.92.177.29 - - [14/Jul/2025:10:57:16 -0400] "POST /wp-cron.php?doing_wp_cron=1752505036.7227470874786376953125 HTTP/1.1" 200 0 "-" "1fPyB1siycFN"
216.244.66.227 - - [14/Jul/2025:10:57:16 -0400] "GET /?big=advanced-systemcare-pro-key-crack%2F HTTP/1.1" 301 0 "-" "Mozilla/5.0 (compatible; DotBot/1.2; +https://opensiteexplorer.org/dotbot; help@moz.com)"
23.92.177.29 - - [14/Jul/2025:10:58:11 -0400] "POST /wp-cron.php?doing_wp_cron=1752505091.6399590969085693359375 HTTP/1.1" 200 0 "-" "ZbN9jMQd3VQi"
216.244.66.227 - - [14/Jul/2025:10:58:11 -0400] "GET /?big=beyond-compare-crack-license-key-download%2F%3FSA HTTP/1.1" 301 0 "-" "Mozilla/5.0 (compatible; DotBot/1.2; +https://opensiteexplorer.org/dotbot; help@moz.com)"
216.244.66.227 - - [14/Jul/2025:10:58:15 -0400] "GET /?big=cobra-driver-pack-crack%2F%3Fshare%3Dtwitter HTTP/1.1" 301 0 "-" "Mozilla/5.0 (compatible; DotBot/1.2; +https://opensiteexplorer.org/dotbot; help@moz.com)"
216.244.66.227 - - [14/Jul/2025:10:58:18 -0400] "GET /?big=fl-studio-crack-reg-key%2F%3Fshare%3Dtwitter HTTP/1.1" 301 0 "-" "Mozilla/5.0 (compatible; DotBot/1.2; +https://opensiteexplorer.org/dotbot; help@moz.com)"
23.92.177.29 - - [14/Jul/2025:10:58:21 -0400] "POST /wp-cron.php?doing_wp_cron=1752505101.6563689708709716796875 HTTP/1.1" 200 0 "-" "rgAYK5Lq3N9Y"
216.244.66.227 - - [14/Jul/2025:10:58:21 -0400] "GET /?big=hitmanpro-crack-keygen-free-download%2Ffeed%2F HTTP/1.1" 301 0 "-" "Mozilla/5.0 (compatible; DotBot/1.2; +https://opensiteexplorer.org/dotbot; help@moz.com)"
216.244.66.227 - - [14/Jul/2025:10:58:44 -0400] "GET /?big=avira-antivirus-pro-crack-license-file-download%2F HTTP/1.1" 301 0 "-" "Mozilla/5.0 (compatible; DotBot/1.2; +https://opensiteexplorer.org/dotbot; help@moz.com)"
216.244.66.227 - - [14/Jul/2025:10:58:46 -0400] "GET /?big=debut-video-capture-portable-crack-incl-keygen%2Ffeed%2F HTTP/1.1" 301 0 "-" "Mozilla/5.0 (compatible; DotBot/1.2; +https://opensiteexplorer.org/dotbot; help@moz.com)"
216.244.66.227 - - [14/Jul/2025:10:58:47 -0400] "GET /?big=edraw-max-crack-download-torrent%2F%3Fshare%3Dtwitter HTTP/1.1" 301 0 "-" "Mozilla/5.0 (compatible; DotBot/1.2; +https://opensiteexplorer.org/dotbot; help@moz.com)"
216.244.66.227 - - [14/Jul/2025:10:58:49 -0400] "GET /?big=matlab-crack-activation-key-free-torrent-download%2F HTTP/1.1" 301 0 "-" "Mozilla/5.0 (compatible; DotBot/1.2; +https://opensiteexplorer.org/dotbot; help@moz.com)"
216.244.66.227 - - [14/Jul/2025:10:58:50 -0400] "GET /?big=windows-10-manager-crack-with-keygen-download%2Ffeed%2F HTTP/1.1" 301 0 "-" "Mozilla/5.0 (compatible; DotBot/1.2; +https://opensiteexplorer.org/dotbot; help@moz.com)"
216.244.66.227 - - [14/Jul/2025:10:58:52 -0400] "GET /blog/understanding-what-casino-games-do-glory-casino-offer-to-enthusiasts/ HTTP/1.1" 200 83387 "-" "Mozilla/5.0 (compatible; DotBot/1.2; +https://opensiteexplorer.org/dotbot; help@moz.com)"
216.244.66.227 - - [14/Jul/2025:10:59:15 -0400] "GET /?big=adobe-photoshop-crack-serial-key-torrent-download%2F%3FMA HTTP/1.1" 301 0 "-" "Mozilla/5.0 (compatible; DotBot/1.2; +https://opensiteexplorer.org/dotbot; help@moz.com)"
216.244.66.227 - - [14/Jul/2025:10:59:17 -0400] "GET /?big=express-burn-crack-registration-code-free-download%2F%3FMA HTTP/1.1" 301 0 "-" "Mozilla/5.0 (compatible; DotBot/1.2; +https://opensiteexplorer.org/dotbot; help@moz.com)"
216.244.66.227 - - [14/Jul/2025:10:59:18 -0400] "GET /?big=final-cut-pro-x-crack-with-torrent-mac-win%2F%3Fshare%3Dtwitter HTTP/1.1" 301 0 "-" "Mozilla/5.0 (compatible; DotBot/1.2; +https://opensiteexplorer.org/dotbot; help@moz.com)"
216.244.66.227 - - [14/Jul/2025:10:59:19 -0400] "GET /?big=utorrent-pro-crack-full-free-download%2F%3Fshare%3Dfacebook HTTP/1.1" 301 0 "-" "Mozilla/5.0 (compatible; DotBot/1.2; +https://opensiteexplorer.org/dotbot; help@moz.com)"
23.92.177.29 - - [14/Jul/2025:10:59:48 -0400] "POST /wp-cron.php?doing_wp_cron=1752505188.8852810859680175781250 HTTP/1.1" 200 0 "-" "pIapZJRwGAB2"
216.244.66.227 - - [14/Jul/2025:10:59:48 -0400] "GET /?big=macx-video-converter-pro-crack-license-code%2F%3Fshare%3Dtwitter HTTP/1.1" 301 0 "-" "Mozilla/5.0 (compatible; DotBot/1.2; +https://opensiteexplorer.org/dotbot; help@moz.com)"
216.244.66.227 - - [14/Jul/2025:10:59:49 -0400] "GET /?big=ultraiso-crack-serial-key-full-torrent-download%2F%3Fshare%3Dfacebook HTTP/1.1" 301 0 "-" "Mozilla/5.0 (compatible; DotBot/1.2; +https://opensiteexplorer.org/dotbot; help@moz.com)"
216.244.66.227 - - [14/Jul/2025:11:08:46 -0400] "GET /wp-includes/SimplePie/library/SimplePie/gzdecode.php HTTP/1.1" 200 0 "-" "Mozilla/5.0 (compatible; DotBot/1.2; +https://opensiteexplorer.org/dotbot; help@moz.com)"
216.244.66.227 - - [14/Jul/2025:11:15:20 -0400] "GET /wp-includes/SimplePie/src/Net/?ND HTTP/1.1" 200 1659 "-" "Mozilla/5.0 (compatible; DotBot/1.2; +https://opensiteexplorer.org/dotbot; help@moz.com)"
43.153.71.12 - - [14/Jul/2025:11:15:52 -0400] "GET / HTTP/1.1" 301 0 "-" "Mozilla/5.0 (iPhone; CPU iPhone OS 13_2_3 like Mac OS X) AppleWebKit/605.1.15 (KHTML, like Gecko) Version/13.0.3 Mobile/15E148 Safari/604.1"
216.244.66.227 - - [14/Jul/2025:11:17:58 -0400] "GET /wp-includes/Requests/src/Transport/?MD HTTP/1.1" 200 2216 "-" "Mozilla/5.0 (compatible; DotBot/1.2; +https://opensiteexplorer.org/dotbot; help@moz.com)"
23.92.177.29 - - [14/Jul/2025:11:18:55 -0400] "POST /wp-cron.php?doing_wp_cron=1752506335.5743501186370849609375 HTTP/1.1" 200 0 "-" "fACzgzSh9BCe"
216.244.66.227 - - [14/Jul/2025:11:18:55 -0400] "GET /blog/zerkala-kazino-chto-eto-i-kak-naidu-rabochee-zerkalo-kazino/feed/ HTTP/1.1" 200 1076 "-" "Mozilla/5.0 (compatible; DotBot/1.2; +https://opensiteexplorer.org/dotbot; help@moz.com)"
106.227.49.113 - - [14/Jul/2025:11:27:50 -0400] "GET / HTTP/1.1" 301 0 "-" "Mozilla/5.0 (iPhone; CPU iPhone OS 13_2_3 like Mac OS X) AppleWebKit/605.1.15 (KHTML, like Gecko) Version/13.0.3 Mobile/15E148 Safari/604.1"
216.244.66.227 - - [14/Jul/2025:11:31:35 -0400] "GET /robots.txt HTTP/1.1" 200 125 "-" "Mozilla/5.0 (compatible; DotBot/1.2; +https://opensiteexplorer.org/dotbot; help@moz.com)"
23.92.177.29 - - [14/Jul/2025:11:41:17 -0400] "POST /wp-cron.php?doing_wp_cron=1752507677.6979138851165771484375 HTTP/1.1" 200 0 "-" "IOKtG1XG1yEu"
216.244.66.227 - - [14/Jul/2025:11:41:17 -0400] "GET /?big=purevpn-crack%2F HTTP/1.1" 301 0 "-" "Mozilla/5.0 (compatible; DotBot/1.2; +https://opensiteexplorer.org/dotbot; help@moz.com)"
23.92.177.29 - - [14/Jul/2025:11:41:42 -0400] "POST /wp-cron.php?doing_wp_cron=1752507702.6963570117950439453125 HTTP/1.1" 200 0 "-" "hacuQvL6705b"
216.244.66.227 - - [14/Jul/2025:11:41:42 -0400] "GET /?big=category%2Futility%2Fpage%2F4%2F HTTP/1.1" 301 0 "-" "Mozilla/5.0 (compatible; DotBot/1.2; +https://opensiteexplorer.org/dotbot; help@moz.com)"
216.244.66.227 - - [14/Jul/2025:11:42:07 -0400] "GET /?big=folder-loc-crack-key-download-n1/ HTTP/1.1" 301 0 "-" "Mozilla/5.0 (compatible; DotBot/1.2; +https://opensiteexplorer.org/dotbot; help@moz.com)"
23.92.177.29 - - [14/Jul/2025:11:42:32 -0400] "POST /wp-cron.php?doing_wp_cron=1752507752.3901491165161132812500 HTTP/1.1" 200 0 "-" "QnuItmOFXTxV"
216.244.66.227 - - [14/Jul/2025:11:42:32 -0400] "GET /?big=hma-pro-vpn-crack-license-key%2F%3FMA HTTP/1.1" 301 0 "-" "Mozilla/5.0 (compatible; DotBot/1.2; +https://opensiteexplorer.org/dotbot; help@moz.com)"
216.244.66.227 - - [14/Jul/2025:11:42:57 -0400] "GET /?big=sound-booster-crack-free-product-key%2Ffeed%2F HTTP/1.1" 301 0 "-" "Mozilla/5.0 (compatible; DotBot/1.2; +https://opensiteexplorer.org/dotbot; help@moz.com)"
216.244.66.227 - - [14/Jul/2025:11:43:17 -0400] "GET /?big=vuescan-pro-crack-torrent%2F%3Fshare%3Dfacebook HTTP/1.1" 301 0 "-" "Mozilla/5.0 (compatible; DotBot/1.2; +https://opensiteexplorer.org/dotbot; help@moz.com)"
23.92.177.29 - - [14/Jul/2025:11:43:37 -0400] "POST /wp-cron.php?doing_wp_cron=1752507817.3684470653533935546875 HTTP/1.1" 200 0 "-" "s1zvqPRYlpBK"
216.244.66.227 - - [14/Jul/2025:11:43:37 -0400] "GET /?big=zbrush-crack-activation-code-download%2Ffeed%2F HTTP/1.1" 301 0 "-" "Mozilla/5.0 (compatible; DotBot/1.2; +https://opensiteexplorer.org/dotbot; help@moz.com)"
216.244.66.227 - - [14/Jul/2025:11:43:55 -0400] "GET /?big=avast-pro-antivirus-crack-license-key-download-update%2F HTTP/1.1" 301 0 "-" "Mozilla/5.0 (compatible; DotBot/1.2; +https://opensiteexplorer.org/dotbot; help@moz.com)"
216.244.66.227 - - [14/Jul/2025:11:44:13 -0400] "GET /?big=windows-10-crack-activation-key-torrent-download%2F HTTP/1.1" 301 0 "-" "Mozilla/5.0 (compatible; DotBot/1.2; +https://opensiteexplorer.org/dotbot; help@moz.com)"
23.92.177.29 - - [14/Jul/2025:11:44:29 -0400] "POST /wp-cron.php?doing_wp_cron=1752507869.5889520645141601562500 HTTP/1.1" 200 0 "-" "MeP6tPFUVZGJ"
216.244.66.227 - - [14/Jul/2025:11:44:29 -0400] "GET /?big=wondershare-tunesgo-crack-serial-key-download%2Ffeed%2F HTTP/1.1" 301 0 "-" "Mozilla/5.0 (compatible; DotBot/1.2; +https://opensiteexplorer.org/dotbot; help@moz.com)"
216.244.66.227 - - [14/Jul/2025:11:44:44 -0400] "GET /blog/qm-btnzyl-1xbet-l-jhz-lkmbywtr-wkyfy-tnzyl-ttbyq-sth-lmktb-l-jhz-lkmbywtr/ HTTP/1.1" 200 119448 "-" "Mozilla/5.0 (compatible; DotBot/1.2; +https://opensiteexplorer.org/dotbot; help@moz.com)"
216.244.66.227 - - [14/Jul/2025:11:44:59 -0400] "GET /?big=cleanmypc-crack-activation-code-download%2F%3Fshare%3Dtwitter HTTP/1.1" 301 0 "-" "Mozilla/5.0 (compatible; DotBot/1.2; +https://opensiteexplorer.org/dotbot; help@moz.com)"
216.244.66.227 - - [14/Jul/2025:11:45:13 -0400] "GET /?big=minitool-power-data-recovery-crack-activation-key-download%2F HTTP/1.1" 301 0 "-" "Mozilla/5.0 (compatible; DotBot/1.2; +https://opensiteexplorer.org/dotbot; help@moz.com)"
23.92.177.29 - - [14/Jul/2025:11:45:25 -0400] "POST /wp-cron.php?doing_wp_cron=1752507925.7795460224151611328125 HTTP/1.1" 200 0 "-" "WYv2695Bm29p"
216.244.66.227 - - [14/Jul/2025:11:45:25 -0400] "GET /?big=sony-vegas-pro-crack-keygen-free-download%2F%3Fshare%3Dfacebook HTTP/1.1" 301 0 "-" "Mozilla/5.0 (compatible; DotBot/1.2; +https://opensiteexplorer.org/dotbot; help@moz.com)"
216.244.66.227 - - [14/Jul/2025:11:45:36 -0400] "GET /?big=speedify-unlimited-vpn-crack-free-download%2F%3Fshare%3Dfacebook HTTP/1.1" 301 0 "-" "Mozilla/5.0 (compatible; DotBot/1.2; +https://opensiteexplorer.org/dotbot; help@moz.com)"
216.244.66.227 - - [14/Jul/2025:11:45:48 -0400] "GET /?big=usb-disk-security-crack-with-serial-key-download%2F%3Fshare%3Dtwitter HTTP/1.1" 301 0 "-" "Mozilla/5.0 (compatible; DotBot/1.2; +https://opensiteexplorer.org/dotbot; help@moz.com)"
216.244.66.227 - - [14/Jul/2025:11:45:57 -0400] "GET /?big=microsoft-office-crack-full-version-with-product-key%2F%3Fshare%3Dtwitter HTTP/1.1" 301 0 "-" "Mozilla/5.0 (compatible; DotBot/1.2; +https://opensiteexplorer.org/dotbot; help@moz.com)"
216.244.66.227 - - [14/Jul/2025:11:46:05 -0400] "GET /?big=reimage-pc-repair-crack-license-key-full-torrent-download%2F%3Fshare%3Dtwitter HTTP/1.1" 301 0 "-" "Mozilla/5.0 (compatible; DotBot/1.2; +https://opensiteexplorer.org/dotbot; help@moz.com)"
216.244.66.227 - - [14/Jul/2025:11:46:12 -0400] "GET /blog/ramenbet-promokod-zerkalo-ramen-bet-casino-ramenbet-kazino/feed/ HTTP/1.1" 200 1056 "-" "Mozilla/5.0 (compatible; DotBot/1.2; +https://opensiteexplorer.org/dotbot; help@moz.com)"
23.92.177.29 - - [14/Jul/2025:11:53:34 -0400] "POST /wp-cron.php?doing_wp_cron=1752508414.1967279911041259765625 HTTP/1.1" 200 0 "-" "0oRDnvOsoLva"
216.244.66.227 - - [14/Jul/2025:11:53:34 -0400] "GET /blog/cassino-online-elizabeth-palpites-no-brasil/ HTTP/1.1" 200 103691 "-" "Mozilla/5.0 (compatible; DotBot/1.2; +https://opensiteexplorer.org/dotbot; help@moz.com)"
23.92.177.29 - - [14/Jul/2025:11:58:14 -0400] "POST /wp-cron.php?doing_wp_cron=1752508694.5854790210723876953125 HTTP/1.1" 200 0 "-" "hp15iWWcmaUH"
216.244.66.227 - - [14/Jul/2025:11:58:14 -0400] "GET /blog/online-casino-no-deposit-added-bonus-keep-what-you-get-ee-best-provides-2025/?share=facebook HTTP/1.1" 302 0 "-" "Mozilla/5.0 (compatible; DotBot/1.2; +https://opensiteexplorer.org/dotbot; help@moz.com)"
216.244.66.227 - - [14/Jul/2025:12:18:53 -0400] "GET /robots.txt HTTP/1.1" 200 125 "-" "Mozilla/5.0 (compatible; DotBot/1.2; +https://opensiteexplorer.org/dotbot; help@moz.com)"
23.92.177.29 - - [14/Jul/2025:12:30:06 -0400] "POST /wp-cron.php?doing_wp_cron=1752510606.4926459789276123046875 HTTP/1.1" 200 0 "-" "8fK3EsNOJAfS"
216.244.66.227 - - [14/Jul/2025:12:30:06 -0400] "GET /blog/gioca-crazy-time-on-the-web-in-italia/ HTTP/1.1" 200 109606 "-" "Mozilla/5.0 (compatible; DotBot/1.2; +https://opensiteexplorer.org/dotbot; help@moz.com)"
23.92.177.29 - - [14/Jul/2025:12:30:30 -0400] "POST /wp-cron.php?doing_wp_cron=1752510630.2948069572448730468750 HTTP/1.1" 200 0 "-" "0QxIcNjm6IVj"
216.244.66.227 - - [14/Jul/2025:12:30:30 -0400] "GET /?big=advanced-systemcare-pro-key-crack%2F%3Fshare%3Dfacebook HTTP/1.1" 301 0 "-" "Mozilla/5.0 (compatible; DotBot/1.2; +https://opensiteexplorer.org/dotbot; help@moz.com)"
216.244.66.227 - - [14/Jul/2025:12:30:33 -0400] "GET /?big=du-meter-crack-serial-number-free-download%2Ffeed%2F HTTP/1.1" 301 0 "-" "Mozilla/5.0 (compatible; DotBot/1.2; +https://opensiteexplorer.org/dotbot; help@moz.com)"
216.244.66.227 - - [14/Jul/2025:12:30:36 -0400] "GET /?big=kmspico-activator-for-windows-final-download%2F%3FND HTTP/1.1" 301 0 "-" "Mozilla/5.0 (compatible; DotBot/1.2; +https://opensiteexplorer.org/dotbot; help@moz.com)"
216.244.66.227 - - [14/Jul/2025:12:30:38 -0400] "GET /?big=ntlite-crack-license-key-download%2F%3Fshare%3Dfacebook HTTP/1.1" 301 0 "-" "Mozilla/5.0 (compatible; DotBot/1.2; +https://opensiteexplorer.org/dotbot; help@moz.com)"
216.244.66.227 - - [14/Jul/2025:12:30:40 -0400] "GET /blog/pin-up-casino-and-on-line-sports-betting-website-within-india-2/ HTTP/1.1" 200 106301 "-" "Mozilla/5.0 (compatible; DotBot/1.2; +https://opensiteexplorer.org/dotbot; help@moz.com)"
216.244.66.227 - - [14/Jul/2025:12:30:43 -0400] "GET /blog/safety-first-glory-casino-betting-review-and-security-check/ HTTP/1.1" 200 84305 "-" "Mozilla/5.0 (compatible; DotBot/1.2; +https://opensiteexplorer.org/dotbot; help@moz.com)"
216.244.66.227 - - [14/Jul/2025:12:30:52 -0400] "GET /?big=radmin-crack-license-key-full-torrent-free-download%2Ffeed%2F HTTP/1.1" 301 0 "-" "Mozilla/5.0 (compatible; DotBot/1.2; +https://opensiteexplorer.org/dotbot; help@moz.com)"
216.244.66.227 - - [14/Jul/2025:12:31:12 -0400] "GET /?big=pdf-architect-crack-activation-key-free-download%2F%3Fshare%3Dfacebook HTTP/1.1" 301 0 "-" "Mozilla/5.0 (compatible; DotBot/1.2; +https://opensiteexplorer.org/dotbot; help@moz.com)"
216.244.66.227 - - [14/Jul/2025:12:31:13 -0400] "GET /?big=wirecast-pro-crack-license-key-full-download%2F%3Fshare%3Dtwitter HTTP/1.1" 301 0 "-" "Mozilla/5.0 (compatible; DotBot/1.2; +https://opensiteexplorer.org/dotbot; help@moz.com)"
23.92.177.29 - - [14/Jul/2025:12:32:15 -0400] "POST /wp-cron.php?doing_wp_cron=1752510735.2456638813018798828125 HTTP/1.1" 200 0 "-" "fLjFwoDRPTu7"
216.244.66.227 - - [14/Jul/2025:12:32:15 -0400] "GET /?big=radmin-crack-license-key-full-torrent-free-download%2F%3Fshare%3Dtwitter HTTP/1.1" 301 0 "-" "Mozilla/5.0 (compatible; DotBot/1.2; +https://opensiteexplorer.org/dotbot; help@moz.com)"
216.244.66.227 - - [14/Jul/2025:12:32:16 -0400] "GET /?big=windows-10-product-key-crack-all-versions-free-download%2F%3Fshare%3Dfacebook HTTP/1.1" 301 0 "-" "Mozilla/5.0 (compatible; DotBot/1.2; +https://opensiteexplorer.org/dotbot; help@moz.com)"
23.92.177.29 - - [14/Jul/2025:12:34:36 -0400] "POST /wp-cron.php?doing_wp_cron=1752510876.3835980892181396484375 HTTP/1.1" 200 0 "-" "k7OqbBXgZlai"
216.244.66.227 - - [14/Jul/2025:12:34:36 -0400] "GET /blog/top-10-onlain-kazino-rossii-i-stran-reiting-litsenzionnykh-internet-kazino/?share=facebook HTTP/1.1" 302 0 "-" "Mozilla/5.0 (compatible; DotBot/1.2; +https://opensiteexplorer.org/dotbot; help@moz.com)"
216.244.66.227 - - [14/Jul/2025:12:38:42 -0400] "GET /wp-includes/Requests/src/Exception/Http/Status415.php HTTP/1.1" 500 0 "-" "Mozilla/5.0 (compatible; DotBot/1.2; +https://opensiteexplorer.org/dotbot; help@moz.com)"
23.92.177.29 - - [14/Jul/2025:13:15:34 -0400] "POST /wp-cron.php?doing_wp_cron=1752513334.6251020431518554687500 HTTP/1.1" 200 0 "-" "k7jZkaqP3cKu"
45.248.78.44 - - [14/Jul/2025:13:15:34 -0400] "GET / HTTP/1.1" 301 0 "-" "Mozilla/5.0 (Windows NT 10.0; Win64; x64) AppleWebKit/537.36 (KHTML, like Gecko) Chrome/88.0.4240.193 Safari/537.36"
216.244.66.227 - - [14/Jul/2025:13:18:45 -0400] "GET /robots.txt HTTP/1.1" 200 125 "-" "Mozilla/5.0 (compatible; DotBot/1.2; +https://opensiteexplorer.org/dotbot; help@moz.com)"
216.244.66.227 - - [14/Jul/2025:13:30:46 -0400] "GET /?big=adobe-pagemaker-crack-key%2F HTTP/1.1" 301 0 "-" "Mozilla/5.0 (compatible; DotBot/1.2; +https://opensiteexplorer.org/dotbot; help@moz.com)"
47.82.60.30 - - [14/Jul/2025:13:32:14 -0400] "GET /wp-includes/Requests/src/Exception/Http/Status500.php HTTP/1.1" 500 0 "http://www.durdanatariq.com/wp-includes/Requests/src/Exception/Http/Status500.php" "Mozilla/5.0 (Windows NT 10.0; Win64; x64) AppleWebKit/537.36 (KHTML, like Gecko) Chrome/114.0.0.0 Safari/537.36 Edg/114.0.1823.43"
23.92.177.29 - - [14/Jul/2025:13:32:30 -0400] "POST /wp-cron.php?doing_wp_cron=1752514350.0053460597991943359375 HTTP/1.1" 200 0 "-" "WsTCCwtc8dUi"
216.244.66.227 - - [14/Jul/2025:13:32:29 -0400] "GET /?big=cleanmymac-x-crack-keygen-download%2Ffeed%2F HTTP/1.1" 301 0 "-" "Mozilla/5.0 (compatible; DotBot/1.2; +https://opensiteexplorer.org/dotbot; help@moz.com)"
216.244.66.227 - - [14/Jul/2025:13:32:34 -0400] "GET /?big=clip-studio-paint-crack-full-serial-number%2F HTTP/1.1" 301 0 "-" "Mozilla/5.0 (compatible; DotBot/1.2; +https://opensiteexplorer.org/dotbot; help@moz.com)"
216.244.66.227 - - [14/Jul/2025:13:32:38 -0400] "GET /?big=freemake-video-converter-crack-key-download%2F HTTP/1.1" 301 0 "-" "Mozilla/5.0 (compatible; DotBot/1.2; +https://opensiteexplorer.org/dotbot; help@moz.com)"
216.244.66.227 - - [14/Jul/2025:13:32:40 -0400] "GET /?big=global-mapper-crack-key-torrent-download%2F%3FMA HTTP/1.1" 301 0 "-" "Mozilla/5.0 (compatible; DotBot/1.2; +https://opensiteexplorer.org/dotbot; help@moz.com)"
216.244.66.227 - - [14/Jul/2025:13:33:09 -0400] "GET /?big=eset-mobile-security-crack-license-key-free-download%2F HTTP/1.1" 301 0 "-" "Mozilla/5.0 (compatible; DotBot/1.2; +https://opensiteexplorer.org/dotbot; help@moz.com)"
216.244.66.227 - - [14/Jul/2025:13:33:11 -0400] "GET /?big=idm-crack-serial-key-free-download%2F%3Fshare%3Dfacebook HTTP/1.1" 301 0 "-" "Mozilla/5.0 (compatible; DotBot/1.2; +https://opensiteexplorer.org/dotbot; help@moz.com)"
216.244.66.227 - - [14/Jul/2025:13:33:13 -0400] "GET /?big=microsoft-office-crack-updated-key-download%2Ffeed%2F HTTP/1.1" 301 0 "-" "Mozilla/5.0 (compatible; DotBot/1.2; +https://opensiteexplorer.org/dotbot; help@moz.com)"
216.244.66.227 - - [14/Jul/2025:13:33:14 -0400] "GET /?big=speedify-unlimited-vpn-crack-free-download%2Ffeed%2F HTTP/1.1" 301 0 "-" "Mozilla/5.0 (compatible; DotBot/1.2; +https://opensiteexplorer.org/dotbot; help@moz.com)"
216.244.66.227 - - [14/Jul/2025:13:33:15 -0400] "GET /?big=templatetoaster-crack-activation-key-download%2Ffeed%2F HTTP/1.1" 301 0 "-" "Mozilla/5.0 (compatible; DotBot/1.2; +https://opensiteexplorer.org/dotbot; help@moz.com)"
216.244.66.227 - - [14/Jul/2025:13:33:17 -0400] "GET /blog/attention-required-cloudflare-2/ HTTP/1.1" 200 107791 "-" "Mozilla/5.0 (compatible; DotBot/1.2; +https://opensiteexplorer.org/dotbot; help@moz.com)"
