72.14.199.198 - - [12/Jul/2025:09:44:27 -0400] "GET /wp-content/plugins/elementor/assets/js/text-editor.c084ef86600b6f11690d.bundle.min.js HTTP/1.1" 200 3720 "https://bodyguardslosangeles.net/shopdetail/11007992/" "Mozilla/5.0 (X11; Linux x86_64) AppleWebKit/537.36 (KHTML, like Gecko) Chrome/137.0.7151.119 Safari/537.36"
57.141.4.14 - - [12/Jul/2025:09:45:33 -0400] "GET /shopdetail/2953369/ HTTP/2" 404 76558 "-" "meta-externalagent/1.1 (+https://developers.facebook.com/docs/sharing/webmasters/crawler)"
57.141.4.9 - - [12/Jul/2025:09:47:21 -0400] "GET /shopdetail/11861636/ HTTP/2" 404 76560 "-" "meta-externalagent/1.1 (+https://developers.facebook.com/docs/sharing/webmasters/crawler)"
216.73.216.35 - - [12/Jul/2025:09:49:46 -0400] "GET /robots.txt HTTP/2" 200 145 "-" "Mozilla/5.0 AppleWebKit/537.36 (KHTML, like Gecko; compatible; ClaudeBot/1.0; +claudebot@anthropic.com)"
216.73.216.35 - - [12/Jul/2025:09:49:46 -0400] "GET /product-tag/seo/?add-to-cart=2177 HTTP/2" 200 18894 "-" "Mozilla/5.0 AppleWebKit/537.36 (KHTML, like Gecko; compatible; ClaudeBot/1.0; +claudebot@anthropic.com)"
72.14.199.160 - - [12/Jul/2025:09:56:36 -0400] "GET /shopdetail/9088214/ HTTP/1.1" 301 0 "-" "Mozilla/5.0 (X11; Linux x86_64) AppleWebKit/537.36 (KHTML, like Gecko) Chrome/137.0.7151.119 Safari/537.36"
72.14.199.198 - - [12/Jul/2025:09:56:37 -0400] "GET /shopdetail/9088214/ HTTP/1.1" 404 17524 "-" "Mozilla/5.0 (X11; Linux x86_64) AppleWebKit/537.36 (KHTML, like Gecko) Chrome/137.0.7151.119 Safari/537.36"
57.141.4.16 - - [12/Jul/2025:09:58:30 -0400] "GET /shopdetail/14412147/ HTTP/2" 404 76560 "-" "meta-externalagent/1.1 (+https://developers.facebook.com/docs/sharing/webmasters/crawler)"
57.141.4.9 - - [12/Jul/2025:09:58:55 -0400] "GET /shopdetail/19265669/ HTTP/2" 404 76560 "-" "meta-externalagent/1.1 (+https://developers.facebook.com/docs/sharing/webmasters/crawler)"
57.141.4.27 - - [12/Jul/2025:10:00:41 -0400] "GET /shopdetail/18567903/ HTTP/2" 404 76560 "-" "meta-externalagent/1.1 (+https://developers.facebook.com/docs/sharing/webmasters/crawler)"
57.141.4.13 - - [12/Jul/2025:10:02:23 -0400] "GET /shopdetail/6925236/ HTTP/2" 404 76558 "-" "meta-externalagent/1.1 (+https://developers.facebook.com/docs/sharing/webmasters/crawler)"
57.141.4.24 - - [12/Jul/2025:10:06:16 -0400] "GET /index.html HTTP/2" 301 0 "-" "meta-externalagent/1.1 (+https://developers.facebook.com/docs/sharing/webmasters/crawler)"
57.141.4.8 - - [12/Jul/2025:10:08:25 -0400] "GET /shopdetail/21603803/ HTTP/2" 404 76560 "-" "meta-externalagent/1.1 (+https://developers.facebook.com/docs/sharing/webmasters/crawler)"
216.73.216.35 - - [12/Jul/2025:10:09:36 -0400] "GET /product-tag/seo/?add-to-cart=2167 HTTP/2" 200 18855 "-" "Mozilla/5.0 AppleWebKit/537.36 (KHTML, like Gecko; compatible; ClaudeBot/1.0; +claudebot@anthropic.com)"
57.141.4.20 - - [12/Jul/2025:10:13:11 -0400] "GET /shopdetail/6669625/ HTTP/2" 404 76558 "-" "meta-externalagent/1.1 (+https://developers.facebook.com/docs/sharing/webmasters/crawler)"
43.159.139.164 - - [12/Jul/2025:10:16:40 -0400] "GET / HTTP/1.1" 200 33648 "http://www.bodyguardslosangeles.net" "Mozilla/5.0 (iPhone; CPU iPhone OS 13_2_3 like Mac OS X) AppleWebKit/605.1.15 (KHTML, like Gecko) Version/13.0.3 Mobile/15E148 Safari/604.1"
57.141.4.26 - - [12/Jul/2025:10:16:48 -0400] "GET / HTTP/2" 301 0 "-" "meta-externalagent/1.1 (+https://developers.facebook.com/docs/sharing/webmasters/crawler)"
57.141.4.10 - - [12/Jul/2025:10:24:09 -0400] "GET /shopdetail/26199269/ HTTP/2" 404 76560 "-" "meta-externalagent/1.1 (+https://developers.facebook.com/docs/sharing/webmasters/crawler)"
23.92.177.29 - - [12/Jul/2025:10:25:17 -0400] "POST /wp-cron.php?doing_wp_cron=1752330317.0745151042938232421875 HTTP/1.1" 200 0 "-" "WordPress/6.7.2; https://bodyguardslosangeles.net"
57.141.4.9 - - [12/Jul/2025:10:25:16 -0400] "GET /shopdetail/18361881/ HTTP/2" 404 76560 "-" "meta-externalagent/1.1 (+https://developers.facebook.com/docs/sharing/webmasters/crawler)"
57.141.4.18 - - [12/Jul/2025:10:26:16 -0400] "GET /shopdetail/23027114/ HTTP/2" 404 76560 "-" "meta-externalagent/1.1 (+https://developers.facebook.com/docs/sharing/webmasters/crawler)"
57.141.4.18 - - [12/Jul/2025:10:26:43 -0400] "GET /shopdetail/6434103/ HTTP/2" 404 76558 "-" "meta-externalagent/1.1 (+https://developers.facebook.com/docs/sharing/webmasters/crawler)"
23.92.177.29 - - [12/Jul/2025:10:29:13 -0400] "POST /wp-cron.php?doing_wp_cron=1752330553.8665230274200439453125 HTTP/1.1" 200 0 "-" "WordPress/6.7.2; https://bodyguardslosangeles.net"
95.214.53.176 - - [12/Jul/2025:10:29:13 -0400] "HEAD / HTTP/2" 200 0 "-" "Go-http-client/2.0"
95.214.53.176 - - [12/Jul/2025:10:29:13 -0400] "GET /readme.html HTTP/2" 200 2987 "-" "Go-http-client/2.0"
57.141.4.19 - - [12/Jul/2025:10:29:14 -0400] "GET /shopdetail/25592570/ HTTP/2" 404 76560 "-" "meta-externalagent/1.1 (+https://developers.facebook.com/docs/sharing/webmasters/crawler)"
57.141.4.13 - - [12/Jul/2025:10:35:32 -0400] "GET /shopdetail/12243447/ HTTP/2" 404 76560 "-" "meta-externalagent/1.1 (+https://developers.facebook.com/docs/sharing/webmasters/crawler)"
57.141.4.26 - - [12/Jul/2025:10:35:58 -0400] "GET /shopdetail/5914081/ HTTP/2" 404 76558 "-" "meta-externalagent/1.1 (+https://developers.facebook.com/docs/sharing/webmasters/crawler)"
57.141.4.16 - - [12/Jul/2025:10:43:25 -0400] "GET /shopdetail/16403603/ HTTP/2" 404 76560 "-" "meta-externalagent/1.1 (+https://developers.facebook.com/docs/sharing/webmasters/crawler)"
57.141.4.13 - - [12/Jul/2025:10:44:00 -0400] "GET /shopdetail/1696147/ HTTP/2" 404 76558 "-" "meta-externalagent/1.1 (+https://developers.facebook.com/docs/sharing/webmasters/crawler)"
66.249.79.34 - - [12/Jul/2025:10:45:33 -0400] "GET /robots.txt HTTP/1.1" 200 145 "-" "Mozilla/5.0 (compatible; Googlebot/2.1; +http://www.google.com/bot.html)"
57.141.4.9 - - [12/Jul/2025:10:52:43 -0400] "GET /shopdetail/23412703/ HTTP/2" 404 76560 "-" "meta-externalagent/1.1 (+https://developers.facebook.com/docs/sharing/webmasters/crawler)"
57.141.4.18 - - [12/Jul/2025:10:52:45 -0400] "GET / HTTP/2" 200 166870 "-" "meta-externalagent/1.1 (+https://developers.facebook.com/docs/sharing/webmasters/crawler)"
57.141.4.1 - - [12/Jul/2025:10:53:32 -0400] "GET /shopdetail/10233647/ HTTP/2" 404 76560 "-" "meta-externalagent/1.1 (+https://developers.facebook.com/docs/sharing/webmasters/crawler)"
66.249.79.199 - - [12/Jul/2025:10:55:28 -0400] "GET /shopdetail/12692169/ HTTP/1.1" 404 17577 "-" "Mozilla/5.0 (Linux; Android 6.0.1; Nexus 5X Build/MMB29P) AppleWebKit/537.36 (KHTML, like Gecko) Chrome/137.0.7151.103 Mobile Safari/537.36 (compatible; Googlebot/2.1; +http://www.google.com/bot.html)"
51.222.253.12 - - [12/Jul/2025:10:56:27 -0400] "GET /bodyguardslosangeles.php?Action=1&k=bodyguards-beverly-hills&PageID=100950 HTTP/2" 404 17545 "-" "Mozilla/5.0 (compatible; AhrefsBot/7.0; +http://ahrefs.com/robot/)"
57.141.4.18 - - [12/Jul/2025:10:56:45 -0400] "GET /shopdetail/22701625/ HTTP/2" 404 76560 "-" "meta-externalagent/1.1 (+https://developers.facebook.com/docs/sharing/webmasters/crawler)"
57.141.4.21 - - [12/Jul/2025:10:57:32 -0400] "GET /shopdetail/13198769/ HTTP/2" 404 76560 "-" "meta-externalagent/1.1 (+https://developers.facebook.com/docs/sharing/webmasters/crawler)"
23.92.177.29 - - [12/Jul/2025:11:04:19 -0400] "POST /wp-cron.php?doing_wp_cron=1752332659.7996261119842529296875 HTTP/1.1" 200 0 "-" "WordPress/6.7.2; https://bodyguardslosangeles.net"
66.249.79.199 - - [12/Jul/2025:11:04:19 -0400] "GET /shopdetail/6017392/ HTTP/1.1" 404 17569 "-" "Mozilla/5.0 (Linux; Android 6.0.1; Nexus 5X Build/MMB29P) AppleWebKit/537.36 (KHTML, like Gecko) Chrome/137.0.7151.103 Mobile Safari/537.36 (compatible; Googlebot/2.1; +http://www.google.com/bot.html)"
57.141.4.25 - - [12/Jul/2025:11:06:47 -0400] "GET /shopdetail/9265325/ HTTP/2" 404 76558 "-" "meta-externalagent/1.1 (+https://developers.facebook.com/docs/sharing/webmasters/crawler)"
66.249.79.199 - - [12/Jul/2025:11:08:45 -0400] "GET /shopdetail/5788158/ HTTP/1.1" 404 17524 "-" "Mozilla/5.0 (Linux; Android 6.0.1; Nexus 5X Build/MMB29P) AppleWebKit/537.36 (KHTML, like Gecko) Chrome/137.0.7151.103 Mobile Safari/537.36 (compatible; Googlebot/2.1; +http://www.google.com/bot.html)"
57.141.4.14 - - [12/Jul/2025:11:10:35 -0400] "GET /shopdetail/6405214/ HTTP/2" 404 76558 "-" "meta-externalagent/1.1 (+https://developers.facebook.com/docs/sharing/webmasters/crawler)"
57.141.4.13 - - [12/Jul/2025:11:13:34 -0400] "GET /shopdetail/7329692/ HTTP/2" 404 76558 "-" "meta-externalagent/1.1 (+https://developers.facebook.com/docs/sharing/webmasters/crawler)"
66.249.79.199 - - [12/Jul/2025:11:13:45 -0400] "GET /shopdetail/4252092/ HTTP/1.1" 404 17525 "-" "Mozilla/5.0 (Linux; Android 6.0.1; Nexus 5X Build/MMB29P) AppleWebKit/537.36 (KHTML, like Gecko) Chrome/137.0.7151.103 Mobile Safari/537.36 (compatible; Googlebot/2.1; +http://www.google.com/bot.html)"
57.141.4.20 - - [12/Jul/2025:11:14:28 -0400] "GET /shopdetail/10609214/ HTTP/2" 404 76560 "-" "meta-externalagent/1.1 (+https://developers.facebook.com/docs/sharing/webmasters/crawler)"
43.135.145.117 - - [12/Jul/2025:11:17:20 -0400] "GET / HTTP/1.1" 200 33638 "http://bodyguardslosangeles.net" "Mozilla/5.0 (iPhone; CPU iPhone OS 13_2_3 like Mac OS X) AppleWebKit/605.1.15 (KHTML, like Gecko) Version/13.0.3 Mobile/15E148 Safari/604.1"
66.249.79.199 - - [12/Jul/2025:11:18:28 -0400] "GET /shopdetail/17591825/ HTTP/1.1" 404 17533 "-" "Mozilla/5.0 (Linux; Android 6.0.1; Nexus 5X Build/MMB29P) AppleWebKit/537.36 (KHTML, like Gecko) Chrome/137.0.7151.103 Mobile Safari/537.36 (compatible; Googlebot/2.1; +http://www.google.com/bot.html)"
57.141.4.13 - - [12/Jul/2025:11:18:36 -0400] "GET /shopdetail/12360958/ HTTP/2" 404 76560 "-" "meta-externalagent/1.1 (+https://developers.facebook.com/docs/sharing/webmasters/crawler)"
57.141.4.24 - - [12/Jul/2025:11:18:43 -0400] "GET /shopdetail/15476670/ HTTP/2" 404 76560 "-" "meta-externalagent/1.1 (+https://developers.facebook.com/docs/sharing/webmasters/crawler)"
57.141.4.13 - - [12/Jul/2025:11:24:35 -0400] "GET /shopdetail/13367703/ HTTP/2" 404 76560 "-" "meta-externalagent/1.1 (+https://developers.facebook.com/docs/sharing/webmasters/crawler)"
57.141.4.19 - - [12/Jul/2025:11:34:10 -0400] "GET /shopdetail/17090725/ HTTP/2" 404 76560 "-" "meta-externalagent/1.1 (+https://developers.facebook.com/docs/sharing/webmasters/crawler)"
57.141.4.1 - - [12/Jul/2025:11:36:43 -0400] "GET /shopdetail/12641669/ HTTP/2" 404 76560 "-" "meta-externalagent/1.1 (+https://developers.facebook.com/docs/sharing/webmasters/crawler)"
57.141.4.20 - - [12/Jul/2025:11:37:29 -0400] "GET /shopdetail/22270225/ HTTP/2" 404 76560 "-" "meta-externalagent/1.1 (+https://developers.facebook.com/docs/sharing/webmasters/crawler)"
23.80.164.62 - - [12/Jul/2025:11:40:12 -0400] "GET / HTTP/2" 200 29010 "-" "Mozilla/5.0 (Macintosh; Intel Mac OS X 10_15_7) AppleWebKit/537.36 (KHTML, like Gecko) Chrome/131.0.0.0 Safari/537.36"
23.92.177.29 - - [12/Jul/2025:11:40:14 -0400] "POST /wp-cron.php?doing_wp_cron=1752334814.1225728988647460937500 HTTP/1.1" 200 0 "-" "WordPress/6.7.2; https://bodyguardslosangeles.net"
23.80.164.62 - - [12/Jul/2025:11:40:13 -0400] "GET /contact-us/ HTTP/2" 200 19551 "-" "Mozilla/5.0 (Macintosh; Intel Mac OS X 10_15_7) AppleWebKit/537.36 (KHTML, like Gecko) Chrome/131.0.0.0 Safari/537.36"
23.80.164.62 - - [12/Jul/2025:11:40:14 -0400] "GET /wp-content/plugins/woocommerce/assets/js/frontend/add-to-cart.min.js?ver=9.6.0 HTTP/2" 200 4340 "-" "Mozilla/5.0 (Macintosh; Intel Mac OS X 10_15_7) AppleWebKit/537.36 (KHTML, like Gecko) Chrome/131.0.0.0 Safari/537.36"
23.80.164.62 - - [12/Jul/2025:11:40:14 -0400] "GET /wp-content/plugins/woocommerce-payments/vendor/automattic/jetpack-connection/dist/tracks-callables.js?minify=false&ver=a8b23de97e9658b5993f HTTP/2" 200 516 "-" "Mozilla/5.0 (Macintosh; Intel Mac OS X 10_15_7) AppleWebKit/537.36 (KHTML, like Gecko) Chrome/131.0.0.0 Safari/537.36"
23.80.164.62 - - [12/Jul/2025:11:40:14 -0400] "GET /wp-content/plugins/embedpress/assets/js/front.js?ver=4.1.9 HTTP/2" 200 12361 "-" "Mozilla/5.0 (Macintosh; Intel Mac OS X 10_15_7) AppleWebKit/537.36 (KHTML, like Gecko) Chrome/131.0.0.0 Safari/537.36"
23.80.164.62 - - [12/Jul/2025:11:40:14 -0400] "GET /wp-content/plugins/real-time-auto-find-and-replace/assets/js/rtafar.local.js?ver=1.6.8 HTTP/2" 200 3090 "-" "Mozilla/5.0 (Macintosh; Intel Mac OS X 10_15_7) AppleWebKit/537.36 (KHTML, like Gecko) Chrome/131.0.0.0 Safari/537.36"
23.80.164.62 - - [12/Jul/2025:11:40:15 -0400] "GET /wp-content/themes/seosight/js/fw-form-helpers.js?ver=1.1 HTTP/2" 200 5951 "-" "Mozilla/5.0 (Macintosh; Intel Mac OS X 10_15_7) AppleWebKit/537.36 (KHTML, like Gecko) Chrome/131.0.0.0 Safari/537.36"
23.80.164.62 - - [12/Jul/2025:11:40:15 -0400] "GET /web-design/ HTTP/2" 404 17545 "-" "Mozilla/5.0 (Macintosh; Intel Mac OS X 10_15_7) AppleWebKit/537.36 (KHTML, like Gecko) Chrome/131.0.0.0 Safari/537.36"
23.80.164.62 - - [12/Jul/2025:11:40:16 -0400] "GET /web-design/ HTTP/2" 404 17545 "-" "Mozilla/5.0 (Macintosh; Intel Mac OS X 10_15_7) AppleWebKit/537.36 (KHTML, like Gecko) Chrome/131.0.0.0 Safari/537.36"
23.80.164.62 - - [12/Jul/2025:11:40:17 -0400] "GET /a-featured-image-post/ HTTP/2" 200 20167 "-" "Mozilla/5.0 (Macintosh; Intel Mac OS X 10_15_7) AppleWebKit/537.36 (KHTML, like Gecko) Chrome/131.0.0.0 Safari/537.36"
192.30.83.32 - - [12/Jul/2025:11:41:55 -0400] "GET / HTTP/1.1" 200 33639 "-" "Mozilla/5.0 (Windows NT 10.0; Win64; x64) AppleWebKit/537.36 (KHTML, like Gecko) Chrome/130.0.0.0 Safari/537.36 Edg/130.0.2849.56"
57.141.4.12 - - [12/Jul/2025:11:42:11 -0400] "GET /shopdetail/14346170/ HTTP/2" 404 76560 "-" "meta-externalagent/1.1 (+https://developers.facebook.com/docs/sharing/webmasters/crawler)"
57.141.4.21 - - [12/Jul/2025:11:42:52 -0400] "GET /shopdetail/10712270/ HTTP/2" 404 76560 "-" "meta-externalagent/1.1 (+https://developers.facebook.com/docs/sharing/webmasters/crawler)"
57.141.4.12 - - [12/Jul/2025:11:43:21 -0400] "GET /shopdetail/19073481/ HTTP/2" 404 76560 "-" "meta-externalagent/1.1 (+https://developers.facebook.com/docs/sharing/webmasters/crawler)"
57.141.4.18 - - [12/Jul/2025:11:46:29 -0400] "GET /shopdetail/18972369/ HTTP/2" 404 76560 "-" "meta-externalagent/1.1 (+https://developers.facebook.com/docs/sharing/webmasters/crawler)"
57.141.4.8 - - [12/Jul/2025:11:48:07 -0400] "GET /shopdetail/11129236/ HTTP/2" 404 76560 "-" "meta-externalagent/1.1 (+https://developers.facebook.com/docs/sharing/webmasters/crawler)"
57.141.4.8 - - [12/Jul/2025:11:50:19 -0400] "GET /shopdetail/25973892/ HTTP/2" 404 76560 "-" "meta-externalagent/1.1 (+https://developers.facebook.com/docs/sharing/webmasters/crawler)"
57.141.4.10 - - [12/Jul/2025:11:55:00 -0400] "GET /shopdetail/1479470/ HTTP/2" 404 76558 "-" "meta-externalagent/1.1 (+https://developers.facebook.com/docs/sharing/webmasters/crawler)"
23.92.177.29 - - [12/Jul/2025:12:01:18 -0400] "POST /wp-cron.php?doing_wp_cron=1752336078.4058120250701904296875 HTTP/1.1" 200 0 "-" "WordPress/6.7.2; https://bodyguardslosangeles.net"
57.141.4.24 - - [12/Jul/2025:12:01:17 -0400] "GET /shopdetail/1927269/ HTTP/2" 404 76558 "-" "meta-externalagent/1.1 (+https://developers.facebook.com/docs/sharing/webmasters/crawler)"
23.92.177.29 - - [12/Jul/2025:12:07:13 -0400] "POST /wp-cron.php?doing_wp_cron=1752336433.6205260753631591796875 HTTP/1.1" 200 0 "-" "WordPress/6.7.2; https://bodyguardslosangeles.net"
57.141.4.19 - - [12/Jul/2025:12:07:13 -0400] "GET /shopdetail/5827414/ HTTP/2" 404 76558 "-" "meta-externalagent/1.1 (+https://developers.facebook.com/docs/sharing/webmasters/crawler)"
57.141.4.13 - - [12/Jul/2025:12:09:31 -0400] "GET /shopdetail/4096469/ HTTP/2" 404 76558 "-" "meta-externalagent/1.1 (+https://developers.facebook.com/docs/sharing/webmasters/crawler)"
65.21.113.246 - - [12/Jul/2025:12:14:13 -0400] "GET /robots.txt HTTP/1.1" 200 173 "-" "Mozilla/5.0 (compatible; AwarioBot/1.0; +https://awario.com/bots.html)"
23.92.177.29 - - [12/Jul/2025:12:14:14 -0400] "POST /wp-cron.php?doing_wp_cron=1752336854.1223700046539306640625 HTTP/1.1" 200 0 "-" "WordPress/6.7.2; https://bodyguardslosangeles.net"
65.21.113.246 - - [12/Jul/2025:12:14:13 -0400] "GET /a-featured-image-post/feed/ HTTP/1.1" 200 425 "-" "Mozilla/5.0 (compatible; AwarioBot/1.0; +https://awario.com/bots.html)"
65.21.113.246 - - [12/Jul/2025:12:14:17 -0400] "GET /audio-post-format/feed/ HTTP/1.1" 200 422 "-" "Mozilla/5.0 (compatible; AwarioBot/1.0; +https://awario.com/bots.html)"
65.21.113.246 - - [12/Jul/2025:12:14:21 -0400] "GET /author/admin/feed/ HTTP/1.1" 200 2492 "-" "Mozilla/5.0 (compatible; AwarioBot/1.0; +https://awario.com/bots.html)"
65.21.113.246 - - [12/Jul/2025:12:14:24 -0400] "GET /author/admin/page/2/ HTTP/1.1" 200 21141 "-" "Mozilla/5.0 (compatible; AwarioBot/1.0; +https://awario.com/bots.html)"
65.21.113.246 - - [12/Jul/2025:12:14:28 -0400] "GET /category/business/ HTTP/1.1" 200 21172 "-" "Mozilla/5.0 (compatible; AwarioBot/1.0; +https://awario.com/bots.html)"
65.21.113.246 - - [12/Jul/2025:12:14:34 -0400] "GET /category/email-marketing/ HTTP/1.1" 200 21800 "-" "Mozilla/5.0 (compatible; AwarioBot/1.0; +https://awario.com/bots.html)"
65.21.113.246 - - [12/Jul/2025:12:14:41 -0400] "GET /category/localseo/ HTTP/1.1" 200 22144 "-" "Mozilla/5.0 (compatible; AwarioBot/1.0; +https://awario.com/bots.html)"
65.21.113.246 - - [12/Jul/2025:12:14:44 -0400] "GET /category/ppc-management/ HTTP/1.1" 200 22098 "-" "Mozilla/5.0 (compatible; AwarioBot/1.0; +https://awario.com/bots.html)"
65.21.113.246 - - [12/Jul/2025:12:14:48 -0400] "GET /category/seo/ HTTP/1.1" 200 21869 "-" "Mozilla/5.0 (compatible; AwarioBot/1.0; +https://awario.com/bots.html)"
65.21.113.246 - - [12/Jul/2025:12:14:52 -0400] "GET /category/social-media-marketing/ HTTP/1.1" 200 21528 "-" "Mozilla/5.0 (compatible; AwarioBot/1.0; +https://awario.com/bots.html)"
65.21.113.246 - - [12/Jul/2025:12:14:55 -0400] "GET /category/technology/ HTTP/1.1" 200 21578 "-" "Mozilla/5.0 (compatible; AwarioBot/1.0; +https://awario.com/bots.html)"
65.21.113.246 - - [12/Jul/2025:12:15:00 -0400] "GET /photo-with-slider-post-format/feed/ HTTP/1.1" 200 434 "-" "Mozilla/5.0 (compatible; AwarioBot/1.0; +https://awario.com/bots.html)"
65.21.113.246 - - [12/Jul/2025:12:15:04 -0400] "GET /post-left-sidebar/ HTTP/1.1" 200 23065 "-" "Mozilla/5.0 (compatible; AwarioBot/1.0; +https://awario.com/bots.html)"
65.21.113.246 - - [12/Jul/2025:12:15:07 -0400] "GET /post-no-featured-image/feed/ HTTP/1.1" 200 429 "-" "Mozilla/5.0 (compatible; AwarioBot/1.0; +https://awario.com/bots.html)"
65.21.113.246 - - [12/Jul/2025:12:15:10 -0400] "GET /post-no-sidebar/feed/ HTTP/1.1" 200 423 "-" "Mozilla/5.0 (compatible; AwarioBot/1.0; +https://awario.com/bots.html)"
23.92.177.29 - - [12/Jul/2025:12:15:14 -0400] "POST /wp-cron.php?doing_wp_cron=1752336914.6119289398193359375000 HTTP/1.1" 200 0 "-" "WordPress/6.7.2; https://bodyguardslosangeles.net"
65.21.113.246 - - [12/Jul/2025:12:15:14 -0400] "GET /post-with-images-inside/feed/ HTTP/1.1" 200 429 "-" "Mozilla/5.0 (compatible; AwarioBot/1.0; +https://awario.com/bots.html)"
65.21.113.246 - - [12/Jul/2025:12:15:19 -0400] "GET /quote-post-format/feed/ HTTP/1.1" 200 425 "-" "Mozilla/5.0 (compatible; AwarioBot/1.0; +https://awario.com/bots.html)"
65.21.113.246 - - [12/Jul/2025:12:15:22 -0400] "GET /simple-post-with-image/feed/ HTTP/1.1" 200 429 "-" "Mozilla/5.0 (compatible; AwarioBot/1.0; +https://awario.com/bots.html)"
65.21.113.246 - - [12/Jul/2025:12:15:29 -0400] "GET /tag/advertising/ HTTP/1.1" 200 21273 "-" "Mozilla/5.0 (compatible; AwarioBot/1.0; +https://awario.com/bots.html)"
65.21.113.246 - - [12/Jul/2025:12:15:33 -0400] "GET /tag/audience/ HTTP/1.1" 200 21118 "-" "Mozilla/5.0 (compatible; AwarioBot/1.0; +https://awario.com/bots.html)"
65.21.113.246 - - [12/Jul/2025:12:15:36 -0400] "GET /tag/business/ HTTP/1.1" 200 20923 "-" "Mozilla/5.0 (compatible; AwarioBot/1.0; +https://awario.com/bots.html)"
65.21.113.246 - - [12/Jul/2025:12:15:40 -0400] "GET /tag/digital-marketing/ HTTP/1.1" 200 21200 "-" "Mozilla/5.0 (compatible; AwarioBot/1.0; +https://awario.com/bots.html)"
65.21.113.246 - - [12/Jul/2025:12:15:43 -0400] "GET /tag/keyword/ HTTP/1.1" 200 21728 "-" "Mozilla/5.0 (compatible; AwarioBot/1.0; +https://awario.com/bots.html)"
65.21.113.246 - - [12/Jul/2025:12:15:49 -0400] "GET /tag/optimization/ HTTP/1.1" 200 21092 "-" "Mozilla/5.0 (compatible; AwarioBot/1.0; +https://awario.com/bots.html)"
65.21.113.246 - - [12/Jul/2025:12:15:54 -0400] "GET /tag/seo/ HTTP/1.1" 200 21107 "-" "Mozilla/5.0 (compatible; AwarioBot/1.0; +https://awario.com/bots.html)"
65.21.113.246 - - [12/Jul/2025:12:15:57 -0400] "GET /tag/social/ HTTP/1.1" 200 21129 "-" "Mozilla/5.0 (compatible; AwarioBot/1.0; +https://awario.com/bots.html)"
65.21.113.246 - - [12/Jul/2025:12:16:00 -0400] "GET /tag/strategy/ HTTP/1.1" 200 21618 "-" "Mozilla/5.0 (compatible; AwarioBot/1.0; +https://awario.com/bots.html)"
65.21.113.246 - - [12/Jul/2025:12:16:05 -0400] "GET /the-important-standard-post-format/feed/ HTTP/1.1" 200 448 "-" "Mozilla/5.0 (compatible; AwarioBot/1.0; +https://awario.com/bots.html)"
65.21.113.246 - - [12/Jul/2025:12:16:08 -0400] "GET /vip-protection-los-angeles-100947bc/ HTTP/1.1" 200 24438 "-" "Mozilla/5.0 (compatible; AwarioBot/1.0; +https://awario.com/bots.html)"
65.21.113.246 - - [12/Jul/2025:12:16:11 -0400] "GET /youtube-video-post-format/ HTTP/1.1" 200 23205 "-" "Mozilla/5.0 (compatible; AwarioBot/1.0; +https://awario.com/bots.html)"
23.92.177.29 - - [12/Jul/2025:12:20:38 -0400] "POST /wp-cron.php?doing_wp_cron=1752337238.2324619293212890625000 HTTP/1.1" 200 0 "-" "WordPress/6.7.2; https://bodyguardslosangeles.net"
57.141.4.10 - - [12/Jul/2025:12:20:37 -0400] "GET /shopdetail/16896681/ HTTP/2" 404 76560 "-" "meta-externalagent/1.1 (+https://developers.facebook.com/docs/sharing/webmasters/crawler)"
57.141.4.9 - - [12/Jul/2025:12:23:45 -0400] "GET /shopdetail/24492803/ HTTP/2" 404 76560 "-" "meta-externalagent/1.1 (+https://developers.facebook.com/docs/sharing/webmasters/crawler)"
23.92.177.29 - - [12/Jul/2025:12:25:52 -0400] "POST /wp-cron.php?doing_wp_cron=1752337552.6479580402374267578125 HTTP/1.1" 200 0 "-" "WordPress/6.7.2; https://bodyguardslosangeles.net"
57.141.4.25 - - [12/Jul/2025:12:25:52 -0400] "GET /shopdetail/9470003/ HTTP/2" 404 76558 "-" "meta-externalagent/1.1 (+https://developers.facebook.com/docs/sharing/webmasters/crawler)"
57.141.4.18 - - [12/Jul/2025:12:27:15 -0400] "GET /shopdetail/21172403/ HTTP/2" 404 76560 "-" "meta-externalagent/1.1 (+https://developers.facebook.com/docs/sharing/webmasters/crawler)"
57.141.4.1 - - [12/Jul/2025:12:29:46 -0400] "GET /shopdetail/21048658/ HTTP/2" 404 76560 "-" "meta-externalagent/1.1 (+https://developers.facebook.com/docs/sharing/webmasters/crawler)"
157.245.146.203 - - [12/Jul/2025:12:31:41 -0400] "POST /xmlrpc.php HTTP/1.1" 200 403 "-" "Mozilla/5.0 (Windows NT 10.0; Win64; x64) AppleWebKit/537.36 (KHTML, like Gecko) Chrome/64.0.3282.186 Safari/537.36"
8.219.232.173 - - [12/Jul/2025:12:31:43 -0400] "POST /xmlrpc.php HTTP/1.1" 200 403 "-" "Mozilla/5.0 (Windows NT 5.1; rv:7.0.1) Gecko/20100101 Firefox/7.0.1"
34.44.60.183 - - [12/Jul/2025:12:31:46 -0400] "POST /xmlrpc.php HTTP/1.1" 200 403 "-" "Mozilla/5.0 (Windows NT 10.0; Win64; x64) AppleWebKit/537.36 (KHTML, like Gecko) Chrome/84.0.4147.135 Safari/537.36"
193.202.110.20 - - [12/Jul/2025:12:31:51 -0400] "POST /xmlrpc.php HTTP/1.1" 200 403 "-" "Mozilla/5.0 (Linux; Android 10; SM-N960U) AppleWebKit/537.36 (KHTML, like Gecko) Chrome/91.0.4472.114 Mobile Safari/537.36"
199.195.252.145 - - [12/Jul/2025:12:31:54 -0400] "GET /wp-login.php HTTP/1.1" 200 7262 "-" "Mozilla/5.0 (Macintosh; Intel Mac OS X 10_8_5) AppleWebKit/537.77.4 (KHTML, like Gecko) Version/6.1.5 Safari/537.77.4"
199.195.252.145 - - [12/Jul/2025:12:31:57 -0400] "POST /wp-login.php HTTP/1.1" 200 7778 "-" "Mozilla/5.0 (Macintosh; Intel Mac OS X 10_8_5) AppleWebKit/537.77.4 (KHTML, like Gecko) Version/6.1.5 Safari/537.77.4"
52.55.206.244 - - [12/Jul/2025:12:32:17 -0400] "POST /xmlrpc.php HTTP/1.1" 200 403 "-" "Mozilla/5.0 (Windows NT 10.0) AppleWebKit/537.36 (KHTML, like Gecko) Chrome/72.0.3626.121 Safari/537.36"
64.227.141.213 - - [12/Jul/2025:12:32:27 -0400] "POST /xmlrpc.php HTTP/1.1" 200 403 "-" "Mozilla/5.0 (Windows NT 10.0; Win64; x64) AppleWebKit/537.36 (KHTML, like Gecko) Chrome/90.0.4430.93 Safari/537.36"
57.141.4.20 - - [12/Jul/2025:12:34:06 -0400] "GET /shopdetail/17701203/ HTTP/2" 404 76560 "-" "meta-externalagent/1.1 (+https://developers.facebook.com/docs/sharing/webmasters/crawler)"
57.141.4.19 - - [12/Jul/2025:12:41:58 -0400] "GET /shopdetail/5887647/ HTTP/2" 404 76558 "-" "meta-externalagent/1.1 (+https://developers.facebook.com/docs/sharing/webmasters/crawler)"
57.141.4.8 - - [12/Jul/2025:12:43:32 -0400] "GET /shopdetail/23547136/ HTTP/2" 404 76560 "-" "meta-externalagent/1.1 (+https://developers.facebook.com/docs/sharing/webmasters/crawler)"
57.141.4.12 - - [12/Jul/2025:12:43:59 -0400] "GET /shopdetail/23568325/ HTTP/2" 404 76560 "-" "meta-externalagent/1.1 (+https://developers.facebook.com/docs/sharing/webmasters/crawler)"
23.92.177.29 - - [12/Jul/2025:12:45:21 -0400] "POST /wp-cron.php?doing_wp_cron=1752338721.0084779262542724609375 HTTP/1.1" 200 0 "-" "WordPress/6.7.2; https://bodyguardslosangeles.net"
124.243.188.75 - - [12/Jul/2025:12:45:20 -0400] "GET /bodyguards-beverly-hills-100950bc/ HTTP/2" 200 21183 "https://bodyguardslosangeles.net/bodyguards-beverly-hills-100950bc/#elementor-action%3Aaction%3Dpopup%3Aopen%26settings%3DeyJpZCI6IjI5NjgiLCJ0b2dnbGUiOmZhbHNlfQ%3D%3D" "Mozilla/5.0 (Macintosh; Intel Mac OS X 10_15_7) AppleWebKit/537.36 (KHTML, like Gecko) Chrome/119.0.0.0 Safari/537.36"
57.141.4.21 - - [12/Jul/2025:12:46:10 -0400] "GET /shopdetail/13335025/ HTTP/2" 404 76560 "-" "meta-externalagent/1.1 (+https://developers.facebook.com/docs/sharing/webmasters/crawler)"
57.141.4.12 - - [12/Jul/2025:12:48:30 -0400] "GET /shopdetail/4587592/ HTTP/2" 404 76558 "-" "meta-externalagent/1.1 (+https://developers.facebook.com/docs/sharing/webmasters/crawler)"
57.141.4.24 - - [12/Jul/2025:12:50:38 -0400] "GET /shopdetail/10223092/ HTTP/2" 404 76560 "-" "meta-externalagent/1.1 (+https://developers.facebook.com/docs/sharing/webmasters/crawler)"
51.222.253.17 - - [12/Jul/2025:12:51:16 -0400] "GET /category/seo/feed/ HTTP/2" 200 1567 "-" "Mozilla/5.0 (compatible; AhrefsBot/7.0; +http://ahrefs.com/robot/)"
111.221.214.76 - - [12/Jul/2025:12:55:03 -0400] "GET /robots.txt HTTP/1.1" 200 173 "-" "Mozilla/5.0 (Windows NT 10.0; Win64; x64) AppleWebKit/537.36 (KHTML, like Gecko) Chrome/91.0.3022.37 Safari/537.36 OPR/63.0.3368.43"
23.92.177.29 - - [12/Jul/2025:12:56:17 -0400] "POST /wp-cron.php?doing_wp_cron=1752339377.3421659469604492187500 HTTP/1.1" 200 0 "-" "WordPress/6.7.2; https://bodyguardslosangeles.net"
57.141.4.12 - - [12/Jul/2025:12:56:16 -0400] "GET /shopdetail/18881903/ HTTP/2" 404 76560 "-" "meta-externalagent/1.1 (+https://developers.facebook.com/docs/sharing/webmasters/crawler)"
120.71.59.24 - - [12/Jul/2025:12:56:20 -0400] "GET / HTTP/1.1" 200 33638 "http://www.bodyguardslosangeles.net" "Mozilla/5.0 (iPhone; CPU iPhone OS 13_2_3 like Mac OS X) AppleWebKit/605.1.15 (KHTML, like Gecko) Version/13.0.3 Mobile/15E148 Safari/604.1"
57.141.4.20 - - [12/Jul/2025:12:57:19 -0400] "GET /shopdetail/4874047/ HTTP/2" 404 76558 "-" "meta-externalagent/1.1 (+https://developers.facebook.com/docs/sharing/webmasters/crawler)"
57.141.4.27 - - [12/Jul/2025:12:57:44 -0400] "GET /shopdetail/24552536/ HTTP/2" 404 76560 "-" "meta-externalagent/1.1 (+https://developers.facebook.com/docs/sharing/webmasters/crawler)"
57.141.4.13 - - [12/Jul/2025:12:59:07 -0400] "GET /shopdetail/15014436/ HTTP/2" 404 76560 "-" "meta-externalagent/1.1 (+https://developers.facebook.com/docs/sharing/webmasters/crawler)"
57.141.4.16 - - [12/Jul/2025:13:02:43 -0400] "GET /shopdetail/9771403/ HTTP/2" 404 76558 "-" "meta-externalagent/1.1 (+https://developers.facebook.com/docs/sharing/webmasters/crawler)"
23.92.177.29 - - [12/Jul/2025:13:04:26 -0400] "POST /wp-cron.php?doing_wp_cron=1752339866.3276820182800292968750 HTTP/1.1" 200 0 "-" "WordPress/6.7.2; https://bodyguardslosangeles.net"
45.80.105.89 - - [12/Jul/2025:13:04:25 -0400] "GET /link-post-format/ HTTP/1.0" 200 82002 "https://bodyguardslosangeles.net/link-post-format/" "Mozilla/5.0 (Windows NT 10.0; Win64; x64) AppleWebKit/537.36 (KHTML, like Gecko) Chrome/131.0.0.0 Safari/537.36 Avast/131.0.0.0"
45.80.105.89 - - [12/Jul/2025:13:04:27 -0400] "POST /wp-comments-post.php HTTP/1.0" 302 0 "https://bodyguardslosangeles.net/link-post-format/" "Mozilla/5.0 (Windows NT 10.0; Win64; x64) AppleWebKit/537.36 (KHTML, like Gecko) Chrome/131.0.0.0 Safari/537.36 Avast/131.0.0.0"
45.80.105.89 - - [12/Jul/2025:13:04:30 -0400] "GET /link-post-format/ HTTP/1.0" 200 85556 "https://bodyguardslosangeles.net/link-post-format/#comment-2973" "Mozilla/5.0 (Windows NT 10.0; Win64; x64) AppleWebKit/537.36 (KHTML, like Gecko) Chrome/131.0.0.0 Safari/537.36 Avast/131.0.0.0"
45.80.105.89 - - [12/Jul/2025:13:04:32 -0400] "GET /link-post-format/ HTTP/1.0" 200 85556 "https://bodyguardslosangeles.net/link-post-format/#comment-2973" "Mozilla/5.0 (Windows NT 10.0; Win64; x64) AppleWebKit/537.36 (KHTML, like Gecko) Chrome/131.0.0.0 Safari/537.36 Avast/131.0.0.0"
23.92.177.29 - - [12/Jul/2025:13:06:14 -0400] "POST /wp-cron.php?doing_wp_cron=1752339974.0020380020141601562500 HTTP/1.1" 200 0 "-" "WordPress/6.7.2; https://bodyguardslosangeles.net"
57.141.4.26 - - [12/Jul/2025:13:06:13 -0400] "GET /shopdetail/16054470/ HTTP/2" 404 76560 "-" "meta-externalagent/1.1 (+https://developers.facebook.com/docs/sharing/webmasters/crawler)"
57.141.4.9 - - [12/Jul/2025:13:10:30 -0400] "GET /shopdetail/8345247/ HTTP/2" 404 76558 "-" "meta-externalagent/1.1 (+https://developers.facebook.com/docs/sharing/webmasters/crawler)"
57.141.4.21 - - [12/Jul/2025:13:10:35 -0400] "GET /shopdetail/15592236/ HTTP/2" 404 76560 "-" "meta-externalagent/1.1 (+https://developers.facebook.com/docs/sharing/webmasters/crawler)"
216.73.216.35 - - [12/Jul/2025:13:15:35 -0400] "GET /wp-sitemap.xml HTTP/2" 200 248 "http://bodyguardslosangeles.net/sitemap.xml" "Mozilla/5.0 AppleWebKit/537.36 (KHTML, like Gecko; compatible; ClaudeBot/1.0; +claudebot@anthropic.com)"
57.141.4.13 - - [12/Jul/2025:13:15:39 -0400] "GET /shopdetail/11956492/ HTTP/2" 404 76560 "-" "meta-externalagent/1.1 (+https://developers.facebook.com/docs/sharing/webmasters/crawler)"
57.141.4.25 - - [12/Jul/2025:13:16:05 -0400] "GET /shopdetail/18044092/ HTTP/2" 404 76560 "-" "meta-externalagent/1.1 (+https://developers.facebook.com/docs/sharing/webmasters/crawler)"
57.141.4.1 - - [12/Jul/2025:13:16:48 -0400] "GET /shopdetail/2845992/ HTTP/2" 404 76558 "-" "meta-externalagent/1.1 (+https://developers.facebook.com/docs/sharing/webmasters/crawler)"
51.222.253.5 - - [12/Jul/2025:13:17:01 -0400] "GET /product-tag/business/feed/ HTTP/2" 200 1019 "-" "Mozilla/5.0 (compatible; AhrefsBot/7.0; +http://ahrefs.com/robot/)"
57.141.4.16 - - [12/Jul/2025:13:21:56 -0400] "GET /shopdetail/11923203/ HTTP/2" 404 76560 "-" "meta-externalagent/1.1 (+https://developers.facebook.com/docs/sharing/webmasters/crawler)"
57.141.4.13 - - [12/Jul/2025:13:22:06 -0400] "GET /shopdetail/17096969/ HTTP/2" 404 76560 "-" "meta-externalagent/1.1 (+https://developers.facebook.com/docs/sharing/webmasters/crawler)"
57.141.4.12 - - [12/Jul/2025:13:22:29 -0400] "GET /shopdetail/21023558/ HTTP/2" 404 76560 "-" "meta-externalagent/1.1 (+https://developers.facebook.com/docs/sharing/webmasters/crawler)"
23.92.177.29 - - [12/Jul/2025:13:24:36 -0400] "POST /wp-cron.php?doing_wp_cron=1752341076.4810431003570556640625 HTTP/1.1" 200 0 "-" "WordPress/6.7.2; https://bodyguardslosangeles.net"
57.141.4.24 - - [12/Jul/2025:13:24:36 -0400] "GET /shopdetail/7489092/ HTTP/2" 404 76558 "-" "meta-externalagent/1.1 (+https://developers.facebook.com/docs/sharing/webmasters/crawler)"
57.141.4.12 - - [12/Jul/2025:13:26:08 -0400] "GET /shopdetail/19321492/ HTTP/2" 404 76560 "-" "meta-externalagent/1.1 (+https://developers.facebook.com/docs/sharing/webmasters/crawler)"
57.141.4.12 - - [12/Jul/2025:13:26:28 -0400] "GET /shopdetail/23483603/ HTTP/2" 404 76560 "-" "meta-externalagent/1.1 (+https://developers.facebook.com/docs/sharing/webmasters/crawler)"
23.92.177.29 - - [12/Jul/2025:13:27:28 -0400] "POST /wp-cron.php?doing_wp_cron=1752341248.2330229282379150390625 HTTP/1.1" 200 0 "-" "WordPress/6.7.2; https://bodyguardslosangeles.net"
57.141.4.12 - - [12/Jul/2025:13:27:27 -0400] "GET /shopdetail/4628981/ HTTP/2" 404 76558 "-" "meta-externalagent/1.1 (+https://developers.facebook.com/docs/sharing/webmasters/crawler)"
23.92.177.29 - - [12/Jul/2025:13:28:49 -0400] "POST /wp-cron.php?doing_wp_cron=1752341329.5572600364685058593750 HTTP/1.1" 200 0 "-" "WordPress/6.7.2; https://bodyguardslosangeles.net"
57.141.4.24 - - [12/Jul/2025:13:28:49 -0400] "GET /shopdetail/5138458/ HTTP/2" 404 76558 "-" "meta-externalagent/1.1 (+https://developers.facebook.com/docs/sharing/webmasters/crawler)"
57.141.4.21 - - [12/Jul/2025:13:29:53 -0400] "GET /celebrity-bodyguards-los-angeles-100948bc/ HTTP/2" 200 95910 "-" "meta-externalagent/1.1 (+https://developers.facebook.com/docs/sharing/webmasters/crawler)"
57.141.4.9 - - [12/Jul/2025:13:30:25 -0400] "GET /shopdetail/9276214/ HTTP/2" 404 76558 "-" "meta-externalagent/1.1 (+https://developers.facebook.com/docs/sharing/webmasters/crawler)"
51.222.253.11 - - [12/Jul/2025:13:48:31 -0400] "GET /category/localseo/feed/ HTTP/2" 200 1678 "-" "Mozilla/5.0 (compatible; AhrefsBot/7.0; +http://ahrefs.com/robot/)"
23.92.177.29 - - [12/Jul/2025:13:50:04 -0400] "POST /wp-cron.php?doing_wp_cron=1752342604.5240089893341064453125 HTTP/1.1" 200 0 "-" "WordPress/6.7.2; https://bodyguardslosangeles.net"
67.225.224.102 - - [12/Jul/2025:13:50:03 -0400] "GET /bodyguardslosangeles.php?Action=pr&p=https%3A%2F%2Fwww.google.com%2Fsearch&r=q%3Dorange HTTP/1.1" 404 76530 "-" "Mozilla/5.0 (Windows NT 10.0; WOW64) AppleWebKit/537.36 (KHTML, like Gecko) Chrome/53.0.2785.116 Safari/537.36"
67.225.224.102 - - [12/Jul/2025:13:50:05 -0400] "GET /bodyguardslosangeles.php?Action=pr&p=https%3A%2F%2Fwww.google.com%2Fsearch&r=q%3Dorange HTTP/1.0" 404 76530 "-" "-"
23.92.177.29 - - [12/Jul/2025:13:56:07 -0400] "POST /wp-cron.php?doing_wp_cron=1752342967.2468729019165039062500 HTTP/1.1" 200 0 "-" "WordPress/6.7.2; https://bodyguardslosangeles.net"
114.119.146.100 - - [12/Jul/2025:13:56:06 -0400] "GET /bodyguards-los-angeles-100946/ HTTP/1.1" 200 22218 "https://bodyguardslosangeles.net/?SA" "Mozilla/5.0 (Linux; Android 7.0;) AppleWebKit/537.36 (KHTML, like Gecko) Mobile Safari/537.36 (compatible; PetalBot;+https://webmaster.petalsearch.com/site/petalbot)"
114.119.146.100 - - [12/Jul/2025:13:57:42 -0400] "GET /bodyguards-beverly-hills-100950bc/ HTTP/1.1" 200 23993 "https://bodyguardslosangeles.net/?SA" "Mozilla/5.0 (Linux; Android 7.0;) AppleWebKit/537.36 (KHTML, like Gecko) Mobile Safari/537.36 (compatible; PetalBot;+https://webmaster.petalsearch.com/site/petalbot)"
23.92.177.29 - - [12/Jul/2025:13:59:18 -0400] "POST /wp-cron.php?doing_wp_cron=1752343158.4062149524688720703125 HTTP/1.1" 200 0 "-" "WordPress/6.7.2; https://bodyguardslosangeles.net"
198.98.57.22 - - [12/Jul/2025:13:59:17 -0400] "GET /wp-login.php HTTP/1.1" 200 7262 "-" "Mozilla/5.0 (Windows NT 6.1; rv:31.0) Gecko/20100101 Firefox/31.0"
198.98.57.22 - - [12/Jul/2025:13:59:18 -0400] "POST /wp-login.php HTTP/1.1" 200 7778 "-" "Mozilla/5.0 (Windows NT 6.1; rv:31.0) Gecko/20100101 Firefox/31.0"
54.226.72.141 - - [12/Jul/2025:14:09:35 -0400] "POST /wp-comments-post.php HTTP/1.1" 302 0 "-" "Mozilla/5.0 (Windows NT 10.0; Win64; x64) AppleWebKit/537.36 (KHTML, like Gecko) Chrome/120.0.0.0 Safari/537.36"
54.226.72.141 - - [12/Jul/2025:14:10:04 -0400] "POST /wp-comments-post.php HTTP/1.1" 302 0 "-" "Mozilla/5.0 (Windows NT 10.0; Win64; x64) AppleWebKit/537.36 (KHTML, like Gecko) Chrome/120.0.0.0 Safari/537.36"
23.92.177.29 - - [12/Jul/2025:14:10:33 -0400] "POST /wp-cron.php?doing_wp_cron=1752343833.3166229724884033203125 HTTP/1.1" 200 0 "-" "WordPress/6.7.2; https://bodyguardslosangeles.net"
54.226.72.141 - - [12/Jul/2025:14:10:32 -0400] "POST /wp-comments-post.php HTTP/1.1" 302 0 "-" "Mozilla/5.0 (Windows NT 10.0; Win64; x64) AppleWebKit/537.36 (KHTML, like Gecko) Chrome/120.0.0.0 Safari/537.36"
54.226.72.141 - - [12/Jul/2025:14:11:00 -0400] "POST /wp-comments-post.php HTTP/1.1" 302 0 "-" "Mozilla/5.0 (Windows NT 10.0; Win64; x64) AppleWebKit/537.36 (KHTML, like Gecko) Chrome/120.0.0.0 Safari/537.36"
23.92.177.29 - - [12/Jul/2025:14:11:32 -0400] "POST /wp-cron.php?doing_wp_cron=1752343892.1008019447326660156250 HTTP/1.1" 200 0 "-" "WordPress/6.7.2; https://bodyguardslosangeles.net"
54.226.72.141 - - [12/Jul/2025:14:11:31 -0400] "POST /wp-comments-post.php HTTP/1.1" 302 0 "-" "Mozilla/5.0 (Windows NT 10.0; Win64; x64) AppleWebKit/537.36 (KHTML, like Gecko) Chrome/120.0.0.0 Safari/537.36"
54.226.72.141 - - [12/Jul/2025:14:12:01 -0400] "POST /wp-comments-post.php HTTP/1.1" 302 0 "-" "Mozilla/5.0 (Windows NT 10.0; Win64; x64) AppleWebKit/537.36 (KHTML, like Gecko) Chrome/120.0.0.0 Safari/537.36"
23.92.177.29 - - [12/Jul/2025:14:12:30 -0400] "POST /wp-cron.php?doing_wp_cron=1752343950.6406090259552001953125 HTTP/1.1" 200 0 "-" "WordPress/6.7.2; https://bodyguardslosangeles.net"
54.226.72.141 - - [12/Jul/2025:14:12:30 -0400] "POST /wp-comments-post.php HTTP/1.1" 302 0 "-" "Mozilla/5.0 (Windows NT 10.0; Win64; x64) AppleWebKit/537.36 (KHTML, like Gecko) Chrome/120.0.0.0 Safari/537.36"
104.210.140.131 - - [12/Jul/2025:14:12:39 -0400] "GET /robots.txt HTTP/2" 200 145 "-" "Mozilla/5.0 (Macintosh; Intel Mac OS X 10_15_7) AppleWebKit/537.36 (KHTML, like Gecko) Chrome/131.0.0.0 Safari/537.36; compatible; OAI-SearchBot/1.0; +https://openai.com/searchbot"
54.226.72.141 - - [12/Jul/2025:14:12:56 -0400] "POST /wp-comments-post.php HTTP/1.1" 302 0 "-" "Mozilla/5.0 (Windows NT 10.0; Win64; x64) AppleWebKit/537.36 (KHTML, like Gecko) Chrome/120.0.0.0 Safari/537.36"
54.226.72.141 - - [12/Jul/2025:14:13:24 -0400] "POST /wp-comments-post.php HTTP/1.1" 302 0 "-" "Mozilla/5.0 (Windows NT 10.0; Win64; x64) AppleWebKit/537.36 (KHTML, like Gecko) Chrome/120.0.0.0 Safari/537.36"
54.226.72.141 - - [12/Jul/2025:14:13:53 -0400] "POST /wp-comments-post.php HTTP/1.1" 302 0 "-" "Mozilla/5.0 (Windows NT 10.0; Win64; x64) AppleWebKit/537.36 (KHTML, like Gecko) Chrome/120.0.0.0 Safari/537.36"
216.73.216.35 - - [12/Jul/2025:14:16:35 -0400] "GET /wp-sitemap.xml HTTP/2" 200 248 "http://bodyguardslosangeles.net/sitemap.xml" "Mozilla/5.0 AppleWebKit/537.36 (KHTML, like Gecko; compatible; ClaudeBot/1.0; +claudebot@anthropic.com)"
23.92.177.29 - - [12/Jul/2025:14:17:13 -0400] "POST /wp-cron.php?doing_wp_cron=1752344233.9342360496520996093750 HTTP/1.1" 200 0 "-" "WordPress/6.7.2; https://bodyguardslosangeles.net"
45.84.139.54 - - [12/Jul/2025:14:17:13 -0400] "GET / HTTP/1.1" 200 33639 "-" "Mozilla/5.0 (Windows NT 10.0; Win64; x64) AppleWebKit/537.36 (KHTML, like Gecko) Chrome/97.0.4692.71 Safari/537.36"
176.227.243.79 - - [12/Jul/2025:14:30:19 -0400] "GET / HTTP/1.1" 200 33641 "-" "Mozilla/5.0 (Windows NT 10.0; Win64; x64) AppleWebKit/537.36 (KHTML, like Gecko) Chrome/97.0.4692.71 Safari/537.36"
45.61.184.161 - - [12/Jul/2025:14:42:08 -0400] "GET /wp-login.php HTTP/1.1" 200 7262 "-" "Mozilla/5.0 (Windows NT 6.1; WOW64; Trident/7.0; rv:11.0) like Gecko"
23.92.177.29 - - [12/Jul/2025:14:42:16 -0400] "POST /wp-cron.php?doing_wp_cron=1752345736.5969679355621337890625 HTTP/1.1" 200 0 "-" "WordPress/6.7.2; https://bodyguardslosangeles.net"
45.61.184.161 - - [12/Jul/2025:14:42:16 -0400] "POST /wp-login.php HTTP/1.1" 200 7778 "-" "Mozilla/5.0 (Windows NT 6.1; WOW64; Trident/7.0; rv:11.0) like Gecko"
57.141.4.24 - - [12/Jul/2025:14:42:53 -0400] "GET /shopdetail/12598569/ HTTP/2" 404 76560 "-" "meta-externalagent/1.1 (+https://developers.facebook.com/docs/sharing/webmasters/crawler)"
23.92.177.29 - - [12/Jul/2025:14:50:19 -0400] "POST /wp-cron.php?doing_wp_cron=1752346219.7077040672302246093750 HTTP/1.1" 200 0 "-" "WordPress/6.7.2; https://bodyguardslosangeles.net"
198.98.57.22 - - [12/Jul/2025:14:50:19 -0400] "GET /wp-login.php HTTP/1.1" 200 7262 "-" "Mozilla/5.0 (Macintosh; Intel Mac OS X 10_8_5) AppleWebKit/537.36 (KHTML, like Gecko) Chrome/36.0.1985.125 Safari/537.36"
198.98.57.22 - - [12/Jul/2025:14:50:19 -0400] "POST /wp-login.php HTTP/1.1" 200 7778 "-" "Mozilla/5.0 (Macintosh; Intel Mac OS X 10_8_5) AppleWebKit/537.36 (KHTML, like Gecko) Chrome/36.0.1985.125 Safari/537.36"
38.130.107.43 - - [12/Jul/2025:15:06:46 -0400] "GET / HTTP/1.1" 200 33639 "-" "Mozilla/5.0 (Windows NT 6.1; Win64; x64) AppleWebKit/537.36 (KHTML, like Gecko) Chrome/40.0.2214.85 Safari/537.36"
38.130.107.43 - - [12/Jul/2025:15:06:47 -0400] "GET / HTTP/1.1" 200 33641 "http://bodyguardslosangeles.net" "Mozilla/5.0 (Windows NT 6.1; Win64; x64) AppleWebKit/537.36 (KHTML, like Gecko) Chrome/40.0.2214.85 Safari/537.36"
57.141.4.14 - - [12/Jul/2025:15:15:09 -0400] "GET /shopdetail/14678647/ HTTP/2" 404 76560 "-" "meta-externalagent/1.1 (+https://developers.facebook.com/docs/sharing/webmasters/crawler)"
57.141.4.14 - - [12/Jul/2025:15:16:39 -0400] "GET /shopdetail/15863136/ HTTP/2" 404 76560 "-" "meta-externalagent/1.1 (+https://developers.facebook.com/docs/sharing/webmasters/crawler)"
23.92.177.29 - - [12/Jul/2025:15:26:57 -0400] "POST /wp-admin/admin-ajax.php?action=wp_1_wc_privacy_cleanup&nonce=3d7cb011eb HTTP/1.1" 200 0 "-" "WordPress/6.7.2; https://bodyguardslosangeles.net"
51.222.253.13 - - [12/Jul/2025:15:34:35 -0400] "GET /category/technology/feed/ HTTP/2" 200 1429 "-" "Mozilla/5.0 (compatible; AhrefsBot/7.0; +http://ahrefs.com/robot/)"
66.249.72.227 - - [12/Jul/2025:15:38:04 -0400] "GET /robots.txt HTTP/1.1" 200 145 "-" "Mozilla/5.0 (compatible; Googlebot/2.1; +http://www.google.com/bot.html)"
66.249.79.33 - - [12/Jul/2025:15:45:46 -0400] "GET /zhHant/product/surugaya/87873523?campaign_uid=f64d716db5e979ed2f947dbaf4296895b951ae7f HTTP/1.1" 301 0 "-" "Mozilla/5.0 (compatible; Googlebot/2.1; +http://www.google.com/bot.html)"
66.249.79.198 - - [12/Jul/2025:15:45:47 -0400] "GET /zhHant/product/surugaya/87873523?campaign_uid=f64d716db5e979ed2f947dbaf4296895b951ae7f HTTP/1.1" 404 17545 "-" "Mozilla/5.0 (compatible; Googlebot/2.1; +http://www.google.com/bot.html)"
23.92.177.29 - - [12/Jul/2025:15:50:27 -0400] "POST /wp-cron.php?doing_wp_cron=1752349827.7977480888366699218750 HTTP/1.1" 200 0 "-" "WordPress/6.7.2; https://bodyguardslosangeles.net"
66.249.79.33 - - [12/Jul/2025:15:50:27 -0400] "GET /shopdetail/5105803/ HTTP/1.1" 301 0 "-" "Mozilla/5.0 (compatible; Googlebot/2.1; +http://www.google.com/bot.html)"
66.249.79.197 - - [12/Jul/2025:15:50:28 -0400] "GET /shopdetail/5105803/ HTTP/1.1" 404 17525 "-" "Mozilla/5.0 (compatible; Googlebot/2.1; +http://www.google.com/bot.html)"
66.249.79.33 - - [12/Jul/2025:15:50:36 -0400] "GET /shopdetail/9066425/ HTTP/1.1" 301 0 "-" "Mozilla/5.0 (Linux; Android 6.0.1; Nexus 5X Build/MMB29P) AppleWebKit/537.36 (KHTML, like Gecko) Chrome/137.0.7151.103 Mobile Safari/537.36 (compatible; Googlebot/2.1; +http://www.google.com/bot.html)"
66.249.79.33 - - [12/Jul/2025:15:50:36 -0400] "GET /shopdetail/9066425/ HTTP/1.1" 301 0 "-" "Mozilla/5.0 (compatible; Googlebot/2.1; +http://www.google.com/bot.html)"
66.249.79.197 - - [12/Jul/2025:15:50:37 -0400] "GET /shopdetail/9066425/ HTTP/1.1" 404 17523 "-" "Mozilla/5.0 (Linux; Android 6.0.1; Nexus 5X Build/MMB29P) AppleWebKit/537.36 (KHTML, like Gecko) Chrome/137.0.7151.103 Mobile Safari/537.36 (compatible; Googlebot/2.1; +http://www.google.com/bot.html)"
66.249.79.198 - - [12/Jul/2025:15:50:37 -0400] "GET /shopdetail/9066425/ HTTP/1.1" 404 17523 "-" "Mozilla/5.0 (compatible; Googlebot/2.1; +http://www.google.com/bot.html)"
23.92.177.29 - - [12/Jul/2025:15:51:24 -0400] "POST /wp-cron.php?doing_wp_cron=1752349884.7777059078216552734375 HTTP/1.1" 200 0 "-" "WordPress/6.7.2; https://bodyguardslosangeles.net"
52.55.206.244 - - [12/Jul/2025:15:51:24 -0400] "POST /xmlrpc.php HTTP/1.1" 200 403 "-" "Mozilla/5.0 (Windows NT 10.0; Win64; x64) AppleWebKit/537.36 (KHTML, like Gecko) Chrome/69.0.3497.100 Safari/537.36"
45.117.81.155 - - [12/Jul/2025:15:51:31 -0400] "POST /xmlrpc.php HTTP/1.1" 200 403 "-" "Mozilla/5.0 (Windows NT 6.1; WOW64; rv:40.0) Gecko/20100101 Firefox/40.1"
101.201.66.155 - - [12/Jul/2025:15:51:32 -0400] "POST /xmlrpc.php HTTP/1.1" 200 403 "-" "Mozilla/5.0 (Windows NT 5.1; Win64; x64) AppleWebKit/537.36 (KHTML, like Gecko) Chrome/60.0.3112.90 Safari/537.36"
54.78.115.243 - - [12/Jul/2025:15:51:34 -0400] "POST /xmlrpc.php HTTP/1.1" 200 403 "-" "Mozilla/5.0 (Windows NT 10.0; Win64; x64) AppleWebKit/537.36 (KHTML, like Gecko) Chrome/84.0.4147.105 Safari/537.36"
77.55.253.213 - - [12/Jul/2025:15:51:49 -0400] "POST /xmlrpc.php HTTP/1.1" 200 403 "-" "Mozilla/5.0 (Linux; Android 10; SM-A102U) AppleWebKit/537.36 (KHTML, like Gecko) Chrome/91.0.4472.114 Mobile Safari/537.36"
57.141.4.12 - - [12/Jul/2025:15:51:50 -0400] "GET /shopdetail/1938158/ HTTP/2" 404 76558 "-" "meta-externalagent/1.1 (+https://developers.facebook.com/docs/sharing/webmasters/crawler)"
45.117.81.155 - - [12/Jul/2025:15:51:51 -0400] "POST /xmlrpc.php HTTP/1.1" 200 403 "-" "Mozilla/5.0 (Windows NT 10.0; WOW64) AppleWebKit/537.36 (KHTML, like Gecko) Chrome/72.0.3626.121 Safari/537.36"
193.202.110.29 - - [12/Jul/2025:15:51:53 -0400] "POST /xmlrpc.php HTTP/1.1" 200 403 "-" "Mozilla/5.0 (Windows NT 10.0; Win64; x64) AppleWebKit/537.36 (KHTML, like Gecko) Chrome/61.0.3163.100 Safari/537.36"
77.94.250.180 - - [12/Jul/2025:15:52:16 -0400] "POST /xmlrpc.php HTTP/1.1" 200 403 "-" "Mozilla/5.0 (Windows NT 10.0; Win64; x64) AppleWebKit/537.36 (KHTML, like Gecko) Chrome/80.0.3987.149 Safari/537.36"
66.249.79.34 - - [12/Jul/2025:15:52:57 -0400] "GET /shopdetail/5307403/ HTTP/1.1" 301 0 "-" "Mozilla/5.0 (Linux; Android 6.0.1; Nexus 5X Build/MMB29P) AppleWebKit/537.36 (KHTML, like Gecko) Chrome/137.0.7151.103 Mobile Safari/537.36 (compatible; Googlebot/2.1; +http://www.google.com/bot.html)"
66.249.79.34 - - [12/Jul/2025:15:52:57 -0400] "GET /shopdetail/5307403/ HTTP/1.1" 301 0 "-" "Mozilla/5.0 (compatible; Googlebot/2.1; +http://www.google.com/bot.html)"
66.249.79.197 - - [12/Jul/2025:15:52:58 -0400] "GET /shopdetail/5307403/ HTTP/1.1" 404 17523 "-" "Mozilla/5.0 (Linux; Android 6.0.1; Nexus 5X Build/MMB29P) AppleWebKit/537.36 (KHTML, like Gecko) Chrome/137.0.7151.103 Mobile Safari/537.36 (compatible; Googlebot/2.1; +http://www.google.com/bot.html)"
66.249.79.199 - - [12/Jul/2025:15:52:58 -0400] "GET /shopdetail/5307403/ HTTP/1.1" 404 17523 "-" "Mozilla/5.0 (compatible; Googlebot/2.1; +http://www.google.com/bot.html)"
129.211.215.233 - - [12/Jul/2025:15:56:22 -0400] "GET / HTTP/1.1" 200 33639 "http://bodyguardslosangeles.net" "Mozilla/5.0 (iPhone; CPU iPhone OS 13_2_3 like Mac OS X) AppleWebKit/605.1.15 (KHTML, like Gecko) Version/13.0.3 Mobile/15E148 Safari/604.1"
66.249.79.34 - - [12/Jul/2025:15:57:42 -0400] "GET /shopdetail/4233636/ HTTP/1.1" 301 0 "-" "Mozilla/5.0 (compatible; Googlebot/2.1; +http://www.google.com/bot.html)"
66.249.79.198 - - [12/Jul/2025:15:57:43 -0400] "GET /shopdetail/4233636/ HTTP/1.1" 404 17524 "-" "Mozilla/5.0 (compatible; Googlebot/2.1; +http://www.google.com/bot.html)"
57.141.4.19 - - [12/Jul/2025:15:57:59 -0400] "GET /shopdetail/9131769/ HTTP/2" 404 76558 "-" "meta-externalagent/1.1 (+https://developers.facebook.com/docs/sharing/webmasters/crawler)"
57.141.4.9 - - [12/Jul/2025:16:00:50 -0400] "GET /shopdetail/6329436/ HTTP/2" 404 76558 "-" "meta-externalagent/1.1 (+https://developers.facebook.com/docs/sharing/webmasters/crawler)"
34.136.64.150 - - [12/Jul/2025:16:02:58 -0400] "GET / HTTP/2" 200 29010 "-" "Mozilla/5.0 (Windows NT 10.0; Win64; x64) AppleWebKit/537.36 (KHTML, like Gecko) Chrome/133.0.0.0 Safari/537.36 (PhantomJsCloud.com/6.2025.4.20)"
34.136.64.150 - - [12/Jul/2025:16:02:59 -0400] "GET /wp-content/plugins/Premium-SEO/includes/seo-automation-styles.css?ver=6.7.2 HTTP/2" 200 2934 "https://bodyguardslosangeles.net/" "Mozilla/5.0 (Windows NT 10.0; Win64; x64) AppleWebKit/537.36 (KHTML, like Gecko) Chrome/133.0.0.0 Safari/537.36 (PhantomJsCloud.com/6.2025.4.20)"
34.136.64.150 - - [12/Jul/2025:16:02:59 -0400] "GET /wp-content/plugins/embedpress/assets/css/embedpress.css?ver=6.7.2 HTTP/2" 200 12027 "https://bodyguardslosangeles.net/" "Mozilla/5.0 (Windows NT 10.0; Win64; x64) AppleWebKit/537.36 (KHTML, like Gecko) Chrome/133.0.0.0 Safari/537.36 (PhantomJsCloud.com/6.2025.4.20)"
34.136.64.150 - - [12/Jul/2025:16:02:59 -0400] "GET /wp-content/plugins/portfolio-kit/assets/css/front.css?ver=1.0.0 HTTP/2" 200 5243 "https://bodyguardslosangeles.net/" "Mozilla/5.0 (Windows NT 10.0; Win64; x64) AppleWebKit/537.36 (KHTML, like Gecko) Chrome/133.0.0.0 Safari/537.36 (PhantomJsCloud.com/6.2025.4.20)"
34.136.64.150 - - [12/Jul/2025:16:02:59 -0400] "GET /wp-content/plugins/woocommerce/assets/css/woocommerce.css?ver=9.6.0 HTTP/2" 200 9749 "https://bodyguardslosangeles.net/" "Mozilla/5.0 (Windows NT 10.0; Win64; x64) AppleWebKit/537.36 (KHTML, like Gecko) Chrome/133.0.0.0 Safari/537.36 (PhantomJsCloud.com/6.2025.4.20)"
34.136.64.150 - - [12/Jul/2025:16:02:59 -0400] "GET /wp-content/plugins/woocommerce/assets/css/brands.css?ver=9.6.0 HTTP/2" 200 579 "https://bodyguardslosangeles.net/" "Mozilla/5.0 (Windows NT 10.0; Win64; x64) AppleWebKit/537.36 (KHTML, like Gecko) Chrome/133.0.0.0 Safari/537.36 (PhantomJsCloud.com/6.2025.4.20)"
34.136.64.150 - - [12/Jul/2025:16:02:59 -0400] "GET /wp-content/plugins/elementor/assets/lib/font-awesome/css/font-awesome.min.css?ver=4.7.0 HTTP/2" 200 6657 "https://bodyguardslosangeles.net/" "Mozilla/5.0 (Windows NT 10.0; Win64; x64) AppleWebKit/537.36 (KHTML, like Gecko) Chrome/133.0.0.0 Safari/537.36 (PhantomJsCloud.com/6.2025.4.20)"
