34.136.64.150 - - [12/Jul/2025:16:02:59 -0400] "GET /wp-content/plugins/elementor/assets/lib/eicons/css/elementor-icons.min.css?ver=5.35.0 HTTP/2" 200 3790 "https://bodyguardslosangeles.net/" "Mozilla/5.0 (Windows NT 10.0; Win64; x64) AppleWebKit/537.36 (KHTML, like Gecko) Chrome/133.0.0.0 Safari/537.36 (PhantomJsCloud.com/6.2025.4.20)"
34.136.64.150 - - [12/Jul/2025:16:02:59 -0400] "GET /wp-content/plugins/elementor/assets/css/frontend.min.css?ver=3.27.1 HTTP/2" 200 6463 "https://bodyguardslosangeles.net/" "Mozilla/5.0 (Windows NT 10.0; Win64; x64) AppleWebKit/537.36 (KHTML, like Gecko) Chrome/133.0.0.0 Safari/537.36 (PhantomJsCloud.com/6.2025.4.20)"
34.136.64.150 - - [12/Jul/2025:16:02:59 -0400] "GET /wp-content/uploads/elementor/css/post-1929.css?ver=1738004273 HTTP/2" 200 400 "https://bodyguardslosangeles.net/" "Mozilla/5.0 (Windows NT 10.0; Win64; x64) AppleWebKit/537.36 (KHTML, like Gecko) Chrome/133.0.0.0 Safari/537.36 (PhantomJsCloud.com/6.2025.4.20)"
34.136.64.150 - - [12/Jul/2025:16:02:59 -0400] "GET /wp-content/plugins/elementor-seosight/assets/css/styles.css?ver=1.0.0 HTTP/2" 200 8870 "https://bodyguardslosangeles.net/" "Mozilla/5.0 (Windows NT 10.0; Win64; x64) AppleWebKit/537.36 (KHTML, like Gecko) Chrome/133.0.0.0 Safari/537.36 (PhantomJsCloud.com/6.2025.4.20)"
34.136.64.150 - - [12/Jul/2025:16:02:59 -0400] "GET /wp-content/plugins/elementor/assets/lib/swiper/v8/css/swiper.min.css?ver=8.4.5 HTTP/2" 200 4248 "https://bodyguardslosangeles.net/" "Mozilla/5.0 (Windows NT 10.0; Win64; x64) AppleWebKit/537.36 (KHTML, like Gecko) Chrome/133.0.0.0 Safari/537.36 (PhantomJsCloud.com/6.2025.4.20)"
34.136.64.150 - - [12/Jul/2025:16:02:59 -0400] "GET /wp-content/plugins/elementor/assets/css/conditionals/e-swiper.min.css?ver=3.27.1 HTTP/2" 200 699 "https://bodyguardslosangeles.net/" "Mozilla/5.0 (Windows NT 10.0; Win64; x64) AppleWebKit/537.36 (KHTML, like Gecko) Chrome/133.0.0.0 Safari/537.36 (PhantomJsCloud.com/6.2025.4.20)"
34.136.64.150 - - [12/Jul/2025:16:02:59 -0400] "GET /wp-content/plugins/elementor/assets/css/widget-image.min.css?ver=3.27.1 HTTP/2" 200 119 "https://bodyguardslosangeles.net/" "Mozilla/5.0 (Windows NT 10.0; Win64; x64) AppleWebKit/537.36 (KHTML, like Gecko) Chrome/133.0.0.0 Safari/537.36 (PhantomJsCloud.com/6.2025.4.20)"
34.136.64.150 - - [12/Jul/2025:16:02:59 -0400] "GET /wp-content/plugins/elementor/assets/css/widget-heading.min.css?ver=3.27.1 HTTP/2" 200 154 "https://bodyguardslosangeles.net/" "Mozilla/5.0 (Windows NT 10.0; Win64; x64) AppleWebKit/537.36 (KHTML, like Gecko) Chrome/133.0.0.0 Safari/537.36 (PhantomJsCloud.com/6.2025.4.20)"
34.136.64.150 - - [12/Jul/2025:16:02:59 -0400] "GET /wp-content/plugins/elementor/assets/css/widget-text-editor.min.css?ver=3.27.1 HTTP/2" 200 197 "https://bodyguardslosangeles.net/" "Mozilla/5.0 (Windows NT 10.0; Win64; x64) AppleWebKit/537.36 (KHTML, like Gecko) Chrome/133.0.0.0 Safari/537.36 (PhantomJsCloud.com/6.2025.4.20)"
34.136.64.150 - - [12/Jul/2025:16:02:59 -0400] "GET /wp-content/uploads/elementor/css/post-62.css?ver=1738004274 HTTP/2" 200 1886 "https://bodyguardslosangeles.net/" "Mozilla/5.0 (Windows NT 10.0; Win64; x64) AppleWebKit/537.36 (KHTML, like Gecko) Chrome/133.0.0.0 Safari/537.36 (PhantomJsCloud.com/6.2025.4.20)"
34.136.64.150 - - [12/Jul/2025:16:02:59 -0400] "GET /wp-content/uploads/elementor/css/post-2544.css?ver=1738004274 HTTP/2" 200 1244 "https://bodyguardslosangeles.net/" "Mozilla/5.0 (Windows NT 10.0; Win64; x64) AppleWebKit/537.36 (KHTML, like Gecko) Chrome/133.0.0.0 Safari/537.36 (PhantomJsCloud.com/6.2025.4.20)"
34.136.64.150 - - [12/Jul/2025:16:02:59 -0400] "GET /wp-content/uploads/elementor/css/post-2551.css?ver=1738004274 HTTP/2" 200 1952 "https://bodyguardslosangeles.net/" "Mozilla/5.0 (Windows NT 10.0; Win64; x64) AppleWebKit/537.36 (KHTML, like Gecko) Chrome/133.0.0.0 Safari/537.36 (PhantomJsCloud.com/6.2025.4.20)"
34.136.64.150 - - [12/Jul/2025:16:02:59 -0400] "GET /wp-content/themes/seosight/css/grid.css?ver=5.21 HTTP/2" 200 1005 "https://bodyguardslosangeles.net/" "Mozilla/5.0 (Windows NT 10.0; Win64; x64) AppleWebKit/537.36 (KHTML, like Gecko) Chrome/133.0.0.0 Safari/537.36 (PhantomJsCloud.com/6.2025.4.20)"
34.136.64.150 - - [12/Jul/2025:16:02:59 -0400] "GET /wp-content/themes/seosight/css/theme-plugins.css?ver=5.21 HTTP/2" 200 9205 "https://bodyguardslosangeles.net/" "Mozilla/5.0 (Windows NT 10.0; Win64; x64) AppleWebKit/537.36 (KHTML, like Gecko) Chrome/133.0.0.0 Safari/537.36 (PhantomJsCloud.com/6.2025.4.20)"
34.136.64.150 - - [12/Jul/2025:16:02:59 -0400] "GET /wp-content/themes/seosight/css/theme-styles.css?ver=5.21 HTTP/2" 200 24765 "https://bodyguardslosangeles.net/" "Mozilla/5.0 (Windows NT 10.0; Win64; x64) AppleWebKit/537.36 (KHTML, like Gecko) Chrome/133.0.0.0 Safari/537.36 (PhantomJsCloud.com/6.2025.4.20)"
34.136.64.150 - - [12/Jul/2025:16:02:59 -0400] "GET /wp-content/themes/seosight/css/navigation.css?ver=5.21 HTTP/2" 200 4512 "https://bodyguardslosangeles.net/" "Mozilla/5.0 (Windows NT 10.0; Win64; x64) AppleWebKit/537.36 (KHTML, like Gecko) Chrome/133.0.0.0 Safari/537.36 (PhantomJsCloud.com/6.2025.4.20)"
34.136.64.150 - - [12/Jul/2025:16:02:59 -0400] "GET /wp-content/themes/seosight/css/blocks.css?ver=5.21 HTTP/2" 200 9753 "https://bodyguardslosangeles.net/" "Mozilla/5.0 (Windows NT 10.0; Win64; x64) AppleWebKit/537.36 (KHTML, like Gecko) Chrome/133.0.0.0 Safari/537.36 (PhantomJsCloud.com/6.2025.4.20)"
34.136.64.150 - - [12/Jul/2025:16:02:59 -0400] "GET /wp-content/themes/seosight/css/crumina-icons.css?ver=5.21 HTTP/2" 200 1072 "https://bodyguardslosangeles.net/" "Mozilla/5.0 (Windows NT 10.0; Win64; x64) AppleWebKit/537.36 (KHTML, like Gecko) Chrome/133.0.0.0 Safari/537.36 (PhantomJsCloud.com/6.2025.4.20)"
34.136.64.150 - - [12/Jul/2025:16:02:59 -0400] "GET /wp-content/themes/seosight/css/fontawesome/all.css?ver=5.21 HTTP/2" 200 12664 "https://bodyguardslosangeles.net/" "Mozilla/5.0 (Windows NT 10.0; Win64; x64) AppleWebKit/537.36 (KHTML, like Gecko) Chrome/133.0.0.0 Safari/537.36 (PhantomJsCloud.com/6.2025.4.20)"
34.136.64.150 - - [12/Jul/2025:16:02:59 -0400] "GET /wp-content/plugins/elementor-seosight/assets/css/seotheme.css?ver=1 HTTP/2" 200 1805 "https://bodyguardslosangeles.net/" "Mozilla/5.0 (Windows NT 10.0; Win64; x64) AppleWebKit/537.36 (KHTML, like Gecko) Chrome/133.0.0.0 Safari/537.36 (PhantomJsCloud.com/6.2025.4.20)"
34.136.64.150 - - [12/Jul/2025:16:02:59 -0400] "GET /wp-content/themes/seosight/fonts/Nunito/stylesheet.css?ver=5.21 HTTP/2" 200 388 "https://bodyguardslosangeles.net/" "Mozilla/5.0 (Windows NT 10.0; Win64; x64) AppleWebKit/537.36 (KHTML, like Gecko) Chrome/133.0.0.0 Safari/537.36 (PhantomJsCloud.com/6.2025.4.20)"
34.136.64.150 - - [12/Jul/2025:16:02:59 -0400] "GET /wp-content/themes/seosight/css/woocommerce.css?ver=5.21 HTTP/2" 200 7699 "https://bodyguardslosangeles.net/" "Mozilla/5.0 (Windows NT 10.0; Win64; x64) AppleWebKit/537.36 (KHTML, like Gecko) Chrome/133.0.0.0 Safari/537.36 (PhantomJsCloud.com/6.2025.4.20)"
34.136.64.150 - - [12/Jul/2025:16:02:59 -0400] "GET /wp-content/themes/seosight-child/style.css?ver=6.7.2 HTTP/2" 200 219 "https://bodyguardslosangeles.net/" "Mozilla/5.0 (Windows NT 10.0; Win64; x64) AppleWebKit/537.36 (KHTML, like Gecko) Chrome/133.0.0.0 Safari/537.36 (PhantomJsCloud.com/6.2025.4.20)"
34.136.64.150 - - [12/Jul/2025:16:02:59 -0400] "GET /wp-content/plugins/elementor/assets/lib/font-awesome/css/fontawesome.min.css?ver=5.15.3 HTTP/2" 200 12164 "https://bodyguardslosangeles.net/" "Mozilla/5.0 (Windows NT 10.0; Win64; x64) AppleWebKit/537.36 (KHTML, like Gecko) Chrome/133.0.0.0 Safari/537.36 (PhantomJsCloud.com/6.2025.4.20)"
34.136.64.150 - - [12/Jul/2025:16:02:59 -0400] "GET /wp-content/plugins/elementor/assets/lib/font-awesome/css/solid.min.css?ver=5.15.3 HTTP/2" 200 286 "https://bodyguardslosangeles.net/" "Mozilla/5.0 (Windows NT 10.0; Win64; x64) AppleWebKit/537.36 (KHTML, like Gecko) Chrome/133.0.0.0 Safari/537.36 (PhantomJsCloud.com/6.2025.4.20)"
34.136.64.150 - - [12/Jul/2025:16:02:59 -0400] "GET /wp-content/plugins/elementor-pro/assets/css/frontend.min.css?ver=3.15.0 HTTP/2" 200 40953 "https://bodyguardslosangeles.net/" "Mozilla/5.0 (Windows NT 10.0; Win64; x64) AppleWebKit/537.36 (KHTML, like Gecko) Chrome/133.0.0.0 Safari/537.36 (PhantomJsCloud.com/6.2025.4.20)"
34.136.64.150 - - [12/Jul/2025:16:02:59 -0400] "GET /wp-includes/css/dashicons.min.css?ver=6.7.2 HTTP/2" 200 35110 "https://bodyguardslosangeles.net/" "Mozilla/5.0 (Windows NT 10.0; Win64; x64) AppleWebKit/537.36 (KHTML, like Gecko) Chrome/133.0.0.0 Safari/537.36 (PhantomJsCloud.com/6.2025.4.20)"
34.136.64.150 - - [12/Jul/2025:16:02:59 -0400] "GET /wp-includes/js/jquery/jquery-migrate.min.js?ver=3.4.1 HTTP/2" 200 7807 "https://bodyguardslosangeles.net/" "Mozilla/5.0 (Windows NT 10.0; Win64; x64) AppleWebKit/537.36 (KHTML, like Gecko) Chrome/133.0.0.0 Safari/537.36 (PhantomJsCloud.com/6.2025.4.20)"
34.136.64.150 - - [12/Jul/2025:16:02:59 -0400] "GET /wp-content/uploads/2025/01/cropped-BODYGUARDS-LOS-ANGELES.gif HTTP/2" 200 113776 "https://bodyguardslosangeles.net/" "Mozilla/5.0 (Windows NT 10.0; Win64; x64) AppleWebKit/537.36 (KHTML, like Gecko) Chrome/133.0.0.0 Safari/537.36 (PhantomJsCloud.com/6.2025.4.20)"
34.136.64.150 - - [12/Jul/2025:16:02:59 -0400] "GET /wp-includes/js/jquery/jquery.min.js?ver=3.7.1 HTTP/2" 200 32921 "https://bodyguardslosangeles.net/" "Mozilla/5.0 (Windows NT 10.0; Win64; x64) AppleWebKit/537.36 (KHTML, like Gecko) Chrome/133.0.0.0 Safari/537.36 (PhantomJsCloud.com/6.2025.4.20)"
34.136.64.150 - - [12/Jul/2025:16:02:59 -0400] "GET /wp-content/plugins/woocommerce/assets/client/blocks/wc-blocks.css?ver=wc-9.6.0 HTTP/2" 200 2367 "https://bodyguardslosangeles.net/" "Mozilla/5.0 (Windows NT 10.0; Win64; x64) AppleWebKit/537.36 (KHTML, like Gecko) Chrome/133.0.0.0 Safari/537.36 (PhantomJsCloud.com/6.2025.4.20)"
34.136.64.150 - - [12/Jul/2025:16:02:59 -0400] "GET /wp-content/plugins/elementor/assets/css/widget-icon-list.min.css?ver=3.27.1 HTTP/2" 200 958 "https://bodyguardslosangeles.net/" "Mozilla/5.0 (Windows NT 10.0; Win64; x64) AppleWebKit/537.36 (KHTML, like Gecko) Chrome/133.0.0.0 Safari/537.36 (PhantomJsCloud.com/6.2025.4.20)"
34.136.64.150 - - [12/Jul/2025:16:02:59 -0400] "GET /wp-content/plugins/elementor/assets/css/widget-divider.min.css?ver=3.27.1 HTTP/2" 200 706 "https://bodyguardslosangeles.net/" "Mozilla/5.0 (Windows NT 10.0; Win64; x64) AppleWebKit/537.36 (KHTML, like Gecko) Chrome/133.0.0.0 Safari/537.36 (PhantomJsCloud.com/6.2025.4.20)"
34.136.64.150 - - [12/Jul/2025:16:02:59 -0400] "GET /wp-content/plugins/elementor/assets/css/widget-image-box.min.css?ver=3.27.1 HTTP/2" 200 289 "https://bodyguardslosangeles.net/" "Mozilla/5.0 (Windows NT 10.0; Win64; x64) AppleWebKit/537.36 (KHTML, like Gecko) Chrome/133.0.0.0 Safari/537.36 (PhantomJsCloud.com/6.2025.4.20)"
34.136.64.150 - - [12/Jul/2025:16:02:59 -0400] "GET /wp-content/uploads/elementor/css/post-2968.css?ver=1738004274 HTTP/2" 200 1004 "https://bodyguardslosangeles.net/" "Mozilla/5.0 (Windows NT 10.0; Win64; x64) AppleWebKit/537.36 (KHTML, like Gecko) Chrome/133.0.0.0 Safari/537.36 (PhantomJsCloud.com/6.2025.4.20)"
34.136.64.150 - - [12/Jul/2025:16:02:59 -0400] "GET /wp-content/uploads/2023/10/svg-01.svg HTTP/2" 200 8666 "https://bodyguardslosangeles.net/" "Mozilla/5.0 (Windows NT 10.0; Win64; x64) AppleWebKit/537.36 (KHTML, like Gecko) Chrome/133.0.0.0 Safari/537.36 (PhantomJsCloud.com/6.2025.4.20)"
34.136.64.150 - - [12/Jul/2025:16:02:59 -0400] "GET /wp-content/plugins/woocommerce/assets/css/woocommerce-smallscreen.css?ver=9.6.0 HTTP/2" 200 1127 "https://bodyguardslosangeles.net/" "Mozilla/5.0 (Windows NT 10.0; Win64; x64) AppleWebKit/537.36 (KHTML, like Gecko) Chrome/133.0.0.0 Safari/537.36 (PhantomJsCloud.com/6.2025.4.20)"
34.136.64.150 - - [12/Jul/2025:16:02:59 -0400] "GET /wp-content/uploads/2025/01/tiny_am_flag_bar_blk-300x8.gif HTTP/2" 200 1863 "https://bodyguardslosangeles.net/" "Mozilla/5.0 (Windows NT 10.0; Win64; x64) AppleWebKit/537.36 (KHTML, like Gecko) Chrome/133.0.0.0 Safari/537.36 (PhantomJsCloud.com/6.2025.4.20)"
34.136.64.150 - - [12/Jul/2025:16:02:59 -0400] "GET /wp-content/uploads/2025/01/armguardeye1a.gif HTTP/2" 200 120640 "https://bodyguardslosangeles.net/" "Mozilla/5.0 (Windows NT 10.0; Win64; x64) AppleWebKit/537.36 (KHTML, like Gecko) Chrome/133.0.0.0 Safari/537.36 (PhantomJsCloud.com/6.2025.4.20)"
34.136.64.150 - - [12/Jul/2025:16:02:59 -0400] "GET /wp-content/uploads/2025/01/los-angeles-bodyguards.png HTTP/2" 200 402421 "https://bodyguardslosangeles.net/" "Mozilla/5.0 (Windows NT 10.0; Win64; x64) AppleWebKit/537.36 (KHTML, like Gecko) Chrome/133.0.0.0 Safari/537.36 (PhantomJsCloud.com/6.2025.4.20)"
34.136.64.150 - - [12/Jul/2025:16:02:59 -0400] "GET /wp-content/plugins/elementor/assets/lib/font-awesome/webfonts/fa-solid-900.woff2 HTTP/2" 200 78196 "https://bodyguardslosangeles.net/wp-content/plugins/elementor/assets/lib/font-awesome/css/solid.min.css?ver=5.15.3" "Mozilla/5.0 (Windows NT 10.0; Win64; x64) AppleWebKit/537.36 (KHTML, like Gecko) Chrome/133.0.0.0 Safari/537.36 (PhantomJsCloud.com/6.2025.4.20)"
34.136.64.150 - - [12/Jul/2025:16:03:00 -0400] "GET /wp-content/plugins/woocommerce-payments/vendor/automattic/jetpack-connection/dist/tracks-callables.js?minify=false&ver=a8b23de97e9658b5993f HTTP/2" 200 516 "https://bodyguardslosangeles.net/" "Mozilla/5.0 (Windows NT 10.0; Win64; x64) AppleWebKit/537.36 (KHTML, like Gecko) Chrome/133.0.0.0 Safari/537.36 (PhantomJsCloud.com/6.2025.4.20)"
34.136.64.150 - - [12/Jul/2025:16:03:00 -0400] "GET /wp-content/plugins/embedpress/assets/js/front.js?ver=4.1.9 HTTP/2" 200 12361 "https://bodyguardslosangeles.net/" "Mozilla/5.0 (Windows NT 10.0; Win64; x64) AppleWebKit/537.36 (KHTML, like Gecko) Chrome/133.0.0.0 Safari/537.36 (PhantomJsCloud.com/6.2025.4.20)"
34.136.64.150 - - [12/Jul/2025:16:03:00 -0400] "GET /wp-content/plugins/real-time-auto-find-and-replace/assets/js/rtafar.local.js?ver=1.6.8 HTTP/2" 200 3090 "https://bodyguardslosangeles.net/" "Mozilla/5.0 (Windows NT 10.0; Win64; x64) AppleWebKit/537.36 (KHTML, like Gecko) Chrome/133.0.0.0 Safari/537.36 (PhantomJsCloud.com/6.2025.4.20)"
34.136.64.150 - - [12/Jul/2025:16:03:00 -0400] "GET /wp-content/themes/seosight/js/fw-form-helpers.js?ver=1.1 HTTP/2" 200 5951 "https://bodyguardslosangeles.net/" "Mozilla/5.0 (Windows NT 10.0; Win64; x64) AppleWebKit/537.36 (KHTML, like Gecko) Chrome/133.0.0.0 Safari/537.36 (PhantomJsCloud.com/6.2025.4.20)"
34.136.64.150 - - [12/Jul/2025:16:03:00 -0400] "GET /wp-content/plugins/elementor-seosight/assets/js/jquery.matchHeight.js?ver=1.0.0 HTTP/2" 200 2839 "https://bodyguardslosangeles.net/" "Mozilla/5.0 (Windows NT 10.0; Win64; x64) AppleWebKit/537.36 (KHTML, like Gecko) Chrome/133.0.0.0 Safari/537.36 (PhantomJsCloud.com/6.2025.4.20)"
34.136.64.150 - - [12/Jul/2025:16:03:00 -0400] "GET /wp-content/plugins/elementor-seosight/assets/js/main.js?ver=1.0.0 HTTP/2" 200 239 "https://bodyguardslosangeles.net/" "Mozilla/5.0 (Windows NT 10.0; Win64; x64) AppleWebKit/537.36 (KHTML, like Gecko) Chrome/133.0.0.0 Safari/537.36 (PhantomJsCloud.com/6.2025.4.20)"
34.136.64.150 - - [12/Jul/2025:16:03:00 -0400] "GET /wp-content/plugins/woocommerce/assets/js/sourcebuster/sourcebuster.min.js?ver=9.6.0 HTTP/2" 200 7726 "https://bodyguardslosangeles.net/" "Mozilla/5.0 (Windows NT 10.0; Win64; x64) AppleWebKit/537.36 (KHTML, like Gecko) Chrome/133.0.0.0 Safari/537.36 (PhantomJsCloud.com/6.2025.4.20)"
34.136.64.150 - - [12/Jul/2025:16:03:00 -0400] "GET /wp-content/plugins/woocommerce/assets/js/frontend/order-attribution.min.js?ver=9.6.0 HTTP/2" 200 4147 "https://bodyguardslosangeles.net/" "Mozilla/5.0 (Windows NT 10.0; Win64; x64) AppleWebKit/537.36 (KHTML, like Gecko) Chrome/133.0.0.0 Safari/537.36 (PhantomJsCloud.com/6.2025.4.20)"
34.136.64.150 - - [12/Jul/2025:16:03:00 -0400] "GET /wp-content/themes/seosight/js/theme-plugins.js?ver=5.21 HTTP/2" 200 31004 "https://bodyguardslosangeles.net/" "Mozilla/5.0 (Windows NT 10.0; Win64; x64) AppleWebKit/537.36 (KHTML, like Gecko) Chrome/133.0.0.0 Safari/537.36 (PhantomJsCloud.com/6.2025.4.20)"
34.136.64.150 - - [12/Jul/2025:16:03:00 -0400] "GET /wp-content/themes/seosight/js/main.js?ver=5.21 HTTP/2" 200 12181 "https://bodyguardslosangeles.net/" "Mozilla/5.0 (Windows NT 10.0; Win64; x64) AppleWebKit/537.36 (KHTML, like Gecko) Chrome/133.0.0.0 Safari/537.36 (PhantomJsCloud.com/6.2025.4.20)"
34.136.64.150 - - [12/Jul/2025:16:03:00 -0400] "GET /wp-content/plugins/elementor-pro/assets/lib/smartmenus/jquery.smartmenus.min.js?ver=1.0.1 HTTP/2" 200 10020 "https://bodyguardslosangeles.net/" "Mozilla/5.0 (Windows NT 10.0; Win64; x64) AppleWebKit/537.36 (KHTML, like Gecko) Chrome/133.0.0.0 Safari/537.36 (PhantomJsCloud.com/6.2025.4.20)"
34.136.64.150 - - [12/Jul/2025:16:03:00 -0400] "GET /wp-content/plugins/elementor-pro/assets/js/webpack-pro.runtime.min.js?ver=3.15.0 HTTP/2" 200 5485 "https://bodyguardslosangeles.net/" "Mozilla/5.0 (Windows NT 10.0; Win64; x64) AppleWebKit/537.36 (KHTML, like Gecko) Chrome/133.0.0.0 Safari/537.36 (PhantomJsCloud.com/6.2025.4.20)"
34.136.64.150 - - [12/Jul/2025:16:03:00 -0400] "GET /wp-content/plugins/elementor/assets/js/webpack.runtime.min.js?ver=3.27.1 HTTP/2" 200 5287 "https://bodyguardslosangeles.net/" "Mozilla/5.0 (Windows NT 10.0; Win64; x64) AppleWebKit/537.36 (KHTML, like Gecko) Chrome/133.0.0.0 Safari/537.36 (PhantomJsCloud.com/6.2025.4.20)"
34.136.64.150 - - [12/Jul/2025:16:03:00 -0400] "GET /wp-content/plugins/elementor/assets/js/frontend-modules.min.js?ver=3.27.1 HTTP/2" 200 20273 "https://bodyguardslosangeles.net/" "Mozilla/5.0 (Windows NT 10.0; Win64; x64) AppleWebKit/537.36 (KHTML, like Gecko) Chrome/133.0.0.0 Safari/537.36 (PhantomJsCloud.com/6.2025.4.20)"
34.136.64.150 - - [12/Jul/2025:16:03:00 -0400] "GET /wp-includes/js/dist/hooks.min.js?ver=4d63a3d491d11ffd8ac6 HTTP/2" 200 4691 "https://bodyguardslosangeles.net/" "Mozilla/5.0 (Windows NT 10.0; Win64; x64) AppleWebKit/537.36 (KHTML, like Gecko) Chrome/133.0.0.0 Safari/537.36 (PhantomJsCloud.com/6.2025.4.20)"
34.136.64.150 - - [12/Jul/2025:16:03:00 -0400] "GET /wp-includes/js/dist/i18n.min.js?ver=5e580eb46a90c2b997e6 HTTP/2" 200 6642 "https://bodyguardslosangeles.net/" "Mozilla/5.0 (Windows NT 10.0; Win64; x64) AppleWebKit/537.36 (KHTML, like Gecko) Chrome/133.0.0.0 Safari/537.36 (PhantomJsCloud.com/6.2025.4.20)"
34.136.64.150 - - [12/Jul/2025:16:03:00 -0400] "GET /wp-content/plugins/elementor-pro/assets/js/frontend.min.js?ver=3.15.0 HTTP/2" 200 9428 "https://bodyguardslosangeles.net/" "Mozilla/5.0 (Windows NT 10.0; Win64; x64) AppleWebKit/537.36 (KHTML, like Gecko) Chrome/133.0.0.0 Safari/537.36 (PhantomJsCloud.com/6.2025.4.20)"
34.136.64.150 - - [12/Jul/2025:16:03:00 -0400] "GET /wp-includes/js/jquery/ui/core.min.js?ver=1.13.3 HTTP/2" 200 9962 "https://bodyguardslosangeles.net/" "Mozilla/5.0 (Windows NT 10.0; Win64; x64) AppleWebKit/537.36 (KHTML, like Gecko) Chrome/133.0.0.0 Safari/537.36 (PhantomJsCloud.com/6.2025.4.20)"
34.136.64.150 - - [12/Jul/2025:16:03:00 -0400] "GET /wp-content/plugins/elementor/assets/js/frontend.min.js?ver=3.27.1 HTTP/2" 200 16258 "https://bodyguardslosangeles.net/" "Mozilla/5.0 (Windows NT 10.0; Win64; x64) AppleWebKit/537.36 (KHTML, like Gecko) Chrome/133.0.0.0 Safari/537.36 (PhantomJsCloud.com/6.2025.4.20)"
34.136.64.150 - - [12/Jul/2025:16:03:00 -0400] "GET /wp-content/plugins/elementor-pro/assets/js/preloaded-elements-handlers.min.js?ver=3.15.0 HTTP/2" 200 43768 "https://bodyguardslosangeles.net/" "Mozilla/5.0 (Windows NT 10.0; Win64; x64) AppleWebKit/537.36 (KHTML, like Gecko) Chrome/133.0.0.0 Safari/537.36 (PhantomJsCloud.com/6.2025.4.20)"
34.136.64.150 - - [12/Jul/2025:16:03:00 -0400] "GET /wp-content/plugins/elementor-pro/assets/lib/sticky/jquery.sticky.min.js?ver=3.15.0 HTTP/2" 200 4577 "https://bodyguardslosangeles.net/" "Mozilla/5.0 (Windows NT 10.0; Win64; x64) AppleWebKit/537.36 (KHTML, like Gecko) Chrome/133.0.0.0 Safari/537.36 (PhantomJsCloud.com/6.2025.4.20)"
34.136.64.150 - - [12/Jul/2025:16:03:00 -0400] "GET /wp-content/plugins/elementor/assets/lib/swiper/v8/swiper.min.js?ver=8.4.5 HTTP/2" 200 41312 "https://bodyguardslosangeles.net/" "Mozilla/5.0 (Windows NT 10.0; Win64; x64) AppleWebKit/537.36 (KHTML, like Gecko) Chrome/133.0.0.0 Safari/537.36 (PhantomJsCloud.com/6.2025.4.20)"
34.136.64.150 - - [12/Jul/2025:16:03:00 -0400] "GET /wp-content/plugins/real-time-auto-find-and-replace/assets/js/rtafar.app.min.js?ver=1.6.8 HTTP/2" 200 33061 "https://bodyguardslosangeles.net/" "Mozilla/5.0 (Windows NT 10.0; Win64; x64) AppleWebKit/537.36 (KHTML, like Gecko) Chrome/133.0.0.0 Safari/537.36 (PhantomJsCloud.com/6.2025.4.20)"
34.136.64.150 - - [12/Jul/2025:16:03:00 -0400] "GET /wp-content/plugins/woocommerce/assets/js/jquery-blockui/jquery.blockUI.min.js?ver=2.7.0-wc.9.6.0 HTTP/2" 200 6410 "https://bodyguardslosangeles.net/" "Mozilla/5.0 (Windows NT 10.0; Win64; x64) AppleWebKit/537.36 (KHTML, like Gecko) Chrome/133.0.0.0 Safari/537.36 (PhantomJsCloud.com/6.2025.4.20)"
34.136.64.150 - - [12/Jul/2025:16:03:00 -0400] "GET /wp-content/plugins/woocommerce/assets/js/frontend/add-to-cart.min.js?ver=9.6.0 HTTP/2" 200 4340 "https://bodyguardslosangeles.net/" "Mozilla/5.0 (Windows NT 10.0; Win64; x64) AppleWebKit/537.36 (KHTML, like Gecko) Chrome/133.0.0.0 Safari/537.36 (PhantomJsCloud.com/6.2025.4.20)"
34.136.64.150 - - [12/Jul/2025:16:03:00 -0400] "GET /wp-content/plugins/woocommerce/assets/js/js-cookie/js.cookie.min.js?ver=2.1.4-wc.9.6.0 HTTP/2" 200 3862 "https://bodyguardslosangeles.net/" "Mozilla/5.0 (Windows NT 10.0; Win64; x64) AppleWebKit/537.36 (KHTML, like Gecko) Chrome/133.0.0.0 Safari/537.36 (PhantomJsCloud.com/6.2025.4.20)"
34.136.64.150 - - [12/Jul/2025:16:03:00 -0400] "GET /wp-content/plugins/woocommerce/assets/js/frontend/woocommerce.min.js?ver=9.6.0 HTTP/2" 200 4212 "https://bodyguardslosangeles.net/" "Mozilla/5.0 (Windows NT 10.0; Win64; x64) AppleWebKit/537.36 (KHTML, like Gecko) Chrome/133.0.0.0 Safari/537.36 (PhantomJsCloud.com/6.2025.4.20)"
34.136.64.150 - - [12/Jul/2025:16:03:00 -0400] "GET /wp-content/plugins/elementor/assets/lib/eicons/fonts/eicons.woff2?5.35.0 HTTP/2" 200 98056 "https://bodyguardslosangeles.net/wp-content/plugins/elementor/assets/lib/eicons/css/elementor-icons.min.css?ver=5.35.0" "Mozilla/5.0 (Windows NT 10.0; Win64; x64) AppleWebKit/537.36 (KHTML, like Gecko) Chrome/133.0.0.0 Safari/537.36 (PhantomJsCloud.com/6.2025.4.20)"
34.136.64.150 - - [12/Jul/2025:16:03:00 -0400] "GET /wp-content/plugins/elementor/assets/lib/dialog/dialog.min.js?ver=4.9.3 HTTP/2" 200 6591 "https://bodyguardslosangeles.net/" "Mozilla/5.0 (Windows NT 10.0; Win64; x64) AppleWebKit/537.36 (KHTML, like Gecko) Chrome/133.0.0.0 Safari/537.36 (PhantomJsCloud.com/6.2025.4.20)"
34.136.64.150 - - [12/Jul/2025:16:03:00 -0400] "GET /wp-content/plugins/elementor/assets/js/text-editor.c084ef86600b6f11690d.bundle.min.js HTTP/2" 200 3720 "https://bodyguardslosangeles.net/" "Mozilla/5.0 (Windows NT 10.0; Win64; x64) AppleWebKit/537.36 (KHTML, like Gecko) Chrome/133.0.0.0 Safari/537.36 (PhantomJsCloud.com/6.2025.4.20)"
34.136.64.150 - - [12/Jul/2025:16:02:59 -0400] "GET /wp-content/uploads/2020/02/slider5.png HTTP/2" 404 17545 "https://bodyguardslosangeles.net/" "Mozilla/5.0 (Windows NT 10.0; Win64; x64) AppleWebKit/537.36 (KHTML, like Gecko) Chrome/133.0.0.0 Safari/537.36 (PhantomJsCloud.com/6.2025.4.20)"
34.136.64.150 - - [12/Jul/2025:16:02:59 -0400] "GET /wp-content/uploads/2020/02/slider2.png HTTP/2" 404 17600 "https://bodyguardslosangeles.net/" "Mozilla/5.0 (Windows NT 10.0; Win64; x64) AppleWebKit/537.36 (KHTML, like Gecko) Chrome/133.0.0.0 Safari/537.36 (PhantomJsCloud.com/6.2025.4.20)"
34.136.64.150 - - [12/Jul/2025:16:02:59 -0400] "GET /wp-content/uploads/2020/01/darts_dart_target_spear_game_sport_competition_goal_aim.svg HTTP/2" 404 17545 "https://bodyguardslosangeles.net/" "Mozilla/5.0 (Windows NT 10.0; Win64; x64) AppleWebKit/537.36 (KHTML, like Gecko) Chrome/133.0.0.0 Safari/537.36 (PhantomJsCloud.com/6.2025.4.20)"
34.136.64.150 - - [12/Jul/2025:16:02:59 -0400] "GET /wp-content/uploads/2020/01/hot_air_baloon.svg HTTP/2" 404 17545 "https://bodyguardslosangeles.net/" "Mozilla/5.0 (Windows NT 10.0; Win64; x64) AppleWebKit/537.36 (KHTML, like Gecko) Chrome/133.0.0.0 Safari/537.36 (PhantomJsCloud.com/6.2025.4.20)"
34.136.64.150 - - [12/Jul/2025:16:02:59 -0400] "GET /wp-content/uploads/2020/01/darts_dart_target_spear_game_sport_competition_presentation_goals_aim.svg HTTP/2" 404 17545 "https://bodyguardslosangeles.net/" "Mozilla/5.0 (Windows NT 10.0; Win64; x64) AppleWebKit/537.36 (KHTML, like Gecko) Chrome/133.0.0.0 Safari/537.36 (PhantomJsCloud.com/6.2025.4.20)"
34.136.64.150 - - [12/Jul/2025:16:02:59 -0400] "GET /wp-content/uploads/2020/01/map_pin_locate_location_marker_gps_coordinate.svg HTTP/2" 404 17545 "https://bodyguardslosangeles.net/" "Mozilla/5.0 (Windows NT 10.0; Win64; x64) AppleWebKit/537.36 (KHTML, like Gecko) Chrome/133.0.0.0 Safari/537.36 (PhantomJsCloud.com/6.2025.4.20)"
34.136.64.150 - - [12/Jul/2025:16:02:59 -0400] "GET /wp-content/uploads/2020/01/anchor_marine_nautical_travel_ship_sea_ocean.svg HTTP/2" 404 17545 "https://bodyguardslosangeles.net/" "Mozilla/5.0 (Windows NT 10.0; Win64; x64) AppleWebKit/537.36 (KHTML, like Gecko) Chrome/133.0.0.0 Safari/537.36 (PhantomJsCloud.com/6.2025.4.20)"
34.136.64.150 - - [12/Jul/2025:16:02:59 -0400] "GET /wp-content/uploads/2016/11/1455810546_014_037_strategy_plan_management.svg HTTP/2" 404 17545 "https://bodyguardslosangeles.net/" "Mozilla/5.0 (Windows NT 10.0; Win64; x64) AppleWebKit/537.36 (KHTML, like Gecko) Chrome/133.0.0.0 Safari/537.36 (PhantomJsCloud.com/6.2025.4.20)"
34.136.64.150 - - [12/Jul/2025:16:02:59 -0400] "GET /wp-content/uploads/2020/01/favorite_flagged_marked_mail_email_envelope_message_2.svg HTTP/2" 404 17545 "https://bodyguardslosangeles.net/" "Mozilla/5.0 (Windows NT 10.0; Win64; x64) AppleWebKit/537.36 (KHTML, like Gecko) Chrome/133.0.0.0 Safari/537.36 (PhantomJsCloud.com/6.2025.4.20)"
34.136.64.150 - - [12/Jul/2025:16:02:59 -0400] "GET /wp-content/uploads/2020/01/map_location_place_3.svg HTTP/2" 404 17545 "https://bodyguardslosangeles.net/" "Mozilla/5.0 (Windows NT 10.0; Win64; x64) AppleWebKit/537.36 (KHTML, like Gecko) Chrome/133.0.0.0 Safari/537.36 (PhantomJsCloud.com/6.2025.4.20)"
34.136.64.150 - - [12/Jul/2025:16:03:05 -0400] "GET /wp-content/uploads/2025/01/cropped-BODYGUARDS-LOS-ANGELES-32x32.gif HTTP/2" 200 1425 "https://bodyguardslosangeles.net/" "Mozilla/5.0 (Windows NT 10.0; Win64; x64) AppleWebKit/537.36 (KHTML, like Gecko) Chrome/133.0.0.0 Safari/537.36 (PhantomJsCloud.com/6.2025.4.20)"
4.227.36.77 - - [12/Jul/2025:16:08:09 -0400] "GET /robots.txt HTTP/2" 200 145 "-" "Mozilla/5.0 AppleWebKit/537.36 (KHTML, like Gecko; compatible; GPTBot/1.2; +https://openai.com/gptbot)"
51.222.253.20 - - [12/Jul/2025:16:10:03 -0400] "GET /type/link/ HTTP/2" 200 17653 "-" "Mozilla/5.0 (compatible; AhrefsBot/7.0; +http://ahrefs.com/robot/)"
23.92.177.29 - - [12/Jul/2025:16:10:28 -0400] "POST /wp-cron.php?doing_wp_cron=1752351028.9153149127960205078125 HTTP/1.1" 200 0 "-" "WordPress/6.7.2; https://bodyguardslosangeles.net"
66.249.79.33 - - [12/Jul/2025:16:10:28 -0400] "GET /shopdetail/22895303/ HTTP/1.1" 301 0 "-" "Mozilla/5.0 (compatible; Googlebot/2.1; +http://www.google.com/bot.html)"
66.249.79.199 - - [12/Jul/2025:16:10:29 -0400] "GET /shopdetail/22895303/ HTTP/1.1" 404 17533 "-" "Mozilla/5.0 (compatible; Googlebot/2.1; +http://www.google.com/bot.html)"
57.141.4.14 - - [12/Jul/2025:16:10:42 -0400] "GET /bodyguardslosangeles.php?Action=1&k=bodyguards-los-angeles&PageID=100946 HTTP/2" 404 76530 "-" "meta-externalagent/1.1 (+https://developers.facebook.com/docs/sharing/webmasters/crawler)"
66.249.79.33 - - [12/Jul/2025:16:14:52 -0400] "GET /shopdetail/22246014/ HTTP/1.1" 301 0 "-" "Mozilla/5.0 (compatible; Googlebot/2.1; +http://www.google.com/bot.html)"
66.249.79.198 - - [12/Jul/2025:16:14:52 -0400] "GET /shopdetail/22246014/ HTTP/1.1" 404 17533 "-" "Mozilla/5.0 (compatible; Googlebot/2.1; +http://www.google.com/bot.html)"
23.92.177.29 - - [12/Jul/2025:16:15:20 -0400] "POST /wp-cron.php?doing_wp_cron=1752351320.1976881027221679687500 HTTP/1.1" 200 0 "-" "WordPress/6.7.2; https://bodyguardslosangeles.net"
57.141.4.13 - - [12/Jul/2025:16:15:19 -0400] "GET /shopdetail/19011781/ HTTP/2" 404 76560 "-" "meta-externalagent/1.1 (+https://developers.facebook.com/docs/sharing/webmasters/crawler)"
23.92.177.29 - - [12/Jul/2025:16:19:41 -0400] "POST /wp-cron.php?doing_wp_cron=1752351581.4809839725494384765625 HTTP/1.1" 200 0 "-" "WordPress/6.7.2; https://bodyguardslosangeles.net"
66.249.79.33 - - [12/Jul/2025:16:19:40 -0400] "GET /shopdetail/19782870/ HTTP/1.1" 301 0 "-" "Mozilla/5.0 (Linux; Android 6.0.1; Nexus 5X Build/MMB29P) AppleWebKit/537.36 (KHTML, like Gecko) Chrome/137.0.7151.103 Mobile Safari/537.36 (compatible; Googlebot/2.1; +http://www.google.com/bot.html)"
66.249.79.199 - - [12/Jul/2025:16:19:41 -0400] "GET /shopdetail/19782870/ HTTP/1.1" 404 17533 "-" "Mozilla/5.0 (Linux; Android 6.0.1; Nexus 5X Build/MMB29P) AppleWebKit/537.36 (KHTML, like Gecko) Chrome/137.0.7151.103 Mobile Safari/537.36 (compatible; Googlebot/2.1; +http://www.google.com/bot.html)"
23.92.177.29 - - [12/Jul/2025:16:21:20 -0400] "POST /wp-cron.php?doing_wp_cron=1752351680.8386130332946777343750 HTTP/1.1" 200 0 "-" "WordPress/6.7.2; https://bodyguardslosangeles.net"
66.249.79.33 - - [12/Jul/2025:16:21:20 -0400] "GET /shopdetail/16923969/ HTTP/1.1" 301 0 "-" "Mozilla/5.0 (Linux; Android 6.0.1; Nexus 5X Build/MMB29P) AppleWebKit/537.36 (KHTML, like Gecko) Chrome/137.0.7151.103 Mobile Safari/537.36 (compatible; Googlebot/2.1; +http://www.google.com/bot.html)"
66.249.79.199 - - [12/Jul/2025:16:21:21 -0400] "GET /shopdetail/16923969/ HTTP/1.1" 404 17533 "-" "Mozilla/5.0 (Linux; Android 6.0.1; Nexus 5X Build/MMB29P) AppleWebKit/537.36 (KHTML, like Gecko) Chrome/137.0.7151.103 Mobile Safari/537.36 (compatible; Googlebot/2.1; +http://www.google.com/bot.html)"
23.92.177.29 - - [12/Jul/2025:16:24:13 -0400] "POST /wp-cron.php?doing_wp_cron=1752351853.5699520111083984375000 HTTP/1.1" 200 0 "-" "WordPress/6.7.2; https://bodyguardslosangeles.net"
66.249.79.33 - - [12/Jul/2025:16:24:13 -0400] "GET /shopdetail/13214669/ HTTP/1.1" 301 0 "-" "Mozilla/5.0 (compatible; Googlebot/2.1; +http://www.google.com/bot.html)"
66.249.79.199 - - [12/Jul/2025:16:24:13 -0400] "GET /shopdetail/13214669/ HTTP/1.1" 404 17533 "-" "Mozilla/5.0 (compatible; Googlebot/2.1; +http://www.google.com/bot.html)"
57.141.4.19 - - [12/Jul/2025:16:24:40 -0400] "GET /shopdetail/8380625/ HTTP/2" 404 76558 "-" "meta-externalagent/1.1 (+https://developers.facebook.com/docs/sharing/webmasters/crawler)"
66.249.79.33 - - [12/Jul/2025:16:25:02 -0400] "GET /shopdetail/24743914/ HTTP/1.1" 301 0 "-" "Mozilla/5.0 (compatible; Googlebot/2.1; +http://www.google.com/bot.html)"
66.249.79.198 - - [12/Jul/2025:16:25:03 -0400] "GET /shopdetail/24743914/ HTTP/1.1" 404 17533 "-" "Mozilla/5.0 (compatible; Googlebot/2.1; +http://www.google.com/bot.html)"
66.249.79.34 - - [12/Jul/2025:16:27:02 -0400] "GET /shopdetail/26264681/ HTTP/1.1" 301 0 "-" "Mozilla/5.0 (Linux; Android 6.0.1; Nexus 5X Build/MMB29P) AppleWebKit/537.36 (KHTML, like Gecko) Chrome/137.0.7151.103 Mobile Safari/537.36 (compatible; Googlebot/2.1; +http://www.google.com/bot.html)"
66.249.79.198 - - [12/Jul/2025:16:27:03 -0400] "GET /shopdetail/26264681/ HTTP/1.1" 404 17533 "-" "Mozilla/5.0 (Linux; Android 6.0.1; Nexus 5X Build/MMB29P) AppleWebKit/537.36 (KHTML, like Gecko) Chrome/137.0.7151.103 Mobile Safari/537.36 (compatible; Googlebot/2.1; +http://www.google.com/bot.html)"
23.92.177.29 - - [12/Jul/2025:16:29:03 -0400] "POST /wp-cron.php?doing_wp_cron=1752352143.3160510063171386718750 HTTP/1.1" 200 0 "-" "WordPress/6.7.2; https://bodyguardslosangeles.net"
66.249.79.33 - - [12/Jul/2025:16:29:02 -0400] "GET /shopdetail/24349392/ HTTP/1.1" 301 0 "-" "Mozilla/5.0 (Linux; Android 6.0.1; Nexus 5X Build/MMB29P) AppleWebKit/537.36 (KHTML, like Gecko) Chrome/137.0.7151.103 Mobile Safari/537.36 (compatible; Googlebot/2.1; +http://www.google.com/bot.html)"
66.249.79.198 - - [12/Jul/2025:16:29:03 -0400] "GET /shopdetail/24349392/ HTTP/1.1" 404 17532 "-" "Mozilla/5.0 (Linux; Android 6.0.1; Nexus 5X Build/MMB29P) AppleWebKit/537.36 (KHTML, like Gecko) Chrome/137.0.7151.103 Mobile Safari/537.36 (compatible; Googlebot/2.1; +http://www.google.com/bot.html)"
66.249.79.33 - - [12/Jul/2025:16:32:46 -0400] "GET /shopdetail/4607458/ HTTP/1.1" 301 0 "-" "Mozilla/5.0 (Linux; Android 6.0.1; Nexus 5X Build/MMB29P) AppleWebKit/537.36 (KHTML, like Gecko) Chrome/137.0.7151.103 Mobile Safari/537.36 (compatible; Googlebot/2.1; +http://www.google.com/bot.html)"
66.249.79.197 - - [12/Jul/2025:16:32:47 -0400] "GET /shopdetail/4607458/ HTTP/1.1" 404 17524 "-" "Mozilla/5.0 (Linux; Android 6.0.1; Nexus 5X Build/MMB29P) AppleWebKit/537.36 (KHTML, like Gecko) Chrome/137.0.7151.103 Mobile Safari/537.36 (compatible; Googlebot/2.1; +http://www.google.com/bot.html)"
23.92.177.29 - - [12/Jul/2025:16:35:55 -0400] "POST /wp-cron.php?doing_wp_cron=1752352555.2186989784240722656250 HTTP/1.1" 200 0 "-" "WordPress/6.7.2; https://bodyguardslosangeles.net"
66.249.79.34 - - [12/Jul/2025:16:35:54 -0400] "GET /shopdetail/7303314/ HTTP/1.1" 301 0 "-" "Mozilla/5.0 (Linux; Android 6.0.1; Nexus 5X Build/MMB29P) AppleWebKit/537.36 (KHTML, like Gecko) Chrome/137.0.7151.103 Mobile Safari/537.36 (compatible; Googlebot/2.1; +http://www.google.com/bot.html)"
66.249.79.197 - - [12/Jul/2025:16:35:55 -0400] "GET /shopdetail/7303314/ HTTP/1.1" 404 17523 "-" "Mozilla/5.0 (Linux; Android 6.0.1; Nexus 5X Build/MMB29P) AppleWebKit/537.36 (KHTML, like Gecko) Chrome/137.0.7151.103 Mobile Safari/537.36 (compatible; Googlebot/2.1; +http://www.google.com/bot.html)"
23.92.177.29 - - [12/Jul/2025:16:37:36 -0400] "POST /wp-cron.php?doing_wp_cron=1752352656.2011520862579345703125 HTTP/1.1" 200 0 "-" "WordPress/6.7.2; https://bodyguardslosangeles.net"
57.141.4.22 - - [12/Jul/2025:16:37:35 -0400] "GET /shopdetail/8611747/ HTTP/2" 404 76558 "-" "meta-externalagent/1.1 (+https://developers.facebook.com/docs/sharing/webmasters/crawler)"
66.249.79.34 - - [12/Jul/2025:16:38:54 -0400] "GET /shopdetail/8537525/ HTTP/1.1" 301 0 "-" "Mozilla/5.0 (compatible; Googlebot/2.1; +http://www.google.com/bot.html)"
66.249.79.34 - - [12/Jul/2025:16:38:55 -0400] "GET /shopdetail/8537525/ HTTP/1.1" 301 0 "-" "Mozilla/5.0 (Linux; Android 6.0.1; Nexus 5X Build/MMB29P) AppleWebKit/537.36 (KHTML, like Gecko) Chrome/137.0.7151.103 Mobile Safari/537.36 (compatible; Googlebot/2.1; +http://www.google.com/bot.html)"
66.249.79.199 - - [12/Jul/2025:16:38:55 -0400] "GET /shopdetail/8537525/ HTTP/1.1" 404 17524 "-" "Mozilla/5.0 (compatible; Googlebot/2.1; +http://www.google.com/bot.html)"
66.249.79.199 - - [12/Jul/2025:16:38:55 -0400] "GET /shopdetail/8537525/ HTTP/1.1" 404 17524 "-" "Mozilla/5.0 (Linux; Android 6.0.1; Nexus 5X Build/MMB29P) AppleWebKit/537.36 (KHTML, like Gecko) Chrome/137.0.7151.103 Mobile Safari/537.36 (compatible; Googlebot/2.1; +http://www.google.com/bot.html)"
23.92.177.29 - - [12/Jul/2025:16:39:33 -0400] "POST /wp-cron.php?doing_wp_cron=1752352773.7062239646911621093750 HTTP/1.1" 200 0 "-" "WordPress/6.7.2; https://bodyguardslosangeles.net"
66.249.79.33 - - [12/Jul/2025:16:39:33 -0400] "GET /shopdetail/4495536/ HTTP/1.1" 301 0 "-" "Mozilla/5.0 (compatible; Googlebot/2.1; +http://www.google.com/bot.html)"
66.249.79.197 - - [12/Jul/2025:16:39:34 -0400] "GET /shopdetail/4495536/ HTTP/1.1" 404 17524 "-" "Mozilla/5.0 (compatible; Googlebot/2.1; +http://www.google.com/bot.html)"
57.141.4.24 - - [12/Jul/2025:16:40:07 -0400] "GET /shopdetail/23461203/ HTTP/2" 404 76560 "-" "meta-externalagent/1.1 (+https://developers.facebook.com/docs/sharing/webmasters/crawler)"
23.92.177.29 - - [12/Jul/2025:16:41:32 -0400] "POST /wp-cron.php?doing_wp_cron=1752352892.2289710044860839843750 HTTP/1.1" 200 0 "-" "WordPress/6.7.2; https://bodyguardslosangeles.net"
66.249.79.33 - - [12/Jul/2025:16:41:31 -0400] "GET /shopdetail/11866092/ HTTP/1.1" 301 0 "-" "Mozilla/5.0 (compatible; Googlebot/2.1; +http://www.google.com/bot.html)"
66.249.79.197 - - [12/Jul/2025:16:41:32 -0400] "GET /shopdetail/11866092/ HTTP/1.1" 404 17532 "-" "Mozilla/5.0 (compatible; Googlebot/2.1; +http://www.google.com/bot.html)"
66.249.79.33 - - [12/Jul/2025:16:42:42 -0400] "GET /shopdetail/19259292/ HTTP/1.1" 301 0 "-" "Mozilla/5.0 (Linux; Android 6.0.1; Nexus 5X Build/MMB29P) AppleWebKit/537.36 (KHTML, like Gecko) Chrome/137.0.7151.103 Mobile Safari/537.36 (compatible; Googlebot/2.1; +http://www.google.com/bot.html)"
66.249.79.197 - - [12/Jul/2025:16:42:43 -0400] "GET /shopdetail/19259292/ HTTP/1.1" 404 17532 "-" "Mozilla/5.0 (Linux; Android 6.0.1; Nexus 5X Build/MMB29P) AppleWebKit/537.36 (KHTML, like Gecko) Chrome/137.0.7151.103 Mobile Safari/537.36 (compatible; Googlebot/2.1; +http://www.google.com/bot.html)"
66.249.79.33 - - [12/Jul/2025:16:43:36 -0400] "GET /shopdetail/4074058/ HTTP/1.1" 301 0 "-" "Mozilla/5.0 (compatible; Googlebot/2.1; +http://www.google.com/bot.html)"
66.249.79.197 - - [12/Jul/2025:16:43:37 -0400] "GET /shopdetail/4074058/ HTTP/1.1" 404 17524 "-" "Mozilla/5.0 (compatible; Googlebot/2.1; +http://www.google.com/bot.html)"
23.92.177.29 - - [12/Jul/2025:16:49:22 -0400] "POST /wp-cron.php?doing_wp_cron=1752353362.6169428825378417968750 HTTP/1.1" 200 0 "-" "WordPress/6.7.2; https://bodyguardslosangeles.net"
66.249.79.33 - - [12/Jul/2025:16:49:22 -0400] "GET /shopdetail/20036692/ HTTP/1.1" 301 0 "-" "Mozilla/5.0 (Linux; Android 6.0.1; Nexus 5X Build/MMB29P) AppleWebKit/537.36 (KHTML, like Gecko) Chrome/137.0.7151.103 Mobile Safari/537.36 (compatible; Googlebot/2.1; +http://www.google.com/bot.html)"
66.249.79.198 - - [12/Jul/2025:16:49:22 -0400] "GET /shopdetail/20036692/ HTTP/1.1" 404 17532 "-" "Mozilla/5.0 (Linux; Android 6.0.1; Nexus 5X Build/MMB29P) AppleWebKit/537.36 (KHTML, like Gecko) Chrome/137.0.7151.103 Mobile Safari/537.36 (compatible; Googlebot/2.1; +http://www.google.com/bot.html)"
57.141.4.8 - - [12/Jul/2025:16:49:35 -0400] "GET /shopdetail/21294458/ HTTP/2" 404 76560 "-" "meta-externalagent/1.1 (+https://developers.facebook.com/docs/sharing/webmasters/crawler)"
57.141.4.27 - - [12/Jul/2025:16:51:02 -0400] "GET /shopdetail/15227558/ HTTP/2" 404 76560 "-" "meta-externalagent/1.1 (+https://developers.facebook.com/docs/sharing/webmasters/crawler)"
57.141.4.21 - - [12/Jul/2025:16:52:46 -0400] "GET /shopdetail/4740481/ HTTP/2" 404 76558 "-" "meta-externalagent/1.1 (+https://developers.facebook.com/docs/sharing/webmasters/crawler)"
23.92.177.29 - - [12/Jul/2025:16:55:17 -0400] "POST /wp-cron.php?doing_wp_cron=1752353717.7810859680175781250000 HTTP/1.1" 200 0 "-" "WordPress/6.7.2; https://bodyguardslosangeles.net"
57.141.4.19 - - [12/Jul/2025:16:55:17 -0400] "GET /shopdetail/23432314/ HTTP/2" 404 76560 "-" "meta-externalagent/1.1 (+https://developers.facebook.com/docs/sharing/webmasters/crawler)"
23.92.177.29 - - [12/Jul/2025:16:57:47 -0400] "POST /wp-cron.php?doing_wp_cron=1752353867.9583029747009277343750 HTTP/1.1" 200 0 "-" "WordPress/6.7.2; https://bodyguardslosangeles.net"
66.249.79.34 - - [12/Jul/2025:16:57:47 -0400] "GET /shopdetail/22135370/ HTTP/1.1" 301 0 "-" "Mozilla/5.0 (compatible; Googlebot/2.1; +http://www.google.com/bot.html)"
66.249.79.198 - - [12/Jul/2025:16:57:48 -0400] "GET /shopdetail/22135370/ HTTP/1.1" 404 17533 "-" "Mozilla/5.0 (compatible; Googlebot/2.1; +http://www.google.com/bot.html)"
23.92.177.29 - - [12/Jul/2025:16:59:30 -0400] "POST /wp-cron.php?doing_wp_cron=1752353970.1825470924377441406250 HTTP/1.1" 200 0 "-" "WordPress/6.7.2; https://bodyguardslosangeles.net"
66.249.79.33 - - [12/Jul/2025:16:59:29 -0400] "GET /shopdetail/12234570/ HTTP/1.1" 301 0 "-" "Mozilla/5.0 (compatible; Googlebot/2.1; +http://www.google.com/bot.html)"
66.249.79.199 - - [12/Jul/2025:16:59:30 -0400] "GET /shopdetail/12234570/ HTTP/1.1" 404 17572 "-" "Mozilla/5.0 (compatible; Googlebot/2.1; +http://www.google.com/bot.html)"
57.141.4.25 - - [12/Jul/2025:17:00:58 -0400] "GET /shopdetail/3844892/ HTTP/2" 404 76558 "-" "meta-externalagent/1.1 (+https://developers.facebook.com/docs/sharing/webmasters/crawler)"
216.73.216.35 - - [12/Jul/2025:17:01:19 -0400] "GET /wp-sitemap.xml HTTP/2" 200 248 "http://bodyguardslosangeles.net/sitemap.xml" "Mozilla/5.0 AppleWebKit/537.36 (KHTML, like Gecko; compatible; ClaudeBot/1.0; +claudebot@anthropic.com)"
23.92.177.29 - - [12/Jul/2025:17:03:29 -0400] "POST /wp-cron.php?doing_wp_cron=1752354209.1160409450531005859375 HTTP/1.1" 200 0 "-" "WordPress/6.7.2; https://bodyguardslosangeles.net"
66.249.79.34 - - [12/Jul/2025:17:03:28 -0400] "GET /shopdetail/23398325/ HTTP/1.1" 301 0 "-" "Mozilla/5.0 (Linux; Android 6.0.1; Nexus 5X Build/MMB29P) AppleWebKit/537.36 (KHTML, like Gecko) Chrome/137.0.7151.103 Mobile Safari/537.36 (compatible; Googlebot/2.1; +http://www.google.com/bot.html)"
66.249.79.33 - - [12/Jul/2025:17:03:43 -0400] "GET /shopdetail/6030458/ HTTP/1.1" 301 0 "-" "Mozilla/5.0 (compatible; Googlebot/2.1; +http://www.google.com/bot.html)"
66.249.79.197 - - [12/Jul/2025:17:03:45 -0400] "GET /shopdetail/23398325/ HTTP/1.1" 404 17533 "-" "Mozilla/5.0 (Linux; Android 6.0.1; Nexus 5X Build/MMB29P) AppleWebKit/537.36 (KHTML, like Gecko) Chrome/137.0.7151.103 Mobile Safari/537.36 (compatible; Googlebot/2.1; +http://www.google.com/bot.html)"
66.249.79.199 - - [12/Jul/2025:17:03:49 -0400] "GET /shopdetail/6030458/ HTTP/1.1" 404 17523 "-" "Mozilla/5.0 (compatible; Googlebot/2.1; +http://www.google.com/bot.html)"
23.92.177.29 - - [12/Jul/2025:17:05:21 -0400] "POST /wp-cron.php?doing_wp_cron=1752354321.9346458911895751953125 HTTP/1.1" 200 0 "-" "WordPress/6.7.2; https://bodyguardslosangeles.net"
57.141.4.21 - - [12/Jul/2025:17:05:21 -0400] "GET /shopdetail/10316258/ HTTP/2" 404 76560 "-" "meta-externalagent/1.1 (+https://developers.facebook.com/docs/sharing/webmasters/crawler)"
66.249.79.34 - - [12/Jul/2025:17:07:44 -0400] "GET /shopdetail/18265247/ HTTP/1.1" 301 0 "-" "Mozilla/5.0 (Linux; Android 6.0.1; Nexus 5X Build/MMB29P) AppleWebKit/537.36 (KHTML, like Gecko) Chrome/137.0.7151.103 Mobile Safari/537.36 (compatible; Googlebot/2.1; +http://www.google.com/bot.html)"
66.249.79.198 - - [12/Jul/2025:17:07:45 -0400] "GET /shopdetail/18265247/ HTTP/1.1" 404 17533 "-" "Mozilla/5.0 (Linux; Android 6.0.1; Nexus 5X Build/MMB29P) AppleWebKit/537.36 (KHTML, like Gecko) Chrome/137.0.7151.103 Mobile Safari/537.36 (compatible; Googlebot/2.1; +http://www.google.com/bot.html)"
57.141.4.27 - - [12/Jul/2025:17:08:52 -0400] "GET /shopdetail/1331469/ HTTP/2" 404 76558 "-" "meta-externalagent/1.1 (+https://developers.facebook.com/docs/sharing/webmasters/crawler)"
23.92.177.29 - - [12/Jul/2025:17:10:41 -0400] "POST /wp-cron.php?doing_wp_cron=1752354641.9812550544738769531250 HTTP/1.1" 200 0 "-" "WordPress/6.7.2; https://bodyguardslosangeles.net"
57.141.4.25 - - [12/Jul/2025:17:10:41 -0400] "GET / HTTP/2" 200 166870 "-" "meta-externalagent/1.1 (+https://developers.facebook.com/docs/sharing/webmasters/crawler)"
23.92.177.29 - - [12/Jul/2025:17:11:16 -0400] "POST /wp-cron.php?doing_wp_cron=1752354676.2172539234161376953125 HTTP/1.1" 200 0 "-" "WordPress/6.7.2; https://bodyguardslosangeles.net"
66.249.79.34 - - [12/Jul/2025:17:11:15 -0400] "GET /shopdetail/19617036/ HTTP/1.1" 301 0 "-" "Mozilla/5.0 (Linux; Android 6.0.1; Nexus 5X Build/MMB29P) AppleWebKit/537.36 (KHTML, like Gecko) Chrome/137.0.7151.103 Mobile Safari/537.36 (compatible; Googlebot/2.1; +http://www.google.com/bot.html)"
66.249.79.197 - - [12/Jul/2025:17:11:16 -0400] "GET /shopdetail/19617036/ HTTP/1.1" 404 17533 "-" "Mozilla/5.0 (Linux; Android 6.0.1; Nexus 5X Build/MMB29P) AppleWebKit/537.36 (KHTML, like Gecko) Chrome/137.0.7151.103 Mobile Safari/537.36 (compatible; Googlebot/2.1; +http://www.google.com/bot.html)"
23.92.177.29 - - [12/Jul/2025:17:12:19 -0400] "POST /wp-cron.php?doing_wp_cron=1752354739.1281979084014892578125 HTTP/1.1" 200 0 "-" "WordPress/6.7.2; https://bodyguardslosangeles.net"
66.249.79.34 - - [12/Jul/2025:17:12:18 -0400] "GET /shopdetail/2716436/ HTTP/1.1" 301 0 "-" "Mozilla/5.0 (compatible; Googlebot/2.1; +http://www.google.com/bot.html)"
66.249.79.197 - - [12/Jul/2025:17:12:19 -0400] "GET /shopdetail/2716436/ HTTP/1.1" 404 17523 "-" "Mozilla/5.0 (compatible; Googlebot/2.1; +http://www.google.com/bot.html)"
57.141.4.8 - - [12/Jul/2025:17:12:59 -0400] "GET /shopdetail/20745547/ HTTP/2" 404 76560 "-" "meta-externalagent/1.1 (+https://developers.facebook.com/docs/sharing/webmasters/crawler)"
23.92.177.29 - - [12/Jul/2025:17:13:18 -0400] "POST /wp-cron.php?doing_wp_cron=1752354798.4456410408020019531250 HTTP/1.1" 200 0 "-" "WordPress/6.7.2; https://bodyguardslosangeles.net"
66.249.79.33 - - [12/Jul/2025:17:13:17 -0400] "GET /shopdetail/16570125/ HTTP/1.1" 301 0 "-" "Mozilla/5.0 (Linux; Android 6.0.1; Nexus 5X Build/MMB29P) AppleWebKit/537.36 (KHTML, like Gecko) Chrome/137.0.7151.103 Mobile Safari/537.36 (compatible; Googlebot/2.1; +http://www.google.com/bot.html)"
66.249.79.198 - - [12/Jul/2025:17:13:18 -0400] "GET /shopdetail/16570125/ HTTP/1.1" 404 17532 "-" "Mozilla/5.0 (Linux; Android 6.0.1; Nexus 5X Build/MMB29P) AppleWebKit/537.36 (KHTML, like Gecko) Chrome/137.0.7151.103 Mobile Safari/537.36 (compatible; Googlebot/2.1; +http://www.google.com/bot.html)"
23.92.177.29 - - [12/Jul/2025:17:20:25 -0400] "POST /wp-cron.php?doing_wp_cron=1752355225.8969390392303466796875 HTTP/1.1" 200 0 "-" "WordPress/6.7.2; https://bodyguardslosangeles.net"
66.249.79.34 - - [12/Jul/2025:17:20:25 -0400] "GET /shopdetail/3221381/ HTTP/1.1" 301 0 "-" "Mozilla/5.0 (compatible; Googlebot/2.1; +http://www.google.com/bot.html)"
66.249.79.33 - - [12/Jul/2025:17:20:26 -0400] "GET /shopdetail/3221381/ HTTP/1.1" 301 0 "-" "Mozilla/5.0 (Linux; Android 6.0.1; Nexus 5X Build/MMB29P) AppleWebKit/537.36 (KHTML, like Gecko) Chrome/137.0.7151.103 Mobile Safari/537.36 (compatible; Googlebot/2.1; +http://www.google.com/bot.html)"
66.249.79.198 - - [12/Jul/2025:17:20:27 -0400] "GET /shopdetail/3221381/ HTTP/1.1" 404 17524 "-" "Mozilla/5.0 (compatible; Googlebot/2.1; +http://www.google.com/bot.html)"
66.249.79.198 - - [12/Jul/2025:17:20:29 -0400] "GET /shopdetail/3221381/ HTTP/1.1" 404 17524 "-" "Mozilla/5.0 (Linux; Android 6.0.1; Nexus 5X Build/MMB29P) AppleWebKit/537.36 (KHTML, like Gecko) Chrome/137.0.7151.103 Mobile Safari/537.36 (compatible; Googlebot/2.1; +http://www.google.com/bot.html)"
23.92.177.29 - - [12/Jul/2025:17:21:15 -0400] "POST /wp-cron.php?doing_wp_cron=1752355275.2554559707641601562500 HTTP/1.1" 200 0 "-" "WordPress/6.7.2; https://bodyguardslosangeles.net"
66.249.79.34 - - [12/Jul/2025:17:21:14 -0400] "GET /shopdetail/9174547/ HTTP/1.1" 301 0 "-" "Mozilla/5.0 (Linux; Android 6.0.1; Nexus 5X Build/MMB29P) AppleWebKit/537.36 (KHTML, like Gecko) Chrome/137.0.7151.103 Mobile Safari/537.36 (compatible; Googlebot/2.1; +http://www.google.com/bot.html)"
66.249.79.197 - - [12/Jul/2025:17:21:15 -0400] "GET /shopdetail/9174547/ HTTP/1.1" 404 17524 "-" "Mozilla/5.0 (Linux; Android 6.0.1; Nexus 5X Build/MMB29P) AppleWebKit/537.36 (KHTML, like Gecko) Chrome/137.0.7151.103 Mobile Safari/537.36 (compatible; Googlebot/2.1; +http://www.google.com/bot.html)"
66.249.79.33 - - [12/Jul/2025:17:26:57 -0400] "GET /shopdetail/9986869/ HTTP/1.1" 301 0 "-" "Mozilla/5.0 (Linux; Android 6.0.1; Nexus 5X Build/MMB29P) AppleWebKit/537.36 (KHTML, like Gecko) Chrome/137.0.7151.103 Mobile Safari/537.36 (compatible; Googlebot/2.1; +http://www.google.com/bot.html)"
66.249.79.198 - - [12/Jul/2025:17:26:59 -0400] "GET /shopdetail/9986869/ HTTP/1.1" 404 17524 "-" "Mozilla/5.0 (Linux; Android 6.0.1; Nexus 5X Build/MMB29P) AppleWebKit/537.36 (KHTML, like Gecko) Chrome/137.0.7151.103 Mobile Safari/537.36 (compatible; Googlebot/2.1; +http://www.google.com/bot.html)"
23.92.177.29 - - [12/Jul/2025:17:28:17 -0400] "POST /wp-cron.php?doing_wp_cron=1752355697.0810461044311523437500 HTTP/1.1" 200 0 "-" "WordPress/6.7.2; https://bodyguardslosangeles.net"
66.249.79.33 - - [12/Jul/2025:17:28:16 -0400] "GET /shopdetail/17266870/ HTTP/1.1" 301 0 "-" "Mozilla/5.0 (compatible; Googlebot/2.1; +http://www.google.com/bot.html)"
66.249.79.199 - - [12/Jul/2025:17:28:18 -0400] "GET /shopdetail/17266870/ HTTP/1.1" 404 17533 "-" "Mozilla/5.0 (compatible; Googlebot/2.1; +http://www.google.com/bot.html)"
57.141.4.12 - - [12/Jul/2025:17:28:49 -0400] "GET /shopdetail/15083103/ HTTP/2" 404 76560 "-" "meta-externalagent/1.1 (+https://developers.facebook.com/docs/sharing/webmasters/crawler)"
23.92.177.29 - - [12/Jul/2025:17:31:01 -0400] "POST /wp-cron.php?doing_wp_cron=1752355861.5292100906372070312500 HTTP/1.1" 200 0 "-" "WordPress/6.7.2; https://bodyguardslosangeles.net"
66.249.79.34 - - [12/Jul/2025:17:31:00 -0400] "GET /shopdetail/8590370/ HTTP/1.1" 301 0 "-" "Mozilla/5.0 (Linux; Android 6.0.1; Nexus 5X Build/MMB29P) AppleWebKit/537.36 (KHTML, like Gecko) Chrome/137.0.7151.103 Mobile Safari/537.36 (compatible; Googlebot/2.1; +http://www.google.com/bot.html)"
66.249.79.34 - - [12/Jul/2025:17:31:01 -0400] "GET /shopdetail/8590370/ HTTP/1.1" 301 0 "-" "Mozilla/5.0 (compatible; Googlebot/2.1; +http://www.google.com/bot.html)"
66.249.79.199 - - [12/Jul/2025:17:31:02 -0400] "GET /shopdetail/8590370/ HTTP/1.1" 404 17524 "-" "Mozilla/5.0 (Linux; Android 6.0.1; Nexus 5X Build/MMB29P) AppleWebKit/537.36 (KHTML, like Gecko) Chrome/137.0.7151.103 Mobile Safari/537.36 (compatible; Googlebot/2.1; +http://www.google.com/bot.html)"
66.249.79.197 - - [12/Jul/2025:17:31:03 -0400] "GET /shopdetail/8590370/ HTTP/1.1" 404 17524 "-" "Mozilla/5.0 (compatible; Googlebot/2.1; +http://www.google.com/bot.html)"
23.92.177.29 - - [12/Jul/2025:17:31:13 -0400] "POST /wp-cron.php?doing_wp_cron=1752355873.7207438945770263671875 HTTP/1.1" 200 0 "-" "WordPress/6.7.2; https://bodyguardslosangeles.net"
