216.73.216.80 - - [12/Jul/2025:10:33:53 -0400] "GET /37915425.html HTTP/2" 404 19513 "-" "Mozilla/5.0 AppleWebKit/537.36 (KHTML, like Gecko; compatible; ClaudeBot/1.0; +claudebot@anthropic.com)"
216.73.216.80 - - [12/Jul/2025:10:33:53 -0400] "GET /539621597.html HTTP/2" 404 19513 "-" "Mozilla/5.0 AppleWebKit/537.36 (KHTML, like Gecko; compatible; ClaudeBot/1.0; +claudebot@anthropic.com)"
216.73.216.80 - - [12/Jul/2025:10:33:53 -0400] "GET /40622921.html HTTP/2" 404 19511 "-" "Mozilla/5.0 AppleWebKit/537.36 (KHTML, like Gecko; compatible; ClaudeBot/1.0; +claudebot@anthropic.com)"
216.73.216.80 - - [12/Jul/2025:10:33:53 -0400] "GET /257195497.html HTTP/2" 404 19511 "-" "Mozilla/5.0 AppleWebKit/537.36 (KHTML, like Gecko; compatible; ClaudeBot/1.0; +claudebot@anthropic.com)"
216.73.216.80 - - [12/Jul/2025:10:33:53 -0400] "GET /519087897.html HTTP/2" 404 19511 "-" "Mozilla/5.0 AppleWebKit/537.36 (KHTML, like Gecko; compatible; ClaudeBot/1.0; +claudebot@anthropic.com)"
216.73.216.80 - - [12/Jul/2025:10:33:54 -0400] "GET /725404029.html HTTP/2" 404 19511 "-" "Mozilla/5.0 AppleWebKit/537.36 (KHTML, like Gecko; compatible; ClaudeBot/1.0; +claudebot@anthropic.com)"
52.167.144.219 - - [12/Jul/2025:10:33:57 -0400] "GET /771535804.shtml HTTP/2" 200 18401 "-" "Mozilla/5.0 AppleWebKit/537.36 (KHTML, like Gecko; compatible; bingbot/2.0; +http://www.bing.com/bingbot.htm) Chrome/116.0.1938.76 Safari/537.36"
52.167.144.225 - - [12/Jul/2025:10:34:02 -0400] "GET /597907132.shtml HTTP/2" 200 16457 "-" "Mozilla/5.0 AppleWebKit/537.36 (KHTML, like Gecko; compatible; bingbot/2.0; +http://www.bing.com/bingbot.htm) Chrome/116.0.1938.76 Safari/537.36"
157.55.39.49 - - [12/Jul/2025:10:34:04 -0400] "GET /550286779.html HTTP/2" 200 16638 "-" "Mozilla/5.0 AppleWebKit/537.36 (KHTML, like Gecko; compatible; bingbot/2.0; +http://www.bing.com/bingbot.htm) Chrome/116.0.1938.76 Safari/537.36"
23.92.177.29 - - [12/Jul/2025:10:34:18 -0400] "POST /wp-cron.php?doing_wp_cron=1752330858.2178499698638916015625 HTTP/1.1" 200 0 "-" "WordPress/6.8.1; https://alhidayamaintenance.com"
51.222.253.15 - - [12/Jul/2025:10:34:18 -0400] "GET /61828413.html HTTP/2" 404 19511 "-" "Mozilla/5.0 (compatible; AhrefsBot/7.0; +http://ahrefs.com/robot/)"
157.55.39.49 - - [12/Jul/2025:10:34:23 -0400] "GET /570328493.html HTTP/2" 200 17315 "-" "Mozilla/5.0 AppleWebKit/537.36 (KHTML, like Gecko; compatible; bingbot/2.0; +http://www.bing.com/bingbot.htm) Chrome/116.0.1938.76 Safari/537.36"
52.167.144.219 - - [12/Jul/2025:10:34:24 -0400] "GET /172103868.shtml HTTP/2" 200 16529 "-" "Mozilla/5.0 AppleWebKit/537.36 (KHTML, like Gecko; compatible; bingbot/2.0; +http://www.bing.com/bingbot.htm) Chrome/116.0.1938.76 Safari/537.36"
157.55.39.49 - - [12/Jul/2025:10:34:25 -0400] "GET /22329657.html HTTP/2" 200 17383 "-" "Mozilla/5.0 AppleWebKit/537.36 (KHTML, like Gecko; compatible; bingbot/2.0; +http://www.bing.com/bingbot.htm) Chrome/116.0.1938.76 Safari/537.36"
52.167.144.225 - - [12/Jul/2025:10:34:28 -0400] "GET /467144636.shtml HTTP/2" 200 16872 "-" "Mozilla/5.0 AppleWebKit/537.36 (KHTML, like Gecko; compatible; bingbot/2.0; +http://www.bing.com/bingbot.htm) Chrome/116.0.1938.76 Safari/537.36"
157.55.39.63 - - [12/Jul/2025:10:34:29 -0400] "GET /6262204.shtml HTTP/2" 200 17375 "-" "Mozilla/5.0 AppleWebKit/537.36 (KHTML, like Gecko; compatible; bingbot/2.0; +http://www.bing.com/bingbot.htm) Chrome/116.0.1938.76 Safari/537.36"
216.73.216.80 - - [12/Jul/2025:10:34:33 -0400] "GET /300542295.html HTTP/2" 404 19511 "-" "Mozilla/5.0 AppleWebKit/537.36 (KHTML, like Gecko; compatible; ClaudeBot/1.0; +claudebot@anthropic.com)"
216.73.216.80 - - [12/Jul/2025:10:34:33 -0400] "GET /594195985.html HTTP/2" 404 19511 "-" "Mozilla/5.0 AppleWebKit/537.36 (KHTML, like Gecko; compatible; ClaudeBot/1.0; +claudebot@anthropic.com)"
216.73.216.80 - - [12/Jul/2025:10:34:33 -0400] "GET /34478299.html HTTP/2" 404 19511 "-" "Mozilla/5.0 AppleWebKit/537.36 (KHTML, like Gecko; compatible; ClaudeBot/1.0; +claudebot@anthropic.com)"
216.73.216.80 - - [12/Jul/2025:10:34:33 -0400] "GET /276129577.html HTTP/2" 404 19511 "-" "Mozilla/5.0 AppleWebKit/537.36 (KHTML, like Gecko; compatible; ClaudeBot/1.0; +claudebot@anthropic.com)"
216.73.216.80 - - [12/Jul/2025:10:34:34 -0400] "GET /396640737.html HTTP/2" 404 19511 "-" "Mozilla/5.0 AppleWebKit/537.36 (KHTML, like Gecko; compatible; ClaudeBot/1.0; +claudebot@anthropic.com)"
216.73.216.80 - - [12/Jul/2025:10:34:34 -0400] "GET /367252015.html HTTP/2" 404 19511 "-" "Mozilla/5.0 AppleWebKit/537.36 (KHTML, like Gecko; compatible; ClaudeBot/1.0; +claudebot@anthropic.com)"
216.73.216.80 - - [12/Jul/2025:10:34:34 -0400] "GET /32849155.html HTTP/2" 404 19511 "-" "Mozilla/5.0 AppleWebKit/537.36 (KHTML, like Gecko; compatible; ClaudeBot/1.0; +claudebot@anthropic.com)"
52.167.144.225 - - [12/Jul/2025:10:34:39 -0400] "GET /620140732.shtml HTTP/2" 200 16893 "-" "Mozilla/5.0 AppleWebKit/537.36 (KHTML, like Gecko; compatible; bingbot/2.0; +http://www.bing.com/bingbot.htm) Chrome/116.0.1938.76 Safari/537.36"
40.77.167.69 - - [12/Jul/2025:10:34:50 -0400] "GET /394761607.html HTTP/2" 200 17620 "-" "Mozilla/5.0 AppleWebKit/537.36 (KHTML, like Gecko; compatible; bingbot/2.0; +http://www.bing.com/bingbot.htm) Chrome/116.0.1938.76 Safari/537.36"
52.167.144.217 - - [12/Jul/2025:10:35:15 -0400] "GET /557558395.html HTTP/2" 200 16663 "-" "Mozilla/5.0 AppleWebKit/537.36 (KHTML, like Gecko; compatible; bingbot/2.0; +http://www.bing.com/bingbot.htm) Chrome/116.0.1938.76 Safari/537.36"
23.92.177.29 - - [12/Jul/2025:10:35:17 -0400] "POST /wp-cron.php?doing_wp_cron=1752330917.5599210262298583984375 HTTP/1.1" 200 0 "-" "WordPress/6.8.1; https://alhidayamaintenance.com"
23.92.177.29 - - [12/Jul/2025:10:35:17 -0400] "POST /wp-cron.php?doing_wp_cron=1752330917.5601389408111572265625 HTTP/1.1" 200 0 "-" "WordPress/6.8.1; https://alhidayamaintenance.com"
216.73.216.80 - - [12/Jul/2025:10:35:17 -0400] "GET /393508289.html HTTP/2" 404 19592 "-" "Mozilla/5.0 AppleWebKit/537.36 (KHTML, like Gecko; compatible; ClaudeBot/1.0; +claudebot@anthropic.com)"
216.73.216.80 - - [12/Jul/2025:10:35:17 -0400] "GET /240007689.html HTTP/2" 404 19513 "-" "Mozilla/5.0 AppleWebKit/537.36 (KHTML, like Gecko; compatible; ClaudeBot/1.0; +claudebot@anthropic.com)"
216.73.216.80 - - [12/Jul/2025:10:35:17 -0400] "GET /479147491.html HTTP/2" 404 19511 "-" "Mozilla/5.0 AppleWebKit/537.36 (KHTML, like Gecko; compatible; ClaudeBot/1.0; +claudebot@anthropic.com)"
216.73.216.80 - - [12/Jul/2025:10:35:17 -0400] "GET /540489167.html HTTP/2" 404 19511 "-" "Mozilla/5.0 AppleWebKit/537.36 (KHTML, like Gecko; compatible; ClaudeBot/1.0; +claudebot@anthropic.com)"
216.73.216.80 - - [12/Jul/2025:10:35:17 -0400] "GET /515199199.html HTTP/2" 404 19511 "-" "Mozilla/5.0 AppleWebKit/537.36 (KHTML, like Gecko; compatible; ClaudeBot/1.0; +claudebot@anthropic.com)"
216.73.216.80 - - [12/Jul/2025:10:35:17 -0400] "GET /240965283.html HTTP/2" 404 19511 "-" "Mozilla/5.0 AppleWebKit/537.36 (KHTML, like Gecko; compatible; ClaudeBot/1.0; +claudebot@anthropic.com)"
216.73.216.80 - - [12/Jul/2025:10:35:18 -0400] "GET /526742599.html HTTP/2" 404 19511 "-" "Mozilla/5.0 AppleWebKit/537.36 (KHTML, like Gecko; compatible; ClaudeBot/1.0; +claudebot@anthropic.com)"
157.55.39.49 - - [12/Jul/2025:10:35:23 -0400] "GET /165289705.html HTTP/2" 200 17355 "-" "Mozilla/5.0 AppleWebKit/537.36 (KHTML, like Gecko; compatible; bingbot/2.0; +http://www.bing.com/bingbot.htm) Chrome/116.0.1938.76 Safari/537.36"
157.55.39.49 - - [12/Jul/2025:10:35:24 -0400] "GET /297922403.html HTTP/2" 200 16640 "-" "Mozilla/5.0 AppleWebKit/537.36 (KHTML, like Gecko; compatible; bingbot/2.0; +http://www.bing.com/bingbot.htm) Chrome/116.0.1938.76 Safari/537.36"
52.167.144.217 - - [12/Jul/2025:10:35:26 -0400] "GET /195735967.html HTTP/2" 200 17608 "-" "Mozilla/5.0 AppleWebKit/537.36 (KHTML, like Gecko; compatible; bingbot/2.0; +http://www.bing.com/bingbot.htm) Chrome/116.0.1938.76 Safari/537.36"
57.141.4.25 - - [12/Jul/2025:10:35:33 -0400] "GET /598375809.html HTTP/2" 404 72880 "-" "meta-externalagent/1.1 (+https://developers.facebook.com/docs/sharing/webmasters/crawler)"
52.167.144.217 - - [12/Jul/2025:10:35:46 -0400] "GET /17307673.html HTTP/2" 200 16621 "-" "Mozilla/5.0 AppleWebKit/537.36 (KHTML, like Gecko; compatible; bingbot/2.0; +http://www.bing.com/bingbot.htm) Chrome/116.0.1938.76 Safari/537.36"
23.92.177.29 - - [12/Jul/2025:10:36:08 -0400] "POST /wp-cron.php?doing_wp_cron=1752330968.1681249141693115234375 HTTP/1.1" 200 0 "-" "WordPress/6.8.1; https://alhidayamaintenance.com"
216.73.216.80 - - [12/Jul/2025:10:36:08 -0400] "GET /236777957.html HTTP/2" 404 19512 "-" "Mozilla/5.0 AppleWebKit/537.36 (KHTML, like Gecko; compatible; ClaudeBot/1.0; +claudebot@anthropic.com)"
216.73.216.80 - - [12/Jul/2025:10:36:08 -0400] "GET /252084457.html HTTP/2" 404 19512 "-" "Mozilla/5.0 AppleWebKit/537.36 (KHTML, like Gecko; compatible; ClaudeBot/1.0; +claudebot@anthropic.com)"
216.73.216.80 - - [12/Jul/2025:10:36:08 -0400] "GET /112212571.html HTTP/2" 404 19512 "-" "Mozilla/5.0 AppleWebKit/537.36 (KHTML, like Gecko; compatible; ClaudeBot/1.0; +claudebot@anthropic.com)"
216.73.216.80 - - [12/Jul/2025:10:36:08 -0400] "GET /342086919.html HTTP/2" 404 19512 "-" "Mozilla/5.0 AppleWebKit/537.36 (KHTML, like Gecko; compatible; ClaudeBot/1.0; +claudebot@anthropic.com)"
216.73.216.80 - - [12/Jul/2025:10:36:08 -0400] "GET /149050053.html HTTP/2" 404 19512 "-" "Mozilla/5.0 AppleWebKit/537.36 (KHTML, like Gecko; compatible; ClaudeBot/1.0; +claudebot@anthropic.com)"
216.73.216.80 - - [12/Jul/2025:10:36:08 -0400] "GET /491410357.html HTTP/2" 404 19512 "-" "Mozilla/5.0 AppleWebKit/537.36 (KHTML, like Gecko; compatible; ClaudeBot/1.0; +claudebot@anthropic.com)"
216.73.216.80 - - [12/Jul/2025:10:36:09 -0400] "GET /621242147.html HTTP/2" 404 19512 "-" "Mozilla/5.0 AppleWebKit/537.36 (KHTML, like Gecko; compatible; ClaudeBot/1.0; +claudebot@anthropic.com)"
40.77.167.69 - - [12/Jul/2025:10:36:09 -0400] "GET /461886599.html HTTP/2" 200 17746 "-" "Mozilla/5.0 AppleWebKit/537.36 (KHTML, like Gecko; compatible; bingbot/2.0; +http://www.bing.com/bingbot.htm) Chrome/116.0.1938.76 Safari/537.36"
40.77.167.69 - - [12/Jul/2025:10:36:09 -0400] "GET /582095501.html HTTP/2" 200 16587 "-" "Mozilla/5.0 AppleWebKit/537.36 (KHTML, like Gecko; compatible; bingbot/2.0; +http://www.bing.com/bingbot.htm) Chrome/116.0.1938.76 Safari/537.36"
157.55.39.49 - - [12/Jul/2025:10:36:14 -0400] "GET /23123659.html HTTP/2" 200 17337 "-" "Mozilla/5.0 AppleWebKit/537.36 (KHTML, like Gecko; compatible; bingbot/2.0; +http://www.bing.com/bingbot.htm) Chrome/116.0.1938.76 Safari/537.36"
104.210.140.132 - - [12/Jul/2025:10:36:16 -0400] "GET /robots.txt HTTP/2" 200 99 "-" "Mozilla/5.0 (Macintosh; Intel Mac OS X 10_15_7) AppleWebKit/537.36 (KHTML, like Gecko) Chrome/131.0.0.0 Safari/537.36; compatible; OAI-SearchBot/1.0; +https://openai.com/searchbot"
51.222.253.8 - - [12/Jul/2025:10:36:22 -0400] "GET /62003379.html HTTP/2" 404 19512 "-" "Mozilla/5.0 (compatible; AhrefsBot/7.0; +http://ahrefs.com/robot/)"
157.55.39.49 - - [12/Jul/2025:10:36:36 -0400] "GET /309535015.html HTTP/2" 200 16346 "-" "Mozilla/5.0 AppleWebKit/537.36 (KHTML, like Gecko; compatible; bingbot/2.0; +http://www.bing.com/bingbot.htm) Chrome/116.0.1938.76 Safari/537.36"
57.141.4.26 - - [12/Jul/2025:10:36:40 -0400] "GET /328951643.html HTTP/2" 404 72880 "-" "meta-externalagent/1.1 (+https://developers.facebook.com/docs/sharing/webmasters/crawler)"
52.167.144.225 - - [12/Jul/2025:10:36:48 -0400] "GET /349835964.shtml HTTP/2" 200 17793 "-" "Mozilla/5.0 AppleWebKit/537.36 (KHTML, like Gecko; compatible; bingbot/2.0; +http://www.bing.com/bingbot.htm) Chrome/116.0.1938.76 Safari/537.36"
216.73.216.80 - - [12/Jul/2025:10:36:52 -0400] "GET /361678997.html HTTP/2" 404 19511 "-" "Mozilla/5.0 AppleWebKit/537.36 (KHTML, like Gecko; compatible; ClaudeBot/1.0; +claudebot@anthropic.com)"
216.73.216.80 - - [12/Jul/2025:10:36:52 -0400] "GET /443027781.html HTTP/2" 404 19511 "-" "Mozilla/5.0 AppleWebKit/537.36 (KHTML, like Gecko; compatible; ClaudeBot/1.0; +claudebot@anthropic.com)"
216.73.216.80 - - [12/Jul/2025:10:36:52 -0400] "GET /39378073.html HTTP/2" 404 19511 "-" "Mozilla/5.0 AppleWebKit/537.36 (KHTML, like Gecko; compatible; ClaudeBot/1.0; +claudebot@anthropic.com)"
216.73.216.80 - - [12/Jul/2025:10:36:52 -0400] "GET /662969965.html HTTP/2" 404 19511 "-" "Mozilla/5.0 AppleWebKit/537.36 (KHTML, like Gecko; compatible; ClaudeBot/1.0; +claudebot@anthropic.com)"
216.73.216.80 - - [12/Jul/2025:10:36:52 -0400] "GET /656309399.html HTTP/2" 404 19511 "-" "Mozilla/5.0 AppleWebKit/537.36 (KHTML, like Gecko; compatible; ClaudeBot/1.0; +claudebot@anthropic.com)"
216.73.216.80 - - [12/Jul/2025:10:36:52 -0400] "GET /198079253.html HTTP/2" 404 19511 "-" "Mozilla/5.0 AppleWebKit/537.36 (KHTML, like Gecko; compatible; ClaudeBot/1.0; +claudebot@anthropic.com)"
216.73.216.80 - - [12/Jul/2025:10:36:53 -0400] "GET /625390269.html HTTP/2" 404 19511 "-" "Mozilla/5.0 AppleWebKit/537.36 (KHTML, like Gecko; compatible; ClaudeBot/1.0; +claudebot@anthropic.com)"
52.167.144.217 - - [12/Jul/2025:10:37:05 -0400] "GET /89200549.html HTTP/2" 200 17004 "-" "Mozilla/5.0 AppleWebKit/537.36 (KHTML, like Gecko; compatible; bingbot/2.0; +http://www.bing.com/bingbot.htm) Chrome/116.0.1938.76 Safari/537.36"
52.167.144.225 - - [12/Jul/2025:10:37:10 -0400] "GET /11509436.shtml HTTP/2" 200 17198 "-" "Mozilla/5.0 AppleWebKit/537.36 (KHTML, like Gecko; compatible; bingbot/2.0; +http://www.bing.com/bingbot.htm) Chrome/116.0.1938.76 Safari/537.36"
40.77.167.69 - - [12/Jul/2025:10:37:18 -0400] "GET /497976301.html HTTP/2" 200 16689 "-" "Mozilla/5.0 AppleWebKit/537.36 (KHTML, like Gecko; compatible; bingbot/2.0; +http://www.bing.com/bingbot.htm) Chrome/116.0.1938.76 Safari/537.36"
40.77.167.69 - - [12/Jul/2025:10:37:19 -0400] "GET /633779683.html HTTP/2" 200 17087 "-" "Mozilla/5.0 AppleWebKit/537.36 (KHTML, like Gecko; compatible; bingbot/2.0; +http://www.bing.com/bingbot.htm) Chrome/116.0.1938.76 Safari/537.36"
40.77.167.69 - - [12/Jul/2025:10:37:20 -0400] "GET /pcmypage?callback=product/review/TDJPG11778097 HTTP/2" 200 17540 "-" "Mozilla/5.0 AppleWebKit/537.36 (KHTML, like Gecko; compatible; bingbot/2.0; +http://www.bing.com/bingbot.htm) Chrome/116.0.1938.76 Safari/537.36"
40.77.167.69 - - [12/Jul/2025:10:37:23 -0400] "GET /254711367.html HTTP/2" 200 17751 "-" "Mozilla/5.0 AppleWebKit/537.36 (KHTML, like Gecko; compatible; bingbot/2.0; +http://www.bing.com/bingbot.htm) Chrome/116.0.1938.76 Safari/537.36"
23.92.177.29 - - [12/Jul/2025:10:37:29 -0400] "POST /wp-cron.php?doing_wp_cron=1752331049.2089040279388427734375 HTTP/1.1" 200 0 "-" "WordPress/6.8.1; https://alhidayamaintenance.com"
216.73.216.80 - - [12/Jul/2025:10:37:29 -0400] "GET /228600051.html HTTP/2" 404 19512 "-" "Mozilla/5.0 AppleWebKit/537.36 (KHTML, like Gecko; compatible; ClaudeBot/1.0; +claudebot@anthropic.com)"
216.73.216.80 - - [12/Jul/2025:10:37:29 -0400] "GET /93688681.html HTTP/2" 404 19512 "-" "Mozilla/5.0 AppleWebKit/537.36 (KHTML, like Gecko; compatible; ClaudeBot/1.0; +claudebot@anthropic.com)"
216.73.216.80 - - [12/Jul/2025:10:37:29 -0400] "GET /608493829.html HTTP/2" 404 19512 "-" "Mozilla/5.0 AppleWebKit/537.36 (KHTML, like Gecko; compatible; ClaudeBot/1.0; +claudebot@anthropic.com)"
216.73.216.80 - - [12/Jul/2025:10:37:29 -0400] "GET /571404667.html HTTP/2" 404 19512 "-" "Mozilla/5.0 AppleWebKit/537.36 (KHTML, like Gecko; compatible; ClaudeBot/1.0; +claudebot@anthropic.com)"
216.73.216.80 - - [12/Jul/2025:10:37:29 -0400] "GET /469418607.html HTTP/2" 404 19512 "-" "Mozilla/5.0 AppleWebKit/537.36 (KHTML, like Gecko; compatible; ClaudeBot/1.0; +claudebot@anthropic.com)"
216.73.216.80 - - [12/Jul/2025:10:37:29 -0400] "GET /514641873.html HTTP/2" 404 19511 "-" "Mozilla/5.0 AppleWebKit/537.36 (KHTML, like Gecko; compatible; ClaudeBot/1.0; +claudebot@anthropic.com)"
216.73.216.80 - - [12/Jul/2025:10:37:30 -0400] "GET /362109757.html HTTP/2" 404 19511 "-" "Mozilla/5.0 AppleWebKit/537.36 (KHTML, like Gecko; compatible; ClaudeBot/1.0; +claudebot@anthropic.com)"
52.167.144.219 - - [12/Jul/2025:10:37:36 -0400] "GET /577034940.shtml HTTP/2" 200 16644 "-" "Mozilla/5.0 AppleWebKit/537.36 (KHTML, like Gecko; compatible; bingbot/2.0; +http://www.bing.com/bingbot.htm) Chrome/116.0.1938.76 Safari/537.36"
157.55.39.49 - - [12/Jul/2025:10:37:48 -0400] "GET /482315755.html HTTP/2" 200 17199 "-" "Mozilla/5.0 AppleWebKit/537.36 (KHTML, like Gecko; compatible; bingbot/2.0; +http://www.bing.com/bingbot.htm) Chrome/116.0.1938.76 Safari/537.36"
40.77.167.69 - - [12/Jul/2025:10:37:50 -0400] "GET /152159511.html HTTP/2" 200 17272 "-" "Mozilla/5.0 AppleWebKit/537.36 (KHTML, like Gecko; compatible; bingbot/2.0; +http://www.bing.com/bingbot.htm) Chrome/116.0.1938.76 Safari/537.36"
40.77.167.69 - - [12/Jul/2025:10:37:52 -0400] "GET /272839829.html HTTP/2" 200 17793 "-" "Mozilla/5.0 AppleWebKit/537.36 (KHTML, like Gecko; compatible; bingbot/2.0; +http://www.bing.com/bingbot.htm) Chrome/116.0.1938.76 Safari/537.36"
23.92.177.29 - - [12/Jul/2025:10:38:04 -0400] "POST /wp-cron.php?doing_wp_cron=1752331084.5144400596618652343750 HTTP/1.1" 200 0 "-" "WordPress/6.8.1; https://alhidayamaintenance.com"
216.73.216.80 - - [12/Jul/2025:10:38:04 -0400] "GET /568723549.html HTTP/2" 404 19511 "-" "Mozilla/5.0 AppleWebKit/537.36 (KHTML, like Gecko; compatible; ClaudeBot/1.0; +claudebot@anthropic.com)"
216.73.216.80 - - [12/Jul/2025:10:38:04 -0400] "GET /560167639.html HTTP/2" 404 19511 "-" "Mozilla/5.0 AppleWebKit/537.36 (KHTML, like Gecko; compatible; ClaudeBot/1.0; +claudebot@anthropic.com)"
216.73.216.80 - - [12/Jul/2025:10:38:04 -0400] "GET /485276625.html HTTP/2" 404 19511 "-" "Mozilla/5.0 AppleWebKit/537.36 (KHTML, like Gecko; compatible; ClaudeBot/1.0; +claudebot@anthropic.com)"
216.73.216.80 - - [12/Jul/2025:10:38:04 -0400] "GET /592301609.html HTTP/2" 404 19511 "-" "Mozilla/5.0 AppleWebKit/537.36 (KHTML, like Gecko; compatible; ClaudeBot/1.0; +claudebot@anthropic.com)"
216.73.216.80 - - [12/Jul/2025:10:38:04 -0400] "GET /10880153.html HTTP/2" 404 19511 "-" "Mozilla/5.0 AppleWebKit/537.36 (KHTML, like Gecko; compatible; ClaudeBot/1.0; +claudebot@anthropic.com)"
216.73.216.80 - - [12/Jul/2025:10:38:05 -0400] "GET /626791691.html HTTP/2" 404 19511 "-" "Mozilla/5.0 AppleWebKit/537.36 (KHTML, like Gecko; compatible; ClaudeBot/1.0; +claudebot@anthropic.com)"
216.73.216.80 - - [12/Jul/2025:10:38:05 -0400] "GET /102454647.html HTTP/2" 404 19511 "-" "Mozilla/5.0 AppleWebKit/537.36 (KHTML, like Gecko; compatible; ClaudeBot/1.0; +claudebot@anthropic.com)"
157.55.39.49 - - [12/Jul/2025:10:38:06 -0400] "GET /536145509.html HTTP/2" 200 16840 "-" "Mozilla/5.0 AppleWebKit/537.36 (KHTML, like Gecko; compatible; bingbot/2.0; +http://www.bing.com/bingbot.htm) Chrome/116.0.1938.76 Safari/537.36"
52.167.144.217 - - [12/Jul/2025:10:38:07 -0400] "GET /588015063.html HTTP/2" 200 16670 "-" "Mozilla/5.0 AppleWebKit/537.36 (KHTML, like Gecko; compatible; bingbot/2.0; +http://www.bing.com/bingbot.htm) Chrome/116.0.1938.76 Safari/537.36"
52.167.144.225 - - [12/Jul/2025:10:38:09 -0400] "GET /385920188.shtml HTTP/2" 200 16835 "-" "Mozilla/5.0 AppleWebKit/537.36 (KHTML, like Gecko; compatible; bingbot/2.0; +http://www.bing.com/bingbot.htm) Chrome/116.0.1938.76 Safari/537.36"
52.167.144.217 - - [12/Jul/2025:10:38:10 -0400] "GET /269461267.html HTTP/2" 200 16825 "-" "Mozilla/5.0 AppleWebKit/537.36 (KHTML, like Gecko; compatible; bingbot/2.0; +http://www.bing.com/bingbot.htm) Chrome/116.0.1938.76 Safari/537.36"
52.167.144.217 - - [12/Jul/2025:10:38:11 -0400] "GET /pcmypage?callback=product%2Fdetail%2FZNS129261173 HTTP/2" 200 17830 "-" "Mozilla/5.0 AppleWebKit/537.36 (KHTML, like Gecko; compatible; bingbot/2.0; +http://www.bing.com/bingbot.htm) Chrome/116.0.1938.76 Safari/537.36"
157.55.39.57 - - [12/Jul/2025:10:38:17 -0400] "GET /771583420.shtml HTTP/2" 200 17106 "-" "Mozilla/5.0 AppleWebKit/537.36 (KHTML, like Gecko; compatible; bingbot/2.0; +http://www.bing.com/bingbot.htm) Chrome/116.0.1938.76 Safari/537.36"
40.77.167.69 - - [12/Jul/2025:10:38:20 -0400] "GET /648261689.html HTTP/2" 200 17313 "-" "Mozilla/5.0 AppleWebKit/537.36 (KHTML, like Gecko; compatible; bingbot/2.0; +http://www.bing.com/bingbot.htm) Chrome/116.0.1938.76 Safari/537.36"
157.55.39.49 - - [12/Jul/2025:10:38:26 -0400] "GET /30555963.html HTTP/2" 200 17412 "-" "Mozilla/5.0 AppleWebKit/537.36 (KHTML, like Gecko; compatible; bingbot/2.0; +http://www.bing.com/bingbot.htm) Chrome/116.0.1938.76 Safari/537.36"
52.167.144.225 - - [12/Jul/2025:10:38:29 -0400] "GET /43704508.shtml HTTP/2" 200 16871 "-" "Mozilla/5.0 AppleWebKit/537.36 (KHTML, like Gecko; compatible; bingbot/2.0; +http://www.bing.com/bingbot.htm) Chrome/116.0.1938.76 Safari/537.36"
157.55.39.57 - - [12/Jul/2025:10:38:38 -0400] "GET /722429116.shtml HTTP/2" 200 16744 "-" "Mozilla/5.0 AppleWebKit/537.36 (KHTML, like Gecko; compatible; bingbot/2.0; +http://www.bing.com/bingbot.htm) Chrome/116.0.1938.76 Safari/537.36"
216.73.216.80 - - [12/Jul/2025:10:38:54 -0400] "GET /480741787.html HTTP/2" 404 19511 "-" "Mozilla/5.0 AppleWebKit/537.36 (KHTML, like Gecko; compatible; ClaudeBot/1.0; +claudebot@anthropic.com)"
216.73.216.80 - - [12/Jul/2025:10:38:54 -0400] "GET /692136047.html HTTP/2" 404 19511 "-" "Mozilla/5.0 AppleWebKit/537.36 (KHTML, like Gecko; compatible; ClaudeBot/1.0; +claudebot@anthropic.com)"
216.73.216.80 - - [12/Jul/2025:10:38:54 -0400] "GET /26619833.html HTTP/2" 404 19511 "-" "Mozilla/5.0 AppleWebKit/537.36 (KHTML, like Gecko; compatible; ClaudeBot/1.0; +claudebot@anthropic.com)"
216.73.216.80 - - [12/Jul/2025:10:38:54 -0400] "GET /729296599.html HTTP/2" 404 19511 "-" "Mozilla/5.0 AppleWebKit/537.36 (KHTML, like Gecko; compatible; ClaudeBot/1.0; +claudebot@anthropic.com)"
216.73.216.80 - - [12/Jul/2025:10:38:54 -0400] "GET /414034971.html HTTP/2" 404 19511 "-" "Mozilla/5.0 AppleWebKit/537.36 (KHTML, like Gecko; compatible; ClaudeBot/1.0; +claudebot@anthropic.com)"
216.73.216.80 - - [12/Jul/2025:10:38:54 -0400] "GET /66471425.html HTTP/2" 404 19511 "-" "Mozilla/5.0 AppleWebKit/537.36 (KHTML, like Gecko; compatible; ClaudeBot/1.0; +claudebot@anthropic.com)"
216.73.216.80 - - [12/Jul/2025:10:38:55 -0400] "GET /377329137.html HTTP/2" 404 19511 "-" "Mozilla/5.0 AppleWebKit/537.36 (KHTML, like Gecko; compatible; ClaudeBot/1.0; +claudebot@anthropic.com)"
52.167.144.219 - - [12/Jul/2025:10:38:56 -0400] "GET /311104444.shtml HTTP/2" 200 17895 "-" "Mozilla/5.0 AppleWebKit/537.36 (KHTML, like Gecko; compatible; bingbot/2.0; +http://www.bing.com/bingbot.htm) Chrome/116.0.1938.76 Safari/537.36"
51.222.253.17 - - [12/Jul/2025:10:38:57 -0400] "GET /62988077.html HTTP/2" 404 19512 "-" "Mozilla/5.0 (compatible; AhrefsBot/7.0; +http://ahrefs.com/robot/)"
52.167.144.225 - - [12/Jul/2025:10:39:08 -0400] "GET /381816764.shtml HTTP/2" 200 16602 "-" "Mozilla/5.0 AppleWebKit/537.36 (KHTML, like Gecko; compatible; bingbot/2.0; +http://www.bing.com/bingbot.htm) Chrome/116.0.1938.76 Safari/537.36"
40.77.167.69 - - [12/Jul/2025:10:39:10 -0400] "GET /535227361.html HTTP/2" 200 16570 "-" "Mozilla/5.0 AppleWebKit/537.36 (KHTML, like Gecko; compatible; bingbot/2.0; +http://www.bing.com/bingbot.htm) Chrome/116.0.1938.76 Safari/537.36"
52.167.144.219 - - [12/Jul/2025:10:39:16 -0400] "GET /308869564.shtml HTTP/2" 200 17251 "-" "Mozilla/5.0 AppleWebKit/537.36 (KHTML, like Gecko; compatible; bingbot/2.0; +http://www.bing.com/bingbot.htm) Chrome/116.0.1938.76 Safari/537.36"
157.55.39.49 - - [12/Jul/2025:10:39:17 -0400] "GET /423838391.html HTTP/2" 200 17774 "-" "Mozilla/5.0 AppleWebKit/537.36 (KHTML, like Gecko; compatible; bingbot/2.0; +http://www.bing.com/bingbot.htm) Chrome/116.0.1938.76 Safari/537.36"
157.55.39.63 - - [12/Jul/2025:10:39:30 -0400] "GET /224355260.shtml HTTP/2" 200 17145 "-" "Mozilla/5.0 AppleWebKit/537.36 (KHTML, like Gecko; compatible; bingbot/2.0; +http://www.bing.com/bingbot.htm) Chrome/116.0.1938.76 Safari/537.36"
23.92.177.29 - - [12/Jul/2025:10:39:39 -0400] "POST /wp-cron.php?doing_wp_cron=1752331179.4202709197998046875000 HTTP/1.1" 200 0 "-" "WordPress/6.8.1; https://alhidayamaintenance.com"
110.164.163.22 - - [12/Jul/2025:10:39:39 -0400] "POST /xmlrpc.php HTTP/1.1" 200 403 "-" "Mozilla/5.0 (Windows NT 10.0; Win64; x64) AppleWebKit/537.36 (KHTML, like Gecko) Chrome/68.0.3440.106 Safari/537.36"
216.73.216.80 - - [12/Jul/2025:10:39:40 -0400] "GET /137836499.html HTTP/2" 404 19592 "-" "Mozilla/5.0 AppleWebKit/537.36 (KHTML, like Gecko; compatible; ClaudeBot/1.0; +claudebot@anthropic.com)"
216.73.216.80 - - [12/Jul/2025:10:39:40 -0400] "GET /350100749.html HTTP/2" 404 19511 "-" "Mozilla/5.0 AppleWebKit/537.36 (KHTML, like Gecko; compatible; ClaudeBot/1.0; +claudebot@anthropic.com)"
216.73.216.80 - - [12/Jul/2025:10:39:40 -0400] "GET /562722675.html HTTP/2" 404 19511 "-" "Mozilla/5.0 AppleWebKit/537.36 (KHTML, like Gecko; compatible; ClaudeBot/1.0; +claudebot@anthropic.com)"
216.73.216.80 - - [12/Jul/2025:10:39:40 -0400] "GET /608155513.html HTTP/2" 404 19511 "-" "Mozilla/5.0 AppleWebKit/537.36 (KHTML, like Gecko; compatible; ClaudeBot/1.0; +claudebot@anthropic.com)"
216.73.216.80 - - [12/Jul/2025:10:39:40 -0400] "GET /73320025.html HTTP/2" 404 19511 "-" "Mozilla/5.0 AppleWebKit/537.36 (KHTML, like Gecko; compatible; ClaudeBot/1.0; +claudebot@anthropic.com)"
216.73.216.80 - - [12/Jul/2025:10:39:40 -0400] "GET /410271871.html HTTP/2" 404 19511 "-" "Mozilla/5.0 AppleWebKit/537.36 (KHTML, like Gecko; compatible; ClaudeBot/1.0; +claudebot@anthropic.com)"
216.73.216.80 - - [12/Jul/2025:10:39:41 -0400] "GET /258057017.html HTTP/2" 404 19511 "-" "Mozilla/5.0 AppleWebKit/537.36 (KHTML, like Gecko; compatible; ClaudeBot/1.0; +claudebot@anthropic.com)"
157.55.39.57 - - [12/Jul/2025:10:39:43 -0400] "GET /483619004.shtml HTTP/2" 200 16742 "-" "Mozilla/5.0 AppleWebKit/537.36 (KHTML, like Gecko; compatible; bingbot/2.0; +http://www.bing.com/bingbot.htm) Chrome/116.0.1938.76 Safari/537.36"
219.92.75.133 - - [12/Jul/2025:10:39:50 -0400] "POST /xmlrpc.php HTTP/1.1" 200 403 "-" "Mozilla/5.0 (Windows NT 6.1; Win64; x64) AppleWebKit/537.36 (KHTML, like Gecko) Chrome/63.0.3239.132 Safari/537.36"
23.92.177.29 - - [12/Jul/2025:10:40:03 -0400] "POST /wp-cron.php?doing_wp_cron=1752331203.1240520477294921875000 HTTP/1.1" 200 0 "-" "WordPress/6.8.1; https://alhidayamaintenance.com"
162.213.255.14 - - [12/Jul/2025:10:40:02 -0400] "POST /xmlrpc.php HTTP/1.1" 200 403 "-" "Mozilla/5.0 (Windows NT 10.0; Win64; x64) AppleWebKit/537.36 (KHTML, like Gecko) Chrome/87.0.4280.141 Safari/537.36"
52.167.144.219 - - [12/Jul/2025:10:40:05 -0400] "GET /694968508.shtml HTTP/2" 200 16484 "-" "Mozilla/5.0 AppleWebKit/537.36 (KHTML, like Gecko; compatible; bingbot/2.0; +http://www.bing.com/bingbot.htm) Chrome/116.0.1938.76 Safari/537.36"
94.103.185.72 - - [12/Jul/2025:10:40:06 -0400] "POST /xmlrpc.php HTTP/1.1" 200 403 "-" "Mozilla/5.0 (Windows NT 6.1; WOW64; rv:41.0) Gecko/20100101 Firefox/41.0"
52.167.144.225 - - [12/Jul/2025:10:40:09 -0400] "GET /386902460.shtml HTTP/2" 200 17306 "-" "Mozilla/5.0 AppleWebKit/537.36 (KHTML, like Gecko; compatible; bingbot/2.0; +http://www.bing.com/bingbot.htm) Chrome/116.0.1938.76 Safari/537.36"
162.240.101.166 - - [12/Jul/2025:10:40:33 -0400] "POST /xmlrpc.php HTTP/1.1" 200 403 "-" "Mozilla/5.0 (Windows NT 6.1; Win64; x64; rv:25.0) Gecko/20100101 Firefox/29.0"
216.73.216.80 - - [12/Jul/2025:10:40:35 -0400] "GET /287945953.html HTTP/2" 404 19592 "-" "Mozilla/5.0 AppleWebKit/537.36 (KHTML, like Gecko; compatible; ClaudeBot/1.0; +claudebot@anthropic.com)"
216.73.216.80 - - [12/Jul/2025:10:40:35 -0400] "GET /598379681.html HTTP/2" 404 19513 "-" "Mozilla/5.0 AppleWebKit/537.36 (KHTML, like Gecko; compatible; ClaudeBot/1.0; +claudebot@anthropic.com)"
216.73.216.80 - - [12/Jul/2025:10:40:35 -0400] "GET /281945321.html HTTP/2" 404 19513 "-" "Mozilla/5.0 AppleWebKit/537.36 (KHTML, like Gecko; compatible; ClaudeBot/1.0; +claudebot@anthropic.com)"
216.73.216.80 - - [12/Jul/2025:10:40:35 -0400] "GET /285145045.html HTTP/2" 404 19511 "-" "Mozilla/5.0 AppleWebKit/537.36 (KHTML, like Gecko; compatible; ClaudeBot/1.0; +claudebot@anthropic.com)"
216.73.216.80 - - [12/Jul/2025:10:40:35 -0400] "GET /700184725.html HTTP/2" 404 19511 "-" "Mozilla/5.0 AppleWebKit/537.36 (KHTML, like Gecko; compatible; ClaudeBot/1.0; +claudebot@anthropic.com)"
216.73.216.80 - - [12/Jul/2025:10:40:35 -0400] "GET /630807197.html HTTP/2" 404 19511 "-" "Mozilla/5.0 AppleWebKit/537.36 (KHTML, like Gecko; compatible; ClaudeBot/1.0; +claudebot@anthropic.com)"
52.167.144.219 - - [12/Jul/2025:10:40:35 -0400] "GET /208680636.shtml HTTP/2" 200 17718 "-" "Mozilla/5.0 AppleWebKit/537.36 (KHTML, like Gecko; compatible; bingbot/2.0; +http://www.bing.com/bingbot.htm) Chrome/116.0.1938.76 Safari/537.36"
52.167.144.217 - - [12/Jul/2025:10:40:35 -0400] "GET /278317257.html HTTP/2" 200 16393 "-" "Mozilla/5.0 AppleWebKit/537.36 (KHTML, like Gecko; compatible; bingbot/2.0; +http://www.bing.com/bingbot.htm) Chrome/116.0.1938.76 Safari/537.36"
216.73.216.80 - - [12/Jul/2025:10:40:36 -0400] "GET /634983633.html HTTP/2" 404 19511 "-" "Mozilla/5.0 AppleWebKit/537.36 (KHTML, like Gecko; compatible; ClaudeBot/1.0; +claudebot@anthropic.com)"
52.167.144.219 - - [12/Jul/2025:10:40:36 -0400] "GET /pcmypage?callback=/product%2Fdetail%2FHWMSD189398774 HTTP/2" 200 16985 "-" "Mozilla/5.0 AppleWebKit/537.36 (KHTML, like Gecko; compatible; bingbot/2.0; +http://www.bing.com/bingbot.htm) Chrome/116.0.1938.76 Safari/537.36"
52.167.144.219 - - [12/Jul/2025:10:40:36 -0400] "GET /287782844.shtml HTTP/2" 200 17851 "-" "Mozilla/5.0 AppleWebKit/537.36 (KHTML, like Gecko; compatible; bingbot/2.0; +http://www.bing.com/bingbot.htm) Chrome/116.0.1938.76 Safari/537.36"
52.167.144.225 - - [12/Jul/2025:10:40:40 -0400] "GET /208112572.shtml HTTP/2" 200 17170 "-" "Mozilla/5.0 AppleWebKit/537.36 (KHTML, like Gecko; compatible; bingbot/2.0; +http://www.bing.com/bingbot.htm) Chrome/116.0.1938.76 Safari/537.36"
157.55.39.63 - - [12/Jul/2025:10:40:46 -0400] "GET /400978620.shtml HTTP/2" 200 17174 "-" "Mozilla/5.0 AppleWebKit/537.36 (KHTML, like Gecko; compatible; bingbot/2.0; +http://www.bing.com/bingbot.htm) Chrome/116.0.1938.76 Safari/537.36"
40.77.167.69 - - [12/Jul/2025:10:41:10 -0400] "GET /402616927.html HTTP/2" 200 17770 "-" "Mozilla/5.0 AppleWebKit/537.36 (KHTML, like Gecko; compatible; bingbot/2.0; +http://www.bing.com/bingbot.htm) Chrome/116.0.1938.76 Safari/537.36"
40.77.167.69 - - [12/Jul/2025:10:41:10 -0400] "GET /708747653.html HTTP/2" 200 16572 "-" "Mozilla/5.0 AppleWebKit/537.36 (KHTML, like Gecko; compatible; bingbot/2.0; +http://www.bing.com/bingbot.htm) Chrome/116.0.1938.76 Safari/537.36"
23.92.177.29 - - [12/Jul/2025:10:41:21 -0400] "POST /wp-cron.php?doing_wp_cron=1752331281.2170979976654052734375 HTTP/1.1" 200 0 "-" "WordPress/6.8.1; https://alhidayamaintenance.com"
51.222.253.11 - - [12/Jul/2025:10:41:21 -0400] "GET /63389797.html HTTP/2" 404 19511 "-" "Mozilla/5.0 (compatible; AhrefsBot/7.0; +http://ahrefs.com/robot/)"
216.73.216.80 - - [12/Jul/2025:10:41:26 -0400] "GET /387477649.html HTTP/2" 404 19513 "-" "Mozilla/5.0 AppleWebKit/537.36 (KHTML, like Gecko; compatible; ClaudeBot/1.0; +claudebot@anthropic.com)"
216.73.216.80 - - [12/Jul/2025:10:41:26 -0400] "GET /27393507.html HTTP/2" 404 19511 "-" "Mozilla/5.0 AppleWebKit/537.36 (KHTML, like Gecko; compatible; ClaudeBot/1.0; +claudebot@anthropic.com)"
216.73.216.80 - - [12/Jul/2025:10:41:26 -0400] "GET /337749553.html HTTP/2" 404 19511 "-" "Mozilla/5.0 AppleWebKit/537.36 (KHTML, like Gecko; compatible; ClaudeBot/1.0; +claudebot@anthropic.com)"
216.73.216.80 - - [12/Jul/2025:10:41:26 -0400] "GET /41821547.html HTTP/2" 404 19511 "-" "Mozilla/5.0 AppleWebKit/537.36 (KHTML, like Gecko; compatible; ClaudeBot/1.0; +claudebot@anthropic.com)"
216.73.216.80 - - [12/Jul/2025:10:41:27 -0400] "GET /280611417.html HTTP/2" 404 19511 "-" "Mozilla/5.0 AppleWebKit/537.36 (KHTML, like Gecko; compatible; ClaudeBot/1.0; +claudebot@anthropic.com)"
216.73.216.80 - - [12/Jul/2025:10:41:27 -0400] "GET /586149243.html HTTP/2" 404 19511 "-" "Mozilla/5.0 AppleWebKit/537.36 (KHTML, like Gecko; compatible; ClaudeBot/1.0; +claudebot@anthropic.com)"
216.73.216.80 - - [12/Jul/2025:10:41:27 -0400] "GET /218165011.html HTTP/2" 404 19511 "-" "Mozilla/5.0 AppleWebKit/537.36 (KHTML, like Gecko; compatible; ClaudeBot/1.0; +claudebot@anthropic.com)"
52.167.144.219 - - [12/Jul/2025:10:41:27 -0400] "GET /750536892.shtml HTTP/2" 200 17355 "-" "Mozilla/5.0 AppleWebKit/537.36 (KHTML, like Gecko; compatible; bingbot/2.0; +http://www.bing.com/bingbot.htm) Chrome/116.0.1938.76 Safari/537.36"
207.46.13.18 - - [12/Jul/2025:10:41:49 -0400] "GET /295538703.html HTTP/2" 200 16974 "-" "Mozilla/5.0 AppleWebKit/537.36 (KHTML, like Gecko; compatible; bingbot/2.0; +http://www.bing.com/bingbot.htm) Chrome/116.0.1938.76 Safari/537.36"
40.77.167.69 - - [12/Jul/2025:10:42:01 -0400] "GET /185501545.html HTTP/2" 200 17626 "-" "Mozilla/5.0 AppleWebKit/537.36 (KHTML, like Gecko; compatible; bingbot/2.0; +http://www.bing.com/bingbot.htm) Chrome/116.0.1938.76 Safari/537.36"
23.92.177.29 - - [12/Jul/2025:10:42:02 -0400] "POST /wp-cron.php?doing_wp_cron=1752331322.4205179214477539062500 HTTP/1.1" 200 0 "-" "WordPress/6.8.1; https://alhidayamaintenance.com"
216.73.216.80 - - [12/Jul/2025:10:42:02 -0400] "GET /603807741.html HTTP/2" 404 19513 "-" "Mozilla/5.0 AppleWebKit/537.36 (KHTML, like Gecko; compatible; ClaudeBot/1.0; +claudebot@anthropic.com)"
216.73.216.80 - - [12/Jul/2025:10:42:02 -0400] "GET /43393095.html HTTP/2" 404 19563 "-" "Mozilla/5.0 AppleWebKit/537.36 (KHTML, like Gecko; compatible; ClaudeBot/1.0; +claudebot@anthropic.com)"
216.73.216.80 - - [12/Jul/2025:10:42:02 -0400] "GET /341816847.html HTTP/2" 404 19513 "-" "Mozilla/5.0 AppleWebKit/537.36 (KHTML, like Gecko; compatible; ClaudeBot/1.0; +claudebot@anthropic.com)"
216.73.216.80 - - [12/Jul/2025:10:42:02 -0400] "GET /518920191.html HTTP/2" 404 19513 "-" "Mozilla/5.0 AppleWebKit/537.36 (KHTML, like Gecko; compatible; ClaudeBot/1.0; +claudebot@anthropic.com)"
216.73.216.80 - - [12/Jul/2025:10:42:03 -0400] "GET /196587565.html HTTP/2" 404 19511 "-" "Mozilla/5.0 AppleWebKit/537.36 (KHTML, like Gecko; compatible; ClaudeBot/1.0; +claudebot@anthropic.com)"
216.73.216.80 - - [12/Jul/2025:10:42:03 -0400] "GET /51816873.html HTTP/2" 404 19511 "-" "Mozilla/5.0 AppleWebKit/537.36 (KHTML, like Gecko; compatible; ClaudeBot/1.0; +claudebot@anthropic.com)"
216.73.216.80 - - [12/Jul/2025:10:42:03 -0400] "GET /594481303.html HTTP/2" 404 19511 "-" "Mozilla/5.0 AppleWebKit/537.36 (KHTML, like Gecko; compatible; ClaudeBot/1.0; +claudebot@anthropic.com)"
52.167.144.225 - - [12/Jul/2025:10:42:09 -0400] "GET /102236604.shtml HTTP/2" 200 16875 "-" "Mozilla/5.0 AppleWebKit/537.36 (KHTML, like Gecko; compatible; bingbot/2.0; +http://www.bing.com/bingbot.htm) Chrome/116.0.1938.76 Safari/537.36"
57.141.4.9 - - [12/Jul/2025:10:42:16 -0400] "GET /680641531.html HTTP/2" 404 72880 "-" "meta-externalagent/1.1 (+https://developers.facebook.com/docs/sharing/webmasters/crawler)"
40.77.167.69 - - [12/Jul/2025:10:42:19 -0400] "GET /408070881.html HTTP/2" 200 17922 "-" "Mozilla/5.0 AppleWebKit/537.36 (KHTML, like Gecko; compatible; bingbot/2.0; +http://www.bing.com/bingbot.htm) Chrome/116.0.1938.76 Safari/537.36"
216.73.216.80 - - [12/Jul/2025:10:42:36 -0400] "GET /215677735.html HTTP/2" 404 19511 "-" "Mozilla/5.0 AppleWebKit/537.36 (KHTML, like Gecko; compatible; ClaudeBot/1.0; +claudebot@anthropic.com)"
216.73.216.80 - - [12/Jul/2025:10:42:36 -0400] "GET /194500799.html HTTP/2" 404 19511 "-" "Mozilla/5.0 AppleWebKit/537.36 (KHTML, like Gecko; compatible; ClaudeBot/1.0; +claudebot@anthropic.com)"
216.73.216.80 - - [12/Jul/2025:10:42:36 -0400] "GET /514062041.html HTTP/2" 404 19511 "-" "Mozilla/5.0 AppleWebKit/537.36 (KHTML, like Gecko; compatible; ClaudeBot/1.0; +claudebot@anthropic.com)"
216.73.216.80 - - [12/Jul/2025:10:42:36 -0400] "GET /330658953.html HTTP/2" 404 19511 "-" "Mozilla/5.0 AppleWebKit/537.36 (KHTML, like Gecko; compatible; ClaudeBot/1.0; +claudebot@anthropic.com)"
216.73.216.80 - - [12/Jul/2025:10:42:37 -0400] "GET /34000349.html HTTP/2" 404 19511 "-" "Mozilla/5.0 AppleWebKit/537.36 (KHTML, like Gecko; compatible; ClaudeBot/1.0; +claudebot@anthropic.com)"
216.73.216.80 - - [12/Jul/2025:10:42:37 -0400] "GET /252778997.html HTTP/2" 404 19511 "-" "Mozilla/5.0 AppleWebKit/537.36 (KHTML, like Gecko; compatible; ClaudeBot/1.0; +claudebot@anthropic.com)"
216.73.216.80 - - [12/Jul/2025:10:42:37 -0400] "GET /344986563.html HTTP/2" 404 19511 "-" "Mozilla/5.0 AppleWebKit/537.36 (KHTML, like Gecko; compatible; ClaudeBot/1.0; +claudebot@anthropic.com)"
52.167.144.201 - - [12/Jul/2025:10:42:51 -0400] "GET /583626393.html HTTP/2" 200 17473 "-" "Mozilla/5.0 AppleWebKit/537.36 (KHTML, like Gecko; compatible; bingbot/2.0; +http://www.bing.com/bingbot.htm) Chrome/116.0.1938.76 Safari/537.36"
20.120.134.46 - - [12/Jul/2025:10:42:53 -0400] "GET /122300604.shtml HTTP/1.1" 301 0 "-" "Mozilla/5.0 (Windows NT 10.0; Win64; x64) AppleWebKit/537.36 (KHTML, like Gecko) Chrome/131.0.0.0 Safari/537.36 Edg/131.0.0.0"
207.46.13.18 - - [12/Jul/2025:10:42:58 -0400] "GET /630929407.html HTTP/2" 200 17181 "-" "Mozilla/5.0 AppleWebKit/537.36 (KHTML, like Gecko; compatible; bingbot/2.0; +http://www.bing.com/bingbot.htm) Chrome/116.0.1938.76 Safari/537.36"
207.46.13.127 - - [12/Jul/2025:10:43:00 -0400] "GET /489876412.shtml HTTP/2" 200 17079 "-" "Mozilla/5.0 AppleWebKit/537.36 (KHTML, like Gecko; compatible; bingbot/2.0; +http://www.bing.com/bingbot.htm) Chrome/116.0.1938.76 Safari/537.36"
52.167.144.201 - - [12/Jul/2025:10:43:01 -0400] "GET /662491531.html HTTP/2" 200 16797 "-" "Mozilla/5.0 AppleWebKit/537.36 (KHTML, like Gecko; compatible; bingbot/2.0; +http://www.bing.com/bingbot.htm) Chrome/116.0.1938.76 Safari/537.36"
23.92.177.29 - - [12/Jul/2025:10:43:19 -0400] "POST /wp-cron.php?doing_wp_cron=1752331399.0021610260009765625000 HTTP/1.1" 200 0 "-" "WordPress/6.8.1; https://alhidayamaintenance.com"
57.141.4.21 - - [12/Jul/2025:10:43:18 -0400] "GET /79111569.html HTTP/2" 404 72880 "-" "meta-externalagent/1.1 (+https://developers.facebook.com/docs/sharing/webmasters/crawler)"
52.167.144.225 - - [12/Jul/2025:10:43:19 -0400] "GET /198610620.shtml HTTP/2" 200 17251 "-" "Mozilla/5.0 AppleWebKit/537.36 (KHTML, like Gecko; compatible; bingbot/2.0; +http://www.bing.com/bingbot.htm) Chrome/116.0.1938.76 Safari/537.36"
52.167.144.201 - - [12/Jul/2025:10:43:19 -0400] "GET /423704081.html HTTP/2" 200 17328 "-" "Mozilla/5.0 AppleWebKit/537.36 (KHTML, like Gecko; compatible; bingbot/2.0; +http://www.bing.com/bingbot.htm) Chrome/116.0.1938.76 Safari/537.36"
216.73.216.80 - - [12/Jul/2025:10:43:29 -0400] "GET /484102441.html HTTP/2" 404 19511 "-" "Mozilla/5.0 AppleWebKit/537.36 (KHTML, like Gecko; compatible; ClaudeBot/1.0; +claudebot@anthropic.com)"
216.73.216.80 - - [12/Jul/2025:10:43:29 -0400] "GET /411227045.html HTTP/2" 404 19512 "-" "Mozilla/5.0 AppleWebKit/537.36 (KHTML, like Gecko; compatible; ClaudeBot/1.0; +claudebot@anthropic.com)"
216.73.216.80 - - [12/Jul/2025:10:43:29 -0400] "GET /70628017.html HTTP/2" 404 19512 "-" "Mozilla/5.0 AppleWebKit/537.36 (KHTML, like Gecko; compatible; ClaudeBot/1.0; +claudebot@anthropic.com)"
216.73.216.80 - - [12/Jul/2025:10:43:29 -0400] "GET /78427677.html HTTP/2" 404 19511 "-" "Mozilla/5.0 AppleWebKit/537.36 (KHTML, like Gecko; compatible; ClaudeBot/1.0; +claudebot@anthropic.com)"
216.73.216.80 - - [12/Jul/2025:10:43:29 -0400] "GET /215308685.html HTTP/2" 404 19511 "-" "Mozilla/5.0 AppleWebKit/537.36 (KHTML, like Gecko; compatible; ClaudeBot/1.0; +claudebot@anthropic.com)"
216.73.216.80 - - [12/Jul/2025:10:43:29 -0400] "GET /486360785.html HTTP/2" 404 19511 "-" "Mozilla/5.0 AppleWebKit/537.36 (KHTML, like Gecko; compatible; ClaudeBot/1.0; +claudebot@anthropic.com)"
216.73.216.80 - - [12/Jul/2025:10:43:30 -0400] "GET /535466457.html HTTP/2" 404 19511 "-" "Mozilla/5.0 AppleWebKit/537.36 (KHTML, like Gecko; compatible; ClaudeBot/1.0; +claudebot@anthropic.com)"
51.222.253.5 - - [12/Jul/2025:10:43:32 -0400] "GET /63421741.html HTTP/2" 404 19511 "-" "Mozilla/5.0 (compatible; AhrefsBot/7.0; +http://ahrefs.com/robot/)"
207.46.13.18 - - [12/Jul/2025:10:43:44 -0400] "GET /393240637.html HTTP/2" 200 17175 "-" "Mozilla/5.0 AppleWebKit/537.36 (KHTML, like Gecko; compatible; bingbot/2.0; +http://www.bing.com/bingbot.htm) Chrome/116.0.1938.76 Safari/537.36"
23.92.177.29 - - [12/Jul/2025:10:44:06 -0400] "POST /wp-cron.php?doing_wp_cron=1752331446.1192970275878906250000 HTTP/1.1" 200 0 "-" "WordPress/6.8.1; https://alhidayamaintenance.com"
216.73.216.80 - - [12/Jul/2025:10:44:06 -0400] "GET /410243073.html HTTP/2" 404 19511 "-" "Mozilla/5.0 AppleWebKit/537.36 (KHTML, like Gecko; compatible; ClaudeBot/1.0; +claudebot@anthropic.com)"
216.73.216.80 - - [12/Jul/2025:10:44:06 -0400] "GET /438204721.html HTTP/2" 404 19511 "-" "Mozilla/5.0 AppleWebKit/537.36 (KHTML, like Gecko; compatible; ClaudeBot/1.0; +claudebot@anthropic.com)"
216.73.216.80 - - [12/Jul/2025:10:44:06 -0400] "GET /344666397.html HTTP/2" 404 19511 "-" "Mozilla/5.0 AppleWebKit/537.36 (KHTML, like Gecko; compatible; ClaudeBot/1.0; +claudebot@anthropic.com)"
216.73.216.80 - - [12/Jul/2025:10:44:06 -0400] "GET /623394011.html HTTP/2" 404 19511 "-" "Mozilla/5.0 AppleWebKit/537.36 (KHTML, like Gecko; compatible; ClaudeBot/1.0; +claudebot@anthropic.com)"
216.73.216.80 - - [12/Jul/2025:10:44:06 -0400] "GET /631836423.html HTTP/2" 404 19511 "-" "Mozilla/5.0 AppleWebKit/537.36 (KHTML, like Gecko; compatible; ClaudeBot/1.0; +claudebot@anthropic.com)"
216.73.216.80 - - [12/Jul/2025:10:44:06 -0400] "GET /666092249.html HTTP/2" 404 19511 "-" "Mozilla/5.0 AppleWebKit/537.36 (KHTML, like Gecko; compatible; ClaudeBot/1.0; +claudebot@anthropic.com)"
216.73.216.80 - - [12/Jul/2025:10:44:07 -0400] "GET /313553425.html HTTP/2" 404 19511 "-" "Mozilla/5.0 AppleWebKit/537.36 (KHTML, like Gecko; compatible; ClaudeBot/1.0; +claudebot@anthropic.com)"
52.167.144.225 - - [12/Jul/2025:10:44:20 -0400] "GET /244000700.shtml HTTP/2" 200 18018 "-" "Mozilla/5.0 AppleWebKit/537.36 (KHTML, like Gecko; compatible; bingbot/2.0; +http://www.bing.com/bingbot.htm) Chrome/116.0.1938.76 Safari/537.36"
216.73.216.80 - - [12/Jul/2025:10:44:41 -0400] "GET /270369493.html HTTP/2" 404 19513 "-" "Mozilla/5.0 AppleWebKit/537.36 (KHTML, like Gecko; compatible; ClaudeBot/1.0; +claudebot@anthropic.com)"
216.73.216.80 - - [12/Jul/2025:10:44:41 -0400] "GET /539635391.html HTTP/2" 404 19514 "-" "Mozilla/5.0 AppleWebKit/537.36 (KHTML, like Gecko; compatible; ClaudeBot/1.0; +claudebot@anthropic.com)"
216.73.216.80 - - [12/Jul/2025:10:44:41 -0400] "GET /136038681.html HTTP/2" 404 19514 "-" "Mozilla/5.0 AppleWebKit/537.36 (KHTML, like Gecko; compatible; ClaudeBot/1.0; +claudebot@anthropic.com)"
216.73.216.80 - - [12/Jul/2025:10:44:41 -0400] "GET /275924119.html HTTP/2" 404 19513 "-" "Mozilla/5.0 AppleWebKit/537.36 (KHTML, like Gecko; compatible; ClaudeBot/1.0; +claudebot@anthropic.com)"
216.73.216.80 - - [12/Jul/2025:10:44:41 -0400] "GET /336695401.html HTTP/2" 404 19513 "-" "Mozilla/5.0 AppleWebKit/537.36 (KHTML, like Gecko; compatible; ClaudeBot/1.0; +claudebot@anthropic.com)"
216.73.216.80 - - [12/Jul/2025:10:44:41 -0400] "GET /634944913.html HTTP/2" 404 19513 "-" "Mozilla/5.0 AppleWebKit/537.36 (KHTML, like Gecko; compatible; ClaudeBot/1.0; +claudebot@anthropic.com)"
216.73.216.80 - - [12/Jul/2025:10:44:42 -0400] "GET /261830765.html HTTP/2" 404 19513 "-" "Mozilla/5.0 AppleWebKit/537.36 (KHTML, like Gecko; compatible; ClaudeBot/1.0; +claudebot@anthropic.com)"
52.167.144.204 - - [12/Jul/2025:10:44:46 -0400] "GET /265091516.shtml HTTP/2" 200 17114 "-" "Mozilla/5.0 AppleWebKit/537.36 (KHTML, like Gecko; compatible; bingbot/2.0; +http://www.bing.com/bingbot.htm) Chrome/116.0.1938.76 Safari/537.36"
52.167.144.204 - - [12/Jul/2025:10:44:47 -0400] "GET /327800252.shtml HTTP/2" 200 16898 "-" "Mozilla/5.0 AppleWebKit/537.36 (KHTML, like Gecko; compatible; bingbot/2.0; +http://www.bing.com/bingbot.htm) Chrome/116.0.1938.76 Safari/537.36"
52.167.144.204 - - [12/Jul/2025:10:44:47 -0400] "GET /437364156.shtml HTTP/2" 200 17585 "-" "Mozilla/5.0 AppleWebKit/537.36 (KHTML, like Gecko; compatible; bingbot/2.0; +http://www.bing.com/bingbot.htm) Chrome/116.0.1938.76 Safari/537.36"
207.46.13.18 - - [12/Jul/2025:10:44:54 -0400] "GET /273294547.html HTTP/2" 200 17173 "-" "Mozilla/5.0 AppleWebKit/537.36 (KHTML, like Gecko; compatible; bingbot/2.0; +http://www.bing.com/bingbot.htm) Chrome/116.0.1938.76 Safari/537.36"
52.167.144.204 - - [12/Jul/2025:10:45:07 -0400] "GET /522702524.shtml HTTP/2" 200 17597 "-" "Mozilla/5.0 AppleWebKit/537.36 (KHTML, like Gecko; compatible; bingbot/2.0; +http://www.bing.com/bingbot.htm) Chrome/116.0.1938.76 Safari/537.36"
40.77.167.69 - - [12/Jul/2025:10:45:08 -0400] "GET /87944327.html HTTP/2" 200 16694 "-" "Mozilla/5.0 AppleWebKit/537.36 (KHTML, like Gecko; compatible; bingbot/2.0; +http://www.bing.com/bingbot.htm) Chrome/116.0.1938.76 Safari/537.36"
207.46.13.127 - - [12/Jul/2025:10:45:14 -0400] "GET /529308604.shtml HTTP/2" 200 17226 "-" "Mozilla/5.0 AppleWebKit/537.36 (KHTML, like Gecko; compatible; bingbot/2.0; +http://www.bing.com/bingbot.htm) Chrome/116.0.1938.76 Safari/537.36"
52.167.144.201 - - [12/Jul/2025:10:45:20 -0400] "GET /389162453.html HTTP/2" 200 16791 "-" "Mozilla/5.0 AppleWebKit/537.36 (KHTML, like Gecko; compatible; bingbot/2.0; +http://www.bing.com/bingbot.htm) Chrome/116.0.1938.76 Safari/537.36"
52.167.144.201 - - [12/Jul/2025:10:45:20 -0400] "GET /256771271.html HTTP/2" 200 17365 "-" "Mozilla/5.0 AppleWebKit/537.36 (KHTML, like Gecko; compatible; bingbot/2.0; +http://www.bing.com/bingbot.htm) Chrome/116.0.1938.76 Safari/537.36"
40.77.167.69 - - [12/Jul/2025:10:45:29 -0400] "GET /668156751.html HTTP/2" 200 16496 "-" "Mozilla/5.0 AppleWebKit/537.36 (KHTML, like Gecko; compatible; bingbot/2.0; +http://www.bing.com/bingbot.htm) Chrome/116.0.1938.76 Safari/537.36"
207.46.13.18 - - [12/Jul/2025:10:45:30 -0400] "GET /317390577.html HTTP/2" 200 17027 "-" "Mozilla/5.0 AppleWebKit/537.36 (KHTML, like Gecko; compatible; bingbot/2.0; +http://www.bing.com/bingbot.htm) Chrome/116.0.1938.76 Safari/537.36"
207.46.13.18 - - [12/Jul/2025:10:45:30 -0400] "GET /109177407.html HTTP/2" 200 17634 "-" "Mozilla/5.0 AppleWebKit/537.36 (KHTML, like Gecko; compatible; bingbot/2.0; +http://www.bing.com/bingbot.htm) Chrome/116.0.1938.76 Safari/537.36"
23.92.177.29 - - [12/Jul/2025:10:45:31 -0400] "POST /wp-cron.php?doing_wp_cron=1752331531.1593570709228515625000 HTTP/1.1" 200 0 "-" "WordPress/6.8.1; https://alhidayamaintenance.com"
216.73.216.80 - - [12/Jul/2025:10:45:31 -0400] "GET /219793671.html HTTP/2" 404 19511 "-" "Mozilla/5.0 AppleWebKit/537.36 (KHTML, like Gecko; compatible; ClaudeBot/1.0; +claudebot@anthropic.com)"
216.73.216.80 - - [12/Jul/2025:10:45:31 -0400] "GET /629589695.html HTTP/2" 404 19511 "-" "Mozilla/5.0 AppleWebKit/537.36 (KHTML, like Gecko; compatible; ClaudeBot/1.0; +claudebot@anthropic.com)"
216.73.216.80 - - [12/Jul/2025:10:45:31 -0400] "GET /325732559.html HTTP/2" 404 19511 "-" "Mozilla/5.0 AppleWebKit/537.36 (KHTML, like Gecko; compatible; ClaudeBot/1.0; +claudebot@anthropic.com)"
207.46.13.18 - - [12/Jul/2025:10:45:31 -0400] "GET /333009741.html HTTP/2" 200 16604 "-" "Mozilla/5.0 AppleWebKit/537.36 (KHTML, like Gecko; compatible; bingbot/2.0; +http://www.bing.com/bingbot.htm) Chrome/116.0.1938.76 Safari/537.36"
216.73.216.80 - - [12/Jul/2025:10:45:31 -0400] "GET /324473191.html HTTP/2" 404 19511 "-" "Mozilla/5.0 AppleWebKit/537.36 (KHTML, like Gecko; compatible; ClaudeBot/1.0; +claudebot@anthropic.com)"
216.73.216.80 - - [12/Jul/2025:10:45:31 -0400] "GET /179297391.html HTTP/2" 404 19511 "-" "Mozilla/5.0 AppleWebKit/537.36 (KHTML, like Gecko; compatible; ClaudeBot/1.0; +claudebot@anthropic.com)"
216.73.216.80 - - [12/Jul/2025:10:45:31 -0400] "GET /310272389.html HTTP/2" 404 19511 "-" "Mozilla/5.0 AppleWebKit/537.36 (KHTML, like Gecko; compatible; ClaudeBot/1.0; +claudebot@anthropic.com)"
216.73.216.80 - - [12/Jul/2025:10:45:31 -0400] "GET /625674861.html HTTP/2" 404 19511 "-" "Mozilla/5.0 AppleWebKit/537.36 (KHTML, like Gecko; compatible; ClaudeBot/1.0; +claudebot@anthropic.com)"
51.222.253.15 - - [12/Jul/2025:10:45:34 -0400] "GET /63676325.html HTTP/2" 404 19511 "-" "Mozilla/5.0 (compatible; AhrefsBot/7.0; +http://ahrefs.com/robot/)"
207.46.13.18 - - [12/Jul/2025:10:45:46 -0400] "GET /485220723.html HTTP/2" 200 16991 "-" "Mozilla/5.0 AppleWebKit/537.36 (KHTML, like Gecko; compatible; bingbot/2.0; +http://www.bing.com/bingbot.htm) Chrome/116.0.1938.76 Safari/537.36"
157.55.39.197 - - [12/Jul/2025:10:46:04 -0400] "GET /495801931.html HTTP/2" 200 16506 "-" "Mozilla/5.0 AppleWebKit/537.36 (KHTML, like Gecko; compatible; bingbot/2.0; +http://www.bing.com/bingbot.htm) Chrome/116.0.1938.76 Safari/537.36"
157.55.39.197 - - [12/Jul/2025:10:46:04 -0400] "GET /42576829.html HTTP/2" 200 17146 "-" "Mozilla/5.0 AppleWebKit/537.36 (KHTML, like Gecko; compatible; bingbot/2.0; +http://www.bing.com/bingbot.htm) Chrome/116.0.1938.76 Safari/537.36"
23.92.177.29 - - [12/Jul/2025:10:46:12 -0400] "POST /wp-cron.php?doing_wp_cron=1752331572.6520678997039794921875 HTTP/1.1" 200 0 "-" "WordPress/6.8.1; https://alhidayamaintenance.com"
216.73.216.80 - - [12/Jul/2025:10:46:12 -0400] "GET /426919777.html HTTP/2" 404 19511 "-" "Mozilla/5.0 AppleWebKit/537.36 (KHTML, like Gecko; compatible; ClaudeBot/1.0; +claudebot@anthropic.com)"
216.73.216.80 - - [12/Jul/2025:10:46:12 -0400] "GET /677871599.html HTTP/2" 404 19513 "-" "Mozilla/5.0 AppleWebKit/537.36 (KHTML, like Gecko; compatible; ClaudeBot/1.0; +claudebot@anthropic.com)"
216.73.216.80 - - [12/Jul/2025:10:46:12 -0400] "GET /387367539.html HTTP/2" 404 19513 "-" "Mozilla/5.0 AppleWebKit/537.36 (KHTML, like Gecko; compatible; ClaudeBot/1.0; +claudebot@anthropic.com)"
