40.77.167.75 - - [12/Jul/2025:09:54:11 -0400] "GET /247788715.html HTTP/2" 200 17986 "-" "Mozilla/5.0 AppleWebKit/537.36 (KHTML, like Gecko; compatible; bingbot/2.0; +http://www.bing.com/bingbot.htm) Chrome/116.0.1938.76 Safari/537.36"
23.92.177.29 - - [12/Jul/2025:09:54:12 -0400] "POST /wp-cron.php?doing_wp_cron=1752328452.5736310482025146484375 HTTP/1.1" 200 0 "-" "WordPress/6.8.1; https://alhidayamaintenance.com"
216.73.216.80 - - [12/Jul/2025:09:54:12 -0400] "GET /254014407.html HTTP/2" 404 19511 "-" "Mozilla/5.0 AppleWebKit/537.36 (KHTML, like Gecko; compatible; ClaudeBot/1.0; +claudebot@anthropic.com)"
216.73.216.80 - - [12/Jul/2025:09:54:12 -0400] "GET /146170011.html HTTP/2" 404 19513 "-" "Mozilla/5.0 AppleWebKit/537.36 (KHTML, like Gecko; compatible; ClaudeBot/1.0; +claudebot@anthropic.com)"
216.73.216.80 - - [12/Jul/2025:09:54:12 -0400] "GET /271406705.html HTTP/2" 404 19513 "-" "Mozilla/5.0 AppleWebKit/537.36 (KHTML, like Gecko; compatible; ClaudeBot/1.0; +claudebot@anthropic.com)"
216.73.216.80 - - [12/Jul/2025:09:54:12 -0400] "GET /675146195.html HTTP/2" 404 19511 "-" "Mozilla/5.0 AppleWebKit/537.36 (KHTML, like Gecko; compatible; ClaudeBot/1.0; +claudebot@anthropic.com)"
216.73.216.80 - - [12/Jul/2025:09:54:13 -0400] "GET /608427037.html HTTP/2" 404 19511 "-" "Mozilla/5.0 AppleWebKit/537.36 (KHTML, like Gecko; compatible; ClaudeBot/1.0; +claudebot@anthropic.com)"
216.73.216.80 - - [12/Jul/2025:09:54:13 -0400] "GET /97279719.html HTTP/2" 404 19511 "-" "Mozilla/5.0 AppleWebKit/537.36 (KHTML, like Gecko; compatible; ClaudeBot/1.0; +claudebot@anthropic.com)"
216.73.216.80 - - [12/Jul/2025:09:54:13 -0400] "GET /10056143.html HTTP/2" 404 19511 "-" "Mozilla/5.0 AppleWebKit/537.36 (KHTML, like Gecko; compatible; ClaudeBot/1.0; +claudebot@anthropic.com)"
216.73.216.80 - - [12/Jul/2025:09:54:13 -0400] "GET /242747855.html HTTP/2" 404 19511 "-" "Mozilla/5.0 AppleWebKit/537.36 (KHTML, like Gecko; compatible; ClaudeBot/1.0; +claudebot@anthropic.com)"
207.46.13.125 - - [12/Jul/2025:09:54:20 -0400] "GET /575000061.html HTTP/2" 200 17049 "-" "Mozilla/5.0 AppleWebKit/537.36 (KHTML, like Gecko; compatible; bingbot/2.0; +http://www.bing.com/bingbot.htm) Chrome/116.0.1938.76 Safari/537.36"
207.46.13.125 - - [12/Jul/2025:09:54:23 -0400] "GET /426663741.html HTTP/2" 200 16983 "-" "Mozilla/5.0 AppleWebKit/537.36 (KHTML, like Gecko; compatible; bingbot/2.0; +http://www.bing.com/bingbot.htm) Chrome/116.0.1938.76 Safari/537.36"
52.167.144.170 - - [12/Jul/2025:09:54:29 -0400] "GET /544445625.html HTTP/2" 200 18250 "-" "Mozilla/5.0 AppleWebKit/537.36 (KHTML, like Gecko; compatible; bingbot/2.0; +http://www.bing.com/bingbot.htm) Chrome/116.0.1938.76 Safari/537.36"
40.77.167.38 - - [12/Jul/2025:09:54:43 -0400] "GET /90270908.shtml HTTP/2" 200 17366 "-" "Mozilla/5.0 AppleWebKit/537.36 (KHTML, like Gecko; compatible; bingbot/2.0; +http://www.bing.com/bingbot.htm) Chrome/116.0.1938.76 Safari/537.36"
52.167.144.170 - - [12/Jul/2025:09:54:45 -0400] "GET /688458373.html HTTP/2" 200 17733 "-" "Mozilla/5.0 AppleWebKit/537.36 (KHTML, like Gecko; compatible; bingbot/2.0; +http://www.bing.com/bingbot.htm) Chrome/116.0.1938.76 Safari/537.36"
157.55.39.62 - - [12/Jul/2025:09:54:50 -0400] "GET /723076957.html HTTP/2" 200 17004 "-" "Mozilla/5.0 AppleWebKit/537.36 (KHTML, like Gecko; compatible; bingbot/2.0; +http://www.bing.com/bingbot.htm) Chrome/116.0.1938.76 Safari/537.36"
216.73.216.80 - - [12/Jul/2025:09:54:53 -0400] "GET /367477559.html HTTP/2" 404 19511 "-" "Mozilla/5.0 AppleWebKit/537.36 (KHTML, like Gecko; compatible; ClaudeBot/1.0; +claudebot@anthropic.com)"
216.73.216.80 - - [12/Jul/2025:09:54:53 -0400] "GET /152529045.html HTTP/2" 404 19511 "-" "Mozilla/5.0 AppleWebKit/537.36 (KHTML, like Gecko; compatible; ClaudeBot/1.0; +claudebot@anthropic.com)"
216.73.216.80 - - [12/Jul/2025:09:54:53 -0400] "GET /620029969.html HTTP/2" 404 19511 "-" "Mozilla/5.0 AppleWebKit/537.36 (KHTML, like Gecko; compatible; ClaudeBot/1.0; +claudebot@anthropic.com)"
216.73.216.80 - - [12/Jul/2025:09:54:53 -0400] "GET /465305817.html HTTP/2" 404 19511 "-" "Mozilla/5.0 AppleWebKit/537.36 (KHTML, like Gecko; compatible; ClaudeBot/1.0; +claudebot@anthropic.com)"
216.73.216.80 - - [12/Jul/2025:09:54:54 -0400] "GET /333506567.html HTTP/2" 404 19511 "-" "Mozilla/5.0 AppleWebKit/537.36 (KHTML, like Gecko; compatible; ClaudeBot/1.0; +claudebot@anthropic.com)"
216.73.216.80 - - [12/Jul/2025:09:54:54 -0400] "GET /19313853.html HTTP/2" 404 19511 "-" "Mozilla/5.0 AppleWebKit/537.36 (KHTML, like Gecko; compatible; ClaudeBot/1.0; +claudebot@anthropic.com)"
40.77.167.75 - - [12/Jul/2025:09:54:54 -0400] "GET /635436415.html HTTP/2" 200 18068 "-" "Mozilla/5.0 AppleWebKit/537.36 (KHTML, like Gecko; compatible; bingbot/2.0; +http://www.bing.com/bingbot.htm) Chrome/116.0.1938.76 Safari/537.36"
216.73.216.80 - - [12/Jul/2025:09:54:54 -0400] "GET /123933841.html HTTP/2" 404 19511 "-" "Mozilla/5.0 AppleWebKit/537.36 (KHTML, like Gecko; compatible; ClaudeBot/1.0; +claudebot@anthropic.com)"
216.73.216.80 - - [12/Jul/2025:09:54:54 -0400] "GET /537862015.html HTTP/2" 404 19511 "-" "Mozilla/5.0 AppleWebKit/537.36 (KHTML, like Gecko; compatible; ClaudeBot/1.0; +claudebot@anthropic.com)"
52.167.144.170 - - [12/Jul/2025:09:54:59 -0400] "GET /252934361.html HTTP/2" 200 17602 "-" "Mozilla/5.0 AppleWebKit/537.36 (KHTML, like Gecko; compatible; bingbot/2.0; +http://www.bing.com/bingbot.htm) Chrome/116.0.1938.76 Safari/537.36"
207.46.13.127 - - [12/Jul/2025:09:55:08 -0400] "GET /504020668.shtml HTTP/2" 200 17291 "-" "Mozilla/5.0 AppleWebKit/537.36 (KHTML, like Gecko; compatible; bingbot/2.0; +http://www.bing.com/bingbot.htm) Chrome/116.0.1938.76 Safari/537.36"
207.46.13.125 - - [12/Jul/2025:09:55:19 -0400] "GET /211804283.html HTTP/2" 200 16626 "-" "Mozilla/5.0 AppleWebKit/537.36 (KHTML, like Gecko; compatible; bingbot/2.0; +http://www.bing.com/bingbot.htm) Chrome/116.0.1938.76 Safari/537.36"
207.46.13.127 - - [12/Jul/2025:09:55:20 -0400] "GET /654942396.shtml HTTP/2" 200 17095 "-" "Mozilla/5.0 AppleWebKit/537.36 (KHTML, like Gecko; compatible; bingbot/2.0; +http://www.bing.com/bingbot.htm) Chrome/116.0.1938.76 Safari/537.36"
52.167.144.170 - - [12/Jul/2025:09:55:25 -0400] "GET /90561073.html HTTP/2" 200 18071 "-" "Mozilla/5.0 AppleWebKit/537.36 (KHTML, like Gecko; compatible; bingbot/2.0; +http://www.bing.com/bingbot.htm) Chrome/116.0.1938.76 Safari/537.36"
207.46.13.125 - - [12/Jul/2025:09:55:29 -0400] "GET /538406515.html HTTP/2" 200 17422 "-" "Mozilla/5.0 AppleWebKit/537.36 (KHTML, like Gecko; compatible; bingbot/2.0; +http://www.bing.com/bingbot.htm) Chrome/116.0.1938.76 Safari/537.36"
207.46.13.125 - - [12/Jul/2025:09:55:30 -0400] "GET /245918539.html HTTP/2" 200 17018 "-" "Mozilla/5.0 AppleWebKit/537.36 (KHTML, like Gecko; compatible; bingbot/2.0; +http://www.bing.com/bingbot.htm) Chrome/116.0.1938.76 Safari/537.36"
40.77.167.38 - - [12/Jul/2025:09:55:44 -0400] "GET /743940028.shtml HTTP/2" 200 17320 "-" "Mozilla/5.0 AppleWebKit/537.36 (KHTML, like Gecko; compatible; bingbot/2.0; +http://www.bing.com/bingbot.htm) Chrome/116.0.1938.76 Safari/537.36"
23.92.177.29 - - [12/Jul/2025:09:55:46 -0400] "POST /wp-cron.php?doing_wp_cron=1752328546.2591331005096435546875 HTTP/1.1" 200 0 "-" "WordPress/6.8.1; https://alhidayamaintenance.com"
216.73.216.80 - - [12/Jul/2025:09:55:46 -0400] "GET /612239021.html HTTP/2" 404 19511 "-" "Mozilla/5.0 AppleWebKit/537.36 (KHTML, like Gecko; compatible; ClaudeBot/1.0; +claudebot@anthropic.com)"
216.73.216.80 - - [12/Jul/2025:09:55:46 -0400] "GET /374629869.html HTTP/2" 404 19511 "-" "Mozilla/5.0 AppleWebKit/537.36 (KHTML, like Gecko; compatible; ClaudeBot/1.0; +claudebot@anthropic.com)"
216.73.216.80 - - [12/Jul/2025:09:55:46 -0400] "GET /538853731.html HTTP/2" 404 19511 "-" "Mozilla/5.0 AppleWebKit/537.36 (KHTML, like Gecko; compatible; ClaudeBot/1.0; +claudebot@anthropic.com)"
216.73.216.80 - - [12/Jul/2025:09:55:46 -0400] "GET /512571079.html HTTP/2" 404 19511 "-" "Mozilla/5.0 AppleWebKit/537.36 (KHTML, like Gecko; compatible; ClaudeBot/1.0; +claudebot@anthropic.com)"
216.73.216.80 - - [12/Jul/2025:09:55:46 -0400] "GET /399802709.html HTTP/2" 404 19511 "-" "Mozilla/5.0 AppleWebKit/537.36 (KHTML, like Gecko; compatible; ClaudeBot/1.0; +claudebot@anthropic.com)"
216.73.216.80 - - [12/Jul/2025:09:55:46 -0400] "GET /34016079.html HTTP/2" 404 19511 "-" "Mozilla/5.0 AppleWebKit/537.36 (KHTML, like Gecko; compatible; ClaudeBot/1.0; +claudebot@anthropic.com)"
216.73.216.80 - - [12/Jul/2025:09:55:47 -0400] "GET /462109481.html HTTP/2" 404 19511 "-" "Mozilla/5.0 AppleWebKit/537.36 (KHTML, like Gecko; compatible; ClaudeBot/1.0; +claudebot@anthropic.com)"
216.73.216.80 - - [12/Jul/2025:09:55:47 -0400] "GET /208238171.html HTTP/2" 404 19511 "-" "Mozilla/5.0 AppleWebKit/537.36 (KHTML, like Gecko; compatible; ClaudeBot/1.0; +claudebot@anthropic.com)"
157.55.39.62 - - [12/Jul/2025:09:55:51 -0400] "GET /320582557.html HTTP/2" 200 16758 "-" "Mozilla/5.0 AppleWebKit/537.36 (KHTML, like Gecko; compatible; bingbot/2.0; +http://www.bing.com/bingbot.htm) Chrome/116.0.1938.76 Safari/537.36"
52.167.144.170 - - [12/Jul/2025:09:55:56 -0400] "GET /510927415.html HTTP/2" 200 18068 "-" "Mozilla/5.0 AppleWebKit/537.36 (KHTML, like Gecko; compatible; bingbot/2.0; +http://www.bing.com/bingbot.htm) Chrome/116.0.1938.76 Safari/537.36"
40.77.167.25 - - [12/Jul/2025:09:56:04 -0400] "GET /386153148.shtml HTTP/2" 200 18157 "-" "Mozilla/5.0 AppleWebKit/537.36 (KHTML, like Gecko; compatible; bingbot/2.0; +http://www.bing.com/bingbot.htm) Chrome/116.0.1938.76 Safari/537.36"
40.77.167.75 - - [12/Jul/2025:09:56:04 -0400] "GET /320018697.html HTTP/2" 200 16731 "-" "Mozilla/5.0 AppleWebKit/537.36 (KHTML, like Gecko; compatible; bingbot/2.0; +http://www.bing.com/bingbot.htm) Chrome/116.0.1938.76 Safari/537.36"
40.77.167.38 - - [12/Jul/2025:09:56:09 -0400] "GET /723299516.shtml HTTP/2" 200 17141 "-" "Mozilla/5.0 AppleWebKit/537.36 (KHTML, like Gecko; compatible; bingbot/2.0; +http://www.bing.com/bingbot.htm) Chrome/116.0.1938.76 Safari/537.36"
40.77.167.38 - - [12/Jul/2025:09:56:10 -0400] "GET /198406076.shtml HTTP/2" 200 16854 "-" "Mozilla/5.0 AppleWebKit/537.36 (KHTML, like Gecko; compatible; bingbot/2.0; +http://www.bing.com/bingbot.htm) Chrome/116.0.1938.76 Safari/537.36"
40.77.167.38 - - [12/Jul/2025:09:56:10 -0400] "GET /557512892.shtml HTTP/2" 200 17461 "-" "Mozilla/5.0 AppleWebKit/537.36 (KHTML, like Gecko; compatible; bingbot/2.0; +http://www.bing.com/bingbot.htm) Chrome/116.0.1938.76 Safari/537.36"
40.77.167.75 - - [12/Jul/2025:09:56:10 -0400] "GET /654900959.html HTTP/2" 200 17622 "-" "Mozilla/5.0 AppleWebKit/537.36 (KHTML, like Gecko; compatible; bingbot/2.0; +http://www.bing.com/bingbot.htm) Chrome/116.0.1938.76 Safari/537.36"
23.92.177.29 - - [12/Jul/2025:09:56:21 -0400] "POST /wp-cron.php?doing_wp_cron=1752328581.2297539710998535156250 HTTP/1.1" 200 0 "-" "WordPress/6.8.1; https://alhidayamaintenance.com"
216.73.216.80 - - [12/Jul/2025:09:56:21 -0400] "GET /700457701.html HTTP/2" 404 19511 "-" "Mozilla/5.0 AppleWebKit/537.36 (KHTML, like Gecko; compatible; ClaudeBot/1.0; +claudebot@anthropic.com)"
216.73.216.80 - - [12/Jul/2025:09:56:21 -0400] "GET /489019397.html HTTP/2" 404 19511 "-" "Mozilla/5.0 AppleWebKit/537.36 (KHTML, like Gecko; compatible; ClaudeBot/1.0; +claudebot@anthropic.com)"
216.73.216.80 - - [12/Jul/2025:09:56:21 -0400] "GET /655306309.html HTTP/2" 404 19511 "-" "Mozilla/5.0 AppleWebKit/537.36 (KHTML, like Gecko; compatible; ClaudeBot/1.0; +claudebot@anthropic.com)"
216.73.216.80 - - [12/Jul/2025:09:56:21 -0400] "GET /491254509.html HTTP/2" 404 19511 "-" "Mozilla/5.0 AppleWebKit/537.36 (KHTML, like Gecko; compatible; ClaudeBot/1.0; +claudebot@anthropic.com)"
216.73.216.80 - - [12/Jul/2025:09:56:21 -0400] "GET /670123969.html HTTP/2" 404 19511 "-" "Mozilla/5.0 AppleWebKit/537.36 (KHTML, like Gecko; compatible; ClaudeBot/1.0; +claudebot@anthropic.com)"
216.73.216.80 - - [12/Jul/2025:09:56:21 -0400] "GET /84358129.html HTTP/2" 404 19511 "-" "Mozilla/5.0 AppleWebKit/537.36 (KHTML, like Gecko; compatible; ClaudeBot/1.0; +claudebot@anthropic.com)"
216.73.216.80 - - [12/Jul/2025:09:56:22 -0400] "GET /322602531.html HTTP/2" 404 19511 "-" "Mozilla/5.0 AppleWebKit/537.36 (KHTML, like Gecko; compatible; ClaudeBot/1.0; +claudebot@anthropic.com)"
216.73.216.80 - - [12/Jul/2025:09:56:22 -0400] "GET /289956247.html HTTP/2" 404 19511 "-" "Mozilla/5.0 AppleWebKit/537.36 (KHTML, like Gecko; compatible; ClaudeBot/1.0; +claudebot@anthropic.com)"
207.46.13.127 - - [12/Jul/2025:09:56:39 -0400] "GET /367141564.shtml HTTP/2" 200 16536 "-" "Mozilla/5.0 AppleWebKit/537.36 (KHTML, like Gecko; compatible; bingbot/2.0; +http://www.bing.com/bingbot.htm) Chrome/116.0.1938.76 Safari/537.36"
40.77.167.38 - - [12/Jul/2025:09:56:44 -0400] "GET /329065660.shtml HTTP/2" 200 17128 "-" "Mozilla/5.0 AppleWebKit/537.36 (KHTML, like Gecko; compatible; bingbot/2.0; +http://www.bing.com/bingbot.htm) Chrome/116.0.1938.76 Safari/537.36"
51.222.253.16 - - [12/Jul/2025:09:56:50 -0400] "GET /50887351.html HTTP/2" 404 19511 "-" "Mozilla/5.0 (compatible; AhrefsBot/7.0; +http://ahrefs.com/robot/)"
52.167.144.170 - - [12/Jul/2025:09:56:55 -0400] "GET /131548371.html HTTP/2" 200 17323 "-" "Mozilla/5.0 AppleWebKit/537.36 (KHTML, like Gecko; compatible; bingbot/2.0; +http://www.bing.com/bingbot.htm) Chrome/116.0.1938.76 Safari/537.36"
216.73.216.80 - - [12/Jul/2025:09:56:56 -0400] "GET /633354247.html HTTP/2" 404 19512 "-" "Mozilla/5.0 AppleWebKit/537.36 (KHTML, like Gecko; compatible; ClaudeBot/1.0; +claudebot@anthropic.com)"
216.73.216.80 - - [12/Jul/2025:09:56:56 -0400] "GET /575100733.html HTTP/2" 404 19512 "-" "Mozilla/5.0 AppleWebKit/537.36 (KHTML, like Gecko; compatible; ClaudeBot/1.0; +claudebot@anthropic.com)"
216.73.216.80 - - [12/Jul/2025:09:56:56 -0400] "GET /715069661.html HTTP/2" 404 19512 "-" "Mozilla/5.0 AppleWebKit/537.36 (KHTML, like Gecko; compatible; ClaudeBot/1.0; +claudebot@anthropic.com)"
216.73.216.80 - - [12/Jul/2025:09:56:56 -0400] "GET /658725527.html HTTP/2" 404 19512 "-" "Mozilla/5.0 AppleWebKit/537.36 (KHTML, like Gecko; compatible; ClaudeBot/1.0; +claudebot@anthropic.com)"
216.73.216.80 - - [12/Jul/2025:09:56:56 -0400] "GET /658721171.html HTTP/2" 404 19512 "-" "Mozilla/5.0 AppleWebKit/537.36 (KHTML, like Gecko; compatible; ClaudeBot/1.0; +claudebot@anthropic.com)"
216.73.216.80 - - [12/Jul/2025:09:56:56 -0400] "GET /732033135.html HTTP/2" 404 19512 "-" "Mozilla/5.0 AppleWebKit/537.36 (KHTML, like Gecko; compatible; ClaudeBot/1.0; +claudebot@anthropic.com)"
216.73.216.80 - - [12/Jul/2025:09:56:57 -0400] "GET /61415319.html HTTP/2" 404 19512 "-" "Mozilla/5.0 AppleWebKit/537.36 (KHTML, like Gecko; compatible; ClaudeBot/1.0; +claudebot@anthropic.com)"
216.73.216.80 - - [12/Jul/2025:09:56:57 -0400] "GET /232670975.html HTTP/2" 404 19512 "-" "Mozilla/5.0 AppleWebKit/537.36 (KHTML, like Gecko; compatible; ClaudeBot/1.0; +claudebot@anthropic.com)"
23.92.177.29 - - [12/Jul/2025:09:56:59 -0400] "POST /wp-cron.php?doing_wp_cron=1752328619.5315420627593994140625 HTTP/1.1" 200 0 "-" "WordPress/6.8.1; https://alhidayamaintenance.com"
57.141.4.10 - - [12/Jul/2025:09:56:59 -0400] "GET /467407345.html HTTP/2" 404 72880 "-" "meta-externalagent/1.1 (+https://developers.facebook.com/docs/sharing/webmasters/crawler)"
57.141.4.1 - - [12/Jul/2025:09:56:59 -0400] "GET /87591249.html HTTP/2" 404 72880 "-" "meta-externalagent/1.1 (+https://developers.facebook.com/docs/sharing/webmasters/crawler)"
207.46.13.125 - - [12/Jul/2025:09:57:11 -0400] "GET /86555247.html HTTP/2" 200 17055 "-" "Mozilla/5.0 AppleWebKit/537.36 (KHTML, like Gecko; compatible; bingbot/2.0; +http://www.bing.com/bingbot.htm) Chrome/116.0.1938.76 Safari/537.36"
52.167.144.170 - - [12/Jul/2025:09:57:15 -0400] "GET /152783387.html HTTP/2" 200 18038 "-" "Mozilla/5.0 AppleWebKit/537.36 (KHTML, like Gecko; compatible; bingbot/2.0; +http://www.bing.com/bingbot.htm) Chrome/116.0.1938.76 Safari/537.36"
207.46.13.127 - - [12/Jul/2025:09:57:21 -0400] "GET /pcmypage?callback=product%2Fdetail%2FEBKYA173286240 HTTP/2" 200 16785 "-" "Mozilla/5.0 AppleWebKit/537.36 (KHTML, like Gecko; compatible; bingbot/2.0; +http://www.bing.com/bingbot.htm) Chrome/116.0.1938.76 Safari/537.36"
207.46.13.127 - - [12/Jul/2025:09:57:21 -0400] "GET /product/edit/OCXQ267072020 HTTP/2" 200 17714 "-" "Mozilla/5.0 AppleWebKit/537.36 (KHTML, like Gecko; compatible; bingbot/2.0; +http://www.bing.com/bingbot.htm) Chrome/116.0.1938.76 Safari/537.36"
23.92.177.29 - - [12/Jul/2025:09:57:23 -0400] "POST /wp-cron.php?doing_wp_cron=1752328643.8732240200042724609375 HTTP/1.1" 200 0 "-" "WordPress/6.8.1; https://alhidayamaintenance.com"
57.141.4.14 - - [12/Jul/2025:09:57:23 -0400] "GET /71948369.html HTTP/2" 404 72880 "-" "meta-externalagent/1.1 (+https://developers.facebook.com/docs/sharing/webmasters/crawler)"
40.77.167.75 - - [12/Jul/2025:09:57:31 -0400] "GET /216180611.html HTTP/2" 200 17217 "-" "Mozilla/5.0 AppleWebKit/537.36 (KHTML, like Gecko; compatible; bingbot/2.0; +http://www.bing.com/bingbot.htm) Chrome/116.0.1938.76 Safari/537.36"
40.77.167.75 - - [12/Jul/2025:09:57:33 -0400] "GET /646162339.html HTTP/2" 200 17309 "-" "Mozilla/5.0 AppleWebKit/537.36 (KHTML, like Gecko; compatible; bingbot/2.0; +http://www.bing.com/bingbot.htm) Chrome/116.0.1938.76 Safari/537.36"
66.249.79.236 - - [12/Jul/2025:09:57:34 -0400] "GET /robots.txt HTTP/1.1" 200 99 "-" "Mozilla/5.0 (compatible; Googlebot/2.1; +http://www.google.com/bot.html)"
66.249.79.237 - - [12/Jul/2025:09:57:34 -0400] "GET /198356827.html HTTP/1.1" 200 17304 "-" "Mozilla/5.0 (Linux; Android 6.0.1; Nexus 5X Build/MMB29P) AppleWebKit/537.36 (KHTML, like Gecko) Chrome/137.0.7151.103 Mobile Safari/537.36 (compatible; Googlebot/2.1; +http://www.google.com/bot.html)"
52.167.144.170 - - [12/Jul/2025:09:57:36 -0400] "GET /525803639.html HTTP/2" 200 17406 "-" "Mozilla/5.0 AppleWebKit/537.36 (KHTML, like Gecko; compatible; bingbot/2.0; +http://www.bing.com/bingbot.htm) Chrome/116.0.1938.76 Safari/537.36"
216.73.216.80 - - [12/Jul/2025:09:57:37 -0400] "GET /690747935.html HTTP/2" 404 19512 "-" "Mozilla/5.0 AppleWebKit/537.36 (KHTML, like Gecko; compatible; ClaudeBot/1.0; +claudebot@anthropic.com)"
216.73.216.80 - - [12/Jul/2025:09:57:37 -0400] "GET /307451637.html HTTP/2" 404 19512 "-" "Mozilla/5.0 AppleWebKit/537.36 (KHTML, like Gecko; compatible; ClaudeBot/1.0; +claudebot@anthropic.com)"
216.73.216.80 - - [12/Jul/2025:09:57:37 -0400] "GET /357780377.html HTTP/2" 404 19512 "-" "Mozilla/5.0 AppleWebKit/537.36 (KHTML, like Gecko; compatible; ClaudeBot/1.0; +claudebot@anthropic.com)"
216.73.216.80 - - [12/Jul/2025:09:57:37 -0400] "GET /572969197.html HTTP/2" 404 19512 "-" "Mozilla/5.0 AppleWebKit/537.36 (KHTML, like Gecko; compatible; ClaudeBot/1.0; +claudebot@anthropic.com)"
216.73.216.80 - - [12/Jul/2025:09:57:38 -0400] "GET /484667269.html HTTP/2" 404 19512 "-" "Mozilla/5.0 AppleWebKit/537.36 (KHTML, like Gecko; compatible; ClaudeBot/1.0; +claudebot@anthropic.com)"
216.73.216.80 - - [12/Jul/2025:09:57:38 -0400] "GET /562633861.html HTTP/2" 404 19512 "-" "Mozilla/5.0 AppleWebKit/537.36 (KHTML, like Gecko; compatible; ClaudeBot/1.0; +claudebot@anthropic.com)"
216.73.216.80 - - [12/Jul/2025:09:57:38 -0400] "GET /107894565.html HTTP/2" 404 19512 "-" "Mozilla/5.0 AppleWebKit/537.36 (KHTML, like Gecko; compatible; ClaudeBot/1.0; +claudebot@anthropic.com)"
216.73.216.80 - - [12/Jul/2025:09:57:38 -0400] "GET /70233073.html HTTP/2" 404 19512 "-" "Mozilla/5.0 AppleWebKit/537.36 (KHTML, like Gecko; compatible; ClaudeBot/1.0; +claudebot@anthropic.com)"
157.55.39.9 - - [12/Jul/2025:09:57:48 -0400] "GET /6648252.shtml HTTP/2" 200 17114 "-" "Mozilla/5.0 AppleWebKit/537.36 (KHTML, like Gecko; compatible; bingbot/2.0; +http://www.bing.com/bingbot.htm) Chrome/116.0.1938.76 Safari/537.36"
52.167.144.170 - - [12/Jul/2025:09:57:55 -0400] "GET /79745367.html HTTP/2" 200 17515 "-" "Mozilla/5.0 AppleWebKit/537.36 (KHTML, like Gecko; compatible; bingbot/2.0; +http://www.bing.com/bingbot.htm) Chrome/116.0.1938.76 Safari/537.36"
52.167.144.170 - - [12/Jul/2025:09:57:56 -0400] "GET /267602223.html HTTP/2" 200 17148 "-" "Mozilla/5.0 AppleWebKit/537.36 (KHTML, like Gecko; compatible; bingbot/2.0; +http://www.bing.com/bingbot.htm) Chrome/116.0.1938.76 Safari/537.36"
157.55.39.9 - - [12/Jul/2025:09:57:58 -0400] "GET /735431612.shtml HTTP/2" 200 17500 "-" "Mozilla/5.0 AppleWebKit/537.36 (KHTML, like Gecko; compatible; bingbot/2.0; +http://www.bing.com/bingbot.htm) Chrome/116.0.1938.76 Safari/537.36"
157.55.39.9 - - [12/Jul/2025:09:57:59 -0400] "GET /765681596.shtml HTTP/2" 200 16997 "-" "Mozilla/5.0 AppleWebKit/537.36 (KHTML, like Gecko; compatible; bingbot/2.0; +http://www.bing.com/bingbot.htm) Chrome/116.0.1938.76 Safari/537.36"
157.55.39.9 - - [12/Jul/2025:09:58:00 -0400] "GET /650214588.shtml HTTP/2" 200 17056 "-" "Mozilla/5.0 AppleWebKit/537.36 (KHTML, like Gecko; compatible; bingbot/2.0; +http://www.bing.com/bingbot.htm) Chrome/116.0.1938.76 Safari/537.36"
40.77.167.75 - - [12/Jul/2025:09:58:05 -0400] "GET /pcmypage?callback=product/review/HBP8284306 HTTP/2" 200 16940 "-" "Mozilla/5.0 AppleWebKit/537.36 (KHTML, like Gecko; compatible; bingbot/2.0; +http://www.bing.com/bingbot.htm) Chrome/116.0.1938.76 Safari/537.36"
23.92.177.29 - - [12/Jul/2025:09:58:13 -0400] "POST /wp-cron.php?doing_wp_cron=1752328693.1351859569549560546875 HTTP/1.1" 200 0 "-" "WordPress/6.8.1; https://alhidayamaintenance.com"
216.73.216.80 - - [12/Jul/2025:09:58:12 -0400] "GET /611610547.html HTTP/2" 404 19592 "-" "Mozilla/5.0 AppleWebKit/537.36 (KHTML, like Gecko; compatible; ClaudeBot/1.0; +claudebot@anthropic.com)"
216.73.216.80 - - [12/Jul/2025:09:58:12 -0400] "GET /118321135.html HTTP/2" 404 19511 "-" "Mozilla/5.0 AppleWebKit/537.36 (KHTML, like Gecko; compatible; ClaudeBot/1.0; +claudebot@anthropic.com)"
216.73.216.80 - - [12/Jul/2025:09:58:13 -0400] "GET /296326171.html HTTP/2" 404 19511 "-" "Mozilla/5.0 AppleWebKit/537.36 (KHTML, like Gecko; compatible; ClaudeBot/1.0; +claudebot@anthropic.com)"
216.73.216.80 - - [12/Jul/2025:09:58:13 -0400] "GET /176964995.html HTTP/2" 404 19511 "-" "Mozilla/5.0 AppleWebKit/537.36 (KHTML, like Gecko; compatible; ClaudeBot/1.0; +claudebot@anthropic.com)"
216.73.216.80 - - [12/Jul/2025:09:58:13 -0400] "GET /423833067.html HTTP/2" 404 19513 "-" "Mozilla/5.0 AppleWebKit/537.36 (KHTML, like Gecko; compatible; ClaudeBot/1.0; +claudebot@anthropic.com)"
216.73.216.80 - - [12/Jul/2025:09:58:13 -0400] "GET /261593605.html HTTP/2" 404 19511 "-" "Mozilla/5.0 AppleWebKit/537.36 (KHTML, like Gecko; compatible; ClaudeBot/1.0; +claudebot@anthropic.com)"
216.73.216.80 - - [12/Jul/2025:09:58:13 -0400] "GET /386286767.html HTTP/2" 404 19511 "-" "Mozilla/5.0 AppleWebKit/537.36 (KHTML, like Gecko; compatible; ClaudeBot/1.0; +claudebot@anthropic.com)"
216.73.216.80 - - [12/Jul/2025:09:58:14 -0400] "GET /479680375.html HTTP/2" 404 19511 "-" "Mozilla/5.0 AppleWebKit/537.36 (KHTML, like Gecko; compatible; ClaudeBot/1.0; +claudebot@anthropic.com)"
40.77.167.25 - - [12/Jul/2025:09:58:15 -0400] "GET /164918204.shtml HTTP/2" 200 17049 "-" "Mozilla/5.0 AppleWebKit/537.36 (KHTML, like Gecko; compatible; bingbot/2.0; +http://www.bing.com/bingbot.htm) Chrome/116.0.1938.76 Safari/537.36"
52.167.144.170 - - [12/Jul/2025:09:58:15 -0400] "GET /158527741.html HTTP/2" 200 17491 "-" "Mozilla/5.0 AppleWebKit/537.36 (KHTML, like Gecko; compatible; bingbot/2.0; +http://www.bing.com/bingbot.htm) Chrome/116.0.1938.76 Safari/537.36"
52.167.144.170 - - [12/Jul/2025:09:58:15 -0400] "GET /652650601.html HTTP/2" 200 17365 "-" "Mozilla/5.0 AppleWebKit/537.36 (KHTML, like Gecko; compatible; bingbot/2.0; +http://www.bing.com/bingbot.htm) Chrome/116.0.1938.76 Safari/537.36"
40.77.167.25 - - [12/Jul/2025:09:58:25 -0400] "GET /692374460.shtml HTTP/2" 200 16985 "-" "Mozilla/5.0 AppleWebKit/537.36 (KHTML, like Gecko; compatible; bingbot/2.0; +http://www.bing.com/bingbot.htm) Chrome/116.0.1938.76 Safari/537.36"
40.77.167.25 - - [12/Jul/2025:09:58:35 -0400] "GET /safe_search/config?return_url=%2Fproduct%2Fdetail%2FTQDM18016066 HTTP/2" 200 17428 "-" "Mozilla/5.0 AppleWebKit/537.36 (KHTML, like Gecko; compatible; bingbot/2.0; +http://www.bing.com/bingbot.htm) Chrome/116.0.1938.76 Safari/537.36"
40.77.167.25 - - [12/Jul/2025:09:58:36 -0400] "GET /154784444.shtml HTTP/2" 200 17034 "-" "Mozilla/5.0 AppleWebKit/537.36 (KHTML, like Gecko; compatible; bingbot/2.0; +http://www.bing.com/bingbot.htm) Chrome/116.0.1938.76 Safari/537.36"
157.55.39.9 - - [12/Jul/2025:09:58:39 -0400] "GET /486775228.shtml HTTP/2" 200 16508 "-" "Mozilla/5.0 AppleWebKit/537.36 (KHTML, like Gecko; compatible; bingbot/2.0; +http://www.bing.com/bingbot.htm) Chrome/116.0.1938.76 Safari/537.36"
57.141.4.1 - - [12/Jul/2025:09:58:40 -0400] "GET /332171695.html HTTP/2" 404 72880 "-" "meta-externalagent/1.1 (+https://developers.facebook.com/docs/sharing/webmasters/crawler)"
40.77.167.38 - - [12/Jul/2025:09:58:45 -0400] "GET /65328316.shtml HTTP/2" 200 17181 "-" "Mozilla/5.0 AppleWebKit/537.36 (KHTML, like Gecko; compatible; bingbot/2.0; +http://www.bing.com/bingbot.htm) Chrome/116.0.1938.76 Safari/537.36"
216.73.216.80 - - [12/Jul/2025:09:58:47 -0400] "GET /573324211.html HTTP/2" 404 19512 "-" "Mozilla/5.0 AppleWebKit/537.36 (KHTML, like Gecko; compatible; ClaudeBot/1.0; +claudebot@anthropic.com)"
216.73.216.80 - - [12/Jul/2025:09:58:47 -0400] "GET /400183617.html HTTP/2" 404 19512 "-" "Mozilla/5.0 AppleWebKit/537.36 (KHTML, like Gecko; compatible; ClaudeBot/1.0; +claudebot@anthropic.com)"
216.73.216.80 - - [12/Jul/2025:09:58:47 -0400] "GET /27160219.html HTTP/2" 404 19512 "-" "Mozilla/5.0 AppleWebKit/537.36 (KHTML, like Gecko; compatible; ClaudeBot/1.0; +claudebot@anthropic.com)"
216.73.216.80 - - [12/Jul/2025:09:58:47 -0400] "GET /251834471.html HTTP/2" 404 19512 "-" "Mozilla/5.0 AppleWebKit/537.36 (KHTML, like Gecko; compatible; ClaudeBot/1.0; +claudebot@anthropic.com)"
216.73.216.80 - - [12/Jul/2025:09:58:47 -0400] "GET /41534535.html HTTP/2" 404 19512 "-" "Mozilla/5.0 AppleWebKit/537.36 (KHTML, like Gecko; compatible; ClaudeBot/1.0; +claudebot@anthropic.com)"
216.73.216.80 - - [12/Jul/2025:09:58:48 -0400] "GET /60881709.html HTTP/2" 404 19512 "-" "Mozilla/5.0 AppleWebKit/537.36 (KHTML, like Gecko; compatible; ClaudeBot/1.0; +claudebot@anthropic.com)"
216.73.216.80 - - [12/Jul/2025:09:58:48 -0400] "GET /569168103.html HTTP/2" 404 19512 "-" "Mozilla/5.0 AppleWebKit/537.36 (KHTML, like Gecko; compatible; ClaudeBot/1.0; +claudebot@anthropic.com)"
216.73.216.80 - - [12/Jul/2025:09:58:48 -0400] "GET /50967453.html HTTP/2" 404 19512 "-" "Mozilla/5.0 AppleWebKit/537.36 (KHTML, like Gecko; compatible; ClaudeBot/1.0; +claudebot@anthropic.com)"
40.77.167.25 - - [12/Jul/2025:09:58:50 -0400] "GET /43331004.shtml HTTP/2" 200 17943 "-" "Mozilla/5.0 AppleWebKit/537.36 (KHTML, like Gecko; compatible; bingbot/2.0; +http://www.bing.com/bingbot.htm) Chrome/116.0.1938.76 Safari/537.36"
157.55.39.9 - - [12/Jul/2025:09:59:10 -0400] "GET /754918588.shtml HTTP/2" 200 17304 "-" "Mozilla/5.0 AppleWebKit/537.36 (KHTML, like Gecko; compatible; bingbot/2.0; +http://www.bing.com/bingbot.htm) Chrome/116.0.1938.76 Safari/537.36"
52.167.144.156 - - [12/Jul/2025:09:59:12 -0400] "GET /732241739.html HTTP/2" 200 17778 "-" "Mozilla/5.0 AppleWebKit/537.36 (KHTML, like Gecko; compatible; bingbot/2.0; +http://www.bing.com/bingbot.htm) Chrome/116.0.1938.76 Safari/537.36"
40.77.167.38 - - [12/Jul/2025:09:59:15 -0400] "GET /745368764.shtml HTTP/2" 200 17532 "-" "Mozilla/5.0 AppleWebKit/537.36 (KHTML, like Gecko; compatible; bingbot/2.0; +http://www.bing.com/bingbot.htm) Chrome/116.0.1938.76 Safari/537.36"
57.141.4.9 - - [12/Jul/2025:09:59:23 -0400] "GET /sitemap-8.xml HTTP/2" 200 363078 "-" "meta-externalagent/1.1 (+https://developers.facebook.com/docs/sharing/webmasters/crawler)"
157.55.39.9 - - [12/Jul/2025:09:59:31 -0400] "GET /595272380.shtml HTTP/2" 200 17526 "-" "Mozilla/5.0 AppleWebKit/537.36 (KHTML, like Gecko; compatible; bingbot/2.0; +http://www.bing.com/bingbot.htm) Chrome/116.0.1938.76 Safari/537.36"
157.55.39.9 - - [12/Jul/2025:09:59:32 -0400] "GET /425279164.shtml HTTP/2" 200 17358 "-" "Mozilla/5.0 AppleWebKit/537.36 (KHTML, like Gecko; compatible; bingbot/2.0; +http://www.bing.com/bingbot.htm) Chrome/116.0.1938.76 Safari/537.36"
23.92.177.29 - - [12/Jul/2025:09:59:40 -0400] "POST /wp-cron.php?doing_wp_cron=1752328780.1411581039428710937500 HTTP/1.1" 200 0 "-" "WordPress/6.8.1; https://alhidayamaintenance.com"
216.73.216.80 - - [12/Jul/2025:09:59:40 -0400] "GET /688387951.html HTTP/2" 404 19511 "-" "Mozilla/5.0 AppleWebKit/537.36 (KHTML, like Gecko; compatible; ClaudeBot/1.0; +claudebot@anthropic.com)"
216.73.216.80 - - [12/Jul/2025:09:59:40 -0400] "GET /311235791.html HTTP/2" 404 19511 "-" "Mozilla/5.0 AppleWebKit/537.36 (KHTML, like Gecko; compatible; ClaudeBot/1.0; +claudebot@anthropic.com)"
216.73.216.80 - - [12/Jul/2025:09:59:40 -0400] "GET /15732253.html HTTP/2" 404 19512 "-" "Mozilla/5.0 AppleWebKit/537.36 (KHTML, like Gecko; compatible; ClaudeBot/1.0; +claudebot@anthropic.com)"
216.73.216.80 - - [12/Jul/2025:09:59:40 -0400] "GET /56506107.html HTTP/2" 404 19511 "-" "Mozilla/5.0 AppleWebKit/537.36 (KHTML, like Gecko; compatible; ClaudeBot/1.0; +claudebot@anthropic.com)"
216.73.216.80 - - [12/Jul/2025:09:59:40 -0400] "GET /219522389.html HTTP/2" 404 19511 "-" "Mozilla/5.0 AppleWebKit/537.36 (KHTML, like Gecko; compatible; ClaudeBot/1.0; +claudebot@anthropic.com)"
216.73.216.80 - - [12/Jul/2025:09:59:40 -0400] "GET /165567279.html HTTP/2" 404 19511 "-" "Mozilla/5.0 AppleWebKit/537.36 (KHTML, like Gecko; compatible; ClaudeBot/1.0; +claudebot@anthropic.com)"
216.73.216.80 - - [12/Jul/2025:09:59:41 -0400] "GET /403250483.html HTTP/2" 404 19511 "-" "Mozilla/5.0 AppleWebKit/537.36 (KHTML, like Gecko; compatible; ClaudeBot/1.0; +claudebot@anthropic.com)"
216.73.216.80 - - [12/Jul/2025:09:59:41 -0400] "GET /90019235.html HTTP/2" 404 19511 "-" "Mozilla/5.0 AppleWebKit/537.36 (KHTML, like Gecko; compatible; ClaudeBot/1.0; +claudebot@anthropic.com)"
51.222.253.15 - - [12/Jul/2025:09:59:49 -0400] "GET /51823649.html HTTP/2" 404 19513 "-" "Mozilla/5.0 (compatible; AhrefsBot/7.0; +http://ahrefs.com/robot/)"
52.167.144.156 - - [12/Jul/2025:10:00:02 -0400] "GET /257271001.html HTTP/2" 200 16614 "-" "Mozilla/5.0 AppleWebKit/537.36 (KHTML, like Gecko; compatible; bingbot/2.0; +http://www.bing.com/bingbot.htm) Chrome/116.0.1938.76 Safari/537.36"
40.77.167.159 - - [12/Jul/2025:10:00:15 -0400] "GET /537822327.html HTTP/2" 200 17120 "-" "Mozilla/5.0 AppleWebKit/537.36 (KHTML, like Gecko; compatible; bingbot/2.0; +http://www.bing.com/bingbot.htm) Chrome/116.0.1938.76 Safari/537.36"
23.92.177.29 - - [12/Jul/2025:10:00:20 -0400] "POST /wp-cron.php?doing_wp_cron=1752328820.1779339313507080078125 HTTP/1.1" 200 0 "-" "WordPress/6.8.1; https://alhidayamaintenance.com"
216.73.216.80 - - [12/Jul/2025:10:00:20 -0400] "GET /165242273.html HTTP/2" 404 19513 "-" "Mozilla/5.0 AppleWebKit/537.36 (KHTML, like Gecko; compatible; ClaudeBot/1.0; +claudebot@anthropic.com)"
216.73.216.80 - - [12/Jul/2025:10:00:20 -0400] "GET /283321333.html HTTP/2" 404 19511 "-" "Mozilla/5.0 AppleWebKit/537.36 (KHTML, like Gecko; compatible; ClaudeBot/1.0; +claudebot@anthropic.com)"
216.73.216.80 - - [12/Jul/2025:10:00:20 -0400] "GET /641253369.html HTTP/2" 404 19511 "-" "Mozilla/5.0 AppleWebKit/537.36 (KHTML, like Gecko; compatible; ClaudeBot/1.0; +claudebot@anthropic.com)"
216.73.216.80 - - [12/Jul/2025:10:00:20 -0400] "GET /650967975.html HTTP/2" 404 19511 "-" "Mozilla/5.0 AppleWebKit/537.36 (KHTML, like Gecko; compatible; ClaudeBot/1.0; +claudebot@anthropic.com)"
216.73.216.80 - - [12/Jul/2025:10:00:20 -0400] "GET /680098241.html HTTP/2" 404 19592 "-" "Mozilla/5.0 AppleWebKit/537.36 (KHTML, like Gecko; compatible; ClaudeBot/1.0; +claudebot@anthropic.com)"
216.73.216.80 - - [12/Jul/2025:10:00:20 -0400] "GET /726096391.html HTTP/2" 404 19511 "-" "Mozilla/5.0 AppleWebKit/537.36 (KHTML, like Gecko; compatible; ClaudeBot/1.0; +claudebot@anthropic.com)"
216.73.216.80 - - [12/Jul/2025:10:00:20 -0400] "GET /337904675.html HTTP/2" 404 19511 "-" "Mozilla/5.0 AppleWebKit/537.36 (KHTML, like Gecko; compatible; ClaudeBot/1.0; +claudebot@anthropic.com)"
216.73.216.80 - - [12/Jul/2025:10:00:21 -0400] "GET /623963679.html HTTP/2" 404 19511 "-" "Mozilla/5.0 AppleWebKit/537.36 (KHTML, like Gecko; compatible; ClaudeBot/1.0; +claudebot@anthropic.com)"
40.77.167.159 - - [12/Jul/2025:10:00:35 -0400] "GET /336689109.html HTTP/2" 200 17317 "-" "Mozilla/5.0 AppleWebKit/537.36 (KHTML, like Gecko; compatible; bingbot/2.0; +http://www.bing.com/bingbot.htm) Chrome/116.0.1938.76 Safari/537.36"
40.77.167.159 - - [12/Jul/2025:10:00:36 -0400] "GET /462154977.html HTTP/2" 200 16453 "-" "Mozilla/5.0 AppleWebKit/537.36 (KHTML, like Gecko; compatible; bingbot/2.0; +http://www.bing.com/bingbot.htm) Chrome/116.0.1938.76 Safari/537.36"
157.55.39.58 - - [12/Jul/2025:10:00:41 -0400] "GET /220694637.html HTTP/2" 200 17009 "-" "Mozilla/5.0 AppleWebKit/537.36 (KHTML, like Gecko; compatible; bingbot/2.0; +http://www.bing.com/bingbot.htm) Chrome/116.0.1938.76 Safari/537.36"
216.73.216.80 - - [12/Jul/2025:10:00:49 -0400] "GET /613246467.html HTTP/2" 404 19511 "-" "Mozilla/5.0 AppleWebKit/537.36 (KHTML, like Gecko; compatible; ClaudeBot/1.0; +claudebot@anthropic.com)"
216.73.216.80 - - [12/Jul/2025:10:00:49 -0400] "GET /631869335.html HTTP/2" 404 19511 "-" "Mozilla/5.0 AppleWebKit/537.36 (KHTML, like Gecko; compatible; ClaudeBot/1.0; +claudebot@anthropic.com)"
216.73.216.80 - - [12/Jul/2025:10:00:49 -0400] "GET /555658211.html HTTP/2" 404 19511 "-" "Mozilla/5.0 AppleWebKit/537.36 (KHTML, like Gecko; compatible; ClaudeBot/1.0; +claudebot@anthropic.com)"
216.73.216.80 - - [12/Jul/2025:10:00:50 -0400] "GET /503716541.html HTTP/2" 404 19511 "-" "Mozilla/5.0 AppleWebKit/537.36 (KHTML, like Gecko; compatible; ClaudeBot/1.0; +claudebot@anthropic.com)"
216.73.216.80 - - [12/Jul/2025:10:00:50 -0400] "GET /49072835.html HTTP/2" 404 19511 "-" "Mozilla/5.0 AppleWebKit/537.36 (KHTML, like Gecko; compatible; ClaudeBot/1.0; +claudebot@anthropic.com)"
216.73.216.80 - - [12/Jul/2025:10:00:50 -0400] "GET /632686327.html HTTP/2" 404 19511 "-" "Mozilla/5.0 AppleWebKit/537.36 (KHTML, like Gecko; compatible; ClaudeBot/1.0; +claudebot@anthropic.com)"
216.73.216.80 - - [12/Jul/2025:10:00:50 -0400] "GET /49244897.html HTTP/2" 404 19511 "-" "Mozilla/5.0 AppleWebKit/537.36 (KHTML, like Gecko; compatible; ClaudeBot/1.0; +claudebot@anthropic.com)"
216.73.216.80 - - [12/Jul/2025:10:00:50 -0400] "GET /188349885.html HTTP/2" 404 19513 "-" "Mozilla/5.0 AppleWebKit/537.36 (KHTML, like Gecko; compatible; ClaudeBot/1.0; +claudebot@anthropic.com)"
52.167.144.232 - - [12/Jul/2025:10:00:51 -0400] "GET /565413052.shtml HTTP/2" 200 17601 "-" "Mozilla/5.0 AppleWebKit/537.36 (KHTML, like Gecko; compatible; bingbot/2.0; +http://www.bing.com/bingbot.htm) Chrome/116.0.1938.76 Safari/537.36"
157.55.39.9 - - [12/Jul/2025:10:01:01 -0400] "GET /301421500.shtml HTTP/2" 200 17206 "-" "Mozilla/5.0 AppleWebKit/537.36 (KHTML, like Gecko; compatible; bingbot/2.0; +http://www.bing.com/bingbot.htm) Chrome/116.0.1938.76 Safari/537.36"
52.167.144.232 - - [12/Jul/2025:10:01:22 -0400] "GET /product/edit/YXJ173156051 HTTP/2" 200 16793 "-" "Mozilla/5.0 AppleWebKit/537.36 (KHTML, like Gecko; compatible; bingbot/2.0; +http://www.bing.com/bingbot.htm) Chrome/116.0.1938.76 Safari/537.36"
52.167.144.156 - - [12/Jul/2025:10:01:33 -0400] "GET /36663801.html HTTP/2" 200 17142 "-" "Mozilla/5.0 AppleWebKit/537.36 (KHTML, like Gecko; compatible; bingbot/2.0; +http://www.bing.com/bingbot.htm) Chrome/116.0.1938.76 Safari/537.36"
52.167.144.156 - - [12/Jul/2025:10:01:34 -0400] "GET /536195603.html HTTP/2" 200 16898 "-" "Mozilla/5.0 AppleWebKit/537.36 (KHTML, like Gecko; compatible; bingbot/2.0; +http://www.bing.com/bingbot.htm) Chrome/116.0.1938.76 Safari/537.36"
207.46.13.130 - - [12/Jul/2025:10:01:41 -0400] "GET /348698117.html HTTP/2" 200 17565 "-" "Mozilla/5.0 AppleWebKit/537.36 (KHTML, like Gecko; compatible; bingbot/2.0; +http://www.bing.com/bingbot.htm) Chrome/116.0.1938.76 Safari/537.36"
23.92.177.29 - - [12/Jul/2025:10:01:43 -0400] "POST /wp-cron.php?doing_wp_cron=1752328903.2465589046478271484375 HTTP/1.1" 200 0 "-" "WordPress/6.8.1; https://alhidayamaintenance.com"
216.73.216.80 - - [12/Jul/2025:10:01:43 -0400] "GET /707680433.html HTTP/2" 404 19511 "-" "Mozilla/5.0 AppleWebKit/537.36 (KHTML, like Gecko; compatible; ClaudeBot/1.0; +claudebot@anthropic.com)"
216.73.216.80 - - [12/Jul/2025:10:01:43 -0400] "GET /91658785.html HTTP/2" 404 19511 "-" "Mozilla/5.0 AppleWebKit/537.36 (KHTML, like Gecko; compatible; ClaudeBot/1.0; +claudebot@anthropic.com)"
216.73.216.80 - - [12/Jul/2025:10:01:43 -0400] "GET /673479541.html HTTP/2" 404 19511 "-" "Mozilla/5.0 AppleWebKit/537.36 (KHTML, like Gecko; compatible; ClaudeBot/1.0; +claudebot@anthropic.com)"
216.73.216.80 - - [12/Jul/2025:10:01:43 -0400] "GET /447071843.html HTTP/2" 404 19511 "-" "Mozilla/5.0 AppleWebKit/537.36 (KHTML, like Gecko; compatible; ClaudeBot/1.0; +claudebot@anthropic.com)"
216.73.216.80 - - [12/Jul/2025:10:01:43 -0400] "GET /150591593.html HTTP/2" 404 19511 "-" "Mozilla/5.0 AppleWebKit/537.36 (KHTML, like Gecko; compatible; ClaudeBot/1.0; +claudebot@anthropic.com)"
216.73.216.80 - - [12/Jul/2025:10:01:44 -0400] "GET /683976049.html HTTP/2" 404 19511 "-" "Mozilla/5.0 AppleWebKit/537.36 (KHTML, like Gecko; compatible; ClaudeBot/1.0; +claudebot@anthropic.com)"
216.73.216.80 - - [12/Jul/2025:10:01:44 -0400] "GET /276921885.html HTTP/2" 404 19511 "-" "Mozilla/5.0 AppleWebKit/537.36 (KHTML, like Gecko; compatible; ClaudeBot/1.0; +claudebot@anthropic.com)"
216.73.216.80 - - [12/Jul/2025:10:01:44 -0400] "GET /563008719.html HTTP/2" 404 19511 "-" "Mozilla/5.0 AppleWebKit/537.36 (KHTML, like Gecko; compatible; ClaudeBot/1.0; +claudebot@anthropic.com)"
52.167.144.156 - - [12/Jul/2025:10:01:45 -0400] "GET /469798547.html HTTP/2" 200 17058 "-" "Mozilla/5.0 AppleWebKit/537.36 (KHTML, like Gecko; compatible; bingbot/2.0; +http://www.bing.com/bingbot.htm) Chrome/116.0.1938.76 Safari/537.36"
157.55.39.9 - - [12/Jul/2025:10:02:00 -0400] "GET /595952316.shtml HTTP/2" 200 16657 "-" "Mozilla/5.0 AppleWebKit/537.36 (KHTML, like Gecko; compatible; bingbot/2.0; +http://www.bing.com/bingbot.htm) Chrome/116.0.1938.76 Safari/537.36"
157.55.39.9 - - [12/Jul/2025:10:02:18 -0400] "GET /544829884.shtml HTTP/2" 200 16889 "-" "Mozilla/5.0 AppleWebKit/537.36 (KHTML, like Gecko; compatible; bingbot/2.0; +http://www.bing.com/bingbot.htm) Chrome/116.0.1938.76 Safari/537.36"
157.55.39.9 - - [12/Jul/2025:10:02:19 -0400] "GET /336757692.shtml HTTP/2" 200 16903 "-" "Mozilla/5.0 AppleWebKit/537.36 (KHTML, like Gecko; compatible; bingbot/2.0; +http://www.bing.com/bingbot.htm) Chrome/116.0.1938.76 Safari/537.36"
157.55.39.9 - - [12/Jul/2025:10:02:19 -0400] "GET /473120444.shtml HTTP/2" 200 16923 "-" "Mozilla/5.0 AppleWebKit/537.36 (KHTML, like Gecko; compatible; bingbot/2.0; +http://www.bing.com/bingbot.htm) Chrome/116.0.1938.76 Safari/537.36"
157.55.39.9 - - [12/Jul/2025:10:02:20 -0400] "GET /504146364.shtml HTTP/2" 200 16483 "-" "Mozilla/5.0 AppleWebKit/537.36 (KHTML, like Gecko; compatible; bingbot/2.0; +http://www.bing.com/bingbot.htm) Chrome/116.0.1938.76 Safari/537.36"
23.92.177.29 - - [12/Jul/2025:10:02:20 -0400] "POST /wp-cron.php?doing_wp_cron=1752328940.7381319999694824218750 HTTP/1.1" 200 0 "-" "WordPress/6.8.1; https://alhidayamaintenance.com"
216.73.216.80 - - [12/Jul/2025:10:02:20 -0400] "GET /154767545.html HTTP/2" 404 19592 "-" "Mozilla/5.0 AppleWebKit/537.36 (KHTML, like Gecko; compatible; ClaudeBot/1.0; +claudebot@anthropic.com)"
216.73.216.80 - - [12/Jul/2025:10:02:20 -0400] "GET /375878589.html HTTP/2" 404 19511 "-" "Mozilla/5.0 AppleWebKit/537.36 (KHTML, like Gecko; compatible; ClaudeBot/1.0; +claudebot@anthropic.com)"
216.73.216.80 - - [12/Jul/2025:10:02:20 -0400] "GET /639441273.html HTTP/2" 404 19511 "-" "Mozilla/5.0 AppleWebKit/537.36 (KHTML, like Gecko; compatible; ClaudeBot/1.0; +claudebot@anthropic.com)"
216.73.216.80 - - [12/Jul/2025:10:02:20 -0400] "GET /262902341.html HTTP/2" 404 19564 "-" "Mozilla/5.0 AppleWebKit/537.36 (KHTML, like Gecko; compatible; ClaudeBot/1.0; +claudebot@anthropic.com)"
216.73.216.80 - - [12/Jul/2025:10:02:20 -0400] "GET /234766937.html HTTP/2" 404 19511 "-" "Mozilla/5.0 AppleWebKit/537.36 (KHTML, like Gecko; compatible; ClaudeBot/1.0; +claudebot@anthropic.com)"
216.73.216.80 - - [12/Jul/2025:10:02:20 -0400] "GET /345584061.html HTTP/2" 404 19511 "-" "Mozilla/5.0 AppleWebKit/537.36 (KHTML, like Gecko; compatible; ClaudeBot/1.0; +claudebot@anthropic.com)"
216.73.216.80 - - [12/Jul/2025:10:02:21 -0400] "GET /624624823.html HTTP/2" 404 19511 "-" "Mozilla/5.0 AppleWebKit/537.36 (KHTML, like Gecko; compatible; ClaudeBot/1.0; +claudebot@anthropic.com)"
216.73.216.80 - - [12/Jul/2025:10:02:21 -0400] "GET /411935379.html HTTP/2" 404 19511 "-" "Mozilla/5.0 AppleWebKit/537.36 (KHTML, like Gecko; compatible; ClaudeBot/1.0; +claudebot@anthropic.com)"
157.55.39.9 - - [12/Jul/2025:10:02:27 -0400] "GET /21463228.shtml HTTP/2" 200 17663 "-" "Mozilla/5.0 AppleWebKit/537.36 (KHTML, like Gecko; compatible; bingbot/2.0; +http://www.bing.com/bingbot.htm) Chrome/116.0.1938.76 Safari/537.36"
216.73.216.80 - - [12/Jul/2025:10:02:47 -0400] "GET /433875583.html HTTP/2" 404 19511 "-" "Mozilla/5.0 AppleWebKit/537.36 (KHTML, like Gecko; compatible; ClaudeBot/1.0; +claudebot@anthropic.com)"
216.73.216.80 - - [12/Jul/2025:10:02:47 -0400] "GET /375411771.html HTTP/2" 404 19511 "-" "Mozilla/5.0 AppleWebKit/537.36 (KHTML, like Gecko; compatible; ClaudeBot/1.0; +claudebot@anthropic.com)"
216.73.216.80 - - [12/Jul/2025:10:02:47 -0400] "GET /109988833.html HTTP/2" 404 19511 "-" "Mozilla/5.0 AppleWebKit/537.36 (KHTML, like Gecko; compatible; ClaudeBot/1.0; +claudebot@anthropic.com)"
216.73.216.80 - - [12/Jul/2025:10:02:48 -0400] "GET /674434231.html HTTP/2" 404 19511 "-" "Mozilla/5.0 AppleWebKit/537.36 (KHTML, like Gecko; compatible; ClaudeBot/1.0; +claudebot@anthropic.com)"
216.73.216.80 - - [12/Jul/2025:10:02:48 -0400] "GET /287027805.html HTTP/2" 404 19511 "-" "Mozilla/5.0 AppleWebKit/537.36 (KHTML, like Gecko; compatible; ClaudeBot/1.0; +claudebot@anthropic.com)"
216.73.216.80 - - [12/Jul/2025:10:02:48 -0400] "GET /605478751.html HTTP/2" 404 19564 "-" "Mozilla/5.0 AppleWebKit/537.36 (KHTML, like Gecko; compatible; ClaudeBot/1.0; +claudebot@anthropic.com)"
216.73.216.80 - - [12/Jul/2025:10:02:48 -0400] "GET /463803965.html HTTP/2" 404 19511 "-" "Mozilla/5.0 AppleWebKit/537.36 (KHTML, like Gecko; compatible; ClaudeBot/1.0; +claudebot@anthropic.com)"
216.73.216.80 - - [12/Jul/2025:10:02:48 -0400] "GET /507097281.html HTTP/2" 404 19511 "-" "Mozilla/5.0 AppleWebKit/537.36 (KHTML, like Gecko; compatible; ClaudeBot/1.0; +claudebot@anthropic.com)"
40.77.167.241 - - [12/Jul/2025:10:02:56 -0400] "GET /702207420.shtml HTTP/2" 200 17179 "-" "Mozilla/5.0 AppleWebKit/537.36 (KHTML, like Gecko; compatible; bingbot/2.0; +http://www.bing.com/bingbot.htm) Chrome/116.0.1938.76 Safari/537.36"
40.77.167.159 - - [12/Jul/2025:10:02:57 -0400] "GET /130641839.html HTTP/2" 200 17117 "-" "Mozilla/5.0 AppleWebKit/537.36 (KHTML, like Gecko; compatible; bingbot/2.0; +http://www.bing.com/bingbot.htm) Chrome/116.0.1938.76 Safari/537.36"
40.77.167.241 - - [12/Jul/2025:10:02:57 -0400] "GET /200616636.shtml HTTP/2" 200 17996 "-" "Mozilla/5.0 AppleWebKit/537.36 (KHTML, like Gecko; compatible; bingbot/2.0; +http://www.bing.com/bingbot.htm) Chrome/116.0.1938.76 Safari/537.36"
52.167.144.232 - - [12/Jul/2025:10:03:01 -0400] "GET /466612412.shtml HTTP/2" 200 17154 "-" "Mozilla/5.0 AppleWebKit/537.36 (KHTML, like Gecko; compatible; bingbot/2.0; +http://www.bing.com/bingbot.htm) Chrome/116.0.1938.76 Safari/537.36"
157.55.39.9 - - [12/Jul/2025:10:03:01 -0400] "GET /458638780.shtml HTTP/2" 200 17711 "-" "Mozilla/5.0 AppleWebKit/537.36 (KHTML, like Gecko; compatible; bingbot/2.0; +http://www.bing.com/bingbot.htm) Chrome/116.0.1938.76 Safari/537.36"
157.55.39.9 - - [12/Jul/2025:10:03:01 -0400] "GET /253647548.shtml HTTP/2" 200 17156 "-" "Mozilla/5.0 AppleWebKit/537.36 (KHTML, like Gecko; compatible; bingbot/2.0; +http://www.bing.com/bingbot.htm) Chrome/116.0.1938.76 Safari/537.36"
52.167.144.232 - - [12/Jul/2025:10:03:05 -0400] "GET /229971644.shtml HTTP/2" 200 17543 "-" "Mozilla/5.0 AppleWebKit/537.36 (KHTML, like Gecko; compatible; bingbot/2.0; +http://www.bing.com/bingbot.htm) Chrome/116.0.1938.76 Safari/537.36"
23.92.177.29 - - [12/Jul/2025:10:03:08 -0400] "POST /wp-cron.php?doing_wp_cron=1752328988.1091189384460449218750 HTTP/1.1" 200 0 "-" "WordPress/6.8.1; https://alhidayamaintenance.com"
51.222.253.3 - - [12/Jul/2025:10:03:08 -0400] "GET /51838653.html HTTP/2" 404 19511 "-" "Mozilla/5.0 (compatible; AhrefsBot/7.0; +http://ahrefs.com/robot/)"
52.167.144.156 - - [12/Jul/2025:10:03:13 -0400] "GET /529142513.html HTTP/2" 200 16489 "-" "Mozilla/5.0 AppleWebKit/537.36 (KHTML, like Gecko; compatible; bingbot/2.0; +http://www.bing.com/bingbot.htm) Chrome/116.0.1938.76 Safari/537.36"
52.167.144.156 - - [12/Jul/2025:10:03:14 -0400] "GET /88224805.html HTTP/2" 200 16586 "-" "Mozilla/5.0 AppleWebKit/537.36 (KHTML, like Gecko; compatible; bingbot/2.0; +http://www.bing.com/bingbot.htm) Chrome/116.0.1938.76 Safari/537.36"
216.73.216.80 - - [12/Jul/2025:10:03:31 -0400] "GET /23155845.html HTTP/2" 404 19592 "-" "Mozilla/5.0 AppleWebKit/537.36 (KHTML, like Gecko; compatible; ClaudeBot/1.0; +claudebot@anthropic.com)"
216.73.216.80 - - [12/Jul/2025:10:03:31 -0400] "GET /379208509.html HTTP/2" 404 19592 "-" "Mozilla/5.0 AppleWebKit/537.36 (KHTML, like Gecko; compatible; ClaudeBot/1.0; +claudebot@anthropic.com)"
216.73.216.80 - - [12/Jul/2025:10:03:31 -0400] "GET /43416569.html HTTP/2" 404 19512 "-" "Mozilla/5.0 AppleWebKit/537.36 (KHTML, like Gecko; compatible; ClaudeBot/1.0; +claudebot@anthropic.com)"
216.73.216.80 - - [12/Jul/2025:10:03:31 -0400] "GET /172727091.html HTTP/2" 404 19592 "-" "Mozilla/5.0 AppleWebKit/537.36 (KHTML, like Gecko; compatible; ClaudeBot/1.0; +claudebot@anthropic.com)"
216.73.216.80 - - [12/Jul/2025:10:03:31 -0400] "GET /436951887.html HTTP/2" 404 19512 "-" "Mozilla/5.0 AppleWebKit/537.36 (KHTML, like Gecko; compatible; ClaudeBot/1.0; +claudebot@anthropic.com)"
216.73.216.80 - - [12/Jul/2025:10:03:37 -0400] "GET /664151651.html HTTP/2" 404 19592 "-" "Mozilla/5.0 AppleWebKit/537.36 (KHTML, like Gecko; compatible; ClaudeBot/1.0; +claudebot@anthropic.com)"
216.73.216.80 - - [12/Jul/2025:10:03:37 -0400] "GET /584431527.html HTTP/2" 404 19592 "-" "Mozilla/5.0 AppleWebKit/537.36 (KHTML, like Gecko; compatible; ClaudeBot/1.0; +claudebot@anthropic.com)"
216.73.216.80 - - [12/Jul/2025:10:03:37 -0400] "GET /79943323.html HTTP/2" 404 19512 "-" "Mozilla/5.0 AppleWebKit/537.36 (KHTML, like Gecko; compatible; ClaudeBot/1.0; +claudebot@anthropic.com)"
157.55.39.9 - - [12/Jul/2025:10:03:38 -0400] "GET /516793788.shtml HTTP/2" 200 17109 "-" "Mozilla/5.0 AppleWebKit/537.36 (KHTML, like Gecko; compatible; bingbot/2.0; +http://www.bing.com/bingbot.htm) Chrome/116.0.1938.76 Safari/537.36"
52.167.144.156 - - [12/Jul/2025:10:03:52 -0400] "GET /494157541.html HTTP/2" 200 16596 "-" "Mozilla/5.0 AppleWebKit/537.36 (KHTML, like Gecko; compatible; bingbot/2.0; +http://www.bing.com/bingbot.htm) Chrome/116.0.1938.76 Safari/537.36"
40.77.167.159 - - [12/Jul/2025:10:03:56 -0400] "GET /296377233.html HTTP/2" 200 17031 "-" "Mozilla/5.0 AppleWebKit/537.36 (KHTML, like Gecko; compatible; bingbot/2.0; +http://www.bing.com/bingbot.htm) Chrome/116.0.1938.76 Safari/537.36"
40.77.167.241 - - [12/Jul/2025:10:04:06 -0400] "GET /381782972.shtml HTTP/2" 200 17348 "-" "Mozilla/5.0 AppleWebKit/537.36 (KHTML, like Gecko; compatible; bingbot/2.0; +http://www.bing.com/bingbot.htm) Chrome/116.0.1938.76 Safari/537.36"
40.77.167.159 - - [12/Jul/2025:10:04:06 -0400] "GET /pcmypage?callback=product%2Fdetail%2FCQNS6579205 HTTP/2" 200 16866 "-" "Mozilla/5.0 AppleWebKit/537.36 (KHTML, like Gecko; compatible; bingbot/2.0; +http://www.bing.com/bingbot.htm) Chrome/116.0.1938.76 Safari/537.36"
23.92.177.29 - - [12/Jul/2025:10:04:10 -0400] "POST /wp-cron.php?doing_wp_cron=1752329050.6274249553680419921875 HTTP/1.1" 200 0 "-" "WordPress/6.8.1; https://alhidayamaintenance.com"
216.73.216.80 - - [12/Jul/2025:10:04:10 -0400] "GET /163468655.html HTTP/2" 404 19511 "-" "Mozilla/5.0 AppleWebKit/537.36 (KHTML, like Gecko; compatible; ClaudeBot/1.0; +claudebot@anthropic.com)"
216.73.216.80 - - [12/Jul/2025:10:04:10 -0400] "GET /554456439.html HTTP/2" 404 19511 "-" "Mozilla/5.0 AppleWebKit/537.36 (KHTML, like Gecko; compatible; ClaudeBot/1.0; +claudebot@anthropic.com)"
216.73.216.80 - - [12/Jul/2025:10:04:10 -0400] "GET /665084561.html HTTP/2" 404 19511 "-" "Mozilla/5.0 AppleWebKit/537.36 (KHTML, like Gecko; compatible; ClaudeBot/1.0; +claudebot@anthropic.com)"
216.73.216.80 - - [12/Jul/2025:10:04:10 -0400] "GET /667230859.html HTTP/2" 404 19511 "-" "Mozilla/5.0 AppleWebKit/537.36 (KHTML, like Gecko; compatible; ClaudeBot/1.0; +claudebot@anthropic.com)"
216.73.216.80 - - [12/Jul/2025:10:04:11 -0400] "GET /173022573.html HTTP/2" 404 19511 "-" "Mozilla/5.0 AppleWebKit/537.36 (KHTML, like Gecko; compatible; ClaudeBot/1.0; +claudebot@anthropic.com)"
216.73.216.80 - - [12/Jul/2025:10:04:11 -0400] "GET /258191085.html HTTP/2" 404 19511 "-" "Mozilla/5.0 AppleWebKit/537.36 (KHTML, like Gecko; compatible; ClaudeBot/1.0; +claudebot@anthropic.com)"
216.73.216.80 - - [12/Jul/2025:10:04:11 -0400] "GET /641323549.html HTTP/2" 404 19511 "-" "Mozilla/5.0 AppleWebKit/537.36 (KHTML, like Gecko; compatible; ClaudeBot/1.0; +claudebot@anthropic.com)"
216.73.216.80 - - [12/Jul/2025:10:04:11 -0400] "GET /289823389.html HTTP/2" 404 19511 "-" "Mozilla/5.0 AppleWebKit/537.36 (KHTML, like Gecko; compatible; ClaudeBot/1.0; +claudebot@anthropic.com)"
