216.73.216.80 - - [12/Jul/2025:09:38:35 -0400] "GET /372192203.html HTTP/2" 404 19511 "-" "Mozilla/5.0 AppleWebKit/537.36 (KHTML, like Gecko; compatible; ClaudeBot/1.0; +claudebot@anthropic.com)"
216.73.216.80 - - [12/Jul/2025:09:38:35 -0400] "GET /221095873.html HTTP/2" 404 19512 "-" "Mozilla/5.0 AppleWebKit/537.36 (KHTML, like Gecko; compatible; ClaudeBot/1.0; +claudebot@anthropic.com)"
52.167.144.171 - - [12/Jul/2025:09:38:39 -0400] "GET /49738940.shtml HTTP/2" 200 17579 "-" "Mozilla/5.0 AppleWebKit/537.36 (KHTML, like Gecko; compatible; bingbot/2.0; +http://www.bing.com/bingbot.htm) Chrome/116.0.1938.76 Safari/537.36"
52.167.144.233 - - [12/Jul/2025:09:38:44 -0400] "GET /190016444.shtml HTTP/2" 200 17424 "-" "Mozilla/5.0 AppleWebKit/537.36 (KHTML, like Gecko; compatible; bingbot/2.0; +http://www.bing.com/bingbot.htm) Chrome/116.0.1938.76 Safari/537.36"
52.167.144.171 - - [12/Jul/2025:09:38:51 -0400] "GET /35703996.shtml HTTP/2" 200 16827 "-" "Mozilla/5.0 AppleWebKit/537.36 (KHTML, like Gecko; compatible; bingbot/2.0; +http://www.bing.com/bingbot.htm) Chrome/116.0.1938.76 Safari/537.36"
52.167.144.209 - - [12/Jul/2025:09:38:53 -0400] "GET /55308449.html HTTP/2" 200 16996 "-" "Mozilla/5.0 AppleWebKit/537.36 (KHTML, like Gecko; compatible; bingbot/2.0; +http://www.bing.com/bingbot.htm) Chrome/116.0.1938.76 Safari/537.36"
23.92.177.29 - - [12/Jul/2025:09:39:06 -0400] "POST /wp-cron.php?doing_wp_cron=1752327546.7557001113891601562500 HTTP/1.1" 200 0 "-" "WordPress/6.8.1; https://alhidayamaintenance.com"
216.73.216.80 - - [12/Jul/2025:09:39:06 -0400] "GET /194426505.html HTTP/2" 404 19512 "-" "Mozilla/5.0 AppleWebKit/537.36 (KHTML, like Gecko; compatible; ClaudeBot/1.0; +claudebot@anthropic.com)"
216.73.216.80 - - [12/Jul/2025:09:39:06 -0400] "GET /184715529.html HTTP/2" 404 19512 "-" "Mozilla/5.0 AppleWebKit/537.36 (KHTML, like Gecko; compatible; ClaudeBot/1.0; +claudebot@anthropic.com)"
216.73.216.80 - - [12/Jul/2025:09:39:06 -0400] "GET /691020911.html HTTP/2" 404 19512 "-" "Mozilla/5.0 AppleWebKit/537.36 (KHTML, like Gecko; compatible; ClaudeBot/1.0; +claudebot@anthropic.com)"
216.73.216.80 - - [12/Jul/2025:09:39:07 -0400] "GET /518337697.html HTTP/2" 404 19512 "-" "Mozilla/5.0 AppleWebKit/537.36 (KHTML, like Gecko; compatible; ClaudeBot/1.0; +claudebot@anthropic.com)"
216.73.216.80 - - [12/Jul/2025:09:39:07 -0400] "GET /432248859.html HTTP/2" 404 19592 "-" "Mozilla/5.0 AppleWebKit/537.36 (KHTML, like Gecko; compatible; ClaudeBot/1.0; +claudebot@anthropic.com)"
216.73.216.80 - - [12/Jul/2025:09:39:07 -0400] "GET /513769947.html HTTP/2" 404 19512 "-" "Mozilla/5.0 AppleWebKit/537.36 (KHTML, like Gecko; compatible; ClaudeBot/1.0; +claudebot@anthropic.com)"
216.73.216.80 - - [12/Jul/2025:09:39:07 -0400] "GET /280276489.html HTTP/2" 404 19512 "-" "Mozilla/5.0 AppleWebKit/537.36 (KHTML, like Gecko; compatible; ClaudeBot/1.0; +claudebot@anthropic.com)"
216.73.216.80 - - [12/Jul/2025:09:39:07 -0400] "GET /398208171.html HTTP/2" 404 19512 "-" "Mozilla/5.0 AppleWebKit/537.36 (KHTML, like Gecko; compatible; ClaudeBot/1.0; +claudebot@anthropic.com)"
207.46.13.141 - - [12/Jul/2025:09:39:08 -0400] "GET /503452277.html HTTP/2" 200 17872 "-" "Mozilla/5.0 AppleWebKit/537.36 (KHTML, like Gecko; compatible; bingbot/2.0; +http://www.bing.com/bingbot.htm) Chrome/116.0.1938.76 Safari/537.36"
207.46.13.141 - - [12/Jul/2025:09:39:28 -0400] "GET /572265461.html HTTP/2" 200 18051 "-" "Mozilla/5.0 AppleWebKit/537.36 (KHTML, like Gecko; compatible; bingbot/2.0; +http://www.bing.com/bingbot.htm) Chrome/116.0.1938.76 Safari/537.36"
216.73.216.80 - - [12/Jul/2025:09:39:43 -0400] "GET /448211663.html HTTP/2" 404 19511 "-" "Mozilla/5.0 AppleWebKit/537.36 (KHTML, like Gecko; compatible; ClaudeBot/1.0; +claudebot@anthropic.com)"
216.73.216.80 - - [12/Jul/2025:09:39:43 -0400] "GET /406031063.html HTTP/2" 404 19511 "-" "Mozilla/5.0 AppleWebKit/537.36 (KHTML, like Gecko; compatible; ClaudeBot/1.0; +claudebot@anthropic.com)"
216.73.216.80 - - [12/Jul/2025:09:39:43 -0400] "GET /318305337.html HTTP/2" 404 19511 "-" "Mozilla/5.0 AppleWebKit/537.36 (KHTML, like Gecko; compatible; ClaudeBot/1.0; +claudebot@anthropic.com)"
216.73.216.80 - - [12/Jul/2025:09:39:43 -0400] "GET /345199765.html HTTP/2" 404 19511 "-" "Mozilla/5.0 AppleWebKit/537.36 (KHTML, like Gecko; compatible; ClaudeBot/1.0; +claudebot@anthropic.com)"
216.73.216.80 - - [12/Jul/2025:09:39:43 -0400] "GET /403123433.html HTTP/2" 404 19511 "-" "Mozilla/5.0 AppleWebKit/537.36 (KHTML, like Gecko; compatible; ClaudeBot/1.0; +claudebot@anthropic.com)"
216.73.216.80 - - [12/Jul/2025:09:39:44 -0400] "GET /385069749.html HTTP/2" 404 19511 "-" "Mozilla/5.0 AppleWebKit/537.36 (KHTML, like Gecko; compatible; ClaudeBot/1.0; +claudebot@anthropic.com)"
216.73.216.80 - - [12/Jul/2025:09:39:44 -0400] "GET /337042913.html HTTP/2" 404 19511 "-" "Mozilla/5.0 AppleWebKit/537.36 (KHTML, like Gecko; compatible; ClaudeBot/1.0; +claudebot@anthropic.com)"
216.73.216.80 - - [12/Jul/2025:09:39:44 -0400] "GET /219509079.html HTTP/2" 404 19511 "-" "Mozilla/5.0 AppleWebKit/537.36 (KHTML, like Gecko; compatible; ClaudeBot/1.0; +claudebot@anthropic.com)"
40.77.167.3 - - [12/Jul/2025:09:39:53 -0400] "GET /415300873.html HTTP/2" 200 17215 "-" "Mozilla/5.0 AppleWebKit/537.36 (KHTML, like Gecko; compatible; bingbot/2.0; +http://www.bing.com/bingbot.htm) Chrome/116.0.1938.76 Safari/537.36"
23.92.177.29 - - [12/Jul/2025:09:40:02 -0400] "POST /wp-cron.php?doing_wp_cron=1752327602.8271811008453369140625 HTTP/1.1" 200 0 "-" "WordPress/6.8.1; https://alhidayamaintenance.com"
51.222.253.12 - - [12/Jul/2025:09:40:02 -0400] "GET /47835489.html HTTP/2" 404 19511 "-" "Mozilla/5.0 (compatible; AhrefsBot/7.0; +http://ahrefs.com/robot/)"
40.77.167.70 - - [12/Jul/2025:09:40:03 -0400] "GET /626702012.shtml HTTP/2" 200 17871 "-" "Mozilla/5.0 AppleWebKit/537.36 (KHTML, like Gecko; compatible; bingbot/2.0; +http://www.bing.com/bingbot.htm) Chrome/116.0.1938.76 Safari/537.36"
207.46.13.160 - - [12/Jul/2025:09:40:08 -0400] "GET /546865340.shtml HTTP/2" 200 17238 "-" "Mozilla/5.0 AppleWebKit/537.36 (KHTML, like Gecko; compatible; bingbot/2.0; +http://www.bing.com/bingbot.htm) Chrome/116.0.1938.76 Safari/537.36"
52.167.144.171 - - [12/Jul/2025:09:40:29 -0400] "GET /60797116.shtml HTTP/2" 200 16442 "-" "Mozilla/5.0 AppleWebKit/537.36 (KHTML, like Gecko; compatible; bingbot/2.0; +http://www.bing.com/bingbot.htm) Chrome/116.0.1938.76 Safari/537.36"
216.73.216.80 - - [12/Jul/2025:09:40:37 -0400] "GET /478696645.html HTTP/2" 404 19511 "-" "Mozilla/5.0 AppleWebKit/537.36 (KHTML, like Gecko; compatible; ClaudeBot/1.0; +claudebot@anthropic.com)"
216.73.216.80 - - [12/Jul/2025:09:40:37 -0400] "GET /335041089.html HTTP/2" 404 19511 "-" "Mozilla/5.0 AppleWebKit/537.36 (KHTML, like Gecko; compatible; ClaudeBot/1.0; +claudebot@anthropic.com)"
216.73.216.80 - - [12/Jul/2025:09:40:37 -0400] "GET /27247339.html HTTP/2" 404 19564 "-" "Mozilla/5.0 AppleWebKit/537.36 (KHTML, like Gecko; compatible; ClaudeBot/1.0; +claudebot@anthropic.com)"
216.73.216.80 - - [12/Jul/2025:09:40:37 -0400] "GET /459250251.html HTTP/2" 404 19511 "-" "Mozilla/5.0 AppleWebKit/537.36 (KHTML, like Gecko; compatible; ClaudeBot/1.0; +claudebot@anthropic.com)"
216.73.216.80 - - [12/Jul/2025:09:40:37 -0400] "GET /605463505.html HTTP/2" 404 19511 "-" "Mozilla/5.0 AppleWebKit/537.36 (KHTML, like Gecko; compatible; ClaudeBot/1.0; +claudebot@anthropic.com)"
216.73.216.80 - - [12/Jul/2025:09:40:37 -0400] "GET /26770841.html HTTP/2" 404 19511 "-" "Mozilla/5.0 AppleWebKit/537.36 (KHTML, like Gecko; compatible; ClaudeBot/1.0; +claudebot@anthropic.com)"
216.73.216.80 - - [12/Jul/2025:09:40:38 -0400] "GET /676929977.html HTTP/2" 404 19511 "-" "Mozilla/5.0 AppleWebKit/537.36 (KHTML, like Gecko; compatible; ClaudeBot/1.0; +claudebot@anthropic.com)"
216.73.216.80 - - [12/Jul/2025:09:40:38 -0400] "GET /580202577.html HTTP/2" 404 19511 "-" "Mozilla/5.0 AppleWebKit/537.36 (KHTML, like Gecko; compatible; ClaudeBot/1.0; +claudebot@anthropic.com)"
40.77.167.70 - - [12/Jul/2025:09:40:53 -0400] "GET /167027132.shtml HTTP/2" 200 16420 "-" "Mozilla/5.0 AppleWebKit/537.36 (KHTML, like Gecko; compatible; bingbot/2.0; +http://www.bing.com/bingbot.htm) Chrome/116.0.1938.76 Safari/537.36"
207.46.13.160 - - [12/Jul/2025:09:40:58 -0400] "GET /290281660.shtml HTTP/2" 200 17003 "-" "Mozilla/5.0 AppleWebKit/537.36 (KHTML, like Gecko; compatible; bingbot/2.0; +http://www.bing.com/bingbot.htm) Chrome/116.0.1938.76 Safari/537.36"
52.167.144.171 - - [12/Jul/2025:09:41:03 -0400] "GET /769830076.shtml HTTP/2" 200 18220 "-" "Mozilla/5.0 AppleWebKit/537.36 (KHTML, like Gecko; compatible; bingbot/2.0; +http://www.bing.com/bingbot.htm) Chrome/116.0.1938.76 Safari/537.36"
52.167.144.171 - - [12/Jul/2025:09:41:03 -0400] "GET /52550588.shtml HTTP/2" 200 17203 "-" "Mozilla/5.0 AppleWebKit/537.36 (KHTML, like Gecko; compatible; bingbot/2.0; +http://www.bing.com/bingbot.htm) Chrome/116.0.1938.76 Safari/537.36"
40.77.167.70 - - [12/Jul/2025:09:41:13 -0400] "GET /406000060.shtml HTTP/2" 200 17095 "-" "Mozilla/5.0 AppleWebKit/537.36 (KHTML, like Gecko; compatible; bingbot/2.0; +http://www.bing.com/bingbot.htm) Chrome/116.0.1938.76 Safari/537.36"
23.92.177.29 - - [12/Jul/2025:09:41:19 -0400] "POST /wp-cron.php?doing_wp_cron=1752327679.4565091133117675781250 HTTP/1.1" 200 0 "-" "WordPress/6.8.1; https://alhidayamaintenance.com"
207.46.13.141 - - [12/Jul/2025:09:41:19 -0400] "GET /160948467.html HTTP/2" 200 17007 "-" "Mozilla/5.0 AppleWebKit/537.36 (KHTML, like Gecko; compatible; bingbot/2.0; +http://www.bing.com/bingbot.htm) Chrome/116.0.1938.76 Safari/537.36"
216.73.216.80 - - [12/Jul/2025:09:41:19 -0400] "GET /372189057.html HTTP/2" 404 19513 "-" "Mozilla/5.0 AppleWebKit/537.36 (KHTML, like Gecko; compatible; ClaudeBot/1.0; +claudebot@anthropic.com)"
216.73.216.80 - - [12/Jul/2025:09:41:19 -0400] "GET /619863957.html HTTP/2" 404 19511 "-" "Mozilla/5.0 AppleWebKit/537.36 (KHTML, like Gecko; compatible; ClaudeBot/1.0; +claudebot@anthropic.com)"
216.73.216.80 - - [12/Jul/2025:09:41:19 -0400] "GET /395197207.html HTTP/2" 404 19511 "-" "Mozilla/5.0 AppleWebKit/537.36 (KHTML, like Gecko; compatible; ClaudeBot/1.0; +claudebot@anthropic.com)"
216.73.216.80 - - [12/Jul/2025:09:41:19 -0400] "GET /237978035.html HTTP/2" 404 19511 "-" "Mozilla/5.0 AppleWebKit/537.36 (KHTML, like Gecko; compatible; ClaudeBot/1.0; +claudebot@anthropic.com)"
216.73.216.80 - - [12/Jul/2025:09:41:19 -0400] "GET /47449257.html HTTP/2" 404 19511 "-" "Mozilla/5.0 AppleWebKit/537.36 (KHTML, like Gecko; compatible; ClaudeBot/1.0; +claudebot@anthropic.com)"
216.73.216.80 - - [12/Jul/2025:09:41:19 -0400] "GET /599415683.html HTTP/2" 404 19511 "-" "Mozilla/5.0 AppleWebKit/537.36 (KHTML, like Gecko; compatible; ClaudeBot/1.0; +claudebot@anthropic.com)"
216.73.216.80 - - [12/Jul/2025:09:41:20 -0400] "GET /650920301.html HTTP/2" 404 19511 "-" "Mozilla/5.0 AppleWebKit/537.36 (KHTML, like Gecko; compatible; ClaudeBot/1.0; +claudebot@anthropic.com)"
216.73.216.80 - - [12/Jul/2025:09:41:20 -0400] "GET /91200437.html HTTP/2" 404 19511 "-" "Mozilla/5.0 AppleWebKit/537.36 (KHTML, like Gecko; compatible; ClaudeBot/1.0; +claudebot@anthropic.com)"
57.141.4.12 - - [12/Jul/2025:09:41:24 -0400] "GET /461973719.html HTTP/2" 404 72880 "-" "meta-externalagent/1.1 (+https://developers.facebook.com/docs/sharing/webmasters/crawler)"
207.46.13.160 - - [12/Jul/2025:09:41:29 -0400] "GET /248620732.shtml HTTP/2" 200 17387 "-" "Mozilla/5.0 AppleWebKit/537.36 (KHTML, like Gecko; compatible; bingbot/2.0; +http://www.bing.com/bingbot.htm) Chrome/116.0.1938.76 Safari/537.36"
52.167.144.209 - - [12/Jul/2025:09:41:53 -0400] "GET /559452045.html HTTP/2" 200 17496 "-" "Mozilla/5.0 AppleWebKit/537.36 (KHTML, like Gecko; compatible; bingbot/2.0; +http://www.bing.com/bingbot.htm) Chrome/116.0.1938.76 Safari/537.36"
216.73.216.80 - - [12/Jul/2025:09:41:55 -0400] "GET /369559727.html HTTP/2" 404 19511 "-" "Mozilla/5.0 AppleWebKit/537.36 (KHTML, like Gecko; compatible; ClaudeBot/1.0; +claudebot@anthropic.com)"
216.73.216.80 - - [12/Jul/2025:09:41:55 -0400] "GET /617069099.html HTTP/2" 404 19511 "-" "Mozilla/5.0 AppleWebKit/537.36 (KHTML, like Gecko; compatible; ClaudeBot/1.0; +claudebot@anthropic.com)"
216.73.216.80 - - [12/Jul/2025:09:41:55 -0400] "GET /635078255.html HTTP/2" 404 19511 "-" "Mozilla/5.0 AppleWebKit/537.36 (KHTML, like Gecko; compatible; ClaudeBot/1.0; +claudebot@anthropic.com)"
216.73.216.80 - - [12/Jul/2025:09:41:56 -0400] "GET /518680127.html HTTP/2" 404 19511 "-" "Mozilla/5.0 AppleWebKit/537.36 (KHTML, like Gecko; compatible; ClaudeBot/1.0; +claudebot@anthropic.com)"
216.73.216.80 - - [12/Jul/2025:09:41:56 -0400] "GET /32214389.html HTTP/2" 404 19511 "-" "Mozilla/5.0 AppleWebKit/537.36 (KHTML, like Gecko; compatible; ClaudeBot/1.0; +claudebot@anthropic.com)"
216.73.216.80 - - [12/Jul/2025:09:41:56 -0400] "GET /31439747.html HTTP/2" 404 19511 "-" "Mozilla/5.0 AppleWebKit/537.36 (KHTML, like Gecko; compatible; ClaudeBot/1.0; +claudebot@anthropic.com)"
216.73.216.80 - - [12/Jul/2025:09:41:56 -0400] "GET /505966899.html HTTP/2" 404 19511 "-" "Mozilla/5.0 AppleWebKit/537.36 (KHTML, like Gecko; compatible; ClaudeBot/1.0; +claudebot@anthropic.com)"
216.73.216.80 - - [12/Jul/2025:09:41:56 -0400] "GET /336032321.html HTTP/2" 404 19511 "-" "Mozilla/5.0 AppleWebKit/537.36 (KHTML, like Gecko; compatible; ClaudeBot/1.0; +claudebot@anthropic.com)"
207.46.13.141 - - [12/Jul/2025:09:41:58 -0400] "GET /454565131.html HTTP/2" 200 17397 "-" "Mozilla/5.0 AppleWebKit/537.36 (KHTML, like Gecko; compatible; bingbot/2.0; +http://www.bing.com/bingbot.htm) Chrome/116.0.1938.76 Safari/537.36"
23.92.177.29 - - [12/Jul/2025:09:42:00 -0400] "POST /wp-cron.php?doing_wp_cron=1752327720.9947600364685058593750 HTTP/1.1" 200 0 "-" "WordPress/6.8.1; https://alhidayamaintenance.com"
57.141.4.13 - - [12/Jul/2025:09:42:00 -0400] "GET /52345885.html HTTP/2" 404 72880 "-" "meta-externalagent/1.1 (+https://developers.facebook.com/docs/sharing/webmasters/crawler)"
216.73.216.41 - - [12/Jul/2025:09:42:17 -0400] "GET /197713349.html HTTP/2" 404 19513 "-" "Mozilla/5.0 AppleWebKit/537.36 (KHTML, like Gecko; compatible; ClaudeBot/1.0; +claudebot@anthropic.com)"
216.73.216.41 - - [12/Jul/2025:09:42:17 -0400] "GET /611983227.html HTTP/2" 404 19511 "-" "Mozilla/5.0 AppleWebKit/537.36 (KHTML, like Gecko; compatible; ClaudeBot/1.0; +claudebot@anthropic.com)"
216.73.216.41 - - [12/Jul/2025:09:42:17 -0400] "GET /646887855.html HTTP/2" 404 19592 "-" "Mozilla/5.0 AppleWebKit/537.36 (KHTML, like Gecko; compatible; ClaudeBot/1.0; +claudebot@anthropic.com)"
216.73.216.41 - - [12/Jul/2025:09:42:17 -0400] "GET /78603369.html HTTP/2" 404 19511 "-" "Mozilla/5.0 AppleWebKit/537.36 (KHTML, like Gecko; compatible; ClaudeBot/1.0; +claudebot@anthropic.com)"
216.73.216.41 - - [12/Jul/2025:09:42:17 -0400] "GET /11983189.html HTTP/2" 404 19511 "-" "Mozilla/5.0 AppleWebKit/537.36 (KHTML, like Gecko; compatible; ClaudeBot/1.0; +claudebot@anthropic.com)"
216.73.216.41 - - [12/Jul/2025:09:42:18 -0400] "GET /wp-content/themes/eyecraftersny-child/js/owl.carousel.min.js HTTP/2" 200 14239 "https://alhidayamaintenance.com/197713349.html" "Mozilla/5.0 AppleWebKit/537.36 (KHTML, like Gecko; compatible; ClaudeBot/1.0; +claudebot@anthropic.com)"
216.73.216.41 - - [12/Jul/2025:09:42:18 -0400] "GET /wp-content/themes/eyecraftersny-child/js/wow.min.js HTTP/2" 200 5654 "https://alhidayamaintenance.com/197713349.html" "Mozilla/5.0 AppleWebKit/537.36 (KHTML, like Gecko; compatible; ClaudeBot/1.0; +claudebot@anthropic.com)"
216.73.216.41 - - [12/Jul/2025:09:42:18 -0400] "GET /wp-content/plugins/contact-form-7/includes/swv/js/index.js?ver=5.7.6 HTTP/2" 200 5927 "https://alhidayamaintenance.com/197713349.html" "Mozilla/5.0 AppleWebKit/537.36 (KHTML, like Gecko; compatible; ClaudeBot/1.0; +claudebot@anthropic.com)"
216.73.216.41 - - [12/Jul/2025:09:42:18 -0400] "GET /wp-content/plugins/contact-form-7/includes/js/index.js?ver=5.7.6 HTTP/2" 200 6977 "https://alhidayamaintenance.com/197713349.html" "Mozilla/5.0 AppleWebKit/537.36 (KHTML, like Gecko; compatible; ClaudeBot/1.0; +claudebot@anthropic.com)"
216.73.216.41 - - [12/Jul/2025:09:42:18 -0400] "GET /wp-content/plugins/real-time-auto-find-and-replace/assets/js/rtafar.local.js?ver=1.4.8 HTTP/2" 200 3066 "https://alhidayamaintenance.com/197713349.html" "Mozilla/5.0 AppleWebKit/537.36 (KHTML, like Gecko; compatible; ClaudeBot/1.0; +claudebot@anthropic.com)"
216.73.216.41 - - [12/Jul/2025:09:42:18 -0400] "GET /wp-content/themes/twentytwentyone/assets/js/primary-navigation.js?ver=1.0.0 HTTP/2" 200 4822 "https://alhidayamaintenance.com/197713349.html" "Mozilla/5.0 AppleWebKit/537.36 (KHTML, like Gecko; compatible; ClaudeBot/1.0; +claudebot@anthropic.com)"
216.73.216.41 - - [12/Jul/2025:09:42:18 -0400] "GET /wp-content/themes/twentytwentyone/assets/js/responsive-embeds.js?ver=1.0.0 HTTP/2" 200 3510 "https://alhidayamaintenance.com/197713349.html" "Mozilla/5.0 AppleWebKit/537.36 (KHTML, like Gecko; compatible; ClaudeBot/1.0; +claudebot@anthropic.com)"
216.73.216.41 - - [12/Jul/2025:09:42:18 -0400] "GET /wp-content/plugins/wp-whatsapp-chat/build/frontend/js/index.js?ver=9970b5c8c94b720844fe HTTP/2" 200 5316 "https://alhidayamaintenance.com/197713349.html" "Mozilla/5.0 AppleWebKit/537.36 (KHTML, like Gecko; compatible; ClaudeBot/1.0; +claudebot@anthropic.com)"
216.73.216.41 - - [12/Jul/2025:09:42:18 -0400] "GET /wp-content/plugins/real-time-auto-find-and-replace/assets/js/rtafar.app.min.js?ver=1.4.8 HTTP/2" 200 3162 "https://alhidayamaintenance.com/197713349.html" "Mozilla/5.0 AppleWebKit/537.36 (KHTML, like Gecko; compatible; ClaudeBot/1.0; +claudebot@anthropic.com)"
216.73.216.41 - - [12/Jul/2025:09:42:18 -0400] "GET /wp-content/themes/eyecraftersny-child/js/owl.carousel.min.js HTTP/2" 200 14239 "https://alhidayamaintenance.com/646887855.html" "Mozilla/5.0 AppleWebKit/537.36 (KHTML, like Gecko; compatible; ClaudeBot/1.0; +claudebot@anthropic.com)"
216.73.216.41 - - [12/Jul/2025:09:42:18 -0400] "GET /wp-content/themes/eyecraftersny-child/js/owl.carousel.min.js HTTP/2" 200 14239 "https://alhidayamaintenance.com/611983227.html" "Mozilla/5.0 AppleWebKit/537.36 (KHTML, like Gecko; compatible; ClaudeBot/1.0; +claudebot@anthropic.com)"
216.73.216.41 - - [12/Jul/2025:09:42:18 -0400] "GET /wp-content/themes/eyecraftersny-child/js/wow.min.js HTTP/2" 200 5654 "https://alhidayamaintenance.com/646887855.html" "Mozilla/5.0 AppleWebKit/537.36 (KHTML, like Gecko; compatible; ClaudeBot/1.0; +claudebot@anthropic.com)"
216.73.216.41 - - [12/Jul/2025:09:42:18 -0400] "GET /wp-content/plugins/contact-form-7/includes/swv/js/index.js?ver=5.7.6 HTTP/2" 200 5927 "https://alhidayamaintenance.com/646887855.html" "Mozilla/5.0 AppleWebKit/537.36 (KHTML, like Gecko; compatible; ClaudeBot/1.0; +claudebot@anthropic.com)"
216.73.216.41 - - [12/Jul/2025:09:42:18 -0400] "GET /wp-content/plugins/contact-form-7/includes/js/index.js?ver=5.7.6 HTTP/2" 200 6977 "https://alhidayamaintenance.com/646887855.html" "Mozilla/5.0 AppleWebKit/537.36 (KHTML, like Gecko; compatible; ClaudeBot/1.0; +claudebot@anthropic.com)"
216.73.216.41 - - [12/Jul/2025:09:42:18 -0400] "GET /wp-content/plugins/real-time-auto-find-and-replace/assets/js/rtafar.local.js?ver=1.4.8 HTTP/2" 200 3066 "https://alhidayamaintenance.com/646887855.html" "Mozilla/5.0 AppleWebKit/537.36 (KHTML, like Gecko; compatible; ClaudeBot/1.0; +claudebot@anthropic.com)"
216.73.216.41 - - [12/Jul/2025:09:42:18 -0400] "GET /wp-content/themes/twentytwentyone/assets/js/primary-navigation.js?ver=1.0.0 HTTP/2" 200 4822 "https://alhidayamaintenance.com/646887855.html" "Mozilla/5.0 AppleWebKit/537.36 (KHTML, like Gecko; compatible; ClaudeBot/1.0; +claudebot@anthropic.com)"
216.73.216.41 - - [12/Jul/2025:09:42:18 -0400] "GET /wp-content/themes/twentytwentyone/assets/js/responsive-embeds.js?ver=1.0.0 HTTP/2" 200 3510 "https://alhidayamaintenance.com/646887855.html" "Mozilla/5.0 AppleWebKit/537.36 (KHTML, like Gecko; compatible; ClaudeBot/1.0; +claudebot@anthropic.com)"
216.73.216.41 - - [12/Jul/2025:09:42:18 -0400] "GET /wp-content/plugins/wp-whatsapp-chat/build/frontend/js/index.js?ver=9970b5c8c94b720844fe HTTP/2" 200 5316 "https://alhidayamaintenance.com/646887855.html" "Mozilla/5.0 AppleWebKit/537.36 (KHTML, like Gecko; compatible; ClaudeBot/1.0; +claudebot@anthropic.com)"
216.73.216.41 - - [12/Jul/2025:09:42:18 -0400] "GET /wp-content/plugins/real-time-auto-find-and-replace/assets/js/rtafar.app.min.js?ver=1.4.8 HTTP/2" 200 3162 "https://alhidayamaintenance.com/646887855.html" "Mozilla/5.0 AppleWebKit/537.36 (KHTML, like Gecko; compatible; ClaudeBot/1.0; +claudebot@anthropic.com)"
216.73.216.41 - - [12/Jul/2025:09:42:18 -0400] "GET /wp-content/themes/eyecraftersny-child/js/wow.min.js HTTP/2" 200 5654 "https://alhidayamaintenance.com/611983227.html" "Mozilla/5.0 AppleWebKit/537.36 (KHTML, like Gecko; compatible; ClaudeBot/1.0; +claudebot@anthropic.com)"
216.73.216.41 - - [12/Jul/2025:09:42:18 -0400] "GET /wp-content/plugins/contact-form-7/includes/swv/js/index.js?ver=5.7.6 HTTP/2" 200 5927 "https://alhidayamaintenance.com/611983227.html" "Mozilla/5.0 AppleWebKit/537.36 (KHTML, like Gecko; compatible; ClaudeBot/1.0; +claudebot@anthropic.com)"
216.73.216.41 - - [12/Jul/2025:09:42:18 -0400] "GET /wp-content/plugins/contact-form-7/includes/js/index.js?ver=5.7.6 HTTP/2" 200 6977 "https://alhidayamaintenance.com/611983227.html" "Mozilla/5.0 AppleWebKit/537.36 (KHTML, like Gecko; compatible; ClaudeBot/1.0; +claudebot@anthropic.com)"
216.73.216.41 - - [12/Jul/2025:09:42:18 -0400] "GET /wp-content/plugins/real-time-auto-find-and-replace/assets/js/rtafar.local.js?ver=1.4.8 HTTP/2" 200 3066 "https://alhidayamaintenance.com/611983227.html" "Mozilla/5.0 AppleWebKit/537.36 (KHTML, like Gecko; compatible; ClaudeBot/1.0; +claudebot@anthropic.com)"
216.73.216.41 - - [12/Jul/2025:09:42:18 -0400] "GET /wp-content/themes/twentytwentyone/assets/js/primary-navigation.js?ver=1.0.0 HTTP/2" 200 4822 "https://alhidayamaintenance.com/611983227.html" "Mozilla/5.0 AppleWebKit/537.36 (KHTML, like Gecko; compatible; ClaudeBot/1.0; +claudebot@anthropic.com)"
216.73.216.41 - - [12/Jul/2025:09:42:18 -0400] "GET /wp-content/themes/twentytwentyone/assets/js/responsive-embeds.js?ver=1.0.0 HTTP/2" 200 3510 "https://alhidayamaintenance.com/611983227.html" "Mozilla/5.0 AppleWebKit/537.36 (KHTML, like Gecko; compatible; ClaudeBot/1.0; +claudebot@anthropic.com)"
216.73.216.41 - - [12/Jul/2025:09:42:18 -0400] "GET /wp-content/plugins/wp-whatsapp-chat/build/frontend/js/index.js?ver=9970b5c8c94b720844fe HTTP/2" 200 5316 "https://alhidayamaintenance.com/611983227.html" "Mozilla/5.0 AppleWebKit/537.36 (KHTML, like Gecko; compatible; ClaudeBot/1.0; +claudebot@anthropic.com)"
216.73.216.41 - - [12/Jul/2025:09:42:18 -0400] "GET /wp-content/plugins/real-time-auto-find-and-replace/assets/js/rtafar.app.min.js?ver=1.4.8 HTTP/2" 200 3162 "https://alhidayamaintenance.com/611983227.html" "Mozilla/5.0 AppleWebKit/537.36 (KHTML, like Gecko; compatible; ClaudeBot/1.0; +claudebot@anthropic.com)"
216.73.216.41 - - [12/Jul/2025:09:42:18 -0400] "GET /wp-content/themes/eyecraftersny-child/js/owl.carousel.min.js HTTP/2" 200 14239 "https://alhidayamaintenance.com/78603369.html" "Mozilla/5.0 AppleWebKit/537.36 (KHTML, like Gecko; compatible; ClaudeBot/1.0; +claudebot@anthropic.com)"
216.73.216.41 - - [12/Jul/2025:09:42:18 -0400] "GET /wp-content/themes/eyecraftersny-child/js/wow.min.js HTTP/2" 200 5654 "https://alhidayamaintenance.com/78603369.html" "Mozilla/5.0 AppleWebKit/537.36 (KHTML, like Gecko; compatible; ClaudeBot/1.0; +claudebot@anthropic.com)"
216.73.216.41 - - [12/Jul/2025:09:42:18 -0400] "GET /wp-content/themes/eyecraftersny-child/js/owl.carousel.min.js HTTP/2" 200 14239 "https://alhidayamaintenance.com/11983189.html" "Mozilla/5.0 AppleWebKit/537.36 (KHTML, like Gecko; compatible; ClaudeBot/1.0; +claudebot@anthropic.com)"
216.73.216.41 - - [12/Jul/2025:09:42:18 -0400] "GET /wp-content/plugins/contact-form-7/includes/swv/js/index.js?ver=5.7.6 HTTP/2" 200 5927 "https://alhidayamaintenance.com/78603369.html" "Mozilla/5.0 AppleWebKit/537.36 (KHTML, like Gecko; compatible; ClaudeBot/1.0; +claudebot@anthropic.com)"
216.73.216.41 - - [12/Jul/2025:09:42:18 -0400] "GET /wp-content/plugins/contact-form-7/includes/js/index.js?ver=5.7.6 HTTP/2" 200 6977 "https://alhidayamaintenance.com/78603369.html" "Mozilla/5.0 AppleWebKit/537.36 (KHTML, like Gecko; compatible; ClaudeBot/1.0; +claudebot@anthropic.com)"
216.73.216.41 - - [12/Jul/2025:09:42:18 -0400] "GET /wp-content/plugins/real-time-auto-find-and-replace/assets/js/rtafar.local.js?ver=1.4.8 HTTP/2" 200 3066 "https://alhidayamaintenance.com/78603369.html" "Mozilla/5.0 AppleWebKit/537.36 (KHTML, like Gecko; compatible; ClaudeBot/1.0; +claudebot@anthropic.com)"
216.73.216.41 - - [12/Jul/2025:09:42:18 -0400] "GET /wp-content/themes/twentytwentyone/assets/js/primary-navigation.js?ver=1.0.0 HTTP/2" 200 4822 "https://alhidayamaintenance.com/78603369.html" "Mozilla/5.0 AppleWebKit/537.36 (KHTML, like Gecko; compatible; ClaudeBot/1.0; +claudebot@anthropic.com)"
216.73.216.41 - - [12/Jul/2025:09:42:18 -0400] "GET /wp-content/themes/twentytwentyone/assets/js/responsive-embeds.js?ver=1.0.0 HTTP/2" 200 3510 "https://alhidayamaintenance.com/78603369.html" "Mozilla/5.0 AppleWebKit/537.36 (KHTML, like Gecko; compatible; ClaudeBot/1.0; +claudebot@anthropic.com)"
216.73.216.41 - - [12/Jul/2025:09:42:18 -0400] "GET /wp-content/plugins/wp-whatsapp-chat/build/frontend/js/index.js?ver=9970b5c8c94b720844fe HTTP/2" 200 5316 "https://alhidayamaintenance.com/78603369.html" "Mozilla/5.0 AppleWebKit/537.36 (KHTML, like Gecko; compatible; ClaudeBot/1.0; +claudebot@anthropic.com)"
216.73.216.41 - - [12/Jul/2025:09:42:18 -0400] "GET /wp-content/plugins/real-time-auto-find-and-replace/assets/js/rtafar.app.min.js?ver=1.4.8 HTTP/2" 200 3162 "https://alhidayamaintenance.com/78603369.html" "Mozilla/5.0 AppleWebKit/537.36 (KHTML, like Gecko; compatible; ClaudeBot/1.0; +claudebot@anthropic.com)"
216.73.216.41 - - [12/Jul/2025:09:42:18 -0400] "GET /wp-content/themes/eyecraftersny-child/js/wow.min.js HTTP/2" 200 5654 "https://alhidayamaintenance.com/11983189.html" "Mozilla/5.0 AppleWebKit/537.36 (KHTML, like Gecko; compatible; ClaudeBot/1.0; +claudebot@anthropic.com)"
216.73.216.41 - - [12/Jul/2025:09:42:18 -0400] "GET /wp-content/plugins/contact-form-7/includes/swv/js/index.js?ver=5.7.6 HTTP/2" 200 5927 "https://alhidayamaintenance.com/11983189.html" "Mozilla/5.0 AppleWebKit/537.36 (KHTML, like Gecko; compatible; ClaudeBot/1.0; +claudebot@anthropic.com)"
216.73.216.41 - - [12/Jul/2025:09:42:18 -0400] "GET /wp-content/plugins/contact-form-7/includes/js/index.js?ver=5.7.6 HTTP/2" 200 6977 "https://alhidayamaintenance.com/11983189.html" "Mozilla/5.0 AppleWebKit/537.36 (KHTML, like Gecko; compatible; ClaudeBot/1.0; +claudebot@anthropic.com)"
216.73.216.41 - - [12/Jul/2025:09:42:18 -0400] "GET /wp-content/plugins/real-time-auto-find-and-replace/assets/js/rtafar.local.js?ver=1.4.8 HTTP/2" 200 3066 "https://alhidayamaintenance.com/11983189.html" "Mozilla/5.0 AppleWebKit/537.36 (KHTML, like Gecko; compatible; ClaudeBot/1.0; +claudebot@anthropic.com)"
216.73.216.41 - - [12/Jul/2025:09:42:18 -0400] "GET /wp-content/themes/twentytwentyone/assets/js/primary-navigation.js?ver=1.0.0 HTTP/2" 200 4822 "https://alhidayamaintenance.com/11983189.html" "Mozilla/5.0 AppleWebKit/537.36 (KHTML, like Gecko; compatible; ClaudeBot/1.0; +claudebot@anthropic.com)"
216.73.216.41 - - [12/Jul/2025:09:42:18 -0400] "GET /wp-content/themes/twentytwentyone/assets/js/responsive-embeds.js?ver=1.0.0 HTTP/2" 200 3510 "https://alhidayamaintenance.com/11983189.html" "Mozilla/5.0 AppleWebKit/537.36 (KHTML, like Gecko; compatible; ClaudeBot/1.0; +claudebot@anthropic.com)"
216.73.216.41 - - [12/Jul/2025:09:42:18 -0400] "GET /wp-content/plugins/wp-whatsapp-chat/build/frontend/js/index.js?ver=9970b5c8c94b720844fe HTTP/2" 200 5316 "https://alhidayamaintenance.com/11983189.html" "Mozilla/5.0 AppleWebKit/537.36 (KHTML, like Gecko; compatible; ClaudeBot/1.0; +claudebot@anthropic.com)"
216.73.216.41 - - [12/Jul/2025:09:42:18 -0400] "GET /wp-content/plugins/real-time-auto-find-and-replace/assets/js/rtafar.app.min.js?ver=1.4.8 HTTP/2" 200 3162 "https://alhidayamaintenance.com/11983189.html" "Mozilla/5.0 AppleWebKit/537.36 (KHTML, like Gecko; compatible; ClaudeBot/1.0; +claudebot@anthropic.com)"
216.73.216.41 - - [12/Jul/2025:09:42:19 -0400] "GET /wp-includes/js/wp-emoji-release.min.js?ver=6.8.1 HTTP/2" 200 7813 "https://alhidayamaintenance.com/197713349.html" "Mozilla/5.0 AppleWebKit/537.36 (KHTML, like Gecko; compatible; ClaudeBot/1.0; +claudebot@anthropic.com)"
216.73.216.41 - - [12/Jul/2025:09:42:19 -0400] "GET /wp-includes/js/wp-emoji-release.min.js?ver=6.8.1 HTTP/2" 200 7813 "https://alhidayamaintenance.com/646887855.html" "Mozilla/5.0 AppleWebKit/537.36 (KHTML, like Gecko; compatible; ClaudeBot/1.0; +claudebot@anthropic.com)"
216.73.216.41 - - [12/Jul/2025:09:42:19 -0400] "GET /wp-includes/js/wp-emoji-release.min.js?ver=6.8.1 HTTP/2" 200 7813 "https://alhidayamaintenance.com/611983227.html" "Mozilla/5.0 AppleWebKit/537.36 (KHTML, like Gecko; compatible; ClaudeBot/1.0; +claudebot@anthropic.com)"
216.73.216.41 - - [12/Jul/2025:09:42:19 -0400] "GET /wp-includes/js/wp-emoji-release.min.js?ver=6.8.1 HTTP/2" 200 7813 "https://alhidayamaintenance.com/78603369.html" "Mozilla/5.0 AppleWebKit/537.36 (KHTML, like Gecko; compatible; ClaudeBot/1.0; +claudebot@anthropic.com)"
216.73.216.41 - - [12/Jul/2025:09:42:19 -0400] "GET /wp-includes/js/wp-emoji-release.min.js?ver=6.8.1 HTTP/2" 200 7813 "https://alhidayamaintenance.com/11983189.html" "Mozilla/5.0 AppleWebKit/537.36 (KHTML, like Gecko; compatible; ClaudeBot/1.0; +claudebot@anthropic.com)"
52.167.144.219 - - [12/Jul/2025:09:42:21 -0400] "GET /671762551.html HTTP/2" 200 17039 "-" "Mozilla/5.0 AppleWebKit/537.36 (KHTML, like Gecko; compatible; bingbot/2.0; +http://www.bing.com/bingbot.htm) Chrome/116.0.1938.76 Safari/537.36"
216.73.216.41 - - [12/Jul/2025:09:42:22 -0400] "GET /700388973.html HTTP/2" 404 19511 "-" "Mozilla/5.0 AppleWebKit/537.36 (KHTML, like Gecko; compatible; ClaudeBot/1.0; +claudebot@anthropic.com)"
216.73.216.41 - - [12/Jul/2025:09:42:22 -0400] "GET /326711691.html HTTP/2" 404 19511 "-" "Mozilla/5.0 AppleWebKit/537.36 (KHTML, like Gecko; compatible; ClaudeBot/1.0; +claudebot@anthropic.com)"
216.73.216.41 - - [12/Jul/2025:09:42:23 -0400] "GET /705811225.html HTTP/2" 404 19591 "-" "Mozilla/5.0 AppleWebKit/537.36 (KHTML, like Gecko; compatible; ClaudeBot/1.0; +claudebot@anthropic.com)"
216.73.216.41 - - [12/Jul/2025:09:42:23 -0400] "GET /598158009.html HTTP/2" 404 19511 "-" "Mozilla/5.0 AppleWebKit/537.36 (KHTML, like Gecko; compatible; ClaudeBot/1.0; +claudebot@anthropic.com)"
216.73.216.41 - - [12/Jul/2025:09:42:23 -0400] "GET /248465831.html HTTP/2" 404 19511 "-" "Mozilla/5.0 AppleWebKit/537.36 (KHTML, like Gecko; compatible; ClaudeBot/1.0; +claudebot@anthropic.com)"
216.73.216.41 - - [12/Jul/2025:09:42:28 -0400] "GET /51909801.html HTTP/2" 404 19511 "-" "Mozilla/5.0 AppleWebKit/537.36 (KHTML, like Gecko; compatible; ClaudeBot/1.0; +claudebot@anthropic.com)"
216.73.216.41 - - [12/Jul/2025:09:42:28 -0400] "GET /135999961.html HTTP/2" 404 19511 "-" "Mozilla/5.0 AppleWebKit/537.36 (KHTML, like Gecko; compatible; ClaudeBot/1.0; +claudebot@anthropic.com)"
216.73.216.41 - - [12/Jul/2025:09:42:28 -0400] "GET /68337245.html HTTP/2" 404 19511 "-" "Mozilla/5.0 AppleWebKit/537.36 (KHTML, like Gecko; compatible; ClaudeBot/1.0; +claudebot@anthropic.com)"
216.73.216.41 - - [12/Jul/2025:09:42:28 -0400] "GET /239788679.html HTTP/2" 404 19511 "-" "Mozilla/5.0 AppleWebKit/537.36 (KHTML, like Gecko; compatible; ClaudeBot/1.0; +claudebot@anthropic.com)"
207.46.13.141 - - [12/Jul/2025:09:42:29 -0400] "GET /300352567.html HTTP/2" 200 17520 "-" "Mozilla/5.0 AppleWebKit/537.36 (KHTML, like Gecko; compatible; bingbot/2.0; +http://www.bing.com/bingbot.htm) Chrome/116.0.1938.76 Safari/537.36"
216.73.216.41 - - [12/Jul/2025:09:42:30 -0400] "GET /493868351.html HTTP/2" 404 19511 "-" "Mozilla/5.0 AppleWebKit/537.36 (KHTML, like Gecko; compatible; ClaudeBot/1.0; +claudebot@anthropic.com)"
216.73.216.41 - - [12/Jul/2025:09:42:30 -0400] "GET /19267147.html HTTP/2" 404 19511 "-" "Mozilla/5.0 AppleWebKit/537.36 (KHTML, like Gecko; compatible; ClaudeBot/1.0; +claudebot@anthropic.com)"
216.73.216.41 - - [12/Jul/2025:09:42:31 -0400] "GET /11070123.html HTTP/2" 404 19511 "-" "Mozilla/5.0 AppleWebKit/537.36 (KHTML, like Gecko; compatible; ClaudeBot/1.0; +claudebot@anthropic.com)"
216.73.216.41 - - [12/Jul/2025:09:42:33 -0400] "GET /508028981.html HTTP/2" 404 19511 "-" "Mozilla/5.0 AppleWebKit/537.36 (KHTML, like Gecko; compatible; ClaudeBot/1.0; +claudebot@anthropic.com)"
216.73.216.41 - - [12/Jul/2025:09:42:33 -0400] "GET /118806587.html HTTP/2" 404 19511 "-" "Mozilla/5.0 AppleWebKit/537.36 (KHTML, like Gecko; compatible; ClaudeBot/1.0; +claudebot@anthropic.com)"
52.167.144.219 - - [12/Jul/2025:09:42:33 -0400] "GET /527542893.html HTTP/2" 200 17516 "-" "Mozilla/5.0 AppleWebKit/537.36 (KHTML, like Gecko; compatible; bingbot/2.0; +http://www.bing.com/bingbot.htm) Chrome/116.0.1938.76 Safari/537.36"
216.73.216.41 - - [12/Jul/2025:09:42:33 -0400] "GET /677716719.html HTTP/2" 404 19511 "-" "Mozilla/5.0 AppleWebKit/537.36 (KHTML, like Gecko; compatible; ClaudeBot/1.0; +claudebot@anthropic.com)"
216.73.216.41 - - [12/Jul/2025:09:42:35 -0400] "GET /77063765.html HTTP/2" 404 19511 "-" "Mozilla/5.0 AppleWebKit/537.36 (KHTML, like Gecko; compatible; ClaudeBot/1.0; +claudebot@anthropic.com)"
216.73.216.80 - - [12/Jul/2025:09:42:40 -0400] "GET /620070625.html HTTP/2" 404 19511 "-" "Mozilla/5.0 AppleWebKit/537.36 (KHTML, like Gecko; compatible; ClaudeBot/1.0; +claudebot@anthropic.com)"
216.73.216.80 - - [12/Jul/2025:09:42:40 -0400] "GET /89538381.html HTTP/2" 404 19511 "-" "Mozilla/5.0 AppleWebKit/537.36 (KHTML, like Gecko; compatible; ClaudeBot/1.0; +claudebot@anthropic.com)"
216.73.216.80 - - [12/Jul/2025:09:42:40 -0400] "GET /241312311.html HTTP/2" 404 19511 "-" "Mozilla/5.0 AppleWebKit/537.36 (KHTML, like Gecko; compatible; ClaudeBot/1.0; +claudebot@anthropic.com)"
216.73.216.80 - - [12/Jul/2025:09:42:40 -0400] "GET /33771175.html HTTP/2" 404 19511 "-" "Mozilla/5.0 AppleWebKit/537.36 (KHTML, like Gecko; compatible; ClaudeBot/1.0; +claudebot@anthropic.com)"
216.73.216.80 - - [12/Jul/2025:09:42:40 -0400] "GET /526847385.html HTTP/2" 404 19511 "-" "Mozilla/5.0 AppleWebKit/537.36 (KHTML, like Gecko; compatible; ClaudeBot/1.0; +claudebot@anthropic.com)"
216.73.216.80 - - [12/Jul/2025:09:42:40 -0400] "GET /287277791.html HTTP/2" 404 19511 "-" "Mozilla/5.0 AppleWebKit/537.36 (KHTML, like Gecko; compatible; ClaudeBot/1.0; +claudebot@anthropic.com)"
216.73.216.80 - - [12/Jul/2025:09:42:41 -0400] "GET /439736097.html HTTP/2" 404 19511 "-" "Mozilla/5.0 AppleWebKit/537.36 (KHTML, like Gecko; compatible; ClaudeBot/1.0; +claudebot@anthropic.com)"
216.73.216.80 - - [12/Jul/2025:09:42:41 -0400] "GET /226533855.html HTTP/2" 404 19511 "-" "Mozilla/5.0 AppleWebKit/537.36 (KHTML, like Gecko; compatible; ClaudeBot/1.0; +claudebot@anthropic.com)"
57.141.4.27 - - [12/Jul/2025:09:42:51 -0400] "GET /178749745.html HTTP/2" 404 72880 "-" "meta-externalagent/1.1 (+https://developers.facebook.com/docs/sharing/webmasters/crawler)"
52.167.144.209 - - [12/Jul/2025:09:42:55 -0400] "GET /268137285.html HTTP/2" 200 17752 "-" "Mozilla/5.0 AppleWebKit/537.36 (KHTML, like Gecko; compatible; bingbot/2.0; +http://www.bing.com/bingbot.htm) Chrome/116.0.1938.76 Safari/537.36"
207.46.13.160 - - [12/Jul/2025:09:42:58 -0400] "GET /32469692.shtml HTTP/2" 200 17115 "-" "Mozilla/5.0 AppleWebKit/537.36 (KHTML, like Gecko; compatible; bingbot/2.0; +http://www.bing.com/bingbot.htm) Chrome/116.0.1938.76 Safari/537.36"
207.46.13.160 - - [12/Jul/2025:09:43:18 -0400] "GET /291061180.shtml HTTP/2" 200 17040 "-" "Mozilla/5.0 AppleWebKit/537.36 (KHTML, like Gecko; compatible; bingbot/2.0; +http://www.bing.com/bingbot.htm) Chrome/116.0.1938.76 Safari/537.36"
52.167.144.219 - - [12/Jul/2025:09:43:21 -0400] "GET /379008133.html HTTP/2" 200 17258 "-" "Mozilla/5.0 AppleWebKit/537.36 (KHTML, like Gecko; compatible; bingbot/2.0; +http://www.bing.com/bingbot.htm) Chrome/116.0.1938.76 Safari/537.36"
23.92.177.29 - - [12/Jul/2025:09:43:25 -0400] "POST /wp-cron.php?doing_wp_cron=1752327805.1858780384063720703125 HTTP/1.1" 200 0 "-" "WordPress/6.8.1; https://alhidayamaintenance.com"
216.73.216.80 - - [12/Jul/2025:09:43:25 -0400] "GET /493032967.html HTTP/2" 404 19511 "-" "Mozilla/5.0 AppleWebKit/537.36 (KHTML, like Gecko; compatible; ClaudeBot/1.0; +claudebot@anthropic.com)"
216.73.216.80 - - [12/Jul/2025:09:43:25 -0400] "GET /509648203.html HTTP/2" 404 19511 "-" "Mozilla/5.0 AppleWebKit/537.36 (KHTML, like Gecko; compatible; ClaudeBot/1.0; +claudebot@anthropic.com)"
216.73.216.80 - - [12/Jul/2025:09:43:25 -0400] "GET /260874139.html HTTP/2" 404 19511 "-" "Mozilla/5.0 AppleWebKit/537.36 (KHTML, like Gecko; compatible; ClaudeBot/1.0; +claudebot@anthropic.com)"
216.73.216.80 - - [12/Jul/2025:09:43:25 -0400] "GET /453119907.html HTTP/2" 404 19511 "-" "Mozilla/5.0 AppleWebKit/537.36 (KHTML, like Gecko; compatible; ClaudeBot/1.0; +claudebot@anthropic.com)"
216.73.216.80 - - [12/Jul/2025:09:43:25 -0400] "GET /63480547.html HTTP/2" 404 19591 "-" "Mozilla/5.0 AppleWebKit/537.36 (KHTML, like Gecko; compatible; ClaudeBot/1.0; +claudebot@anthropic.com)"
216.73.216.80 - - [12/Jul/2025:09:43:25 -0400] "GET /253934789.html HTTP/2" 404 19511 "-" "Mozilla/5.0 AppleWebKit/537.36 (KHTML, like Gecko; compatible; ClaudeBot/1.0; +claudebot@anthropic.com)"
216.73.216.80 - - [12/Jul/2025:09:43:26 -0400] "GET /730714719.html HTTP/2" 404 19511 "-" "Mozilla/5.0 AppleWebKit/537.36 (KHTML, like Gecko; compatible; ClaudeBot/1.0; +claudebot@anthropic.com)"
216.73.216.80 - - [12/Jul/2025:09:43:26 -0400] "GET /313724035.html HTTP/2" 404 19511 "-" "Mozilla/5.0 AppleWebKit/537.36 (KHTML, like Gecko; compatible; ClaudeBot/1.0; +claudebot@anthropic.com)"
52.167.144.171 - - [12/Jul/2025:09:43:29 -0400] "GET /239181244.shtml HTTP/2" 200 16830 "-" "Mozilla/5.0 AppleWebKit/537.36 (KHTML, like Gecko; compatible; bingbot/2.0; +http://www.bing.com/bingbot.htm) Chrome/116.0.1938.76 Safari/537.36"
207.46.13.160 - - [12/Jul/2025:09:43:48 -0400] "GET /42392508.shtml HTTP/2" 200 17320 "-" "Mozilla/5.0 AppleWebKit/537.36 (KHTML, like Gecko; compatible; bingbot/2.0; +http://www.bing.com/bingbot.htm) Chrome/116.0.1938.76 Safari/537.36"
207.46.13.160 - - [12/Jul/2025:09:43:49 -0400] "GET /16752572.shtml HTTP/2" 200 16470 "-" "Mozilla/5.0 AppleWebKit/537.36 (KHTML, like Gecko; compatible; bingbot/2.0; +http://www.bing.com/bingbot.htm) Chrome/116.0.1938.76 Safari/537.36"
23.92.177.29 - - [12/Jul/2025:09:44:13 -0400] "POST /wp-cron.php?doing_wp_cron=1752327853.1070680618286132812500 HTTP/1.1" 200 0 "-" "WordPress/6.8.1; https://alhidayamaintenance.com"
216.73.216.80 - - [12/Jul/2025:09:44:12 -0400] "GET /609467879.html HTTP/2" 404 19513 "-" "Mozilla/5.0 AppleWebKit/537.36 (KHTML, like Gecko; compatible; ClaudeBot/1.0; +claudebot@anthropic.com)"
216.73.216.80 - - [12/Jul/2025:09:44:13 -0400] "GET /153698389.html HTTP/2" 404 19511 "-" "Mozilla/5.0 AppleWebKit/537.36 (KHTML, like Gecko; compatible; ClaudeBot/1.0; +claudebot@anthropic.com)"
216.73.216.80 - - [12/Jul/2025:09:44:13 -0400] "GET /341342527.html HTTP/2" 404 19511 "-" "Mozilla/5.0 AppleWebKit/537.36 (KHTML, like Gecko; compatible; ClaudeBot/1.0; +claudebot@anthropic.com)"
216.73.216.80 - - [12/Jul/2025:09:44:13 -0400] "GET /676528257.html HTTP/2" 404 19511 "-" "Mozilla/5.0 AppleWebKit/537.36 (KHTML, like Gecko; compatible; ClaudeBot/1.0; +claudebot@anthropic.com)"
216.73.216.80 - - [12/Jul/2025:09:44:13 -0400] "GET /107706531.html HTTP/2" 404 19511 "-" "Mozilla/5.0 AppleWebKit/537.36 (KHTML, like Gecko; compatible; ClaudeBot/1.0; +claudebot@anthropic.com)"
216.73.216.80 - - [12/Jul/2025:09:44:13 -0400] "GET /669241637.html HTTP/2" 404 19511 "-" "Mozilla/5.0 AppleWebKit/537.36 (KHTML, like Gecko; compatible; ClaudeBot/1.0; +claudebot@anthropic.com)"
216.73.216.80 - - [12/Jul/2025:09:44:13 -0400] "GET /465754969.html HTTP/2" 404 19511 "-" "Mozilla/5.0 AppleWebKit/537.36 (KHTML, like Gecko; compatible; ClaudeBot/1.0; +claudebot@anthropic.com)"
216.73.216.80 - - [12/Jul/2025:09:44:14 -0400] "GET /31013343.html HTTP/2" 404 19511 "-" "Mozilla/5.0 AppleWebKit/537.36 (KHTML, like Gecko; compatible; ClaudeBot/1.0; +claudebot@anthropic.com)"
57.141.4.12 - - [12/Jul/2025:09:44:16 -0400] "GET /58470663.html HTTP/2" 404 72880 "-" "meta-externalagent/1.1 (+https://developers.facebook.com/docs/sharing/webmasters/crawler)"
207.46.13.141 - - [12/Jul/2025:09:44:19 -0400] "GET /110606659.html HTTP/2" 200 17565 "-" "Mozilla/5.0 AppleWebKit/537.36 (KHTML, like Gecko; compatible; bingbot/2.0; +http://www.bing.com/bingbot.htm) Chrome/116.0.1938.76 Safari/537.36"
207.46.13.160 - - [12/Jul/2025:09:44:29 -0400] "GET /436074684.shtml HTTP/2" 200 16536 "-" "Mozilla/5.0 AppleWebKit/537.36 (KHTML, like Gecko; compatible; bingbot/2.0; +http://www.bing.com/bingbot.htm) Chrome/116.0.1938.76 Safari/537.36"
216.73.216.80 - - [12/Jul/2025:09:44:48 -0400] "GET /555762271.html HTTP/2" 404 19511 "-" "Mozilla/5.0 AppleWebKit/537.36 (KHTML, like Gecko; compatible; ClaudeBot/1.0; +claudebot@anthropic.com)"
216.73.216.80 - - [12/Jul/2025:09:44:48 -0400] "GET /212363061.html HTTP/2" 404 19511 "-" "Mozilla/5.0 AppleWebKit/537.36 (KHTML, like Gecko; compatible; ClaudeBot/1.0; +claudebot@anthropic.com)"
216.73.216.80 - - [12/Jul/2025:09:44:49 -0400] "GET /253891229.html HTTP/2" 404 19511 "-" "Mozilla/5.0 AppleWebKit/537.36 (KHTML, like Gecko; compatible; ClaudeBot/1.0; +claudebot@anthropic.com)"
216.73.216.80 - - [12/Jul/2025:09:44:49 -0400] "GET /183513031.html HTTP/2" 404 19511 "-" "Mozilla/5.0 AppleWebKit/537.36 (KHTML, like Gecko; compatible; ClaudeBot/1.0; +claudebot@anthropic.com)"
216.73.216.80 - - [12/Jul/2025:09:44:49 -0400] "GET /731938997.html HTTP/2" 404 19511 "-" "Mozilla/5.0 AppleWebKit/537.36 (KHTML, like Gecko; compatible; ClaudeBot/1.0; +claudebot@anthropic.com)"
52.167.144.171 - - [12/Jul/2025:09:44:49 -0400] "GET /605785276.shtml HTTP/2" 200 17594 "-" "Mozilla/5.0 AppleWebKit/537.36 (KHTML, like Gecko; compatible; bingbot/2.0; +http://www.bing.com/bingbot.htm) Chrome/116.0.1938.76 Safari/537.36"
216.73.216.80 - - [12/Jul/2025:09:44:49 -0400] "GET /683087425.html HTTP/2" 404 19511 "-" "Mozilla/5.0 AppleWebKit/537.36 (KHTML, like Gecko; compatible; ClaudeBot/1.0; +claudebot@anthropic.com)"
216.73.216.80 - - [12/Jul/2025:09:44:49 -0400] "GET /287208095.html HTTP/2" 404 19511 "-" "Mozilla/5.0 AppleWebKit/537.36 (KHTML, like Gecko; compatible; ClaudeBot/1.0; +claudebot@anthropic.com)"
216.73.216.80 - - [12/Jul/2025:09:44:49 -0400] "GET /39203591.html HTTP/2" 404 19511 "-" "Mozilla/5.0 AppleWebKit/537.36 (KHTML, like Gecko; compatible; ClaudeBot/1.0; +claudebot@anthropic.com)"
52.167.144.171 - - [12/Jul/2025:09:44:50 -0400] "GET /68317372.shtml HTTP/2" 200 16511 "-" "Mozilla/5.0 AppleWebKit/537.36 (KHTML, like Gecko; compatible; bingbot/2.0; +http://www.bing.com/bingbot.htm) Chrome/116.0.1938.76 Safari/537.36"
23.92.177.29 - - [12/Jul/2025:09:45:19 -0400] "POST /wp-cron.php?doing_wp_cron=1752327919.6944510936737060546875 HTTP/1.1" 200 0 "-" "WordPress/6.8.1; https://alhidayamaintenance.com"
57.141.4.12 - - [12/Jul/2025:09:45:19 -0400] "GET /676770257.html HTTP/2" 404 72880 "-" "meta-externalagent/1.1 (+https://developers.facebook.com/docs/sharing/webmasters/crawler)"
216.73.216.80 - - [12/Jul/2025:09:45:25 -0400] "GET /147552557.html HTTP/2" 404 19512 "-" "Mozilla/5.0 AppleWebKit/537.36 (KHTML, like Gecko; compatible; ClaudeBot/1.0; +claudebot@anthropic.com)"
216.73.216.80 - - [12/Jul/2025:09:45:25 -0400] "GET /312534847.html HTTP/2" 404 19512 "-" "Mozilla/5.0 AppleWebKit/537.36 (KHTML, like Gecko; compatible; ClaudeBot/1.0; +claudebot@anthropic.com)"
216.73.216.80 - - [12/Jul/2025:09:45:25 -0400] "GET /132092871.html HTTP/2" 404 19511 "-" "Mozilla/5.0 AppleWebKit/537.36 (KHTML, like Gecko; compatible; ClaudeBot/1.0; +claudebot@anthropic.com)"
216.73.216.80 - - [12/Jul/2025:09:45:26 -0400] "GET /336267061.html HTTP/2" 404 19511 "-" "Mozilla/5.0 AppleWebKit/537.36 (KHTML, like Gecko; compatible; ClaudeBot/1.0; +claudebot@anthropic.com)"
216.73.216.80 - - [12/Jul/2025:09:45:26 -0400] "GET /284777447.html HTTP/2" 404 19511 "-" "Mozilla/5.0 AppleWebKit/537.36 (KHTML, like Gecko; compatible; ClaudeBot/1.0; +claudebot@anthropic.com)"
216.73.216.80 - - [12/Jul/2025:09:45:26 -0400] "GET /528306403.html HTTP/2" 404 19511 "-" "Mozilla/5.0 AppleWebKit/537.36 (KHTML, like Gecko; compatible; ClaudeBot/1.0; +claudebot@anthropic.com)"
216.73.216.80 - - [12/Jul/2025:09:45:26 -0400] "GET /394375375.html HTTP/2" 404 19511 "-" "Mozilla/5.0 AppleWebKit/537.36 (KHTML, like Gecko; compatible; ClaudeBot/1.0; +claudebot@anthropic.com)"
216.73.216.80 - - [12/Jul/2025:09:45:26 -0400] "GET /258010069.html HTTP/2" 404 19511 "-" "Mozilla/5.0 AppleWebKit/537.36 (KHTML, like Gecko; compatible; ClaudeBot/1.0; +claudebot@anthropic.com)"
207.46.13.160 - - [12/Jul/2025:09:45:27 -0400] "GET /332766908.shtml HTTP/2" 200 16934 "-" "Mozilla/5.0 AppleWebKit/537.36 (KHTML, like Gecko; compatible; bingbot/2.0; +http://www.bing.com/bingbot.htm) Chrome/116.0.1938.76 Safari/537.36"
40.77.167.70 - - [12/Jul/2025:09:45:43 -0400] "GET /602941884.shtml HTTP/2" 200 18085 "-" "Mozilla/5.0 AppleWebKit/537.36 (KHTML, like Gecko; compatible; bingbot/2.0; +http://www.bing.com/bingbot.htm) Chrome/116.0.1938.76 Safari/537.36"
207.46.13.160 - - [12/Jul/2025:09:45:57 -0400] "GET /626547132.shtml HTTP/2" 200 16805 "-" "Mozilla/5.0 AppleWebKit/537.36 (KHTML, like Gecko; compatible; bingbot/2.0; +http://www.bing.com/bingbot.htm) Chrome/116.0.1938.76 Safari/537.36"
23.92.177.29 - - [12/Jul/2025:09:45:58 -0400] "POST /wp-cron.php?doing_wp_cron=1752327958.5100989341735839843750 HTTP/1.1" 200 0 "-" "WordPress/6.8.1; https://alhidayamaintenance.com"
51.222.253.2 - - [12/Jul/2025:09:45:58 -0400] "GET /49316771.html HTTP/2" 404 19511 "-" "Mozilla/5.0 (compatible; AhrefsBot/7.0; +http://ahrefs.com/robot/)"
23.92.177.29 - - [12/Jul/2025:09:46:01 -0400] "POST /wp-cron.php?doing_wp_cron=1752327961.1676220893859863281250 HTTP/1.1" 200 0 "-" "WordPress/6.8.1; https://alhidayamaintenance.com"
216.73.216.80 - - [12/Jul/2025:09:46:01 -0400] "GET /22177439.html HTTP/2" 404 19511 "-" "Mozilla/5.0 AppleWebKit/537.36 (KHTML, like Gecko; compatible; ClaudeBot/1.0; +claudebot@anthropic.com)"
216.73.216.80 - - [12/Jul/2025:09:46:01 -0400] "GET /579552807.html HTTP/2" 404 19511 "-" "Mozilla/5.0 AppleWebKit/537.36 (KHTML, like Gecko; compatible; ClaudeBot/1.0; +claudebot@anthropic.com)"
216.73.216.80 - - [12/Jul/2025:09:46:01 -0400] "GET /208145243.html HTTP/2" 404 19511 "-" "Mozilla/5.0 AppleWebKit/537.36 (KHTML, like Gecko; compatible; ClaudeBot/1.0; +claudebot@anthropic.com)"
216.73.216.80 - - [12/Jul/2025:09:46:01 -0400] "GET /110159201.html HTTP/2" 404 19511 "-" "Mozilla/5.0 AppleWebKit/537.36 (KHTML, like Gecko; compatible; ClaudeBot/1.0; +claudebot@anthropic.com)"
52.167.144.219 - - [12/Jul/2025:09:46:01 -0400] "GET /194714243.html HTTP/2" 200 17412 "-" "Mozilla/5.0 AppleWebKit/537.36 (KHTML, like Gecko; compatible; bingbot/2.0; +http://www.bing.com/bingbot.htm) Chrome/116.0.1938.76 Safari/537.36"
216.73.216.80 - - [12/Jul/2025:09:46:01 -0400] "GET /614788491.html HTTP/2" 404 19511 "-" "Mozilla/5.0 AppleWebKit/537.36 (KHTML, like Gecko; compatible; ClaudeBot/1.0; +claudebot@anthropic.com)"
216.73.216.80 - - [12/Jul/2025:09:46:01 -0400] "GET /351114003.html HTTP/2" 404 19511 "-" "Mozilla/5.0 AppleWebKit/537.36 (KHTML, like Gecko; compatible; ClaudeBot/1.0; +claudebot@anthropic.com)"
216.73.216.80 - - [12/Jul/2025:09:46:02 -0400] "GET /82985021.html HTTP/2" 404 19511 "-" "Mozilla/5.0 AppleWebKit/537.36 (KHTML, like Gecko; compatible; ClaudeBot/1.0; +claudebot@anthropic.com)"
216.73.216.80 - - [12/Jul/2025:09:46:02 -0400] "GET /618509483.html HTTP/2" 404 19511 "-" "Mozilla/5.0 AppleWebKit/537.36 (KHTML, like Gecko; compatible; ClaudeBot/1.0; +claudebot@anthropic.com)"
40.77.167.70 - - [12/Jul/2025:09:46:03 -0400] "GET /316086972.shtml HTTP/2" 200 17814 "-" "Mozilla/5.0 AppleWebKit/537.36 (KHTML, like Gecko; compatible; bingbot/2.0; +http://www.bing.com/bingbot.htm) Chrome/116.0.1938.76 Safari/537.36"
52.167.144.171 - - [12/Jul/2025:09:46:21 -0400] "GET /765743804.shtml HTTP/2" 200 17094 "-" "Mozilla/5.0 AppleWebKit/537.36 (KHTML, like Gecko; compatible; bingbot/2.0; +http://www.bing.com/bingbot.htm) Chrome/116.0.1938.76 Safari/537.36"
207.46.13.127 - - [12/Jul/2025:09:46:28 -0400] "GET /758543804.shtml HTTP/2" 200 17694 "-" "Mozilla/5.0 AppleWebKit/537.36 (KHTML, like Gecko; compatible; bingbot/2.0; +http://www.bing.com/bingbot.htm) Chrome/116.0.1938.76 Safari/537.36"
57.141.4.9 - - [12/Jul/2025:09:46:44 -0400] "GET /313060713.html HTTP/2" 404 72880 "-" "meta-externalagent/1.1 (+https://developers.facebook.com/docs/sharing/webmasters/crawler)"
216.73.216.80 - - [12/Jul/2025:09:46:52 -0400] "GET /266792007.html HTTP/2" 404 19511 "-" "Mozilla/5.0 AppleWebKit/537.36 (KHTML, like Gecko; compatible; ClaudeBot/1.0; +claudebot@anthropic.com)"
216.73.216.80 - - [12/Jul/2025:09:46:52 -0400] "GET /678273803.html HTTP/2" 404 19511 "-" "Mozilla/5.0 AppleWebKit/537.36 (KHTML, like Gecko; compatible; ClaudeBot/1.0; +claudebot@anthropic.com)"
216.73.216.80 - - [12/Jul/2025:09:46:52 -0400] "GET /129354641.html HTTP/2" 404 19511 "-" "Mozilla/5.0 AppleWebKit/537.36 (KHTML, like Gecko; compatible; ClaudeBot/1.0; +claudebot@anthropic.com)"
216.73.216.80 - - [12/Jul/2025:09:46:52 -0400] "GET /570418759.html HTTP/2" 404 19511 "-" "Mozilla/5.0 AppleWebKit/537.36 (KHTML, like Gecko; compatible; ClaudeBot/1.0; +claudebot@anthropic.com)"
