40.77.167.5 - - [12/Jul/2025:08:19:27 -0400] "GET /94998869.html HTTP/2" 200 17292 "-" "Mozilla/5.0 AppleWebKit/537.36 (KHTML, like Gecko; compatible; bingbot/2.0; +http://www.bing.com/bingbot.htm) Chrome/116.0.1938.76 Safari/537.36"
57.141.4.7 - - [12/Jul/2025:08:19:30 -0400] "GET /296342627.html HTTP/2" 404 72880 "-" "meta-externalagent/1.1 (+https://developers.facebook.com/docs/sharing/webmasters/crawler)"
207.46.13.127 - - [12/Jul/2025:08:19:31 -0400] "GET /57884604.shtml HTTP/2" 200 16461 "-" "Mozilla/5.0 AppleWebKit/537.36 (KHTML, like Gecko; compatible; bingbot/2.0; +http://www.bing.com/bingbot.htm) Chrome/116.0.1938.76 Safari/537.36"
57.141.4.18 - - [12/Jul/2025:08:19:41 -0400] "GET /199940959.html HTTP/2" 404 72880 "-" "meta-externalagent/1.1 (+https://developers.facebook.com/docs/sharing/webmasters/crawler)"
52.167.144.229 - - [12/Jul/2025:08:19:42 -0400] "GET /477268412.shtml HTTP/2" 200 18423 "-" "Mozilla/5.0 AppleWebKit/537.36 (KHTML, like Gecko; compatible; bingbot/2.0; +http://www.bing.com/bingbot.htm) Chrome/116.0.1938.76 Safari/537.36"
54.164.183.185 - - [12/Jul/2025:08:19:46 -0400] "POST /wp-comments-post.php HTTP/1.1" 302 0 "-" "Mozilla/5.0 (Windows NT 10.0; Win64; x64) AppleWebKit/537.36 (KHTML, like Gecko) Chrome/120.0.0.0 Safari/537.36"
57.141.4.7 - - [12/Jul/2025:08:19:47 -0400] "GET /505280345.html HTTP/2" 404 72880 "-" "meta-externalagent/1.1 (+https://developers.facebook.com/docs/sharing/webmasters/crawler)"
52.167.144.231 - - [12/Jul/2025:08:19:52 -0400] "GET /213876287.html HTTP/2" 200 17710 "-" "Mozilla/5.0 AppleWebKit/537.36 (KHTML, like Gecko; compatible; bingbot/2.0; +http://www.bing.com/bingbot.htm) Chrome/116.0.1938.76 Safari/537.36"
52.167.144.231 - - [12/Jul/2025:08:19:53 -0400] "GET /238910219.html HTTP/2" 200 17184 "-" "Mozilla/5.0 AppleWebKit/537.36 (KHTML, like Gecko; compatible; bingbot/2.0; +http://www.bing.com/bingbot.htm) Chrome/116.0.1938.76 Safari/537.36"
40.77.167.150 - - [12/Jul/2025:08:19:56 -0400] "GET /406266556.shtml HTTP/2" 200 17301 "-" "Mozilla/5.0 AppleWebKit/537.36 (KHTML, like Gecko; compatible; bingbot/2.0; +http://www.bing.com/bingbot.htm) Chrome/116.0.1938.76 Safari/537.36"
40.77.167.150 - - [12/Jul/2025:08:19:57 -0400] "GET /118585788.shtml HTTP/2" 200 17015 "-" "Mozilla/5.0 AppleWebKit/537.36 (KHTML, like Gecko; compatible; bingbot/2.0; +http://www.bing.com/bingbot.htm) Chrome/116.0.1938.76 Safari/537.36"
40.77.167.150 - - [12/Jul/2025:08:19:57 -0400] "GET /150655420.shtml HTTP/2" 200 17139 "-" "Mozilla/5.0 AppleWebKit/537.36 (KHTML, like Gecko; compatible; bingbot/2.0; +http://www.bing.com/bingbot.htm) Chrome/116.0.1938.76 Safari/537.36"
23.92.177.29 - - [12/Jul/2025:08:20:01 -0400] "POST /wp-cron.php?doing_wp_cron=1752322801.1759259700775146484375 HTTP/1.1" 200 0 "-" "WordPress/6.8.1; https://alhidayamaintenance.com"
57.141.4.24 - - [12/Jul/2025:08:20:01 -0400] "GET /118611051.html HTTP/2" 404 72880 "-" "meta-externalagent/1.1 (+https://developers.facebook.com/docs/sharing/webmasters/crawler)"
52.167.144.229 - - [12/Jul/2025:08:20:03 -0400] "GET /39515324.shtml HTTP/2" 200 17117 "-" "Mozilla/5.0 AppleWebKit/537.36 (KHTML, like Gecko; compatible; bingbot/2.0; +http://www.bing.com/bingbot.htm) Chrome/116.0.1938.76 Safari/537.36"
54.164.183.185 - - [12/Jul/2025:08:20:08 -0400] "POST /wp-comments-post.php HTTP/1.1" 302 0 "-" "Mozilla/5.0 (Windows NT 10.0; Win64; x64) AppleWebKit/537.36 (KHTML, like Gecko) Chrome/120.0.0.0 Safari/537.36"
54.164.183.185 - - [12/Jul/2025:08:20:30 -0400] "POST /wp-comments-post.php HTTP/1.1" 302 0 "-" "Mozilla/5.0 (Windows NT 10.0; Win64; x64) AppleWebKit/537.36 (KHTML, like Gecko) Chrome/120.0.0.0 Safari/537.36"
57.141.4.24 - - [12/Jul/2025:08:20:34 -0400] "GET /93212667.html HTTP/2" 404 72880 "-" "meta-externalagent/1.1 (+https://developers.facebook.com/docs/sharing/webmasters/crawler)"
51.222.253.3 - - [12/Jul/2025:08:20:41 -0400] "GET /21395295.html HTTP/2" 404 19513 "-" "Mozilla/5.0 (compatible; AhrefsBot/7.0; +http://ahrefs.com/robot/)"
54.164.183.185 - - [12/Jul/2025:08:20:51 -0400] "POST /wp-comments-post.php HTTP/1.1" 302 0 "-" "Mozilla/5.0 (Windows NT 10.0; Win64; x64) AppleWebKit/537.36 (KHTML, like Gecko) Chrome/120.0.0.0 Safari/537.36"
52.167.144.231 - - [12/Jul/2025:08:20:52 -0400] "GET /10502391.html HTTP/2" 200 17310 "-" "Mozilla/5.0 AppleWebKit/537.36 (KHTML, like Gecko; compatible; bingbot/2.0; +http://www.bing.com/bingbot.htm) Chrome/116.0.1938.76 Safari/537.36"
157.55.39.12 - - [12/Jul/2025:08:21:02 -0400] "GET /651806989.html HTTP/2" 200 16543 "-" "Mozilla/5.0 AppleWebKit/537.36 (KHTML, like Gecko; compatible; bingbot/2.0; +http://www.bing.com/bingbot.htm) Chrome/116.0.1938.76 Safari/537.36"
40.77.167.26 - - [12/Jul/2025:08:21:03 -0400] "GET /545809340.shtml HTTP/2" 200 17627 "-" "Mozilla/5.0 AppleWebKit/537.36 (KHTML, like Gecko; compatible; bingbot/2.0; +http://www.bing.com/bingbot.htm) Chrome/116.0.1938.76 Safari/537.36"
40.77.167.150 - - [12/Jul/2025:08:21:07 -0400] "GET /178754492.shtml HTTP/2" 200 18246 "-" "Mozilla/5.0 AppleWebKit/537.36 (KHTML, like Gecko; compatible; bingbot/2.0; +http://www.bing.com/bingbot.htm) Chrome/116.0.1938.76 Safari/537.36"
23.92.177.29 - - [12/Jul/2025:08:21:12 -0400] "POST /wp-cron.php?doing_wp_cron=1752322872.6804320812225341796875 HTTP/1.1" 200 0 "-" "WordPress/6.8.1; https://alhidayamaintenance.com"
54.164.183.185 - - [12/Jul/2025:08:21:12 -0400] "POST /wp-comments-post.php HTTP/1.1" 302 0 "-" "Mozilla/5.0 (Windows NT 10.0; Win64; x64) AppleWebKit/537.36 (KHTML, like Gecko) Chrome/120.0.0.0 Safari/537.36"
207.46.13.127 - - [12/Jul/2025:08:21:12 -0400] "GET /524007356.shtml HTTP/2" 200 16634 "-" "Mozilla/5.0 AppleWebKit/537.36 (KHTML, like Gecko; compatible; bingbot/2.0; +http://www.bing.com/bingbot.htm) Chrome/116.0.1938.76 Safari/537.36"
54.164.183.185 - - [12/Jul/2025:08:21:33 -0400] "POST /wp-comments-post.php HTTP/1.1" 302 0 "-" "Mozilla/5.0 (Windows NT 10.0; Win64; x64) AppleWebKit/537.36 (KHTML, like Gecko) Chrome/120.0.0.0 Safari/537.36"
54.164.183.185 - - [12/Jul/2025:08:21:54 -0400] "POST /wp-comments-post.php HTTP/1.1" 302 0 "-" "Mozilla/5.0 (Windows NT 10.0; Win64; x64) AppleWebKit/537.36 (KHTML, like Gecko) Chrome/120.0.0.0 Safari/537.36"
157.55.39.12 - - [12/Jul/2025:08:22:02 -0400] "GET /229476091.html HTTP/2" 200 16988 "-" "Mozilla/5.0 AppleWebKit/537.36 (KHTML, like Gecko; compatible; bingbot/2.0; +http://www.bing.com/bingbot.htm) Chrome/116.0.1938.76 Safari/537.36"
40.77.167.26 - - [12/Jul/2025:08:22:03 -0400] "GET /552407740.shtml HTTP/2" 200 17162 "-" "Mozilla/5.0 AppleWebKit/537.36 (KHTML, like Gecko; compatible; bingbot/2.0; +http://www.bing.com/bingbot.htm) Chrome/116.0.1938.76 Safari/537.36"
52.167.144.231 - - [12/Jul/2025:08:22:23 -0400] "GET /553095189.html HTTP/2" 200 16959 "-" "Mozilla/5.0 AppleWebKit/537.36 (KHTML, like Gecko; compatible; bingbot/2.0; +http://www.bing.com/bingbot.htm) Chrome/116.0.1938.76 Safari/537.36"
23.92.177.29 - - [12/Jul/2025:08:22:25 -0400] "POST /wp-cron.php?doing_wp_cron=1752322945.3894379138946533203125 HTTP/1.1" 200 0 "-" "WordPress/6.8.1; https://alhidayamaintenance.com"
141.95.4.134 - - [12/Jul/2025:08:22:25 -0400] "GET /wp-content/plugins/WordPressCore/include.php HTTP/2" 404 72880 "-" "Mozilla/5.0 (Windows NT 10.0; Win64; x64) AppleWebKit/537.36 (KHTML, like Gecko) Chrome/127.0.0.0 Safari/537.36"
141.95.4.134 - - [12/Jul/2025:08:22:25 -0400] "GET /wp-content/plugins/HelloDollyV2/hello_dolly_v2.php HTTP/2" 404 72880 "-" "Mozilla/5.0 (Windows NT 10.0; Win64; x64) AppleWebKit/537.36 (KHTML, like Gecko) Chrome/127.0.0.0 Safari/537.36"
40.77.167.26 - - [12/Jul/2025:08:22:33 -0400] "GET /646584252.shtml HTTP/2" 200 17066 "-" "Mozilla/5.0 AppleWebKit/537.36 (KHTML, like Gecko; compatible; bingbot/2.0; +http://www.bing.com/bingbot.htm) Chrome/116.0.1938.76 Safari/537.36"
207.46.13.127 - - [12/Jul/2025:08:22:42 -0400] "GET /730167228.shtml HTTP/2" 200 16385 "-" "Mozilla/5.0 AppleWebKit/537.36 (KHTML, like Gecko; compatible; bingbot/2.0; +http://www.bing.com/bingbot.htm) Chrome/116.0.1938.76 Safari/537.36"
207.46.13.127 - - [12/Jul/2025:08:22:42 -0400] "GET /432964796.shtml HTTP/2" 200 17593 "-" "Mozilla/5.0 AppleWebKit/537.36 (KHTML, like Gecko; compatible; bingbot/2.0; +http://www.bing.com/bingbot.htm) Chrome/116.0.1938.76 Safari/537.36"
157.55.39.12 - - [12/Jul/2025:08:22:43 -0400] "GET /645322115.html HTTP/2" 200 16615 "-" "Mozilla/5.0 AppleWebKit/537.36 (KHTML, like Gecko; compatible; bingbot/2.0; +http://www.bing.com/bingbot.htm) Chrome/116.0.1938.76 Safari/537.36"
40.77.167.23 - - [12/Jul/2025:08:22:56 -0400] "GET /570518716.shtml HTTP/2" 200 16422 "-" "Mozilla/5.0 AppleWebKit/537.36 (KHTML, like Gecko; compatible; bingbot/2.0; +http://www.bing.com/bingbot.htm) Chrome/116.0.1938.76 Safari/537.36"
23.92.177.29 - - [12/Jul/2025:08:23:00 -0400] "POST /wp-cron.php?doing_wp_cron=1752322980.5915799140930175781250 HTTP/1.1" 200 0 "-" "WordPress/6.8.1; https://alhidayamaintenance.com"
57.141.4.7 - - [12/Jul/2025:08:23:00 -0400] "GET /39459385.html HTTP/2" 404 72880 "-" "meta-externalagent/1.1 (+https://developers.facebook.com/docs/sharing/webmasters/crawler)"
23.92.177.29 - - [12/Jul/2025:08:23:15 -0400] "POST /wp-cron.php?doing_wp_cron=1752322995.3819670677185058593750 HTTP/1.1" 200 0 "-" "WordPress/6.8.1; https://alhidayamaintenance.com"
57.141.4.13 - - [12/Jul/2025:08:23:15 -0400] "GET /172236799.html HTTP/2" 404 72880 "-" "meta-externalagent/1.1 (+https://developers.facebook.com/docs/sharing/webmasters/crawler)"
51.222.253.1 - - [12/Jul/2025:08:23:17 -0400] "GET /21656413.html HTTP/2" 404 19511 "-" "Mozilla/5.0 (compatible; AhrefsBot/7.0; +http://ahrefs.com/robot/)"
207.46.13.127 - - [12/Jul/2025:08:23:21 -0400] "GET /724761020.shtml HTTP/2" 200 16884 "-" "Mozilla/5.0 AppleWebKit/537.36 (KHTML, like Gecko; compatible; bingbot/2.0; +http://www.bing.com/bingbot.htm) Chrome/116.0.1938.76 Safari/537.36"
207.46.13.127 - - [12/Jul/2025:08:23:22 -0400] "GET /456507324.shtml HTTP/2" 200 17704 "-" "Mozilla/5.0 AppleWebKit/537.36 (KHTML, like Gecko; compatible; bingbot/2.0; +http://www.bing.com/bingbot.htm) Chrome/116.0.1938.76 Safari/537.36"
157.55.39.12 - - [12/Jul/2025:08:23:22 -0400] "GET /298106807.html HTTP/2" 200 17778 "-" "Mozilla/5.0 AppleWebKit/537.36 (KHTML, like Gecko; compatible; bingbot/2.0; +http://www.bing.com/bingbot.htm) Chrome/116.0.1938.76 Safari/537.36"
40.77.167.26 - - [12/Jul/2025:08:23:23 -0400] "GET /21145788.shtml HTTP/2" 200 18178 "-" "Mozilla/5.0 AppleWebKit/537.36 (KHTML, like Gecko; compatible; bingbot/2.0; +http://www.bing.com/bingbot.htm) Chrome/116.0.1938.76 Safari/537.36"
57.141.4.24 - - [12/Jul/2025:08:23:28 -0400] "GET /200703017.html HTTP/2" 404 72880 "-" "meta-externalagent/1.1 (+https://developers.facebook.com/docs/sharing/webmasters/crawler)"
40.77.167.23 - - [12/Jul/2025:08:23:30 -0400] "GET /159532988.shtml HTTP/2" 200 17166 "-" "Mozilla/5.0 AppleWebKit/537.36 (KHTML, like Gecko; compatible; bingbot/2.0; +http://www.bing.com/bingbot.htm) Chrome/116.0.1938.76 Safari/537.36"
52.167.144.231 - - [12/Jul/2025:08:23:32 -0400] "GET /611984679.html HTTP/2" 200 16943 "-" "Mozilla/5.0 AppleWebKit/537.36 (KHTML, like Gecko; compatible; bingbot/2.0; +http://www.bing.com/bingbot.htm) Chrome/116.0.1938.76 Safari/537.36"
40.77.167.26 - - [12/Jul/2025:08:23:41 -0400] "GET /496840636.shtml HTTP/2" 200 17273 "-" "Mozilla/5.0 AppleWebKit/537.36 (KHTML, like Gecko; compatible; bingbot/2.0; +http://www.bing.com/bingbot.htm) Chrome/116.0.1938.76 Safari/537.36"
57.141.4.25 - - [12/Jul/2025:08:23:47 -0400] "GET /147617171.html HTTP/2" 404 72880 "-" "meta-externalagent/1.1 (+https://developers.facebook.com/docs/sharing/webmasters/crawler)"
216.73.216.41 - - [12/Jul/2025:08:23:50 -0400] "GET /424886493.html HTTP/2" 404 19511 "-" "Mozilla/5.0 AppleWebKit/537.36 (KHTML, like Gecko; compatible; ClaudeBot/1.0; +claudebot@anthropic.com)"
216.73.216.41 - - [12/Jul/2025:08:23:50 -0400] "GET /411759203.html HTTP/2" 404 19592 "-" "Mozilla/5.0 AppleWebKit/537.36 (KHTML, like Gecko; compatible; ClaudeBot/1.0; +claudebot@anthropic.com)"
216.73.216.41 - - [12/Jul/2025:08:23:50 -0400] "GET /415505605.html HTTP/2" 404 19511 "-" "Mozilla/5.0 AppleWebKit/537.36 (KHTML, like Gecko; compatible; ClaudeBot/1.0; +claudebot@anthropic.com)"
216.73.216.41 - - [12/Jul/2025:08:23:50 -0400] "GET /476381915.html HTTP/2" 404 19592 "-" "Mozilla/5.0 AppleWebKit/537.36 (KHTML, like Gecko; compatible; ClaudeBot/1.0; +claudebot@anthropic.com)"
216.73.216.41 - - [12/Jul/2025:08:23:50 -0400] "GET /530551679.html HTTP/2" 404 19511 "-" "Mozilla/5.0 AppleWebKit/537.36 (KHTML, like Gecko; compatible; ClaudeBot/1.0; +claudebot@anthropic.com)"
216.73.216.41 - - [12/Jul/2025:08:23:51 -0400] "GET /wp-content/themes/eyecraftersny-child/js/owl.carousel.min.js HTTP/2" 200 14239 "https://alhidayamaintenance.com/424886493.html" "Mozilla/5.0 AppleWebKit/537.36 (KHTML, like Gecko; compatible; ClaudeBot/1.0; +claudebot@anthropic.com)"
216.73.216.41 - - [12/Jul/2025:08:23:51 -0400] "GET /wp-content/themes/eyecraftersny-child/js/wow.min.js HTTP/2" 200 5654 "https://alhidayamaintenance.com/424886493.html" "Mozilla/5.0 AppleWebKit/537.36 (KHTML, like Gecko; compatible; ClaudeBot/1.0; +claudebot@anthropic.com)"
216.73.216.41 - - [12/Jul/2025:08:23:51 -0400] "GET /wp-content/plugins/contact-form-7/includes/swv/js/index.js?ver=5.7.6 HTTP/2" 200 5927 "https://alhidayamaintenance.com/424886493.html" "Mozilla/5.0 AppleWebKit/537.36 (KHTML, like Gecko; compatible; ClaudeBot/1.0; +claudebot@anthropic.com)"
216.73.216.41 - - [12/Jul/2025:08:23:51 -0400] "GET /wp-content/plugins/contact-form-7/includes/js/index.js?ver=5.7.6 HTTP/2" 200 6977 "https://alhidayamaintenance.com/424886493.html" "Mozilla/5.0 AppleWebKit/537.36 (KHTML, like Gecko; compatible; ClaudeBot/1.0; +claudebot@anthropic.com)"
216.73.216.41 - - [12/Jul/2025:08:23:51 -0400] "GET /wp-content/plugins/real-time-auto-find-and-replace/assets/js/rtafar.local.js?ver=1.4.8 HTTP/2" 200 3066 "https://alhidayamaintenance.com/424886493.html" "Mozilla/5.0 AppleWebKit/537.36 (KHTML, like Gecko; compatible; ClaudeBot/1.0; +claudebot@anthropic.com)"
216.73.216.41 - - [12/Jul/2025:08:23:51 -0400] "GET /wp-content/themes/twentytwentyone/assets/js/primary-navigation.js?ver=1.0.0 HTTP/2" 200 4822 "https://alhidayamaintenance.com/424886493.html" "Mozilla/5.0 AppleWebKit/537.36 (KHTML, like Gecko; compatible; ClaudeBot/1.0; +claudebot@anthropic.com)"
216.73.216.41 - - [12/Jul/2025:08:23:51 -0400] "GET /wp-content/themes/twentytwentyone/assets/js/responsive-embeds.js?ver=1.0.0 HTTP/2" 200 3510 "https://alhidayamaintenance.com/424886493.html" "Mozilla/5.0 AppleWebKit/537.36 (KHTML, like Gecko; compatible; ClaudeBot/1.0; +claudebot@anthropic.com)"
216.73.216.41 - - [12/Jul/2025:08:23:51 -0400] "GET /wp-content/plugins/wp-whatsapp-chat/build/frontend/js/index.js?ver=9970b5c8c94b720844fe HTTP/2" 200 5316 "https://alhidayamaintenance.com/424886493.html" "Mozilla/5.0 AppleWebKit/537.36 (KHTML, like Gecko; compatible; ClaudeBot/1.0; +claudebot@anthropic.com)"
216.73.216.41 - - [12/Jul/2025:08:23:51 -0400] "GET /wp-content/plugins/real-time-auto-find-and-replace/assets/js/rtafar.app.min.js?ver=1.4.8 HTTP/2" 200 3162 "https://alhidayamaintenance.com/424886493.html" "Mozilla/5.0 AppleWebKit/537.36 (KHTML, like Gecko; compatible; ClaudeBot/1.0; +claudebot@anthropic.com)"
216.73.216.41 - - [12/Jul/2025:08:23:51 -0400] "GET /wp-content/themes/eyecraftersny-child/js/owl.carousel.min.js HTTP/2" 200 14239 "https://alhidayamaintenance.com/411759203.html" "Mozilla/5.0 AppleWebKit/537.36 (KHTML, like Gecko; compatible; ClaudeBot/1.0; +claudebot@anthropic.com)"
216.73.216.41 - - [12/Jul/2025:08:23:51 -0400] "GET /wp-content/themes/eyecraftersny-child/js/wow.min.js HTTP/2" 200 5654 "https://alhidayamaintenance.com/411759203.html" "Mozilla/5.0 AppleWebKit/537.36 (KHTML, like Gecko; compatible; ClaudeBot/1.0; +claudebot@anthropic.com)"
216.73.216.41 - - [12/Jul/2025:08:23:51 -0400] "GET /wp-content/plugins/contact-form-7/includes/swv/js/index.js?ver=5.7.6 HTTP/2" 200 5927 "https://alhidayamaintenance.com/411759203.html" "Mozilla/5.0 AppleWebKit/537.36 (KHTML, like Gecko; compatible; ClaudeBot/1.0; +claudebot@anthropic.com)"
216.73.216.41 - - [12/Jul/2025:08:23:51 -0400] "GET /wp-content/plugins/contact-form-7/includes/js/index.js?ver=5.7.6 HTTP/2" 200 6977 "https://alhidayamaintenance.com/411759203.html" "Mozilla/5.0 AppleWebKit/537.36 (KHTML, like Gecko; compatible; ClaudeBot/1.0; +claudebot@anthropic.com)"
216.73.216.41 - - [12/Jul/2025:08:23:51 -0400] "GET /wp-content/plugins/real-time-auto-find-and-replace/assets/js/rtafar.local.js?ver=1.4.8 HTTP/2" 200 3066 "https://alhidayamaintenance.com/411759203.html" "Mozilla/5.0 AppleWebKit/537.36 (KHTML, like Gecko; compatible; ClaudeBot/1.0; +claudebot@anthropic.com)"
216.73.216.41 - - [12/Jul/2025:08:23:51 -0400] "GET /wp-content/themes/twentytwentyone/assets/js/primary-navigation.js?ver=1.0.0 HTTP/2" 200 4822 "https://alhidayamaintenance.com/411759203.html" "Mozilla/5.0 AppleWebKit/537.36 (KHTML, like Gecko; compatible; ClaudeBot/1.0; +claudebot@anthropic.com)"
216.73.216.41 - - [12/Jul/2025:08:23:51 -0400] "GET /wp-content/themes/twentytwentyone/assets/js/responsive-embeds.js?ver=1.0.0 HTTP/2" 200 3510 "https://alhidayamaintenance.com/411759203.html" "Mozilla/5.0 AppleWebKit/537.36 (KHTML, like Gecko; compatible; ClaudeBot/1.0; +claudebot@anthropic.com)"
216.73.216.41 - - [12/Jul/2025:08:23:51 -0400] "GET /wp-content/plugins/wp-whatsapp-chat/build/frontend/js/index.js?ver=9970b5c8c94b720844fe HTTP/2" 200 5316 "https://alhidayamaintenance.com/411759203.html" "Mozilla/5.0 AppleWebKit/537.36 (KHTML, like Gecko; compatible; ClaudeBot/1.0; +claudebot@anthropic.com)"
216.73.216.41 - - [12/Jul/2025:08:23:51 -0400] "GET /wp-content/plugins/real-time-auto-find-and-replace/assets/js/rtafar.app.min.js?ver=1.4.8 HTTP/2" 200 3162 "https://alhidayamaintenance.com/411759203.html" "Mozilla/5.0 AppleWebKit/537.36 (KHTML, like Gecko; compatible; ClaudeBot/1.0; +claudebot@anthropic.com)"
216.73.216.41 - - [12/Jul/2025:08:23:51 -0400] "GET /wp-content/themes/eyecraftersny-child/js/owl.carousel.min.js HTTP/2" 200 14239 "https://alhidayamaintenance.com/415505605.html" "Mozilla/5.0 AppleWebKit/537.36 (KHTML, like Gecko; compatible; ClaudeBot/1.0; +claudebot@anthropic.com)"
216.73.216.41 - - [12/Jul/2025:08:23:51 -0400] "GET /wp-content/themes/eyecraftersny-child/js/wow.min.js HTTP/2" 200 5654 "https://alhidayamaintenance.com/415505605.html" "Mozilla/5.0 AppleWebKit/537.36 (KHTML, like Gecko; compatible; ClaudeBot/1.0; +claudebot@anthropic.com)"
216.73.216.41 - - [12/Jul/2025:08:23:51 -0400] "GET /wp-content/plugins/contact-form-7/includes/swv/js/index.js?ver=5.7.6 HTTP/2" 200 5927 "https://alhidayamaintenance.com/415505605.html" "Mozilla/5.0 AppleWebKit/537.36 (KHTML, like Gecko; compatible; ClaudeBot/1.0; +claudebot@anthropic.com)"
216.73.216.41 - - [12/Jul/2025:08:23:51 -0400] "GET /wp-content/plugins/contact-form-7/includes/js/index.js?ver=5.7.6 HTTP/2" 200 6977 "https://alhidayamaintenance.com/415505605.html" "Mozilla/5.0 AppleWebKit/537.36 (KHTML, like Gecko; compatible; ClaudeBot/1.0; +claudebot@anthropic.com)"
216.73.216.41 - - [12/Jul/2025:08:23:51 -0400] "GET /wp-content/plugins/real-time-auto-find-and-replace/assets/js/rtafar.local.js?ver=1.4.8 HTTP/2" 200 3066 "https://alhidayamaintenance.com/415505605.html" "Mozilla/5.0 AppleWebKit/537.36 (KHTML, like Gecko; compatible; ClaudeBot/1.0; +claudebot@anthropic.com)"
216.73.216.41 - - [12/Jul/2025:08:23:51 -0400] "GET /wp-content/themes/twentytwentyone/assets/js/primary-navigation.js?ver=1.0.0 HTTP/2" 200 4822 "https://alhidayamaintenance.com/415505605.html" "Mozilla/5.0 AppleWebKit/537.36 (KHTML, like Gecko; compatible; ClaudeBot/1.0; +claudebot@anthropic.com)"
216.73.216.41 - - [12/Jul/2025:08:23:51 -0400] "GET /wp-content/themes/twentytwentyone/assets/js/responsive-embeds.js?ver=1.0.0 HTTP/2" 200 3510 "https://alhidayamaintenance.com/415505605.html" "Mozilla/5.0 AppleWebKit/537.36 (KHTML, like Gecko; compatible; ClaudeBot/1.0; +claudebot@anthropic.com)"
216.73.216.41 - - [12/Jul/2025:08:23:51 -0400] "GET /wp-content/plugins/wp-whatsapp-chat/build/frontend/js/index.js?ver=9970b5c8c94b720844fe HTTP/2" 200 5316 "https://alhidayamaintenance.com/415505605.html" "Mozilla/5.0 AppleWebKit/537.36 (KHTML, like Gecko; compatible; ClaudeBot/1.0; +claudebot@anthropic.com)"
216.73.216.41 - - [12/Jul/2025:08:23:51 -0400] "GET /wp-content/plugins/real-time-auto-find-and-replace/assets/js/rtafar.app.min.js?ver=1.4.8 HTTP/2" 200 3162 "https://alhidayamaintenance.com/415505605.html" "Mozilla/5.0 AppleWebKit/537.36 (KHTML, like Gecko; compatible; ClaudeBot/1.0; +claudebot@anthropic.com)"
216.73.216.41 - - [12/Jul/2025:08:23:52 -0400] "GET /wp-content/themes/eyecraftersny-child/js/owl.carousel.min.js HTTP/2" 200 14239 "https://alhidayamaintenance.com/476381915.html" "Mozilla/5.0 AppleWebKit/537.36 (KHTML, like Gecko; compatible; ClaudeBot/1.0; +claudebot@anthropic.com)"
216.73.216.41 - - [12/Jul/2025:08:23:52 -0400] "GET /wp-content/themes/eyecraftersny-child/js/wow.min.js HTTP/2" 200 5654 "https://alhidayamaintenance.com/476381915.html" "Mozilla/5.0 AppleWebKit/537.36 (KHTML, like Gecko; compatible; ClaudeBot/1.0; +claudebot@anthropic.com)"
216.73.216.41 - - [12/Jul/2025:08:23:52 -0400] "GET /wp-content/themes/eyecraftersny-child/js/owl.carousel.min.js HTTP/2" 200 14239 "https://alhidayamaintenance.com/530551679.html" "Mozilla/5.0 AppleWebKit/537.36 (KHTML, like Gecko; compatible; ClaudeBot/1.0; +claudebot@anthropic.com)"
216.73.216.41 - - [12/Jul/2025:08:23:52 -0400] "GET /wp-content/themes/eyecraftersny-child/js/wow.min.js HTTP/2" 200 5654 "https://alhidayamaintenance.com/530551679.html" "Mozilla/5.0 AppleWebKit/537.36 (KHTML, like Gecko; compatible; ClaudeBot/1.0; +claudebot@anthropic.com)"
216.73.216.41 - - [12/Jul/2025:08:23:52 -0400] "GET /wp-content/plugins/contact-form-7/includes/swv/js/index.js?ver=5.7.6 HTTP/2" 200 5927 "https://alhidayamaintenance.com/476381915.html" "Mozilla/5.0 AppleWebKit/537.36 (KHTML, like Gecko; compatible; ClaudeBot/1.0; +claudebot@anthropic.com)"
216.73.216.41 - - [12/Jul/2025:08:23:52 -0400] "GET /wp-content/plugins/contact-form-7/includes/js/index.js?ver=5.7.6 HTTP/2" 200 6977 "https://alhidayamaintenance.com/476381915.html" "Mozilla/5.0 AppleWebKit/537.36 (KHTML, like Gecko; compatible; ClaudeBot/1.0; +claudebot@anthropic.com)"
216.73.216.41 - - [12/Jul/2025:08:23:52 -0400] "GET /wp-content/plugins/real-time-auto-find-and-replace/assets/js/rtafar.local.js?ver=1.4.8 HTTP/2" 200 3066 "https://alhidayamaintenance.com/476381915.html" "Mozilla/5.0 AppleWebKit/537.36 (KHTML, like Gecko; compatible; ClaudeBot/1.0; +claudebot@anthropic.com)"
216.73.216.41 - - [12/Jul/2025:08:23:52 -0400] "GET /wp-content/themes/twentytwentyone/assets/js/primary-navigation.js?ver=1.0.0 HTTP/2" 200 4822 "https://alhidayamaintenance.com/476381915.html" "Mozilla/5.0 AppleWebKit/537.36 (KHTML, like Gecko; compatible; ClaudeBot/1.0; +claudebot@anthropic.com)"
216.73.216.41 - - [12/Jul/2025:08:23:52 -0400] "GET /wp-content/themes/twentytwentyone/assets/js/responsive-embeds.js?ver=1.0.0 HTTP/2" 200 3510 "https://alhidayamaintenance.com/476381915.html" "Mozilla/5.0 AppleWebKit/537.36 (KHTML, like Gecko; compatible; ClaudeBot/1.0; +claudebot@anthropic.com)"
216.73.216.41 - - [12/Jul/2025:08:23:52 -0400] "GET /wp-content/plugins/wp-whatsapp-chat/build/frontend/js/index.js?ver=9970b5c8c94b720844fe HTTP/2" 200 5316 "https://alhidayamaintenance.com/476381915.html" "Mozilla/5.0 AppleWebKit/537.36 (KHTML, like Gecko; compatible; ClaudeBot/1.0; +claudebot@anthropic.com)"
216.73.216.41 - - [12/Jul/2025:08:23:52 -0400] "GET /wp-content/plugins/real-time-auto-find-and-replace/assets/js/rtafar.app.min.js?ver=1.4.8 HTTP/2" 200 3162 "https://alhidayamaintenance.com/476381915.html" "Mozilla/5.0 AppleWebKit/537.36 (KHTML, like Gecko; compatible; ClaudeBot/1.0; +claudebot@anthropic.com)"
216.73.216.41 - - [12/Jul/2025:08:23:52 -0400] "GET /wp-content/plugins/contact-form-7/includes/swv/js/index.js?ver=5.7.6 HTTP/2" 200 5927 "https://alhidayamaintenance.com/530551679.html" "Mozilla/5.0 AppleWebKit/537.36 (KHTML, like Gecko; compatible; ClaudeBot/1.0; +claudebot@anthropic.com)"
216.73.216.41 - - [12/Jul/2025:08:23:52 -0400] "GET /wp-content/plugins/contact-form-7/includes/js/index.js?ver=5.7.6 HTTP/2" 200 6977 "https://alhidayamaintenance.com/530551679.html" "Mozilla/5.0 AppleWebKit/537.36 (KHTML, like Gecko; compatible; ClaudeBot/1.0; +claudebot@anthropic.com)"
216.73.216.41 - - [12/Jul/2025:08:23:52 -0400] "GET /wp-content/plugins/real-time-auto-find-and-replace/assets/js/rtafar.local.js?ver=1.4.8 HTTP/2" 200 3066 "https://alhidayamaintenance.com/530551679.html" "Mozilla/5.0 AppleWebKit/537.36 (KHTML, like Gecko; compatible; ClaudeBot/1.0; +claudebot@anthropic.com)"
216.73.216.41 - - [12/Jul/2025:08:23:52 -0400] "GET /wp-content/themes/twentytwentyone/assets/js/primary-navigation.js?ver=1.0.0 HTTP/2" 200 4822 "https://alhidayamaintenance.com/530551679.html" "Mozilla/5.0 AppleWebKit/537.36 (KHTML, like Gecko; compatible; ClaudeBot/1.0; +claudebot@anthropic.com)"
216.73.216.41 - - [12/Jul/2025:08:23:52 -0400] "GET /wp-content/themes/twentytwentyone/assets/js/responsive-embeds.js?ver=1.0.0 HTTP/2" 200 3510 "https://alhidayamaintenance.com/530551679.html" "Mozilla/5.0 AppleWebKit/537.36 (KHTML, like Gecko; compatible; ClaudeBot/1.0; +claudebot@anthropic.com)"
216.73.216.41 - - [12/Jul/2025:08:23:52 -0400] "GET /wp-content/plugins/wp-whatsapp-chat/build/frontend/js/index.js?ver=9970b5c8c94b720844fe HTTP/2" 200 5316 "https://alhidayamaintenance.com/530551679.html" "Mozilla/5.0 AppleWebKit/537.36 (KHTML, like Gecko; compatible; ClaudeBot/1.0; +claudebot@anthropic.com)"
216.73.216.41 - - [12/Jul/2025:08:23:52 -0400] "GET /wp-content/plugins/real-time-auto-find-and-replace/assets/js/rtafar.app.min.js?ver=1.4.8 HTTP/2" 200 3162 "https://alhidayamaintenance.com/530551679.html" "Mozilla/5.0 AppleWebKit/537.36 (KHTML, like Gecko; compatible; ClaudeBot/1.0; +claudebot@anthropic.com)"
216.73.216.41 - - [12/Jul/2025:08:23:52 -0400] "GET /wp-includes/js/wp-emoji-release.min.js?ver=6.8.1 HTTP/2" 200 7813 "https://alhidayamaintenance.com/424886493.html" "Mozilla/5.0 AppleWebKit/537.36 (KHTML, like Gecko; compatible; ClaudeBot/1.0; +claudebot@anthropic.com)"
216.73.216.41 - - [12/Jul/2025:08:23:52 -0400] "GET /wp-includes/js/wp-emoji-release.min.js?ver=6.8.1 HTTP/2" 200 7813 "https://alhidayamaintenance.com/411759203.html" "Mozilla/5.0 AppleWebKit/537.36 (KHTML, like Gecko; compatible; ClaudeBot/1.0; +claudebot@anthropic.com)"
216.73.216.41 - - [12/Jul/2025:08:23:52 -0400] "GET /wp-includes/js/wp-emoji-release.min.js?ver=6.8.1 HTTP/2" 200 7813 "https://alhidayamaintenance.com/415505605.html" "Mozilla/5.0 AppleWebKit/537.36 (KHTML, like Gecko; compatible; ClaudeBot/1.0; +claudebot@anthropic.com)"
216.73.216.41 - - [12/Jul/2025:08:23:52 -0400] "GET /wp-includes/js/wp-emoji-release.min.js?ver=6.8.1 HTTP/2" 200 7813 "https://alhidayamaintenance.com/476381915.html" "Mozilla/5.0 AppleWebKit/537.36 (KHTML, like Gecko; compatible; ClaudeBot/1.0; +claudebot@anthropic.com)"
216.73.216.41 - - [12/Jul/2025:08:23:52 -0400] "GET /wp-includes/js/wp-emoji-release.min.js?ver=6.8.1 HTTP/2" 200 7813 "https://alhidayamaintenance.com/530551679.html" "Mozilla/5.0 AppleWebKit/537.36 (KHTML, like Gecko; compatible; ClaudeBot/1.0; +claudebot@anthropic.com)"
52.167.144.231 - - [12/Jul/2025:08:23:52 -0400] "GET /519571655.html HTTP/2" 200 17282 "-" "Mozilla/5.0 AppleWebKit/537.36 (KHTML, like Gecko; compatible; bingbot/2.0; +http://www.bing.com/bingbot.htm) Chrome/116.0.1938.76 Safari/537.36"
216.73.216.41 - - [12/Jul/2025:08:23:55 -0400] "GET /591048291.html HTTP/2" 404 19511 "-" "Mozilla/5.0 AppleWebKit/537.36 (KHTML, like Gecko; compatible; ClaudeBot/1.0; +claudebot@anthropic.com)"
216.73.216.41 - - [12/Jul/2025:08:23:55 -0400] "GET /242380741.html HTTP/2" 404 19511 "-" "Mozilla/5.0 AppleWebKit/537.36 (KHTML, like Gecko; compatible; ClaudeBot/1.0; +claudebot@anthropic.com)"
216.73.216.41 - - [12/Jul/2025:08:23:55 -0400] "GET /622522085.html HTTP/2" 404 19511 "-" "Mozilla/5.0 AppleWebKit/537.36 (KHTML, like Gecko; compatible; ClaudeBot/1.0; +claudebot@anthropic.com)"
216.73.216.41 - - [12/Jul/2025:08:23:55 -0400] "GET /112198051.html HTTP/2" 404 19511 "-" "Mozilla/5.0 AppleWebKit/537.36 (KHTML, like Gecko; compatible; ClaudeBot/1.0; +claudebot@anthropic.com)"
216.73.216.41 - - [12/Jul/2025:08:23:55 -0400] "GET /457961843.html HTTP/2" 404 19511 "-" "Mozilla/5.0 AppleWebKit/537.36 (KHTML, like Gecko; compatible; ClaudeBot/1.0; +claudebot@anthropic.com)"
23.92.177.29 - - [12/Jul/2025:08:23:59 -0400] "POST /wp-cron.php?doing_wp_cron=1752323039.6004409790039062500000 HTTP/1.1" 200 0 "-" "WordPress/6.8.1; https://alhidayamaintenance.com"
216.73.216.41 - - [12/Jul/2025:08:23:59 -0400] "GET /94456789.html HTTP/2" 404 19511 "-" "Mozilla/5.0 AppleWebKit/537.36 (KHTML, like Gecko; compatible; ClaudeBot/1.0; +claudebot@anthropic.com)"
216.73.216.41 - - [12/Jul/2025:08:23:59 -0400] "GET /288833367.html HTTP/2" 404 19591 "-" "Mozilla/5.0 AppleWebKit/537.36 (KHTML, like Gecko; compatible; ClaudeBot/1.0; +claudebot@anthropic.com)"
216.73.216.41 - - [12/Jul/2025:08:23:59 -0400] "GET /355035613.html HTTP/2" 404 19511 "-" "Mozilla/5.0 AppleWebKit/537.36 (KHTML, like Gecko; compatible; ClaudeBot/1.0; +claudebot@anthropic.com)"
216.73.216.41 - - [12/Jul/2025:08:23:59 -0400] "GET /358894061.html HTTP/2" 404 19512 "-" "Mozilla/5.0 AppleWebKit/537.36 (KHTML, like Gecko; compatible; ClaudeBot/1.0; +claudebot@anthropic.com)"
157.55.39.12 - - [12/Jul/2025:08:24:01 -0400] "GET /196784069.html HTTP/2" 200 16451 "-" "Mozilla/5.0 AppleWebKit/537.36 (KHTML, like Gecko; compatible; bingbot/2.0; +http://www.bing.com/bingbot.htm) Chrome/116.0.1938.76 Safari/537.36"
216.73.216.80 - - [12/Jul/2025:08:24:03 -0400] "GET /robots.txt HTTP/2" 200 99 "-" "Mozilla/5.0 AppleWebKit/537.36 (KHTML, like Gecko; compatible; ClaudeBot/1.0; +claudebot@anthropic.com)"
23.92.177.29 - - [12/Jul/2025:08:24:03 -0400] "POST /wp-cron.php?doing_wp_cron=1752323043.3599131107330322265625 HTTP/1.1" 200 0 "-" "WordPress/6.8.1; https://alhidayamaintenance.com"
216.73.216.80 - - [12/Jul/2025:08:24:03 -0400] "GET /603816695.html HTTP/2" 404 19513 "-" "Mozilla/5.0 AppleWebKit/537.36 (KHTML, like Gecko; compatible; ClaudeBot/1.0; +claudebot@anthropic.com)"
216.73.216.41 - - [12/Jul/2025:08:24:03 -0400] "GET /166797123.html HTTP/2" 404 19511 "-" "Mozilla/5.0 AppleWebKit/537.36 (KHTML, like Gecko; compatible; ClaudeBot/1.0; +claudebot@anthropic.com)"
216.73.216.41 - - [12/Jul/2025:08:24:03 -0400] "GET /15903831.html HTTP/2" 404 19511 "-" "Mozilla/5.0 AppleWebKit/537.36 (KHTML, like Gecko; compatible; ClaudeBot/1.0; +claudebot@anthropic.com)"
216.73.216.41 - - [12/Jul/2025:08:24:03 -0400] "GET /163721545.html HTTP/2" 404 19511 "-" "Mozilla/5.0 AppleWebKit/537.36 (KHTML, like Gecko; compatible; ClaudeBot/1.0; +claudebot@anthropic.com)"
216.73.216.41 - - [12/Jul/2025:08:24:06 -0400] "GET /523884579.html HTTP/2" 404 19511 "-" "Mozilla/5.0 AppleWebKit/537.36 (KHTML, like Gecko; compatible; ClaudeBot/1.0; +claudebot@anthropic.com)"
216.73.216.41 - - [12/Jul/2025:08:24:06 -0400] "GET /313310941.html HTTP/2" 404 19511 "-" "Mozilla/5.0 AppleWebKit/537.36 (KHTML, like Gecko; compatible; ClaudeBot/1.0; +claudebot@anthropic.com)"
216.73.216.41 - - [12/Jul/2025:08:24:08 -0400] "GET /149459759.html HTTP/2" 404 19511 "-" "Mozilla/5.0 AppleWebKit/537.36 (KHTML, like Gecko; compatible; ClaudeBot/1.0; +claudebot@anthropic.com)"
216.73.216.41 - - [12/Jul/2025:08:24:09 -0400] "GET /631274015.html HTTP/2" 404 19511 "-" "Mozilla/5.0 AppleWebKit/537.36 (KHTML, like Gecko; compatible; ClaudeBot/1.0; +claudebot@anthropic.com)"
40.77.167.26 - - [12/Jul/2025:08:24:13 -0400] "GET /632282044.shtml HTTP/2" 200 16644 "-" "Mozilla/5.0 AppleWebKit/537.36 (KHTML, like Gecko; compatible; bingbot/2.0; +http://www.bing.com/bingbot.htm) Chrome/116.0.1938.76 Safari/537.36"
52.167.144.231 - - [12/Jul/2025:08:24:24 -0400] "GET /369837301.html HTTP/2" 200 17074 "-" "Mozilla/5.0 AppleWebKit/537.36 (KHTML, like Gecko; compatible; bingbot/2.0; +http://www.bing.com/bingbot.htm) Chrome/116.0.1938.76 Safari/537.36"
52.167.144.231 - - [12/Jul/2025:08:24:33 -0400] "GET /663094111.html HTTP/2" 200 17062 "-" "Mozilla/5.0 AppleWebKit/537.36 (KHTML, like Gecko; compatible; bingbot/2.0; +http://www.bing.com/bingbot.htm) Chrome/116.0.1938.76 Safari/537.36"
157.55.39.12 - - [12/Jul/2025:08:25:11 -0400] "GET /121068561.html HTTP/2" 200 17175 "-" "Mozilla/5.0 AppleWebKit/537.36 (KHTML, like Gecko; compatible; bingbot/2.0; +http://www.bing.com/bingbot.htm) Chrome/116.0.1938.76 Safari/537.36"
23.92.177.29 - - [12/Jul/2025:08:25:11 -0400] "POST /wp-cron.php?doing_wp_cron=1752323111.8549449443817138671875 HTTP/1.1" 200 0 "-" "WordPress/6.8.1; https://alhidayamaintenance.com"
51.222.253.14 - - [12/Jul/2025:08:25:11 -0400] "GET /21885103.html HTTP/2" 404 19511 "-" "Mozilla/5.0 (compatible; AhrefsBot/7.0; +http://ahrefs.com/robot/)"
52.167.144.231 - - [12/Jul/2025:08:25:15 -0400] "GET /207184503.html HTTP/2" 200 17177 "-" "Mozilla/5.0 AppleWebKit/537.36 (KHTML, like Gecko; compatible; bingbot/2.0; +http://www.bing.com/bingbot.htm) Chrome/116.0.1938.76 Safari/537.36"
207.46.13.127 - - [12/Jul/2025:08:25:41 -0400] "GET /274543292.shtml HTTP/2" 200 17034 "-" "Mozilla/5.0 AppleWebKit/537.36 (KHTML, like Gecko; compatible; bingbot/2.0; +http://www.bing.com/bingbot.htm) Chrome/116.0.1938.76 Safari/537.36"
157.55.39.12 - - [12/Jul/2025:08:25:41 -0400] "GET /38713783.html HTTP/2" 200 16950 "-" "Mozilla/5.0 AppleWebKit/537.36 (KHTML, like Gecko; compatible; bingbot/2.0; +http://www.bing.com/bingbot.htm) Chrome/116.0.1938.76 Safari/537.36"
52.167.144.231 - - [12/Jul/2025:08:25:45 -0400] "GET /530839175.html HTTP/2" 200 17044 "-" "Mozilla/5.0 AppleWebKit/537.36 (KHTML, like Gecko; compatible; bingbot/2.0; +http://www.bing.com/bingbot.htm) Chrome/116.0.1938.76 Safari/537.36"
57.141.4.8 - - [12/Jul/2025:08:25:53 -0400] "GET /586791753.html HTTP/2" 404 72880 "-" "meta-externalagent/1.1 (+https://developers.facebook.com/docs/sharing/webmasters/crawler)"
23.92.177.29 - - [12/Jul/2025:08:26:02 -0400] "POST /wp-cron.php?doing_wp_cron=1752323162.2291529178619384765625 HTTP/1.1" 200 0 "-" "WordPress/6.8.1; https://alhidayamaintenance.com"
57.141.4.16 - - [12/Jul/2025:08:26:02 -0400] "GET /88883529.html HTTP/2" 404 72880 "-" "meta-externalagent/1.1 (+https://developers.facebook.com/docs/sharing/webmasters/crawler)"
157.55.39.12 - - [12/Jul/2025:08:26:02 -0400] "GET /360161415.html HTTP/2" 200 17495 "-" "Mozilla/5.0 AppleWebKit/537.36 (KHTML, like Gecko; compatible; bingbot/2.0; +http://www.bing.com/bingbot.htm) Chrome/116.0.1938.76 Safari/537.36"
52.167.144.231 - - [12/Jul/2025:08:26:13 -0400] "GET /344471345.html HTTP/2" 200 16508 "-" "Mozilla/5.0 AppleWebKit/537.36 (KHTML, like Gecko; compatible; bingbot/2.0; +http://www.bing.com/bingbot.htm) Chrome/116.0.1938.76 Safari/537.36"
40.77.167.23 - - [12/Jul/2025:08:26:16 -0400] "GET /product/edit/SNHE125698909 HTTP/2" 200 17791 "-" "Mozilla/5.0 AppleWebKit/537.36 (KHTML, like Gecko; compatible; bingbot/2.0; +http://www.bing.com/bingbot.htm) Chrome/116.0.1938.76 Safari/537.36"
40.77.167.26 - - [12/Jul/2025:08:26:33 -0400] "GET /441292732.shtml HTTP/2" 200 16546 "-" "Mozilla/5.0 AppleWebKit/537.36 (KHTML, like Gecko; compatible; bingbot/2.0; +http://www.bing.com/bingbot.htm) Chrome/116.0.1938.76 Safari/537.36"
40.77.167.23 - - [12/Jul/2025:08:26:38 -0400] "GET /771081404.shtml HTTP/2" 200 16934 "-" "Mozilla/5.0 AppleWebKit/537.36 (KHTML, like Gecko; compatible; bingbot/2.0; +http://www.bing.com/bingbot.htm) Chrome/116.0.1938.76 Safari/537.36"
207.46.13.127 - - [12/Jul/2025:08:26:42 -0400] "GET /419713212.shtml HTTP/2" 200 17200 "-" "Mozilla/5.0 AppleWebKit/537.36 (KHTML, like Gecko; compatible; bingbot/2.0; +http://www.bing.com/bingbot.htm) Chrome/116.0.1938.76 Safari/537.36"
57.141.4.10 - - [12/Jul/2025:08:26:52 -0400] "GET /188679489.html HTTP/2" 404 72880 "-" "meta-externalagent/1.1 (+https://developers.facebook.com/docs/sharing/webmasters/crawler)"
57.141.4.20 - - [12/Jul/2025:08:26:57 -0400] "GET /662030521.html HTTP/2" 404 72880 "-" "meta-externalagent/1.1 (+https://developers.facebook.com/docs/sharing/webmasters/crawler)"
23.92.177.29 - - [12/Jul/2025:08:27:09 -0400] "POST /wp-cron.php?doing_wp_cron=1752323229.0794980525970458984375 HTTP/1.1" 200 0 "-" "WordPress/6.8.1; https://alhidayamaintenance.com"
51.222.253.13 - - [12/Jul/2025:08:27:08 -0400] "GET /22287791.html HTTP/2" 404 19512 "-" "Mozilla/5.0 (compatible; AhrefsBot/7.0; +http://ahrefs.com/robot/)"
207.46.13.127 - - [12/Jul/2025:08:27:11 -0400] "GET /552175292.shtml HTTP/2" 200 16490 "-" "Mozilla/5.0 AppleWebKit/537.36 (KHTML, like Gecko; compatible; bingbot/2.0; +http://www.bing.com/bingbot.htm) Chrome/116.0.1938.76 Safari/537.36"
52.167.144.231 - - [12/Jul/2025:08:27:23 -0400] "GET /590782091.html HTTP/2" 200 17265 "-" "Mozilla/5.0 AppleWebKit/537.36 (KHTML, like Gecko; compatible; bingbot/2.0; +http://www.bing.com/bingbot.htm) Chrome/116.0.1938.76 Safari/537.36"
40.77.167.23 - - [12/Jul/2025:08:27:38 -0400] "GET /492001212.shtml HTTP/2" 200 17419 "-" "Mozilla/5.0 AppleWebKit/537.36 (KHTML, like Gecko; compatible; bingbot/2.0; +http://www.bing.com/bingbot.htm) Chrome/116.0.1938.76 Safari/537.36"
207.46.13.127 - - [12/Jul/2025:08:27:43 -0400] "GET /579209148.shtml HTTP/2" 200 16579 "-" "Mozilla/5.0 AppleWebKit/537.36 (KHTML, like Gecko; compatible; bingbot/2.0; +http://www.bing.com/bingbot.htm) Chrome/116.0.1938.76 Safari/537.36"
40.77.167.26 - - [12/Jul/2025:08:28:03 -0400] "GET /732214716.shtml HTTP/2" 200 16483 "-" "Mozilla/5.0 AppleWebKit/537.36 (KHTML, like Gecko; compatible; bingbot/2.0; +http://www.bing.com/bingbot.htm) Chrome/116.0.1938.76 Safari/537.36"
52.167.144.231 - - [12/Jul/2025:08:28:03 -0400] "GET /249329771.html HTTP/2" 200 17123 "-" "Mozilla/5.0 AppleWebKit/537.36 (KHTML, like Gecko; compatible; bingbot/2.0; +http://www.bing.com/bingbot.htm) Chrome/116.0.1938.76 Safari/537.36"
52.167.144.231 - - [12/Jul/2025:08:28:04 -0400] "GET /704334299.html HTTP/2" 200 17272 "-" "Mozilla/5.0 AppleWebKit/537.36 (KHTML, like Gecko; compatible; bingbot/2.0; +http://www.bing.com/bingbot.htm) Chrome/116.0.1938.76 Safari/537.36"
52.167.144.231 - - [12/Jul/2025:08:28:04 -0400] "GET /15307059.html HTTP/2" 200 17070 "-" "Mozilla/5.0 AppleWebKit/537.36 (KHTML, like Gecko; compatible; bingbot/2.0; +http://www.bing.com/bingbot.htm) Chrome/116.0.1938.76 Safari/537.36"
52.167.144.231 - - [12/Jul/2025:08:28:13 -0400] "GET /500648223.html HTTP/2" 200 17405 "-" "Mozilla/5.0 AppleWebKit/537.36 (KHTML, like Gecko; compatible; bingbot/2.0; +http://www.bing.com/bingbot.htm) Chrome/116.0.1938.76 Safari/537.36"
40.77.167.26 - - [12/Jul/2025:08:28:33 -0400] "GET /525976764.shtml HTTP/2" 200 18069 "-" "Mozilla/5.0 AppleWebKit/537.36 (KHTML, like Gecko; compatible; bingbot/2.0; +http://www.bing.com/bingbot.htm) Chrome/116.0.1938.76 Safari/537.36"
23.92.177.29 - - [12/Jul/2025:08:28:52 -0400] "POST /wp-cron.php?doing_wp_cron=1752323332.2812130451202392578125 HTTP/1.1" 200 0 "-" "WordPress/6.8.1; https://alhidayamaintenance.com"
51.222.253.1 - - [12/Jul/2025:08:28:52 -0400] "GET /22561009.html HTTP/2" 404 19511 "-" "Mozilla/5.0 (compatible; AhrefsBot/7.0; +http://ahrefs.com/robot/)"
57.141.4.20 - - [12/Jul/2025:08:28:57 -0400] "GET /656669011.html HTTP/2" 404 72880 "-" "meta-externalagent/1.1 (+https://developers.facebook.com/docs/sharing/webmasters/crawler)"
207.46.13.127 - - [12/Jul/2025:08:29:00 -0400] "GET /safe_search/config?return_url=%2Fproduct%2Fdetail%2FZYJPK116316522 HTTP/2" 200 16691 "-" "Mozilla/5.0 AppleWebKit/537.36 (KHTML, like Gecko; compatible; bingbot/2.0; +http://www.bing.com/bingbot.htm) Chrome/116.0.1938.76 Safari/537.36"
40.77.167.26 - - [12/Jul/2025:08:29:05 -0400] "GET /377903036.shtml HTTP/2" 200 16922 "-" "Mozilla/5.0 AppleWebKit/537.36 (KHTML, like Gecko; compatible; bingbot/2.0; +http://www.bing.com/bingbot.htm) Chrome/116.0.1938.76 Safari/537.36"
157.55.39.12 - - [12/Jul/2025:08:29:10 -0400] "GET /130289729.html HTTP/2" 200 17051 "-" "Mozilla/5.0 AppleWebKit/537.36 (KHTML, like Gecko; compatible; bingbot/2.0; +http://www.bing.com/bingbot.htm) Chrome/116.0.1938.76 Safari/537.36"
40.77.167.23 - - [12/Jul/2025:08:29:27 -0400] "GET /413493948.shtml HTTP/2" 200 17728 "-" "Mozilla/5.0 AppleWebKit/537.36 (KHTML, like Gecko; compatible; bingbot/2.0; +http://www.bing.com/bingbot.htm) Chrome/116.0.1938.76 Safari/537.36"
207.46.13.116 - - [12/Jul/2025:08:29:32 -0400] "GET /579204796.shtml HTTP/2" 200 17826 "-" "Mozilla/5.0 AppleWebKit/537.36 (KHTML, like Gecko; compatible; bingbot/2.0; +http://www.bing.com/bingbot.htm) Chrome/116.0.1938.76 Safari/537.36"
207.46.13.141 - - [12/Jul/2025:08:29:32 -0400] "GET /71269317.html HTTP/2" 200 17517 "-" "Mozilla/5.0 AppleWebKit/537.36 (KHTML, like Gecko; compatible; bingbot/2.0; +http://www.bing.com/bingbot.htm) Chrome/116.0.1938.76 Safari/537.36"
207.46.13.141 - - [12/Jul/2025:08:29:41 -0400] "GET /pcmypage?callback=/product%2Fdetail%2FCIED4504273 HTTP/2" 200 16924 "-" "Mozilla/5.0 AppleWebKit/537.36 (KHTML, like Gecko; compatible; bingbot/2.0; +http://www.bing.com/bingbot.htm) Chrome/116.0.1938.76 Safari/537.36"
23.92.177.29 - - [12/Jul/2025:08:29:42 -0400] "POST /wp-cron.php?doing_wp_cron=1752323382.4936521053314208984375 HTTP/1.1" 200 0 "-" "WordPress/6.8.1; https://alhidayamaintenance.com"
57.141.4.7 - - [12/Jul/2025:08:29:42 -0400] "GET /693316765.html HTTP/2" 404 72880 "-" "meta-externalagent/1.1 (+https://developers.facebook.com/docs/sharing/webmasters/crawler)"
52.167.144.231 - - [12/Jul/2025:08:29:46 -0400] "GET /76811359.html HTTP/2" 200 16957 "-" "Mozilla/5.0 AppleWebKit/537.36 (KHTML, like Gecko; compatible; bingbot/2.0; +http://www.bing.com/bingbot.htm) Chrome/116.0.1938.76 Safari/537.36"
40.77.167.23 - - [12/Jul/2025:08:29:47 -0400] "GET /589556668.shtml HTTP/2" 200 17470 "-" "Mozilla/5.0 AppleWebKit/537.36 (KHTML, like Gecko; compatible; bingbot/2.0; +http://www.bing.com/bingbot.htm) Chrome/116.0.1938.76 Safari/537.36"
40.77.167.26 - - [12/Jul/2025:08:29:52 -0400] "GET /158434748.shtml HTTP/2" 200 16501 "-" "Mozilla/5.0 AppleWebKit/537.36 (KHTML, like Gecko; compatible; bingbot/2.0; +http://www.bing.com/bingbot.htm) Chrome/116.0.1938.76 Safari/537.36"
40.77.167.23 - - [12/Jul/2025:08:29:56 -0400] "GET /250304188.shtml HTTP/2" 200 16651 "-" "Mozilla/5.0 AppleWebKit/537.36 (KHTML, like Gecko; compatible; bingbot/2.0; +http://www.bing.com/bingbot.htm) Chrome/116.0.1938.76 Safari/537.36"
40.77.167.26 - - [12/Jul/2025:08:30:02 -0400] "GET /506845372.shtml HTTP/2" 200 16586 "-" "Mozilla/5.0 AppleWebKit/537.36 (KHTML, like Gecko; compatible; bingbot/2.0; +http://www.bing.com/bingbot.htm) Chrome/116.0.1938.76 Safari/537.36"
40.77.167.26 - - [12/Jul/2025:08:30:03 -0400] "GET /147478460.shtml HTTP/2" 200 17143 "-" "Mozilla/5.0 AppleWebKit/537.36 (KHTML, like Gecko; compatible; bingbot/2.0; +http://www.bing.com/bingbot.htm) Chrome/116.0.1938.76 Safari/537.36"
40.77.167.26 - - [12/Jul/2025:08:30:41 -0400] "GET /488028092.shtml HTTP/2" 200 17452 "-" "Mozilla/5.0 AppleWebKit/537.36 (KHTML, like Gecko; compatible; bingbot/2.0; +http://www.bing.com/bingbot.htm) Chrome/116.0.1938.76 Safari/537.36"
40.77.167.26 - - [12/Jul/2025:08:30:42 -0400] "GET /196017596.shtml HTTP/2" 200 16952 "-" "Mozilla/5.0 AppleWebKit/537.36 (KHTML, like Gecko; compatible; bingbot/2.0; +http://www.bing.com/bingbot.htm) Chrome/116.0.1938.76 Safari/537.36"
51.222.253.11 - - [12/Jul/2025:08:30:47 -0400] "GET /22964423.html HTTP/2" 404 19511 "-" "Mozilla/5.0 (compatible; AhrefsBot/7.0; +http://ahrefs.com/robot/)"
40.77.167.26 - - [12/Jul/2025:08:30:53 -0400] "GET /592598460.shtml HTTP/2" 200 18104 "-" "Mozilla/5.0 AppleWebKit/537.36 (KHTML, like Gecko; compatible; bingbot/2.0; +http://www.bing.com/bingbot.htm) Chrome/116.0.1938.76 Safari/537.36"
40.77.167.23 - - [12/Jul/2025:08:31:06 -0400] "GET /700370876.shtml HTTP/2" 200 17096 "-" "Mozilla/5.0 AppleWebKit/537.36 (KHTML, like Gecko; compatible; bingbot/2.0; +http://www.bing.com/bingbot.htm) Chrome/116.0.1938.76 Safari/537.36"
40.77.167.26 - - [12/Jul/2025:08:31:14 -0400] "GET /690670780.shtml HTTP/2" 200 17311 "-" "Mozilla/5.0 AppleWebKit/537.36 (KHTML, like Gecko; compatible; bingbot/2.0; +http://www.bing.com/bingbot.htm) Chrome/116.0.1938.76 Safari/537.36"
40.77.167.23 - - [12/Jul/2025:08:31:18 -0400] "GET /749399228.shtml HTTP/2" 200 17613 "-" "Mozilla/5.0 AppleWebKit/537.36 (KHTML, like Gecko; compatible; bingbot/2.0; +http://www.bing.com/bingbot.htm) Chrome/116.0.1938.76 Safari/537.36"
157.245.131.229 - - [12/Jul/2025:08:31:23 -0400] "POST /xmlrpc.php HTTP/1.1" 200 232 "-" "Mozilla/5.0 (X11; Ubuntu; Linux x86_64; rv:85.0) Gecko/20100101 Firefox/91.0"
57.141.4.8 - - [12/Jul/2025:08:31:27 -0400] "GET /637544961.html HTTP/2" 404 72880 "-" "meta-externalagent/1.1 (+https://developers.facebook.com/docs/sharing/webmasters/crawler)"
207.46.13.141 - - [12/Jul/2025:08:31:31 -0400] "GET /288568377.html HTTP/2" 200 17166 "-" "Mozilla/5.0 AppleWebKit/537.36 (KHTML, like Gecko; compatible; bingbot/2.0; +http://www.bing.com/bingbot.htm) Chrome/116.0.1938.76 Safari/537.36"
40.77.167.0 - - [12/Jul/2025:08:31:52 -0400] "GET /698041276.shtml HTTP/2" 200 17762 "-" "Mozilla/5.0 AppleWebKit/537.36 (KHTML, like Gecko; compatible; bingbot/2.0; +http://www.bing.com/bingbot.htm) Chrome/116.0.1938.76 Safari/537.36"
207.46.13.141 - - [12/Jul/2025:08:31:52 -0400] "GET /662568971.html HTTP/2" 200 17208 "-" "Mozilla/5.0 AppleWebKit/537.36 (KHTML, like Gecko; compatible; bingbot/2.0; +http://www.bing.com/bingbot.htm) Chrome/116.0.1938.76 Safari/537.36"
207.46.13.141 - - [12/Jul/2025:08:32:02 -0400] "GET /726204565.html HTTP/2" 200 16928 "-" "Mozilla/5.0 AppleWebKit/537.36 (KHTML, like Gecko; compatible; bingbot/2.0; +http://www.bing.com/bingbot.htm) Chrome/116.0.1938.76 Safari/537.36"
207.46.13.116 - - [12/Jul/2025:08:32:22 -0400] "GET /512229308.shtml HTTP/2" 200 16526 "-" "Mozilla/5.0 AppleWebKit/537.36 (KHTML, like Gecko; compatible; bingbot/2.0; +http://www.bing.com/bingbot.htm) Chrome/116.0.1938.76 Safari/537.36"
40.77.167.241 - - [12/Jul/2025:08:32:24 -0400] "GET /703564981.html HTTP/2" 200 17238 "-" "Mozilla/5.0 AppleWebKit/537.36 (KHTML, like Gecko; compatible; bingbot/2.0; +http://www.bing.com/bingbot.htm) Chrome/116.0.1938.76 Safari/537.36"
40.77.167.23 - - [12/Jul/2025:08:32:26 -0400] "GET /626279868.shtml HTTP/2" 200 17759 "-" "Mozilla/5.0 AppleWebKit/537.36 (KHTML, like Gecko; compatible; bingbot/2.0; +http://www.bing.com/bingbot.htm) Chrome/116.0.1938.76 Safari/537.36"
23.92.177.29 - - [12/Jul/2025:08:32:51 -0400] "POST /wp-cron.php?doing_wp_cron=1752323571.4237918853759765625000 HTTP/1.1" 200 0 "-" "WordPress/6.8.1; https://alhidayamaintenance.com"
51.222.253.15 - - [12/Jul/2025:08:32:51 -0400] "GET /23447939.html HTTP/2" 404 19564 "-" "Mozilla/5.0 (compatible; AhrefsBot/7.0; +http://ahrefs.com/robot/)"
40.77.167.0 - - [12/Jul/2025:08:32:53 -0400] "GET /297513404.shtml HTTP/2" 200 17395 "-" "Mozilla/5.0 AppleWebKit/537.36 (KHTML, like Gecko; compatible; bingbot/2.0; +http://www.bing.com/bingbot.htm) Chrome/116.0.1938.76 Safari/537.36"
52.167.144.162 - - [12/Jul/2025:08:32:57 -0400] "GET /118631868.shtml HTTP/2" 200 17010 "-" "Mozilla/5.0 AppleWebKit/537.36 (KHTML, like Gecko; compatible; bingbot/2.0; +http://www.bing.com/bingbot.htm) Chrome/116.0.1938.76 Safari/537.36"
52.167.144.162 - - [12/Jul/2025:08:33:27 -0400] "GET /207983036.shtml HTTP/2" 200 17709 "-" "Mozilla/5.0 AppleWebKit/537.36 (KHTML, like Gecko; compatible; bingbot/2.0; +http://www.bing.com/bingbot.htm) Chrome/116.0.1938.76 Safari/537.36"
23.92.177.29 - - [12/Jul/2025:08:33:30 -0400] "POST /wp-cron.php?doing_wp_cron=1752323610.7822520732879638671875 HTTP/1.1" 200 0 "-" "WordPress/6.8.1; https://alhidayamaintenance.com"
57.141.4.24 - - [12/Jul/2025:08:33:30 -0400] "GET /222354515.html HTTP/2" 404 72880 "-" "meta-externalagent/1.1 (+https://developers.facebook.com/docs/sharing/webmasters/crawler)"
40.77.167.0 - - [12/Jul/2025:08:33:42 -0400] "GET /217578428.shtml HTTP/2" 200 17629 "-" "Mozilla/5.0 AppleWebKit/537.36 (KHTML, like Gecko; compatible; bingbot/2.0; +http://www.bing.com/bingbot.htm) Chrome/116.0.1938.76 Safari/537.36"
40.77.167.0 - - [12/Jul/2025:08:33:43 -0400] "GET /314500284.shtml HTTP/2" 200 16984 "-" "Mozilla/5.0 AppleWebKit/537.36 (KHTML, like Gecko; compatible; bingbot/2.0; +http://www.bing.com/bingbot.htm) Chrome/116.0.1938.76 Safari/537.36"
207.46.13.141 - - [12/Jul/2025:08:34:11 -0400] "GET /44224849.html HTTP/2" 200 17727 "-" "Mozilla/5.0 AppleWebKit/537.36 (KHTML, like Gecko; compatible; bingbot/2.0; +http://www.bing.com/bingbot.htm) Chrome/116.0.1938.76 Safari/537.36"
207.46.13.116 - - [12/Jul/2025:08:34:12 -0400] "GET /287100348.shtml HTTP/2" 200 16883 "-" "Mozilla/5.0 AppleWebKit/537.36 (KHTML, like Gecko; compatible; bingbot/2.0; +http://www.bing.com/bingbot.htm) Chrome/116.0.1938.76 Safari/537.36"
23.92.177.29 - - [12/Jul/2025:08:34:30 -0400] "POST /wp-cron.php?doing_wp_cron=1752323670.4779000282287597656250 HTTP/1.1" 200 0 "-" "WordPress/6.8.1; https://alhidayamaintenance.com"
57.141.4.24 - - [12/Jul/2025:08:34:30 -0400] "GET /541863485.html HTTP/2" 404 72880 "-" "meta-externalagent/1.1 (+https://developers.facebook.com/docs/sharing/webmasters/crawler)"
207.46.13.141 - - [12/Jul/2025:08:34:31 -0400] "GET /55247465.html HTTP/2" 200 16613 "-" "Mozilla/5.0 AppleWebKit/537.36 (KHTML, like Gecko; compatible; bingbot/2.0; +http://www.bing.com/bingbot.htm) Chrome/116.0.1938.76 Safari/537.36"
40.77.167.241 - - [12/Jul/2025:08:34:35 -0400] "GET /272825067.html HTTP/2" 200 17083 "-" "Mozilla/5.0 AppleWebKit/537.36 (KHTML, like Gecko; compatible; bingbot/2.0; +http://www.bing.com/bingbot.htm) Chrome/116.0.1938.76 Safari/537.36"
