216.73.216.41 - - [12/Jul/2025:08:57:03 -0400] "GET /wp-content/plugins/real-time-auto-find-and-replace/assets/js/rtafar.app.min.js?ver=1.4.8 HTTP/2" 200 3162 "https://alhidayamaintenance.com/382013289.html" "Mozilla/5.0 AppleWebKit/537.36 (KHTML, like Gecko; compatible; ClaudeBot/1.0; +claudebot@anthropic.com)"
216.73.216.41 - - [12/Jul/2025:08:57:03 -0400] "GET /wp-content/themes/eyecraftersny-child/js/owl.carousel.min.js HTTP/2" 200 14239 "https://alhidayamaintenance.com/643684017.html" "Mozilla/5.0 AppleWebKit/537.36 (KHTML, like Gecko; compatible; ClaudeBot/1.0; +claudebot@anthropic.com)"
216.73.216.41 - - [12/Jul/2025:08:57:03 -0400] "GET /wp-content/themes/eyecraftersny-child/js/wow.min.js HTTP/2" 200 5654 "https://alhidayamaintenance.com/643684017.html" "Mozilla/5.0 AppleWebKit/537.36 (KHTML, like Gecko; compatible; ClaudeBot/1.0; +claudebot@anthropic.com)"
216.73.216.41 - - [12/Jul/2025:08:57:03 -0400] "GET /wp-content/plugins/contact-form-7/includes/swv/js/index.js?ver=5.7.6 HTTP/2" 200 5927 "https://alhidayamaintenance.com/643684017.html" "Mozilla/5.0 AppleWebKit/537.36 (KHTML, like Gecko; compatible; ClaudeBot/1.0; +claudebot@anthropic.com)"
216.73.216.41 - - [12/Jul/2025:08:57:03 -0400] "GET /wp-content/plugins/contact-form-7/includes/js/index.js?ver=5.7.6 HTTP/2" 200 6977 "https://alhidayamaintenance.com/643684017.html" "Mozilla/5.0 AppleWebKit/537.36 (KHTML, like Gecko; compatible; ClaudeBot/1.0; +claudebot@anthropic.com)"
216.73.216.41 - - [12/Jul/2025:08:57:03 -0400] "GET /wp-content/plugins/real-time-auto-find-and-replace/assets/js/rtafar.local.js?ver=1.4.8 HTTP/2" 200 3066 "https://alhidayamaintenance.com/643684017.html" "Mozilla/5.0 AppleWebKit/537.36 (KHTML, like Gecko; compatible; ClaudeBot/1.0; +claudebot@anthropic.com)"
216.73.216.41 - - [12/Jul/2025:08:57:03 -0400] "GET /wp-content/themes/twentytwentyone/assets/js/primary-navigation.js?ver=1.0.0 HTTP/2" 200 4822 "https://alhidayamaintenance.com/643684017.html" "Mozilla/5.0 AppleWebKit/537.36 (KHTML, like Gecko; compatible; ClaudeBot/1.0; +claudebot@anthropic.com)"
216.73.216.41 - - [12/Jul/2025:08:57:03 -0400] "GET /wp-content/themes/twentytwentyone/assets/js/responsive-embeds.js?ver=1.0.0 HTTP/2" 200 3510 "https://alhidayamaintenance.com/643684017.html" "Mozilla/5.0 AppleWebKit/537.36 (KHTML, like Gecko; compatible; ClaudeBot/1.0; +claudebot@anthropic.com)"
216.73.216.41 - - [12/Jul/2025:08:57:03 -0400] "GET /wp-content/plugins/wp-whatsapp-chat/build/frontend/js/index.js?ver=9970b5c8c94b720844fe HTTP/2" 200 5316 "https://alhidayamaintenance.com/643684017.html" "Mozilla/5.0 AppleWebKit/537.36 (KHTML, like Gecko; compatible; ClaudeBot/1.0; +claudebot@anthropic.com)"
216.73.216.41 - - [12/Jul/2025:08:57:03 -0400] "GET /wp-content/plugins/real-time-auto-find-and-replace/assets/js/rtafar.app.min.js?ver=1.4.8 HTTP/2" 200 3162 "https://alhidayamaintenance.com/643684017.html" "Mozilla/5.0 AppleWebKit/537.36 (KHTML, like Gecko; compatible; ClaudeBot/1.0; +claudebot@anthropic.com)"
216.73.216.41 - - [12/Jul/2025:08:57:03 -0400] "GET /wp-content/themes/eyecraftersny-child/js/owl.carousel.min.js HTTP/2" 200 14239 "https://alhidayamaintenance.com/558504131.html" "Mozilla/5.0 AppleWebKit/537.36 (KHTML, like Gecko; compatible; ClaudeBot/1.0; +claudebot@anthropic.com)"
216.73.216.41 - - [12/Jul/2025:08:57:03 -0400] "GET /wp-content/themes/eyecraftersny-child/js/wow.min.js HTTP/2" 200 5654 "https://alhidayamaintenance.com/558504131.html" "Mozilla/5.0 AppleWebKit/537.36 (KHTML, like Gecko; compatible; ClaudeBot/1.0; +claudebot@anthropic.com)"
216.73.216.41 - - [12/Jul/2025:08:57:03 -0400] "GET /wp-content/plugins/contact-form-7/includes/swv/js/index.js?ver=5.7.6 HTTP/2" 200 5927 "https://alhidayamaintenance.com/558504131.html" "Mozilla/5.0 AppleWebKit/537.36 (KHTML, like Gecko; compatible; ClaudeBot/1.0; +claudebot@anthropic.com)"
216.73.216.41 - - [12/Jul/2025:08:57:03 -0400] "GET /wp-content/plugins/contact-form-7/includes/js/index.js?ver=5.7.6 HTTP/2" 200 6977 "https://alhidayamaintenance.com/558504131.html" "Mozilla/5.0 AppleWebKit/537.36 (KHTML, like Gecko; compatible; ClaudeBot/1.0; +claudebot@anthropic.com)"
216.73.216.41 - - [12/Jul/2025:08:57:03 -0400] "GET /wp-content/plugins/real-time-auto-find-and-replace/assets/js/rtafar.local.js?ver=1.4.8 HTTP/2" 200 3066 "https://alhidayamaintenance.com/558504131.html" "Mozilla/5.0 AppleWebKit/537.36 (KHTML, like Gecko; compatible; ClaudeBot/1.0; +claudebot@anthropic.com)"
216.73.216.41 - - [12/Jul/2025:08:57:03 -0400] "GET /wp-content/themes/twentytwentyone/assets/js/primary-navigation.js?ver=1.0.0 HTTP/2" 200 4822 "https://alhidayamaintenance.com/558504131.html" "Mozilla/5.0 AppleWebKit/537.36 (KHTML, like Gecko; compatible; ClaudeBot/1.0; +claudebot@anthropic.com)"
216.73.216.41 - - [12/Jul/2025:08:57:03 -0400] "GET /wp-content/themes/twentytwentyone/assets/js/responsive-embeds.js?ver=1.0.0 HTTP/2" 200 3510 "https://alhidayamaintenance.com/558504131.html" "Mozilla/5.0 AppleWebKit/537.36 (KHTML, like Gecko; compatible; ClaudeBot/1.0; +claudebot@anthropic.com)"
216.73.216.41 - - [12/Jul/2025:08:57:03 -0400] "GET /wp-content/plugins/wp-whatsapp-chat/build/frontend/js/index.js?ver=9970b5c8c94b720844fe HTTP/2" 200 5316 "https://alhidayamaintenance.com/558504131.html" "Mozilla/5.0 AppleWebKit/537.36 (KHTML, like Gecko; compatible; ClaudeBot/1.0; +claudebot@anthropic.com)"
216.73.216.41 - - [12/Jul/2025:08:57:03 -0400] "GET /wp-content/plugins/real-time-auto-find-and-replace/assets/js/rtafar.app.min.js?ver=1.4.8 HTTP/2" 200 3162 "https://alhidayamaintenance.com/558504131.html" "Mozilla/5.0 AppleWebKit/537.36 (KHTML, like Gecko; compatible; ClaudeBot/1.0; +claudebot@anthropic.com)"
216.73.216.41 - - [12/Jul/2025:08:57:03 -0400] "GET /wp-content/themes/eyecraftersny-child/js/owl.carousel.min.js HTTP/2" 200 14239 "https://alhidayamaintenance.com/167465527.html" "Mozilla/5.0 AppleWebKit/537.36 (KHTML, like Gecko; compatible; ClaudeBot/1.0; +claudebot@anthropic.com)"
216.73.216.41 - - [12/Jul/2025:08:57:04 -0400] "GET /wp-content/themes/eyecraftersny-child/js/wow.min.js HTTP/2" 200 5654 "https://alhidayamaintenance.com/167465527.html" "Mozilla/5.0 AppleWebKit/537.36 (KHTML, like Gecko; compatible; ClaudeBot/1.0; +claudebot@anthropic.com)"
216.73.216.41 - - [12/Jul/2025:08:57:04 -0400] "GET /wp-content/plugins/contact-form-7/includes/swv/js/index.js?ver=5.7.6 HTTP/2" 200 5927 "https://alhidayamaintenance.com/167465527.html" "Mozilla/5.0 AppleWebKit/537.36 (KHTML, like Gecko; compatible; ClaudeBot/1.0; +claudebot@anthropic.com)"
216.73.216.41 - - [12/Jul/2025:08:57:04 -0400] "GET /wp-content/plugins/contact-form-7/includes/js/index.js?ver=5.7.6 HTTP/2" 200 6977 "https://alhidayamaintenance.com/167465527.html" "Mozilla/5.0 AppleWebKit/537.36 (KHTML, like Gecko; compatible; ClaudeBot/1.0; +claudebot@anthropic.com)"
216.73.216.41 - - [12/Jul/2025:08:57:04 -0400] "GET /wp-content/plugins/real-time-auto-find-and-replace/assets/js/rtafar.local.js?ver=1.4.8 HTTP/2" 200 3066 "https://alhidayamaintenance.com/167465527.html" "Mozilla/5.0 AppleWebKit/537.36 (KHTML, like Gecko; compatible; ClaudeBot/1.0; +claudebot@anthropic.com)"
216.73.216.41 - - [12/Jul/2025:08:57:04 -0400] "GET /wp-content/themes/twentytwentyone/assets/js/primary-navigation.js?ver=1.0.0 HTTP/2" 200 4822 "https://alhidayamaintenance.com/167465527.html" "Mozilla/5.0 AppleWebKit/537.36 (KHTML, like Gecko; compatible; ClaudeBot/1.0; +claudebot@anthropic.com)"
216.73.216.41 - - [12/Jul/2025:08:57:04 -0400] "GET /wp-content/themes/twentytwentyone/assets/js/responsive-embeds.js?ver=1.0.0 HTTP/2" 200 3510 "https://alhidayamaintenance.com/167465527.html" "Mozilla/5.0 AppleWebKit/537.36 (KHTML, like Gecko; compatible; ClaudeBot/1.0; +claudebot@anthropic.com)"
216.73.216.41 - - [12/Jul/2025:08:57:04 -0400] "GET /wp-content/plugins/wp-whatsapp-chat/build/frontend/js/index.js?ver=9970b5c8c94b720844fe HTTP/2" 200 5316 "https://alhidayamaintenance.com/167465527.html" "Mozilla/5.0 AppleWebKit/537.36 (KHTML, like Gecko; compatible; ClaudeBot/1.0; +claudebot@anthropic.com)"
216.73.216.41 - - [12/Jul/2025:08:57:04 -0400] "GET /wp-content/plugins/real-time-auto-find-and-replace/assets/js/rtafar.app.min.js?ver=1.4.8 HTTP/2" 200 3162 "https://alhidayamaintenance.com/167465527.html" "Mozilla/5.0 AppleWebKit/537.36 (KHTML, like Gecko; compatible; ClaudeBot/1.0; +claudebot@anthropic.com)"
216.73.216.41 - - [12/Jul/2025:08:57:04 -0400] "GET /wp-includes/js/wp-emoji-release.min.js?ver=6.8.1 HTTP/2" 200 7813 "https://alhidayamaintenance.com/186546259.html" "Mozilla/5.0 AppleWebKit/537.36 (KHTML, like Gecko; compatible; ClaudeBot/1.0; +claudebot@anthropic.com)"
216.73.216.41 - - [12/Jul/2025:08:57:04 -0400] "GET /wp-includes/js/wp-emoji-release.min.js?ver=6.8.1 HTTP/2" 200 7813 "https://alhidayamaintenance.com/382013289.html" "Mozilla/5.0 AppleWebKit/537.36 (KHTML, like Gecko; compatible; ClaudeBot/1.0; +claudebot@anthropic.com)"
216.73.216.41 - - [12/Jul/2025:08:57:04 -0400] "GET /wp-includes/js/wp-emoji-release.min.js?ver=6.8.1 HTTP/2" 200 7813 "https://alhidayamaintenance.com/643684017.html" "Mozilla/5.0 AppleWebKit/537.36 (KHTML, like Gecko; compatible; ClaudeBot/1.0; +claudebot@anthropic.com)"
216.73.216.41 - - [12/Jul/2025:08:57:04 -0400] "GET /wp-includes/js/wp-emoji-release.min.js?ver=6.8.1 HTTP/2" 200 7813 "https://alhidayamaintenance.com/558504131.html" "Mozilla/5.0 AppleWebKit/537.36 (KHTML, like Gecko; compatible; ClaudeBot/1.0; +claudebot@anthropic.com)"
216.73.216.41 - - [12/Jul/2025:08:57:04 -0400] "GET /wp-includes/js/wp-emoji-release.min.js?ver=6.8.1 HTTP/2" 200 7813 "https://alhidayamaintenance.com/167465527.html" "Mozilla/5.0 AppleWebKit/537.36 (KHTML, like Gecko; compatible; ClaudeBot/1.0; +claudebot@anthropic.com)"
40.77.167.53 - - [12/Jul/2025:08:57:06 -0400] "GET /104077983.html HTTP/2" 200 16860 "-" "Mozilla/5.0 AppleWebKit/537.36 (KHTML, like Gecko; compatible; bingbot/2.0; +http://www.bing.com/bingbot.htm) Chrome/116.0.1938.76 Safari/537.36"
216.73.216.41 - - [12/Jul/2025:08:57:07 -0400] "GET /644487215.html HTTP/2" 404 19512 "-" "Mozilla/5.0 AppleWebKit/537.36 (KHTML, like Gecko; compatible; ClaudeBot/1.0; +claudebot@anthropic.com)"
216.73.216.41 - - [12/Jul/2025:08:57:07 -0400] "GET /441606273.html HTTP/2" 404 19512 "-" "Mozilla/5.0 AppleWebKit/537.36 (KHTML, like Gecko; compatible; ClaudeBot/1.0; +claudebot@anthropic.com)"
216.73.216.41 - - [12/Jul/2025:08:57:07 -0400] "GET /637029501.html HTTP/2" 404 19512 "-" "Mozilla/5.0 AppleWebKit/537.36 (KHTML, like Gecko; compatible; ClaudeBot/1.0; +claudebot@anthropic.com)"
216.73.216.41 - - [12/Jul/2025:08:57:07 -0400] "GET /11569369.html HTTP/2" 404 19512 "-" "Mozilla/5.0 AppleWebKit/537.36 (KHTML, like Gecko; compatible; ClaudeBot/1.0; +claudebot@anthropic.com)"
216.73.216.41 - - [12/Jul/2025:08:57:07 -0400] "GET /637964347.html HTTP/2" 404 19512 "-" "Mozilla/5.0 AppleWebKit/537.36 (KHTML, like Gecko; compatible; ClaudeBot/1.0; +claudebot@anthropic.com)"
216.73.216.41 - - [12/Jul/2025:08:57:10 -0400] "GET /160028141.html HTTP/2" 404 19511 "-" "Mozilla/5.0 AppleWebKit/537.36 (KHTML, like Gecko; compatible; ClaudeBot/1.0; +claudebot@anthropic.com)"
216.73.216.41 - - [12/Jul/2025:08:57:11 -0400] "GET /500293693.html HTTP/2" 404 19511 "-" "Mozilla/5.0 AppleWebKit/537.36 (KHTML, like Gecko; compatible; ClaudeBot/1.0; +claudebot@anthropic.com)"
216.73.216.41 - - [12/Jul/2025:08:57:11 -0400] "GET /664324681.html HTTP/2" 404 19511 "-" "Mozilla/5.0 AppleWebKit/537.36 (KHTML, like Gecko; compatible; ClaudeBot/1.0; +claudebot@anthropic.com)"
216.73.216.41 - - [12/Jul/2025:08:57:11 -0400] "GET /535679175.html HTTP/2" 404 19511 "-" "Mozilla/5.0 AppleWebKit/537.36 (KHTML, like Gecko; compatible; ClaudeBot/1.0; +claudebot@anthropic.com)"
216.73.216.80 - - [12/Jul/2025:08:57:11 -0400] "GET /169304001.html HTTP/2" 404 19511 "-" "Mozilla/5.0 AppleWebKit/537.36 (KHTML, like Gecko; compatible; ClaudeBot/1.0; +claudebot@anthropic.com)"
216.73.216.80 - - [12/Jul/2025:08:57:11 -0400] "GET /244544221.html HTTP/2" 404 19511 "-" "Mozilla/5.0 AppleWebKit/537.36 (KHTML, like Gecko; compatible; ClaudeBot/1.0; +claudebot@anthropic.com)"
216.73.216.80 - - [12/Jul/2025:08:57:11 -0400] "GET /658771023.html HTTP/2" 404 19511 "-" "Mozilla/5.0 AppleWebKit/537.36 (KHTML, like Gecko; compatible; ClaudeBot/1.0; +claudebot@anthropic.com)"
216.73.216.80 - - [12/Jul/2025:08:57:11 -0400] "GET /401038119.html HTTP/2" 404 19511 "-" "Mozilla/5.0 AppleWebKit/537.36 (KHTML, like Gecko; compatible; ClaudeBot/1.0; +claudebot@anthropic.com)"
216.73.216.80 - - [12/Jul/2025:08:57:11 -0400] "GET /529612719.html HTTP/2" 404 19511 "-" "Mozilla/5.0 AppleWebKit/537.36 (KHTML, like Gecko; compatible; ClaudeBot/1.0; +claudebot@anthropic.com)"
216.73.216.80 - - [12/Jul/2025:08:57:11 -0400] "GET /696350477.html HTTP/2" 404 19511 "-" "Mozilla/5.0 AppleWebKit/537.36 (KHTML, like Gecko; compatible; ClaudeBot/1.0; +claudebot@anthropic.com)"
216.73.216.80 - - [12/Jul/2025:08:57:12 -0400] "GET /94564479.html HTTP/2" 404 19511 "-" "Mozilla/5.0 AppleWebKit/537.36 (KHTML, like Gecko; compatible; ClaudeBot/1.0; +claudebot@anthropic.com)"
216.73.216.80 - - [12/Jul/2025:08:57:12 -0400] "GET /494158025.html HTTP/2" 404 19511 "-" "Mozilla/5.0 AppleWebKit/537.36 (KHTML, like Gecko; compatible; ClaudeBot/1.0; +claudebot@anthropic.com)"
216.73.216.41 - - [12/Jul/2025:08:57:14 -0400] "GET /8870343.html HTTP/2" 404 19511 "-" "Mozilla/5.0 AppleWebKit/537.36 (KHTML, like Gecko; compatible; ClaudeBot/1.0; +claudebot@anthropic.com)"
216.73.216.41 - - [12/Jul/2025:08:57:14 -0400] "GET /24204915.html HTTP/2" 404 19511 "-" "Mozilla/5.0 AppleWebKit/537.36 (KHTML, like Gecko; compatible; ClaudeBot/1.0; +claudebot@anthropic.com)"
216.73.216.41 - - [12/Jul/2025:08:57:14 -0400] "GET /262495539.html HTTP/2" 404 19511 "-" "Mozilla/5.0 AppleWebKit/537.36 (KHTML, like Gecko; compatible; ClaudeBot/1.0; +claudebot@anthropic.com)"
216.73.216.41 - - [12/Jul/2025:08:57:16 -0400] "GET /459337613.html HTTP/2" 404 19511 "-" "Mozilla/5.0 AppleWebKit/537.36 (KHTML, like Gecko; compatible; ClaudeBot/1.0; +claudebot@anthropic.com)"
216.73.216.41 - - [12/Jul/2025:08:57:17 -0400] "GET /578451707.html HTTP/2" 404 19511 "-" "Mozilla/5.0 AppleWebKit/537.36 (KHTML, like Gecko; compatible; ClaudeBot/1.0; +claudebot@anthropic.com)"
216.73.216.41 - - [12/Jul/2025:08:57:18 -0400] "GET /81433317.html HTTP/2" 404 19511 "-" "Mozilla/5.0 AppleWebKit/537.36 (KHTML, like Gecko; compatible; ClaudeBot/1.0; +claudebot@anthropic.com)"
216.73.216.41 - - [12/Jul/2025:08:57:19 -0400] "GET /307973389.html HTTP/2" 404 19564 "-" "Mozilla/5.0 AppleWebKit/537.36 (KHTML, like Gecko; compatible; ClaudeBot/1.0; +claudebot@anthropic.com)"
51.222.253.8 - - [12/Jul/2025:08:57:25 -0400] "GET /33738989.html HTTP/2" 404 19511 "-" "Mozilla/5.0 (compatible; AhrefsBot/7.0; +http://ahrefs.com/robot/)"
52.167.144.206 - - [12/Jul/2025:08:57:27 -0400] "GET /191186876.shtml HTTP/2" 200 16615 "-" "Mozilla/5.0 AppleWebKit/537.36 (KHTML, like Gecko; compatible; bingbot/2.0; +http://www.bing.com/bingbot.htm) Chrome/116.0.1938.76 Safari/537.36"
216.73.216.80 - - [12/Jul/2025:08:57:49 -0400] "GET /228524547.html HTTP/2" 404 19512 "-" "Mozilla/5.0 AppleWebKit/537.36 (KHTML, like Gecko; compatible; ClaudeBot/1.0; +claudebot@anthropic.com)"
216.73.216.80 - - [12/Jul/2025:08:57:49 -0400] "GET /587687637.html HTTP/2" 404 19512 "-" "Mozilla/5.0 AppleWebKit/537.36 (KHTML, like Gecko; compatible; ClaudeBot/1.0; +claudebot@anthropic.com)"
216.73.216.80 - - [12/Jul/2025:08:57:49 -0400] "GET /221320449.html HTTP/2" 404 19511 "-" "Mozilla/5.0 AppleWebKit/537.36 (KHTML, like Gecko; compatible; ClaudeBot/1.0; +claudebot@anthropic.com)"
216.73.216.80 - - [12/Jul/2025:08:57:50 -0400] "GET /205459285.html HTTP/2" 404 19511 "-" "Mozilla/5.0 AppleWebKit/537.36 (KHTML, like Gecko; compatible; ClaudeBot/1.0; +claudebot@anthropic.com)"
216.73.216.80 - - [12/Jul/2025:08:57:50 -0400] "GET /284938135.html HTTP/2" 404 19511 "-" "Mozilla/5.0 AppleWebKit/537.36 (KHTML, like Gecko; compatible; ClaudeBot/1.0; +claudebot@anthropic.com)"
216.73.216.80 - - [12/Jul/2025:08:57:50 -0400] "GET /273275429.html HTTP/2" 404 19511 "-" "Mozilla/5.0 AppleWebKit/537.36 (KHTML, like Gecko; compatible; ClaudeBot/1.0; +claudebot@anthropic.com)"
216.73.216.80 - - [12/Jul/2025:08:57:50 -0400] "GET /25883427.html HTTP/2" 404 19511 "-" "Mozilla/5.0 AppleWebKit/537.36 (KHTML, like Gecko; compatible; ClaudeBot/1.0; +claudebot@anthropic.com)"
216.73.216.80 - - [12/Jul/2025:08:57:50 -0400] "GET /222587803.html HTTP/2" 404 19511 "-" "Mozilla/5.0 AppleWebKit/537.36 (KHTML, like Gecko; compatible; ClaudeBot/1.0; +claudebot@anthropic.com)"
40.77.167.32 - - [12/Jul/2025:08:57:50 -0400] "GET /zhHant/product/surugaya/WEKQ66475715?campaign_uid=f64d716db5e979ed2f947dbaf4296895b951ae7f HTTP/2" 200 17514 "-" "Mozilla/5.0 AppleWebKit/537.36 (KHTML, like Gecko; compatible; bingbot/2.0; +http://www.bing.com/bingbot.htm) Chrome/116.0.1938.76 Safari/537.36"
40.77.167.53 - - [12/Jul/2025:08:57:56 -0400] "GET /628728659.html HTTP/2" 200 17479 "-" "Mozilla/5.0 AppleWebKit/537.36 (KHTML, like Gecko; compatible; bingbot/2.0; +http://www.bing.com/bingbot.htm) Chrome/116.0.1938.76 Safari/537.36"
207.46.13.14 - - [12/Jul/2025:08:58:03 -0400] "GET /571678396.shtml HTTP/2" 200 17061 "-" "Mozilla/5.0 AppleWebKit/537.36 (KHTML, like Gecko; compatible; bingbot/2.0; +http://www.bing.com/bingbot.htm) Chrome/116.0.1938.76 Safari/537.36"
207.46.13.14 - - [12/Jul/2025:08:58:04 -0400] "GET /359822268.shtml HTTP/2" 200 17242 "-" "Mozilla/5.0 AppleWebKit/537.36 (KHTML, like Gecko; compatible; bingbot/2.0; +http://www.bing.com/bingbot.htm) Chrome/116.0.1938.76 Safari/537.36"
52.167.144.206 - - [12/Jul/2025:08:58:07 -0400] "GET /533423036.shtml HTTP/2" 200 16568 "-" "Mozilla/5.0 AppleWebKit/537.36 (KHTML, like Gecko; compatible; bingbot/2.0; +http://www.bing.com/bingbot.htm) Chrome/116.0.1938.76 Safari/537.36"
40.77.167.2 - - [12/Jul/2025:08:58:12 -0400] "GET /38536892.shtml HTTP/2" 200 17562 "-" "Mozilla/5.0 AppleWebKit/537.36 (KHTML, like Gecko; compatible; bingbot/2.0; +http://www.bing.com/bingbot.htm) Chrome/116.0.1938.76 Safari/537.36"
23.92.177.29 - - [12/Jul/2025:08:58:14 -0400] "POST /wp-cron.php?doing_wp_cron=1752325094.4678640365600585937500 HTTP/1.1" 200 0 "-" "WordPress/6.8.1; https://alhidayamaintenance.com"
57.141.4.24 - - [12/Jul/2025:08:58:14 -0400] "GET /597216629.html HTTP/2" 404 72880 "-" "meta-externalagent/1.1 (+https://developers.facebook.com/docs/sharing/webmasters/crawler)"
216.73.216.80 - - [12/Jul/2025:08:58:23 -0400] "GET /149025369.html HTTP/2" 404 19511 "-" "Mozilla/5.0 AppleWebKit/537.36 (KHTML, like Gecko; compatible; ClaudeBot/1.0; +claudebot@anthropic.com)"
216.73.216.80 - - [12/Jul/2025:08:58:23 -0400] "GET /638522641.html HTTP/2" 404 19512 "-" "Mozilla/5.0 AppleWebKit/537.36 (KHTML, like Gecko; compatible; ClaudeBot/1.0; +claudebot@anthropic.com)"
216.73.216.80 - - [12/Jul/2025:08:58:24 -0400] "GET /214640523.html HTTP/2" 404 19511 "-" "Mozilla/5.0 AppleWebKit/537.36 (KHTML, like Gecko; compatible; ClaudeBot/1.0; +claudebot@anthropic.com)"
216.73.216.80 - - [12/Jul/2025:08:58:24 -0400] "GET /706690411.html HTTP/2" 404 19511 "-" "Mozilla/5.0 AppleWebKit/537.36 (KHTML, like Gecko; compatible; ClaudeBot/1.0; +claudebot@anthropic.com)"
216.73.216.80 - - [12/Jul/2025:08:58:24 -0400] "GET /661435443.html HTTP/2" 404 19511 "-" "Mozilla/5.0 AppleWebKit/537.36 (KHTML, like Gecko; compatible; ClaudeBot/1.0; +claudebot@anthropic.com)"
216.73.216.80 - - [12/Jul/2025:08:58:24 -0400] "GET /571861805.html HTTP/2" 404 19511 "-" "Mozilla/5.0 AppleWebKit/537.36 (KHTML, like Gecko; compatible; ClaudeBot/1.0; +claudebot@anthropic.com)"
216.73.216.80 - - [12/Jul/2025:08:58:24 -0400] "GET /469221377.html HTTP/2" 404 19511 "-" "Mozilla/5.0 AppleWebKit/537.36 (KHTML, like Gecko; compatible; ClaudeBot/1.0; +claudebot@anthropic.com)"
216.73.216.80 - - [12/Jul/2025:08:58:25 -0400] "GET /180072275.html HTTP/2" 404 19511 "-" "Mozilla/5.0 AppleWebKit/537.36 (KHTML, like Gecko; compatible; ClaudeBot/1.0; +claudebot@anthropic.com)"
207.46.13.14 - - [12/Jul/2025:08:58:32 -0400] "GET /651696828.shtml HTTP/2" 200 17909 "-" "Mozilla/5.0 AppleWebKit/537.36 (KHTML, like Gecko; compatible; bingbot/2.0; +http://www.bing.com/bingbot.htm) Chrome/116.0.1938.76 Safari/537.36"
57.141.4.16 - - [12/Jul/2025:08:58:43 -0400] "GET /509218169.html HTTP/2" 404 72880 "-" "meta-externalagent/1.1 (+https://developers.facebook.com/docs/sharing/webmasters/crawler)"
57.141.4.1 - - [12/Jul/2025:08:58:44 -0400] "GET /247823079.html HTTP/2" 404 72880 "-" "meta-externalagent/1.1 (+https://developers.facebook.com/docs/sharing/webmasters/crawler)"
52.167.144.206 - - [12/Jul/2025:08:58:47 -0400] "GET /162705084.shtml HTTP/2" 200 17426 "-" "Mozilla/5.0 AppleWebKit/537.36 (KHTML, like Gecko; compatible; bingbot/2.0; +http://www.bing.com/bingbot.htm) Chrome/116.0.1938.76 Safari/537.36"
57.141.4.26 - - [12/Jul/2025:08:58:55 -0400] "GET /176176317.html HTTP/2" 404 72880 "-" "meta-externalagent/1.1 (+https://developers.facebook.com/docs/sharing/webmasters/crawler)"
51.222.253.16 - - [12/Jul/2025:08:58:57 -0400] "GET /33923393.html HTTP/2" 404 19513 "-" "Mozilla/5.0 (compatible; AhrefsBot/7.0; +http://ahrefs.com/robot/)"
23.92.177.29 - - [12/Jul/2025:08:58:59 -0400] "POST /wp-cron.php?doing_wp_cron=1752325139.4841959476470947265625 HTTP/1.1" 200 0 "-" "WordPress/6.8.1; https://alhidayamaintenance.com"
57.141.4.16 - - [12/Jul/2025:08:58:59 -0400] "GET /341503699.html HTTP/2" 404 72880 "-" "meta-externalagent/1.1 (+https://developers.facebook.com/docs/sharing/webmasters/crawler)"
23.92.177.29 - - [12/Jul/2025:08:59:02 -0400] "POST /wp-cron.php?doing_wp_cron=1752325142.4652318954467773437500 HTTP/1.1" 200 0 "-" "WordPress/6.8.1; https://alhidayamaintenance.com"
216.73.216.80 - - [12/Jul/2025:08:59:02 -0400] "GET /11521937.html HTTP/2" 404 19511 "-" "Mozilla/5.0 AppleWebKit/537.36 (KHTML, like Gecko; compatible; ClaudeBot/1.0; +claudebot@anthropic.com)"
216.73.216.80 - - [12/Jul/2025:08:59:02 -0400] "GET /155483381.html HTTP/2" 404 19511 "-" "Mozilla/5.0 AppleWebKit/537.36 (KHTML, like Gecko; compatible; ClaudeBot/1.0; +claudebot@anthropic.com)"
216.73.216.80 - - [12/Jul/2025:08:59:02 -0400] "GET /637993871.html HTTP/2" 404 19511 "-" "Mozilla/5.0 AppleWebKit/537.36 (KHTML, like Gecko; compatible; ClaudeBot/1.0; +claudebot@anthropic.com)"
216.73.216.80 - - [12/Jul/2025:08:59:02 -0400] "GET /188246551.html HTTP/2" 404 19511 "-" "Mozilla/5.0 AppleWebKit/537.36 (KHTML, like Gecko; compatible; ClaudeBot/1.0; +claudebot@anthropic.com)"
216.73.216.80 - - [12/Jul/2025:08:59:03 -0400] "GET /666989585.html HTTP/2" 404 19511 "-" "Mozilla/5.0 AppleWebKit/537.36 (KHTML, like Gecko; compatible; ClaudeBot/1.0; +claudebot@anthropic.com)"
216.73.216.80 - - [12/Jul/2025:08:59:03 -0400] "GET /71274883.html HTTP/2" 404 19511 "-" "Mozilla/5.0 AppleWebKit/537.36 (KHTML, like Gecko; compatible; ClaudeBot/1.0; +claudebot@anthropic.com)"
216.73.216.80 - - [12/Jul/2025:08:59:03 -0400] "GET /11361491.html HTTP/2" 404 19511 "-" "Mozilla/5.0 AppleWebKit/537.36 (KHTML, like Gecko; compatible; ClaudeBot/1.0; +claudebot@anthropic.com)"
216.73.216.80 - - [12/Jul/2025:08:59:03 -0400] "GET /713285153.html HTTP/2" 404 19511 "-" "Mozilla/5.0 AppleWebKit/537.36 (KHTML, like Gecko; compatible; ClaudeBot/1.0; +claudebot@anthropic.com)"
207.46.13.14 - - [12/Jul/2025:08:59:05 -0400] "GET /762873532.shtml HTTP/2" 200 17379 "-" "Mozilla/5.0 AppleWebKit/537.36 (KHTML, like Gecko; compatible; bingbot/2.0; +http://www.bing.com/bingbot.htm) Chrome/116.0.1938.76 Safari/537.36"
57.141.4.13 - - [12/Jul/2025:08:59:07 -0400] "GET /727882109.html HTTP/2" 404 72880 "-" "meta-externalagent/1.1 (+https://developers.facebook.com/docs/sharing/webmasters/crawler)"
52.167.144.206 - - [12/Jul/2025:08:59:09 -0400] "GET /504350396.shtml HTTP/2" 200 17807 "-" "Mozilla/5.0 AppleWebKit/537.36 (KHTML, like Gecko; compatible; bingbot/2.0; +http://www.bing.com/bingbot.htm) Chrome/116.0.1938.76 Safari/537.36"
40.77.167.32 - - [12/Jul/2025:08:59:11 -0400] "GET /511586623.html HTTP/2" 200 16449 "-" "Mozilla/5.0 AppleWebKit/537.36 (KHTML, like Gecko; compatible; bingbot/2.0; +http://www.bing.com/bingbot.htm) Chrome/116.0.1938.76 Safari/537.36"
57.141.4.16 - - [12/Jul/2025:08:59:13 -0400] "GET /358620359.html HTTP/2" 404 72880 "-" "meta-externalagent/1.1 (+https://developers.facebook.com/docs/sharing/webmasters/crawler)"
57.141.4.22 - - [12/Jul/2025:08:59:16 -0400] "GET /359995887.html HTTP/2" 404 72880 "-" "meta-externalagent/1.1 (+https://developers.facebook.com/docs/sharing/webmasters/crawler)"
57.141.4.8 - - [12/Jul/2025:08:59:16 -0400] "GET /30837167.html HTTP/2" 404 72880 "-" "meta-externalagent/1.1 (+https://developers.facebook.com/docs/sharing/webmasters/crawler)"
40.77.167.32 - - [12/Jul/2025:08:59:21 -0400] "GET /pcmypage?callback=product%2Fdetail%2FWMH77431355 HTTP/2" 200 17914 "-" "Mozilla/5.0 AppleWebKit/537.36 (KHTML, like Gecko; compatible; bingbot/2.0; +http://www.bing.com/bingbot.htm) Chrome/116.0.1938.76 Safari/537.36"
40.77.167.32 - - [12/Jul/2025:08:59:30 -0400] "GET /39728973.html HTTP/2" 200 16904 "-" "Mozilla/5.0 AppleWebKit/537.36 (KHTML, like Gecko; compatible; bingbot/2.0; +http://www.bing.com/bingbot.htm) Chrome/116.0.1938.76 Safari/537.36"
40.77.167.2 - - [12/Jul/2025:08:59:30 -0400] "GET /755303868.shtml HTTP/2" 200 17765 "-" "Mozilla/5.0 AppleWebKit/537.36 (KHTML, like Gecko; compatible; bingbot/2.0; +http://www.bing.com/bingbot.htm) Chrome/116.0.1938.76 Safari/537.36"
40.77.167.2 - - [12/Jul/2025:08:59:30 -0400] "GET /772510652.shtml HTTP/2" 200 17646 "-" "Mozilla/5.0 AppleWebKit/537.36 (KHTML, like Gecko; compatible; bingbot/2.0; +http://www.bing.com/bingbot.htm) Chrome/116.0.1938.76 Safari/537.36"
57.141.4.21 - - [12/Jul/2025:08:59:30 -0400] "GET /358513153.html HTTP/2" 404 72880 "-" "meta-externalagent/1.1 (+https://developers.facebook.com/docs/sharing/webmasters/crawler)"
216.73.216.80 - - [12/Jul/2025:08:59:33 -0400] "GET /426155299.html HTTP/2" 404 19512 "-" "Mozilla/5.0 AppleWebKit/537.36 (KHTML, like Gecko; compatible; ClaudeBot/1.0; +claudebot@anthropic.com)"
216.73.216.80 - - [12/Jul/2025:08:59:33 -0400] "GET /375663451.html HTTP/2" 404 19511 "-" "Mozilla/5.0 AppleWebKit/537.36 (KHTML, like Gecko; compatible; ClaudeBot/1.0; +claudebot@anthropic.com)"
216.73.216.80 - - [12/Jul/2025:08:59:33 -0400] "GET /710593629.html HTTP/2" 404 19511 "-" "Mozilla/5.0 AppleWebKit/537.36 (KHTML, like Gecko; compatible; ClaudeBot/1.0; +claudebot@anthropic.com)"
216.73.216.80 - - [12/Jul/2025:08:59:33 -0400] "GET /204384805.html HTTP/2" 404 19511 "-" "Mozilla/5.0 AppleWebKit/537.36 (KHTML, like Gecko; compatible; ClaudeBot/1.0; +claudebot@anthropic.com)"
57.141.4.27 - - [12/Jul/2025:08:59:33 -0400] "GET /156413387.html HTTP/2" 404 72880 "-" "meta-externalagent/1.1 (+https://developers.facebook.com/docs/sharing/webmasters/crawler)"
216.73.216.80 - - [12/Jul/2025:08:59:33 -0400] "GET /235572071.html HTTP/2" 404 19511 "-" "Mozilla/5.0 AppleWebKit/537.36 (KHTML, like Gecko; compatible; ClaudeBot/1.0; +claudebot@anthropic.com)"
216.73.216.80 - - [12/Jul/2025:08:59:34 -0400] "GET /52125665.html HTTP/2" 404 19511 "-" "Mozilla/5.0 AppleWebKit/537.36 (KHTML, like Gecko; compatible; ClaudeBot/1.0; +claudebot@anthropic.com)"
216.73.216.80 - - [12/Jul/2025:08:59:34 -0400] "GET /87388211.html HTTP/2" 404 19511 "-" "Mozilla/5.0 AppleWebKit/537.36 (KHTML, like Gecko; compatible; ClaudeBot/1.0; +claudebot@anthropic.com)"
216.73.216.80 - - [12/Jul/2025:08:59:34 -0400] "GET /334091723.html HTTP/2" 404 19511 "-" "Mozilla/5.0 AppleWebKit/537.36 (KHTML, like Gecko; compatible; ClaudeBot/1.0; +claudebot@anthropic.com)"
57.141.4.13 - - [12/Jul/2025:08:59:34 -0400] "GET /303636023.html HTTP/2" 404 72880 "-" "meta-externalagent/1.1 (+https://developers.facebook.com/docs/sharing/webmasters/crawler)"
57.141.4.26 - - [12/Jul/2025:08:59:36 -0400] "GET /113915767.html HTTP/2" 404 72880 "-" "meta-externalagent/1.1 (+https://developers.facebook.com/docs/sharing/webmasters/crawler)"
207.46.13.14 - - [12/Jul/2025:08:59:44 -0400] "GET /738597052.shtml HTTP/2" 200 17016 "-" "Mozilla/5.0 AppleWebKit/537.36 (KHTML, like Gecko; compatible; bingbot/2.0; +http://www.bing.com/bingbot.htm) Chrome/116.0.1938.76 Safari/537.36"
57.141.4.12 - - [12/Jul/2025:08:59:46 -0400] "GET /302137317.html HTTP/2" 404 72880 "-" "meta-externalagent/1.1 (+https://developers.facebook.com/docs/sharing/webmasters/crawler)"
52.167.144.206 - - [12/Jul/2025:08:59:48 -0400] "GET /217862844.shtml HTTP/2" 200 16642 "-" "Mozilla/5.0 AppleWebKit/537.36 (KHTML, like Gecko; compatible; bingbot/2.0; +http://www.bing.com/bingbot.htm) Chrome/116.0.1938.76 Safari/537.36"
40.77.167.2 - - [12/Jul/2025:08:59:50 -0400] "GET /117580476.shtml HTTP/2" 200 16709 "-" "Mozilla/5.0 AppleWebKit/537.36 (KHTML, like Gecko; compatible; bingbot/2.0; +http://www.bing.com/bingbot.htm) Chrome/116.0.1938.76 Safari/537.36"
57.141.4.8 - - [12/Jul/2025:08:59:53 -0400] "GET /115307993.html HTTP/2" 404 72880 "-" "meta-externalagent/1.1 (+https://developers.facebook.com/docs/sharing/webmasters/crawler)"
40.77.167.2 - - [12/Jul/2025:08:59:53 -0400] "GET /316537532.shtml HTTP/2" 200 17084 "-" "Mozilla/5.0 AppleWebKit/537.36 (KHTML, like Gecko; compatible; bingbot/2.0; +http://www.bing.com/bingbot.htm) Chrome/116.0.1938.76 Safari/537.36"
23.92.177.29 - - [12/Jul/2025:09:00:00 -0400] "POST /wp-cron.php?doing_wp_cron=1752325200.6951949596405029296875 HTTP/1.1" 200 0 "-" "WordPress/6.8.1; https://alhidayamaintenance.com"
57.141.4.19 - - [12/Jul/2025:09:00:00 -0400] "GET /496188405.html HTTP/2" 404 72880 "-" "meta-externalagent/1.1 (+https://developers.facebook.com/docs/sharing/webmasters/crawler)"
23.92.177.29 - - [12/Jul/2025:09:00:05 -0400] "POST /wp-cron.php?doing_wp_cron=1752325205.2135601043701171875000 HTTP/1.1" 200 0 "-" "WordPress/6.8.1; https://alhidayamaintenance.com"
216.73.216.80 - - [12/Jul/2025:09:00:05 -0400] "GET /718548411.html HTTP/2" 404 19513 "-" "Mozilla/5.0 AppleWebKit/537.36 (KHTML, like Gecko; compatible; ClaudeBot/1.0; +claudebot@anthropic.com)"
216.73.216.80 - - [12/Jul/2025:09:00:05 -0400] "GET /24582435.html HTTP/2" 404 19513 "-" "Mozilla/5.0 AppleWebKit/537.36 (KHTML, like Gecko; compatible; ClaudeBot/1.0; +claudebot@anthropic.com)"
216.73.216.80 - - [12/Jul/2025:09:00:05 -0400] "GET /327376465.html HTTP/2" 404 19513 "-" "Mozilla/5.0 AppleWebKit/537.36 (KHTML, like Gecko; compatible; ClaudeBot/1.0; +claudebot@anthropic.com)"
216.73.216.80 - - [12/Jul/2025:09:00:05 -0400] "GET /452010095.html HTTP/2" 404 19511 "-" "Mozilla/5.0 AppleWebKit/537.36 (KHTML, like Gecko; compatible; ClaudeBot/1.0; +claudebot@anthropic.com)"
216.73.216.80 - - [12/Jul/2025:09:00:05 -0400] "GET /86908809.html HTTP/2" 404 19511 "-" "Mozilla/5.0 AppleWebKit/537.36 (KHTML, like Gecko; compatible; ClaudeBot/1.0; +claudebot@anthropic.com)"
216.73.216.80 - - [12/Jul/2025:09:00:05 -0400] "GET /657130989.html HTTP/2" 404 19511 "-" "Mozilla/5.0 AppleWebKit/537.36 (KHTML, like Gecko; compatible; ClaudeBot/1.0; +claudebot@anthropic.com)"
216.73.216.80 - - [12/Jul/2025:09:00:06 -0400] "GET /223580729.html HTTP/2" 404 19511 "-" "Mozilla/5.0 AppleWebKit/537.36 (KHTML, like Gecko; compatible; ClaudeBot/1.0; +claudebot@anthropic.com)"
216.73.216.80 - - [12/Jul/2025:09:00:06 -0400] "GET /621305551.html HTTP/2" 404 19511 "-" "Mozilla/5.0 AppleWebKit/537.36 (KHTML, like Gecko; compatible; ClaudeBot/1.0; +claudebot@anthropic.com)"
40.77.167.32 - - [12/Jul/2025:09:00:10 -0400] "GET /253936725.html HTTP/2" 200 17274 "-" "Mozilla/5.0 AppleWebKit/537.36 (KHTML, like Gecko; compatible; bingbot/2.0; +http://www.bing.com/bingbot.htm) Chrome/116.0.1938.76 Safari/537.36"
207.46.13.52 - - [12/Jul/2025:09:00:14 -0400] "GET /148762315.html HTTP/2" 200 16552 "-" "Mozilla/5.0 AppleWebKit/537.36 (KHTML, like Gecko; compatible; bingbot/2.0; +http://www.bing.com/bingbot.htm) Chrome/116.0.1938.76 Safari/537.36"
52.167.144.206 - - [12/Jul/2025:09:00:27 -0400] "GET /106763196.shtml HTTP/2" 200 17150 "-" "Mozilla/5.0 AppleWebKit/537.36 (KHTML, like Gecko; compatible; bingbot/2.0; +http://www.bing.com/bingbot.htm) Chrome/116.0.1938.76 Safari/537.36"
57.141.4.8 - - [12/Jul/2025:09:00:38 -0400] "GET /627960067.html HTTP/2" 404 72880 "-" "meta-externalagent/1.1 (+https://developers.facebook.com/docs/sharing/webmasters/crawler)"
216.73.216.80 - - [12/Jul/2025:09:00:45 -0400] "GET /398869315.html HTTP/2" 404 19511 "-" "Mozilla/5.0 AppleWebKit/537.36 (KHTML, like Gecko; compatible; ClaudeBot/1.0; +claudebot@anthropic.com)"
216.73.216.80 - - [12/Jul/2025:09:00:45 -0400] "GET /162733217.html HTTP/2" 404 19511 "-" "Mozilla/5.0 AppleWebKit/537.36 (KHTML, like Gecko; compatible; ClaudeBot/1.0; +claudebot@anthropic.com)"
216.73.216.80 - - [12/Jul/2025:09:00:45 -0400] "GET /17686645.html HTTP/2" 404 19511 "-" "Mozilla/5.0 AppleWebKit/537.36 (KHTML, like Gecko; compatible; ClaudeBot/1.0; +claudebot@anthropic.com)"
216.73.216.80 - - [12/Jul/2025:09:00:45 -0400] "GET /320147441.html HTTP/2" 404 19511 "-" "Mozilla/5.0 AppleWebKit/537.36 (KHTML, like Gecko; compatible; ClaudeBot/1.0; +claudebot@anthropic.com)"
216.73.216.80 - - [12/Jul/2025:09:00:46 -0400] "GET /221651989.html HTTP/2" 404 19511 "-" "Mozilla/5.0 AppleWebKit/537.36 (KHTML, like Gecko; compatible; ClaudeBot/1.0; +claudebot@anthropic.com)"
216.73.216.80 - - [12/Jul/2025:09:00:46 -0400] "GET /317865623.html HTTP/2" 404 19511 "-" "Mozilla/5.0 AppleWebKit/537.36 (KHTML, like Gecko; compatible; ClaudeBot/1.0; +claudebot@anthropic.com)"
216.73.216.80 - - [12/Jul/2025:09:00:46 -0400] "GET /276741353.html HTTP/2" 404 19511 "-" "Mozilla/5.0 AppleWebKit/537.36 (KHTML, like Gecko; compatible; ClaudeBot/1.0; +claudebot@anthropic.com)"
216.73.216.80 - - [12/Jul/2025:09:00:46 -0400] "GET /339960707.html HTTP/2" 404 19562 "-" "Mozilla/5.0 AppleWebKit/537.36 (KHTML, like Gecko; compatible; ClaudeBot/1.0; +claudebot@anthropic.com)"
40.77.167.2 - - [12/Jul/2025:09:01:09 -0400] "GET /427579580.shtml HTTP/2" 200 17261 "-" "Mozilla/5.0 AppleWebKit/537.36 (KHTML, like Gecko; compatible; bingbot/2.0; +http://www.bing.com/bingbot.htm) Chrome/116.0.1938.76 Safari/537.36"
40.77.167.32 - - [12/Jul/2025:09:01:09 -0400] "GET /pcmypage?callback=product/review/CHBA4861969 HTTP/2" 200 16686 "-" "Mozilla/5.0 AppleWebKit/537.36 (KHTML, like Gecko; compatible; bingbot/2.0; +http://www.bing.com/bingbot.htm) Chrome/116.0.1938.76 Safari/537.36"
23.92.177.29 - - [12/Jul/2025:09:01:15 -0400] "POST /wp-cron.php?doing_wp_cron=1752325275.3221530914306640625000 HTTP/1.1" 200 0 "-" "WordPress/6.8.1; https://alhidayamaintenance.com"
216.73.216.80 - - [12/Jul/2025:09:01:15 -0400] "GET /228320783.html HTTP/2" 404 19513 "-" "Mozilla/5.0 AppleWebKit/537.36 (KHTML, like Gecko; compatible; ClaudeBot/1.0; +claudebot@anthropic.com)"
216.73.216.80 - - [12/Jul/2025:09:01:15 -0400] "GET /204390613.html HTTP/2" 404 19511 "-" "Mozilla/5.0 AppleWebKit/537.36 (KHTML, like Gecko; compatible; ClaudeBot/1.0; +claudebot@anthropic.com)"
216.73.216.80 - - [12/Jul/2025:09:01:15 -0400] "GET /36113493.html HTTP/2" 404 19511 "-" "Mozilla/5.0 AppleWebKit/537.36 (KHTML, like Gecko; compatible; ClaudeBot/1.0; +claudebot@anthropic.com)"
216.73.216.80 - - [12/Jul/2025:09:01:15 -0400] "GET /361894619.html HTTP/2" 404 19511 "-" "Mozilla/5.0 AppleWebKit/537.36 (KHTML, like Gecko; compatible; ClaudeBot/1.0; +claudebot@anthropic.com)"
216.73.216.80 - - [12/Jul/2025:09:01:15 -0400] "GET /657943867.html HTTP/2" 404 19511 "-" "Mozilla/5.0 AppleWebKit/537.36 (KHTML, like Gecko; compatible; ClaudeBot/1.0; +claudebot@anthropic.com)"
216.73.216.80 - - [12/Jul/2025:09:01:15 -0400] "GET /518280827.html HTTP/2" 404 19511 "-" "Mozilla/5.0 AppleWebKit/537.36 (KHTML, like Gecko; compatible; ClaudeBot/1.0; +claudebot@anthropic.com)"
216.73.216.80 - - [12/Jul/2025:09:01:16 -0400] "GET /312595831.html HTTP/2" 404 19511 "-" "Mozilla/5.0 AppleWebKit/537.36 (KHTML, like Gecko; compatible; ClaudeBot/1.0; +claudebot@anthropic.com)"
216.73.216.80 - - [12/Jul/2025:09:01:16 -0400] "GET /139064165.html HTTP/2" 404 19511 "-" "Mozilla/5.0 AppleWebKit/537.36 (KHTML, like Gecko; compatible; ClaudeBot/1.0; +claudebot@anthropic.com)"
40.77.167.2 - - [12/Jul/2025:09:01:20 -0400] "GET /431772860.shtml HTTP/2" 200 16999 "-" "Mozilla/5.0 AppleWebKit/537.36 (KHTML, like Gecko; compatible; bingbot/2.0; +http://www.bing.com/bingbot.htm) Chrome/116.0.1938.76 Safari/537.36"
40.77.167.2 - - [12/Jul/2025:09:01:20 -0400] "GET /563860924.shtml HTTP/2" 200 17266 "-" "Mozilla/5.0 AppleWebKit/537.36 (KHTML, like Gecko; compatible; bingbot/2.0; +http://www.bing.com/bingbot.htm) Chrome/116.0.1938.76 Safari/537.36"
57.141.4.20 - - [12/Jul/2025:09:01:24 -0400] "GET /22890371.html HTTP/2" 404 72880 "-" "meta-externalagent/1.1 (+https://developers.facebook.com/docs/sharing/webmasters/crawler)"
207.46.13.14 - - [12/Jul/2025:09:01:24 -0400] "GET /290679484.shtml HTTP/2" 200 17223 "-" "Mozilla/5.0 AppleWebKit/537.36 (KHTML, like Gecko; compatible; bingbot/2.0; +http://www.bing.com/bingbot.htm) Chrome/116.0.1938.76 Safari/537.36"
40.77.167.53 - - [12/Jul/2025:09:01:26 -0400] "GET /478874757.html HTTP/2" 200 16660 "-" "Mozilla/5.0 AppleWebKit/537.36 (KHTML, like Gecko; compatible; bingbot/2.0; +http://www.bing.com/bingbot.htm) Chrome/116.0.1938.76 Safari/537.36"
40.77.167.2 - - [12/Jul/2025:09:01:40 -0400] "GET /578745276.shtml HTTP/2" 200 16440 "-" "Mozilla/5.0 AppleWebKit/537.36 (KHTML, like Gecko; compatible; bingbot/2.0; +http://www.bing.com/bingbot.htm) Chrome/116.0.1938.76 Safari/537.36"
40.77.167.2 - - [12/Jul/2025:09:01:40 -0400] "GET /620394172.shtml HTTP/2" 200 17234 "-" "Mozilla/5.0 AppleWebKit/537.36 (KHTML, like Gecko; compatible; bingbot/2.0; +http://www.bing.com/bingbot.htm) Chrome/116.0.1938.76 Safari/537.36"
52.167.144.206 - - [12/Jul/2025:09:01:48 -0400] "GET /487902908.shtml HTTP/2" 200 17057 "-" "Mozilla/5.0 AppleWebKit/537.36 (KHTML, like Gecko; compatible; bingbot/2.0; +http://www.bing.com/bingbot.htm) Chrome/116.0.1938.76 Safari/537.36"
216.73.216.80 - - [12/Jul/2025:09:01:51 -0400] "GET /80768301.html HTTP/2" 404 19511 "-" "Mozilla/5.0 AppleWebKit/537.36 (KHTML, like Gecko; compatible; ClaudeBot/1.0; +claudebot@anthropic.com)"
216.73.216.80 - - [12/Jul/2025:09:01:51 -0400] "GET /236243379.html HTTP/2" 404 19511 "-" "Mozilla/5.0 AppleWebKit/537.36 (KHTML, like Gecko; compatible; ClaudeBot/1.0; +claudebot@anthropic.com)"
216.73.216.80 - - [12/Jul/2025:09:01:52 -0400] "GET /614742511.html HTTP/2" 404 19511 "-" "Mozilla/5.0 AppleWebKit/537.36 (KHTML, like Gecko; compatible; ClaudeBot/1.0; +claudebot@anthropic.com)"
216.73.216.80 - - [12/Jul/2025:09:01:52 -0400] "GET /264428877.html HTTP/2" 404 19511 "-" "Mozilla/5.0 AppleWebKit/537.36 (KHTML, like Gecko; compatible; ClaudeBot/1.0; +claudebot@anthropic.com)"
216.73.216.80 - - [12/Jul/2025:09:01:52 -0400] "GET /323701211.html HTTP/2" 404 19511 "-" "Mozilla/5.0 AppleWebKit/537.36 (KHTML, like Gecko; compatible; ClaudeBot/1.0; +claudebot@anthropic.com)"
216.73.216.80 - - [12/Jul/2025:09:01:52 -0400] "GET /483367487.html HTTP/2" 404 19511 "-" "Mozilla/5.0 AppleWebKit/537.36 (KHTML, like Gecko; compatible; ClaudeBot/1.0; +claudebot@anthropic.com)"
216.73.216.80 - - [12/Jul/2025:09:01:52 -0400] "GET /96819193.html HTTP/2" 404 19511 "-" "Mozilla/5.0 AppleWebKit/537.36 (KHTML, like Gecko; compatible; ClaudeBot/1.0; +claudebot@anthropic.com)"
216.73.216.80 - - [12/Jul/2025:09:01:53 -0400] "GET /287715811.html HTTP/2" 404 19511 "-" "Mozilla/5.0 AppleWebKit/537.36 (KHTML, like Gecko; compatible; ClaudeBot/1.0; +claudebot@anthropic.com)"
40.77.167.2 - - [12/Jul/2025:09:02:00 -0400] "GET /707200444.shtml HTTP/2" 200 16598 "-" "Mozilla/5.0 AppleWebKit/537.36 (KHTML, like Gecko; compatible; bingbot/2.0; +http://www.bing.com/bingbot.htm) Chrome/116.0.1938.76 Safari/537.36"
40.77.167.32 - - [12/Jul/2025:09:02:09 -0400] "GET /512929723.html HTTP/2" 200 17821 "-" "Mozilla/5.0 AppleWebKit/537.36 (KHTML, like Gecko; compatible; bingbot/2.0; +http://www.bing.com/bingbot.htm) Chrome/116.0.1938.76 Safari/537.36"
23.92.177.29 - - [12/Jul/2025:09:02:20 -0400] "POST /wp-cron.php?doing_wp_cron=1752325340.6202890872955322265625 HTTP/1.1" 200 0 "-" "WordPress/6.8.1; https://alhidayamaintenance.com"
51.222.253.15 - - [12/Jul/2025:09:02:20 -0400] "GET /34146517.html HTTP/2" 404 19511 "-" "Mozilla/5.0 (compatible; AhrefsBot/7.0; +http://ahrefs.com/robot/)"
216.73.216.80 - - [12/Jul/2025:09:02:23 -0400] "GET /274628209.html HTTP/2" 404 19513 "-" "Mozilla/5.0 AppleWebKit/537.36 (KHTML, like Gecko; compatible; ClaudeBot/1.0; +claudebot@anthropic.com)"
216.73.216.80 - - [12/Jul/2025:09:02:23 -0400] "GET /612912507.html HTTP/2" 404 19511 "-" "Mozilla/5.0 AppleWebKit/537.36 (KHTML, like Gecko; compatible; ClaudeBot/1.0; +claudebot@anthropic.com)"
216.73.216.80 - - [12/Jul/2025:09:02:23 -0400] "GET /409619923.html HTTP/2" 404 19511 "-" "Mozilla/5.0 AppleWebKit/537.36 (KHTML, like Gecko; compatible; ClaudeBot/1.0; +claudebot@anthropic.com)"
216.73.216.80 - - [12/Jul/2025:09:02:23 -0400] "GET /181882919.html HTTP/2" 404 19511 "-" "Mozilla/5.0 AppleWebKit/537.36 (KHTML, like Gecko; compatible; ClaudeBot/1.0; +claudebot@anthropic.com)"
216.73.216.80 - - [12/Jul/2025:09:02:23 -0400] "GET /130294569.html HTTP/2" 404 19511 "-" "Mozilla/5.0 AppleWebKit/537.36 (KHTML, like Gecko; compatible; ClaudeBot/1.0; +claudebot@anthropic.com)"
216.73.216.80 - - [12/Jul/2025:09:02:23 -0400] "GET /416293315.html HTTP/2" 404 19511 "-" "Mozilla/5.0 AppleWebKit/537.36 (KHTML, like Gecko; compatible; ClaudeBot/1.0; +claudebot@anthropic.com)"
216.73.216.80 - - [12/Jul/2025:09:02:24 -0400] "GET /79391321.html HTTP/2" 404 19511 "-" "Mozilla/5.0 AppleWebKit/537.36 (KHTML, like Gecko; compatible; ClaudeBot/1.0; +claudebot@anthropic.com)"
216.73.216.80 - - [12/Jul/2025:09:02:24 -0400] "GET /636268411.html HTTP/2" 404 19511 "-" "Mozilla/5.0 AppleWebKit/537.36 (KHTML, like Gecko; compatible; ClaudeBot/1.0; +claudebot@anthropic.com)"
52.167.144.206 - - [12/Jul/2025:09:02:28 -0400] "GET /zhHant/product/surugaya/CWKEQ45304494?campaign_uid=f64d716db5e979ed2f947dbaf4296895b951ae7f HTTP/2" 200 16796 "-" "Mozilla/5.0 AppleWebKit/537.36 (KHTML, like Gecko; compatible; bingbot/2.0; +http://www.bing.com/bingbot.htm) Chrome/116.0.1938.76 Safari/537.36"
52.167.144.206 - - [12/Jul/2025:09:02:28 -0400] "GET /517795516.shtml HTTP/2" 200 17576 "-" "Mozilla/5.0 AppleWebKit/537.36 (KHTML, like Gecko; compatible; bingbot/2.0; +http://www.bing.com/bingbot.htm) Chrome/116.0.1938.76 Safari/537.36"
52.167.144.206 - - [12/Jul/2025:09:02:48 -0400] "GET /733024444.shtml HTTP/2" 200 17548 "-" "Mozilla/5.0 AppleWebKit/537.36 (KHTML, like Gecko; compatible; bingbot/2.0; +http://www.bing.com/bingbot.htm) Chrome/116.0.1938.76 Safari/537.36"
52.167.144.206 - - [12/Jul/2025:09:02:49 -0400] "GET /173782460.shtml HTTP/2" 200 16817 "-" "Mozilla/5.0 AppleWebKit/537.36 (KHTML, like Gecko; compatible; bingbot/2.0; +http://www.bing.com/bingbot.htm) Chrome/116.0.1938.76 Safari/537.36"
157.55.39.56 - - [12/Jul/2025:09:02:55 -0400] "GET /464506249.html HTTP/2" 200 18077 "-" "Mozilla/5.0 AppleWebKit/537.36 (KHTML, like Gecko; compatible; bingbot/2.0; +http://www.bing.com/bingbot.htm) Chrome/116.0.1938.76 Safari/537.36"
157.55.39.56 - - [12/Jul/2025:09:02:55 -0400] "GET /224380781.html HTTP/2" 200 18282 "-" "Mozilla/5.0 AppleWebKit/537.36 (KHTML, like Gecko; compatible; bingbot/2.0; +http://www.bing.com/bingbot.htm) Chrome/116.0.1938.76 Safari/537.36"
23.92.177.29 - - [12/Jul/2025:09:03:04 -0400] "POST /wp-cron.php?doing_wp_cron=1752325384.1817600727081298828125 HTTP/1.1" 200 0 "-" "WordPress/6.8.1; https://alhidayamaintenance.com"
216.73.216.80 - - [12/Jul/2025:09:03:04 -0400] "GET /20741411.html HTTP/2" 404 19511 "-" "Mozilla/5.0 AppleWebKit/537.36 (KHTML, like Gecko; compatible; ClaudeBot/1.0; +claudebot@anthropic.com)"
216.73.216.80 - - [12/Jul/2025:09:03:04 -0400] "GET /720794171.html HTTP/2" 404 19511 "-" "Mozilla/5.0 AppleWebKit/537.36 (KHTML, like Gecko; compatible; ClaudeBot/1.0; +claudebot@anthropic.com)"
216.73.216.80 - - [12/Jul/2025:09:03:04 -0400] "GET /695732409.html HTTP/2" 404 19511 "-" "Mozilla/5.0 AppleWebKit/537.36 (KHTML, like Gecko; compatible; ClaudeBot/1.0; +claudebot@anthropic.com)"
216.73.216.80 - - [12/Jul/2025:09:03:04 -0400] "GET /514753677.html HTTP/2" 404 19511 "-" "Mozilla/5.0 AppleWebKit/537.36 (KHTML, like Gecko; compatible; ClaudeBot/1.0; +claudebot@anthropic.com)"
216.73.216.80 - - [12/Jul/2025:09:03:04 -0400] "GET /192376039.html HTTP/2" 404 19511 "-" "Mozilla/5.0 AppleWebKit/537.36 (KHTML, like Gecko; compatible; ClaudeBot/1.0; +claudebot@anthropic.com)"
216.73.216.80 - - [12/Jul/2025:09:03:04 -0400] "GET /617192519.html HTTP/2" 404 19511 "-" "Mozilla/5.0 AppleWebKit/537.36 (KHTML, like Gecko; compatible; ClaudeBot/1.0; +claudebot@anthropic.com)"
216.73.216.80 - - [12/Jul/2025:09:03:05 -0400] "GET /501255643.html HTTP/2" 404 19511 "-" "Mozilla/5.0 AppleWebKit/537.36 (KHTML, like Gecko; compatible; ClaudeBot/1.0; +claudebot@anthropic.com)"
57.141.4.14 - - [12/Jul/2025:09:03:05 -0400] "GET /474123087.html HTTP/2" 404 72880 "-" "meta-externalagent/1.1 (+https://developers.facebook.com/docs/sharing/webmasters/crawler)"
216.73.216.80 - - [12/Jul/2025:09:03:05 -0400] "GET /649867359.html HTTP/2" 404 19511 "-" "Mozilla/5.0 AppleWebKit/537.36 (KHTML, like Gecko; compatible; ClaudeBot/1.0; +claudebot@anthropic.com)"
40.77.167.32 - - [12/Jul/2025:09:03:30 -0400] "GET /492348349.html HTTP/2" 200 16535 "-" "Mozilla/5.0 AppleWebKit/537.36 (KHTML, like Gecko; compatible; bingbot/2.0; +http://www.bing.com/bingbot.htm) Chrome/116.0.1938.76 Safari/537.36"
157.55.39.204 - - [12/Jul/2025:09:03:35 -0400] "GET /191651004.shtml HTTP/2" 200 16982 "-" "Mozilla/5.0 AppleWebKit/537.36 (KHTML, like Gecko; compatible; bingbot/2.0; +http://www.bing.com/bingbot.htm) Chrome/116.0.1938.76 Safari/537.36"
216.73.216.80 - - [12/Jul/2025:09:03:42 -0400] "GET /158177809.html HTTP/2" 404 19511 "-" "Mozilla/5.0 AppleWebKit/537.36 (KHTML, like Gecko; compatible; ClaudeBot/1.0; +claudebot@anthropic.com)"
216.73.216.80 - - [12/Jul/2025:09:03:42 -0400] "GET /66070189.html HTTP/2" 404 19511 "-" "Mozilla/5.0 AppleWebKit/537.36 (KHTML, like Gecko; compatible; ClaudeBot/1.0; +claudebot@anthropic.com)"
216.73.216.80 - - [12/Jul/2025:09:03:42 -0400] "GET /41572045.html HTTP/2" 404 19511 "-" "Mozilla/5.0 AppleWebKit/537.36 (KHTML, like Gecko; compatible; ClaudeBot/1.0; +claudebot@anthropic.com)"
216.73.216.80 - - [12/Jul/2025:09:03:42 -0400] "GET /35296743.html HTTP/2" 404 19511 "-" "Mozilla/5.0 AppleWebKit/537.36 (KHTML, like Gecko; compatible; ClaudeBot/1.0; +claudebot@anthropic.com)"
216.73.216.80 - - [12/Jul/2025:09:03:43 -0400] "GET /233270167.html HTTP/2" 404 19511 "-" "Mozilla/5.0 AppleWebKit/537.36 (KHTML, like Gecko; compatible; ClaudeBot/1.0; +claudebot@anthropic.com)"
216.73.216.80 - - [12/Jul/2025:09:03:43 -0400] "GET /574267527.html HTTP/2" 404 19592 "-" "Mozilla/5.0 AppleWebKit/537.36 (KHTML, like Gecko; compatible; ClaudeBot/1.0; +claudebot@anthropic.com)"
216.73.216.80 - - [12/Jul/2025:09:03:43 -0400] "GET /354930101.html HTTP/2" 404 19511 "-" "Mozilla/5.0 AppleWebKit/537.36 (KHTML, like Gecko; compatible; ClaudeBot/1.0; +claudebot@anthropic.com)"
216.73.216.80 - - [12/Jul/2025:09:03:43 -0400] "GET /68117025.html HTTP/2" 404 19511 "-" "Mozilla/5.0 AppleWebKit/537.36 (KHTML, like Gecko; compatible; ClaudeBot/1.0; +claudebot@anthropic.com)"
52.167.144.206 - - [12/Jul/2025:09:03:46 -0400] "GET /493417404.shtml HTTP/2" 200 16935 "-" "Mozilla/5.0 AppleWebKit/537.36 (KHTML, like Gecko; compatible; bingbot/2.0; +http://www.bing.com/bingbot.htm) Chrome/116.0.1938.76 Safari/537.36"
23.92.177.29 - - [12/Jul/2025:09:04:04 -0400] "POST /wp-cron.php?doing_wp_cron=1752325444.7812769412994384765625 HTTP/1.1" 200 0 "-" "WordPress/6.8.1; https://alhidayamaintenance.com"
51.222.253.1 - - [12/Jul/2025:09:04:04 -0400] "GET /34309141.html HTTP/2" 404 19511 "-" "Mozilla/5.0 (compatible; AhrefsBot/7.0; +http://ahrefs.com/robot/)"
216.73.216.80 - - [12/Jul/2025:09:04:16 -0400] "GET /154864829.html HTTP/2" 404 19511 "-" "Mozilla/5.0 AppleWebKit/537.36 (KHTML, like Gecko; compatible; ClaudeBot/1.0; +claudebot@anthropic.com)"
216.73.216.80 - - [12/Jul/2025:09:04:16 -0400] "GET /103537839.html HTTP/2" 404 19511 "-" "Mozilla/5.0 AppleWebKit/537.36 (KHTML, like Gecko; compatible; ClaudeBot/1.0; +claudebot@anthropic.com)"
216.73.216.80 - - [12/Jul/2025:09:04:16 -0400] "GET /677321775.html HTTP/2" 404 19511 "-" "Mozilla/5.0 AppleWebKit/537.36 (KHTML, like Gecko; compatible; ClaudeBot/1.0; +claudebot@anthropic.com)"
216.73.216.80 - - [12/Jul/2025:09:04:16 -0400] "GET /49192141.html HTTP/2" 404 19511 "-" "Mozilla/5.0 AppleWebKit/537.36 (KHTML, like Gecko; compatible; ClaudeBot/1.0; +claudebot@anthropic.com)"
216.73.216.80 - - [12/Jul/2025:09:04:17 -0400] "GET /496069583.html HTTP/2" 404 19511 "-" "Mozilla/5.0 AppleWebKit/537.36 (KHTML, like Gecko; compatible; ClaudeBot/1.0; +claudebot@anthropic.com)"
216.73.216.80 - - [12/Jul/2025:09:04:17 -0400] "GET /129526945.html HTTP/2" 404 19511 "-" "Mozilla/5.0 AppleWebKit/537.36 (KHTML, like Gecko; compatible; ClaudeBot/1.0; +claudebot@anthropic.com)"
216.73.216.80 - - [12/Jul/2025:09:04:17 -0400] "GET /608470355.html HTTP/2" 404 19511 "-" "Mozilla/5.0 AppleWebKit/537.36 (KHTML, like Gecko; compatible; ClaudeBot/1.0; +claudebot@anthropic.com)"
216.73.216.80 - - [12/Jul/2025:09:04:17 -0400] "GET /99519913.html HTTP/2" 404 19511 "-" "Mozilla/5.0 AppleWebKit/537.36 (KHTML, like Gecko; compatible; ClaudeBot/1.0; +claudebot@anthropic.com)"
40.77.167.2 - - [12/Jul/2025:09:04:20 -0400] "GET /382329276.shtml HTTP/2" 200 16413 "-" "Mozilla/5.0 AppleWebKit/537.36 (KHTML, like Gecko; compatible; bingbot/2.0; +http://www.bing.com/bingbot.htm) Chrome/116.0.1938.76 Safari/537.36"
