40.77.167.70 - - [12/Jul/2025:08:46:58 -0400] "GET /47850009.html HTTP/2" 200 17322 "-" "Mozilla/5.0 AppleWebKit/537.36 (KHTML, like Gecko; compatible; bingbot/2.0; +http://www.bing.com/bingbot.htm) Chrome/116.0.1938.76 Safari/537.36"
23.92.177.29 - - [12/Jul/2025:08:47:05 -0400] "POST /wp-cron.php?doing_wp_cron=1752324425.4134759902954101562500 HTTP/1.1" 200 0 "-" "WordPress/6.8.1; https://alhidayamaintenance.com"
51.222.253.16 - - [12/Jul/2025:08:47:05 -0400] "GET /28728621.html HTTP/2" 404 19512 "-" "Mozilla/5.0 (compatible; AhrefsBot/7.0; +http://ahrefs.com/robot/)"
40.77.167.70 - - [12/Jul/2025:08:47:10 -0400] "GET /674872009.html HTTP/2" 200 17104 "-" "Mozilla/5.0 AppleWebKit/537.36 (KHTML, like Gecko; compatible; bingbot/2.0; +http://www.bing.com/bingbot.htm) Chrome/116.0.1938.76 Safari/537.36"
216.73.216.80 - - [12/Jul/2025:08:47:13 -0400] "GET /723133101.html HTTP/2" 404 19513 "-" "Mozilla/5.0 AppleWebKit/537.36 (KHTML, like Gecko; compatible; ClaudeBot/1.0; +claudebot@anthropic.com)"
216.73.216.80 - - [12/Jul/2025:08:47:13 -0400] "GET /207779823.html HTTP/2" 404 19513 "-" "Mozilla/5.0 AppleWebKit/537.36 (KHTML, like Gecko; compatible; ClaudeBot/1.0; +claudebot@anthropic.com)"
216.73.216.80 - - [12/Jul/2025:08:47:13 -0400] "GET /308202321.html HTTP/2" 404 19511 "-" "Mozilla/5.0 AppleWebKit/537.36 (KHTML, like Gecko; compatible; ClaudeBot/1.0; +claudebot@anthropic.com)"
216.73.216.80 - - [12/Jul/2025:08:47:13 -0400] "GET /443318665.html HTTP/2" 404 19511 "-" "Mozilla/5.0 AppleWebKit/537.36 (KHTML, like Gecko; compatible; ClaudeBot/1.0; +claudebot@anthropic.com)"
216.73.216.80 - - [12/Jul/2025:08:47:13 -0400] "GET /191650765.html HTTP/2" 404 19511 "-" "Mozilla/5.0 AppleWebKit/537.36 (KHTML, like Gecko; compatible; ClaudeBot/1.0; +claudebot@anthropic.com)"
216.73.216.80 - - [12/Jul/2025:08:47:13 -0400] "GET /44584461.html HTTP/2" 404 19511 "-" "Mozilla/5.0 AppleWebKit/537.36 (KHTML, like Gecko; compatible; ClaudeBot/1.0; +claudebot@anthropic.com)"
216.73.216.80 - - [12/Jul/2025:08:47:14 -0400] "GET /255238927.html HTTP/2" 404 19511 "-" "Mozilla/5.0 AppleWebKit/537.36 (KHTML, like Gecko; compatible; ClaudeBot/1.0; +claudebot@anthropic.com)"
216.73.216.80 - - [12/Jul/2025:08:47:14 -0400] "GET /620306091.html HTTP/2" 404 19511 "-" "Mozilla/5.0 AppleWebKit/537.36 (KHTML, like Gecko; compatible; ClaudeBot/1.0; +claudebot@anthropic.com)"
52.167.144.17 - - [12/Jul/2025:08:47:37 -0400] "GET /110378428.shtml HTTP/2" 200 17313 "-" "Mozilla/5.0 AppleWebKit/537.36 (KHTML, like Gecko; compatible; bingbot/2.0; +http://www.bing.com/bingbot.htm) Chrome/116.0.1938.76 Safari/537.36"
40.77.167.70 - - [12/Jul/2025:08:47:38 -0400] "GET /373050335.html HTTP/2" 200 16440 "-" "Mozilla/5.0 AppleWebKit/537.36 (KHTML, like Gecko; compatible; bingbot/2.0; +http://www.bing.com/bingbot.htm) Chrome/116.0.1938.76 Safari/537.36"
216.73.216.80 - - [12/Jul/2025:08:47:53 -0400] "GET /580877999.html HTTP/2" 404 19511 "-" "Mozilla/5.0 AppleWebKit/537.36 (KHTML, like Gecko; compatible; ClaudeBot/1.0; +claudebot@anthropic.com)"
216.73.216.80 - - [12/Jul/2025:08:47:53 -0400] "GET /117841249.html HTTP/2" 404 19512 "-" "Mozilla/5.0 AppleWebKit/537.36 (KHTML, like Gecko; compatible; ClaudeBot/1.0; +claudebot@anthropic.com)"
157.55.39.10 - - [12/Jul/2025:08:47:53 -0400] "GET /487389285.html HTTP/2" 200 17375 "-" "Mozilla/5.0 AppleWebKit/537.36 (KHTML, like Gecko; compatible; bingbot/2.0; +http://www.bing.com/bingbot.htm) Chrome/116.0.1938.76 Safari/537.36"
216.73.216.80 - - [12/Jul/2025:08:47:53 -0400] "GET /186789711.html HTTP/2" 404 19512 "-" "Mozilla/5.0 AppleWebKit/537.36 (KHTML, like Gecko; compatible; ClaudeBot/1.0; +claudebot@anthropic.com)"
216.73.216.80 - - [12/Jul/2025:08:47:53 -0400] "GET /76315501.html HTTP/2" 404 19511 "-" "Mozilla/5.0 AppleWebKit/537.36 (KHTML, like Gecko; compatible; ClaudeBot/1.0; +claudebot@anthropic.com)"
216.73.216.80 - - [12/Jul/2025:08:47:53 -0400] "GET /359593925.html HTTP/2" 404 19511 "-" "Mozilla/5.0 AppleWebKit/537.36 (KHTML, like Gecko; compatible; ClaudeBot/1.0; +claudebot@anthropic.com)"
216.73.216.80 - - [12/Jul/2025:08:47:53 -0400] "GET /124279901.html HTTP/2" 404 19511 "-" "Mozilla/5.0 AppleWebKit/537.36 (KHTML, like Gecko; compatible; ClaudeBot/1.0; +claudebot@anthropic.com)"
216.73.216.80 - - [12/Jul/2025:08:47:54 -0400] "GET /177744477.html HTTP/2" 404 19511 "-" "Mozilla/5.0 AppleWebKit/537.36 (KHTML, like Gecko; compatible; ClaudeBot/1.0; +claudebot@anthropic.com)"
216.73.216.80 - - [12/Jul/2025:08:47:54 -0400] "GET /12934249.html HTTP/2" 404 19511 "-" "Mozilla/5.0 AppleWebKit/537.36 (KHTML, like Gecko; compatible; ClaudeBot/1.0; +claudebot@anthropic.com)"
52.167.144.17 - - [12/Jul/2025:08:47:58 -0400] "GET /440915644.shtml HTTP/2" 200 17099 "-" "Mozilla/5.0 AppleWebKit/537.36 (KHTML, like Gecko; compatible; bingbot/2.0; +http://www.bing.com/bingbot.htm) Chrome/116.0.1938.76 Safari/537.36"
157.55.39.10 - - [12/Jul/2025:08:48:05 -0400] "GET /538371425.html HTTP/2" 200 17688 "-" "Mozilla/5.0 AppleWebKit/537.36 (KHTML, like Gecko; compatible; bingbot/2.0; +http://www.bing.com/bingbot.htm) Chrome/116.0.1938.76 Safari/537.36"
52.167.144.17 - - [12/Jul/2025:08:48:30 -0400] "GET /56181436.shtml HTTP/2" 200 17048 "-" "Mozilla/5.0 AppleWebKit/537.36 (KHTML, like Gecko; compatible; bingbot/2.0; +http://www.bing.com/bingbot.htm) Chrome/116.0.1938.76 Safari/537.36"
207.46.13.52 - - [12/Jul/2025:08:48:33 -0400] "GET /pcmypage?callback=product%2Fdetail%2FNXJVD18420562 HTTP/2" 200 16622 "-" "Mozilla/5.0 AppleWebKit/537.36 (KHTML, like Gecko; compatible; bingbot/2.0; +http://www.bing.com/bingbot.htm) Chrome/116.0.1938.76 Safari/537.36"
23.92.177.29 - - [12/Jul/2025:08:48:34 -0400] "POST /wp-cron.php?doing_wp_cron=1752324514.3825368881225585937500 HTTP/1.1" 200 0 "-" "WordPress/6.8.1; https://alhidayamaintenance.com"
216.73.216.80 - - [12/Jul/2025:08:48:34 -0400] "GET /207633897.html HTTP/2" 404 19512 "-" "Mozilla/5.0 AppleWebKit/537.36 (KHTML, like Gecko; compatible; ClaudeBot/1.0; +claudebot@anthropic.com)"
216.73.216.80 - - [12/Jul/2025:08:48:34 -0400] "GET /430434101.html HTTP/2" 404 19512 "-" "Mozilla/5.0 AppleWebKit/537.36 (KHTML, like Gecko; compatible; ClaudeBot/1.0; +claudebot@anthropic.com)"
216.73.216.80 - - [12/Jul/2025:08:48:34 -0400] "GET /66820147.html HTTP/2" 404 19511 "-" "Mozilla/5.0 AppleWebKit/537.36 (KHTML, like Gecko; compatible; ClaudeBot/1.0; +claudebot@anthropic.com)"
207.46.13.52 - - [12/Jul/2025:08:48:34 -0400] "GET /459465148.shtml HTTP/2" 200 16572 "-" "Mozilla/5.0 AppleWebKit/537.36 (KHTML, like Gecko; compatible; bingbot/2.0; +http://www.bing.com/bingbot.htm) Chrome/116.0.1938.76 Safari/537.36"
216.73.216.80 - - [12/Jul/2025:08:48:34 -0400] "GET /73560573.html HTTP/2" 404 19511 "-" "Mozilla/5.0 AppleWebKit/537.36 (KHTML, like Gecko; compatible; ClaudeBot/1.0; +claudebot@anthropic.com)"
216.73.216.80 - - [12/Jul/2025:08:48:34 -0400] "GET /175599389.html HTTP/2" 404 19511 "-" "Mozilla/5.0 AppleWebKit/537.36 (KHTML, like Gecko; compatible; ClaudeBot/1.0; +claudebot@anthropic.com)"
216.73.216.80 - - [12/Jul/2025:08:48:34 -0400] "GET /345131279.html HTTP/2" 404 19511 "-" "Mozilla/5.0 AppleWebKit/537.36 (KHTML, like Gecko; compatible; ClaudeBot/1.0; +claudebot@anthropic.com)"
216.73.216.80 - - [12/Jul/2025:08:48:35 -0400] "GET /358235579.html HTTP/2" 404 19512 "-" "Mozilla/5.0 AppleWebKit/537.36 (KHTML, like Gecko; compatible; ClaudeBot/1.0; +claudebot@anthropic.com)"
216.73.216.80 - - [12/Jul/2025:08:48:35 -0400] "GET /221002945.html HTTP/2" 404 19511 "-" "Mozilla/5.0 AppleWebKit/537.36 (KHTML, like Gecko; compatible; ClaudeBot/1.0; +claudebot@anthropic.com)"
40.77.167.70 - - [12/Jul/2025:08:48:39 -0400] "GET /568876493.html HTTP/2" 200 17369 "-" "Mozilla/5.0 AppleWebKit/537.36 (KHTML, like Gecko; compatible; bingbot/2.0; +http://www.bing.com/bingbot.htm) Chrome/116.0.1938.76 Safari/537.36"
40.77.167.70 - - [12/Jul/2025:08:48:40 -0400] "GET /251981607.html HTTP/2" 200 16980 "-" "Mozilla/5.0 AppleWebKit/537.36 (KHTML, like Gecko; compatible; bingbot/2.0; +http://www.bing.com/bingbot.htm) Chrome/116.0.1938.76 Safari/537.36"
51.222.253.2 - - [12/Jul/2025:08:48:45 -0400] "GET /29817621.html HTTP/2" 404 19511 "-" "Mozilla/5.0 (compatible; AhrefsBot/7.0; +http://ahrefs.com/robot/)"
40.77.167.132 - - [12/Jul/2025:08:49:05 -0400] "GET /105255313.html HTTP/2" 200 16908 "-" "Mozilla/5.0 AppleWebKit/537.36 (KHTML, like Gecko; compatible; bingbot/2.0; +http://www.bing.com/bingbot.htm) Chrome/116.0.1938.76 Safari/537.36"
40.77.167.132 - - [12/Jul/2025:08:49:06 -0400] "GET /136848897.html HTTP/2" 200 17069 "-" "Mozilla/5.0 AppleWebKit/537.36 (KHTML, like Gecko; compatible; bingbot/2.0; +http://www.bing.com/bingbot.htm) Chrome/116.0.1938.76 Safari/537.36"
40.77.167.132 - - [12/Jul/2025:08:49:07 -0400] "GET /458938555.html HTTP/2" 200 18018 "-" "Mozilla/5.0 AppleWebKit/537.36 (KHTML, like Gecko; compatible; bingbot/2.0; +http://www.bing.com/bingbot.htm) Chrome/116.0.1938.76 Safari/537.36"
40.77.167.70 - - [12/Jul/2025:08:49:08 -0400] "GET /238968783.html HTTP/2" 200 16624 "-" "Mozilla/5.0 AppleWebKit/537.36 (KHTML, like Gecko; compatible; bingbot/2.0; +http://www.bing.com/bingbot.htm) Chrome/116.0.1938.76 Safari/537.36"
52.167.144.17 - - [12/Jul/2025:08:49:11 -0400] "GET /596573116.shtml HTTP/2" 200 16424 "-" "Mozilla/5.0 AppleWebKit/537.36 (KHTML, like Gecko; compatible; bingbot/2.0; +http://www.bing.com/bingbot.htm) Chrome/116.0.1938.76 Safari/537.36"
23.92.177.29 - - [12/Jul/2025:08:49:15 -0400] "POST /wp-cron.php?doing_wp_cron=1752324555.3150920867919921875000 HTTP/1.1" 200 0 "-" "WordPress/6.8.1; https://alhidayamaintenance.com"
216.73.216.80 - - [12/Jul/2025:08:49:15 -0400] "GET /15651909.html HTTP/2" 404 19511 "-" "Mozilla/5.0 AppleWebKit/537.36 (KHTML, like Gecko; compatible; ClaudeBot/1.0; +claudebot@anthropic.com)"
216.73.216.80 - - [12/Jul/2025:08:49:15 -0400] "GET /720253301.html HTTP/2" 404 19511 "-" "Mozilla/5.0 AppleWebKit/537.36 (KHTML, like Gecko; compatible; ClaudeBot/1.0; +claudebot@anthropic.com)"
216.73.216.80 - - [12/Jul/2025:08:49:15 -0400] "GET /253886389.html HTTP/2" 404 19511 "-" "Mozilla/5.0 AppleWebKit/537.36 (KHTML, like Gecko; compatible; ClaudeBot/1.0; +claudebot@anthropic.com)"
216.73.216.80 - - [12/Jul/2025:08:49:15 -0400] "GET /159292219.html HTTP/2" 404 19511 "-" "Mozilla/5.0 AppleWebKit/537.36 (KHTML, like Gecko; compatible; ClaudeBot/1.0; +claudebot@anthropic.com)"
216.73.216.80 - - [12/Jul/2025:08:49:15 -0400] "GET /58156789.html HTTP/2" 404 19511 "-" "Mozilla/5.0 AppleWebKit/537.36 (KHTML, like Gecko; compatible; ClaudeBot/1.0; +claudebot@anthropic.com)"
216.73.216.80 - - [12/Jul/2025:08:49:16 -0400] "GET /649726031.html HTTP/2" 404 19511 "-" "Mozilla/5.0 AppleWebKit/537.36 (KHTML, like Gecko; compatible; ClaudeBot/1.0; +claudebot@anthropic.com)"
216.73.216.80 - - [12/Jul/2025:08:49:16 -0400] "GET /439866293.html HTTP/2" 404 19511 "-" "Mozilla/5.0 AppleWebKit/537.36 (KHTML, like Gecko; compatible; ClaudeBot/1.0; +claudebot@anthropic.com)"
216.73.216.80 - - [12/Jul/2025:08:49:16 -0400] "GET /104006109.html HTTP/2" 404 19511 "-" "Mozilla/5.0 AppleWebKit/537.36 (KHTML, like Gecko; compatible; ClaudeBot/1.0; +claudebot@anthropic.com)"
40.77.167.70 - - [12/Jul/2025:08:49:19 -0400] "GET /495049553.html HTTP/2" 200 16559 "-" "Mozilla/5.0 AppleWebKit/537.36 (KHTML, like Gecko; compatible; bingbot/2.0; +http://www.bing.com/bingbot.htm) Chrome/116.0.1938.76 Safari/537.36"
40.77.167.70 - - [12/Jul/2025:08:49:39 -0400] "GET /132292037.html HTTP/2" 200 17994 "-" "Mozilla/5.0 AppleWebKit/537.36 (KHTML, like Gecko; compatible; bingbot/2.0; +http://www.bing.com/bingbot.htm) Chrome/116.0.1938.76 Safari/537.36"
157.55.39.10 - - [12/Jul/2025:08:49:44 -0400] "GET /679455731.html HTTP/2" 200 17566 "-" "Mozilla/5.0 AppleWebKit/537.36 (KHTML, like Gecko; compatible; bingbot/2.0; +http://www.bing.com/bingbot.htm) Chrome/116.0.1938.76 Safari/537.36"
216.73.216.80 - - [12/Jul/2025:08:49:55 -0400] "GET /340087515.html HTTP/2" 404 19511 "-" "Mozilla/5.0 AppleWebKit/537.36 (KHTML, like Gecko; compatible; ClaudeBot/1.0; +claudebot@anthropic.com)"
216.73.216.80 - - [12/Jul/2025:08:49:55 -0400] "GET /667427363.html HTTP/2" 404 19511 "-" "Mozilla/5.0 AppleWebKit/537.36 (KHTML, like Gecko; compatible; ClaudeBot/1.0; +claudebot@anthropic.com)"
216.73.216.80 - - [12/Jul/2025:08:49:55 -0400] "GET /424517201.html HTTP/2" 404 19511 "-" "Mozilla/5.0 AppleWebKit/537.36 (KHTML, like Gecko; compatible; ClaudeBot/1.0; +claudebot@anthropic.com)"
216.73.216.80 - - [12/Jul/2025:08:49:56 -0400] "GET /592866679.html HTTP/2" 404 19512 "-" "Mozilla/5.0 AppleWebKit/537.36 (KHTML, like Gecko; compatible; ClaudeBot/1.0; +claudebot@anthropic.com)"
216.73.216.80 - - [12/Jul/2025:08:49:56 -0400] "GET /543035007.html HTTP/2" 404 19512 "-" "Mozilla/5.0 AppleWebKit/537.36 (KHTML, like Gecko; compatible; ClaudeBot/1.0; +claudebot@anthropic.com)"
216.73.216.80 - - [12/Jul/2025:08:49:56 -0400] "GET /163040557.html HTTP/2" 404 19512 "-" "Mozilla/5.0 AppleWebKit/537.36 (KHTML, like Gecko; compatible; ClaudeBot/1.0; +claudebot@anthropic.com)"
216.73.216.80 - - [12/Jul/2025:08:49:56 -0400] "GET /619787485.html HTTP/2" 404 19512 "-" "Mozilla/5.0 AppleWebKit/537.36 (KHTML, like Gecko; compatible; ClaudeBot/1.0; +claudebot@anthropic.com)"
216.73.216.80 - - [12/Jul/2025:08:49:56 -0400] "GET /13060331.html HTTP/2" 404 19512 "-" "Mozilla/5.0 AppleWebKit/537.36 (KHTML, like Gecko; compatible; ClaudeBot/1.0; +claudebot@anthropic.com)"
52.167.144.17 - - [12/Jul/2025:08:49:58 -0400] "GET /473000380.shtml HTTP/2" 200 17777 "-" "Mozilla/5.0 AppleWebKit/537.36 (KHTML, like Gecko; compatible; bingbot/2.0; +http://www.bing.com/bingbot.htm) Chrome/116.0.1938.76 Safari/537.36"
157.55.39.10 - - [12/Jul/2025:08:50:04 -0400] "GET /433853319.html HTTP/2" 200 17429 "-" "Mozilla/5.0 AppleWebKit/537.36 (KHTML, like Gecko; compatible; bingbot/2.0; +http://www.bing.com/bingbot.htm) Chrome/116.0.1938.76 Safari/537.36"
40.77.167.132 - - [12/Jul/2025:08:50:06 -0400] "GET /556474235.html HTTP/2" 200 17083 "-" "Mozilla/5.0 AppleWebKit/537.36 (KHTML, like Gecko; compatible; bingbot/2.0; +http://www.bing.com/bingbot.htm) Chrome/116.0.1938.76 Safari/537.36"
40.77.167.132 - - [12/Jul/2025:08:50:08 -0400] "GET /22447027.html HTTP/2" 200 17120 "-" "Mozilla/5.0 AppleWebKit/537.36 (KHTML, like Gecko; compatible; bingbot/2.0; +http://www.bing.com/bingbot.htm) Chrome/116.0.1938.76 Safari/537.36"
207.46.13.52 - - [12/Jul/2025:08:50:13 -0400] "GET /454336956.shtml HTTP/2" 200 17184 "-" "Mozilla/5.0 AppleWebKit/537.36 (KHTML, like Gecko; compatible; bingbot/2.0; +http://www.bing.com/bingbot.htm) Chrome/116.0.1938.76 Safari/537.36"
207.46.13.52 - - [12/Jul/2025:08:50:25 -0400] "GET /617653436.shtml HTTP/2" 200 17030 "-" "Mozilla/5.0 AppleWebKit/537.36 (KHTML, like Gecko; compatible; bingbot/2.0; +http://www.bing.com/bingbot.htm) Chrome/116.0.1938.76 Safari/537.36"
52.167.144.17 - - [12/Jul/2025:08:50:29 -0400] "GET /428090044.shtml HTTP/2" 200 16447 "-" "Mozilla/5.0 AppleWebKit/537.36 (KHTML, like Gecko; compatible; bingbot/2.0; +http://www.bing.com/bingbot.htm) Chrome/116.0.1938.76 Safari/537.36"
23.92.177.29 - - [12/Jul/2025:08:50:32 -0400] "POST /wp-cron.php?doing_wp_cron=1752324632.1845428943634033203125 HTTP/1.1" 200 0 "-" "WordPress/6.8.1; https://alhidayamaintenance.com"
216.73.216.80 - - [12/Jul/2025:08:50:32 -0400] "GET /156618845.html HTTP/2" 404 19511 "-" "Mozilla/5.0 AppleWebKit/537.36 (KHTML, like Gecko; compatible; ClaudeBot/1.0; +claudebot@anthropic.com)"
216.73.216.80 - - [12/Jul/2025:08:50:32 -0400] "GET /176557951.html HTTP/2" 404 19511 "-" "Mozilla/5.0 AppleWebKit/537.36 (KHTML, like Gecko; compatible; ClaudeBot/1.0; +claudebot@anthropic.com)"
216.73.216.80 - - [12/Jul/2025:08:50:32 -0400] "GET /641633551.html HTTP/2" 404 19513 "-" "Mozilla/5.0 AppleWebKit/537.36 (KHTML, like Gecko; compatible; ClaudeBot/1.0; +claudebot@anthropic.com)"
216.73.216.80 - - [12/Jul/2025:08:50:32 -0400] "GET /530139795.html HTTP/2" 404 19511 "-" "Mozilla/5.0 AppleWebKit/537.36 (KHTML, like Gecko; compatible; ClaudeBot/1.0; +claudebot@anthropic.com)"
216.73.216.80 - - [12/Jul/2025:08:50:32 -0400] "GET /210055107.html HTTP/2" 404 19511 "-" "Mozilla/5.0 AppleWebKit/537.36 (KHTML, like Gecko; compatible; ClaudeBot/1.0; +claudebot@anthropic.com)"
216.73.216.80 - - [12/Jul/2025:08:50:32 -0400] "GET /215465259.html HTTP/2" 404 19511 "-" "Mozilla/5.0 AppleWebKit/537.36 (KHTML, like Gecko; compatible; ClaudeBot/1.0; +claudebot@anthropic.com)"
216.73.216.80 - - [12/Jul/2025:08:50:33 -0400] "GET /563764969.html HTTP/2" 404 19511 "-" "Mozilla/5.0 AppleWebKit/537.36 (KHTML, like Gecko; compatible; ClaudeBot/1.0; +claudebot@anthropic.com)"
216.73.216.80 - - [12/Jul/2025:08:50:33 -0400] "GET /152777579.html HTTP/2" 404 19511 "-" "Mozilla/5.0 AppleWebKit/537.36 (KHTML, like Gecko; compatible; ClaudeBot/1.0; +claudebot@anthropic.com)"
40.77.167.132 - - [12/Jul/2025:08:50:36 -0400] "GET /672341173.html HTTP/2" 200 16801 "-" "Mozilla/5.0 AppleWebKit/537.36 (KHTML, like Gecko; compatible; bingbot/2.0; +http://www.bing.com/bingbot.htm) Chrome/116.0.1938.76 Safari/537.36"
52.167.144.17 - - [12/Jul/2025:08:50:40 -0400] "GET /628586172.shtml HTTP/2" 200 17298 "-" "Mozilla/5.0 AppleWebKit/537.36 (KHTML, like Gecko; compatible; bingbot/2.0; +http://www.bing.com/bingbot.htm) Chrome/116.0.1938.76 Safari/537.36"
51.222.253.16 - - [12/Jul/2025:08:50:43 -0400] "GET /30470053.html HTTP/2" 404 19511 "-" "Mozilla/5.0 (compatible; AhrefsBot/7.0; +http://ahrefs.com/robot/)"
157.55.39.10 - - [12/Jul/2025:08:50:45 -0400] "GET /536161723.html HTTP/2" 200 16625 "-" "Mozilla/5.0 AppleWebKit/537.36 (KHTML, like Gecko; compatible; bingbot/2.0; +http://www.bing.com/bingbot.htm) Chrome/116.0.1938.76 Safari/537.36"
52.167.144.17 - - [12/Jul/2025:08:50:49 -0400] "GET /223572668.shtml HTTP/2" 200 17617 "-" "Mozilla/5.0 AppleWebKit/537.36 (KHTML, like Gecko; compatible; bingbot/2.0; +http://www.bing.com/bingbot.htm) Chrome/116.0.1938.76 Safari/537.36"
157.55.39.10 - - [12/Jul/2025:08:51:04 -0400] "GET /577898011.html HTTP/2" 200 17169 "-" "Mozilla/5.0 AppleWebKit/537.36 (KHTML, like Gecko; compatible; bingbot/2.0; +http://www.bing.com/bingbot.htm) Chrome/116.0.1938.76 Safari/537.36"
23.92.177.29 - - [12/Jul/2025:08:51:04 -0400] "POST /wp-cron.php?doing_wp_cron=1752324664.8618168830871582031250 HTTP/1.1" 200 0 "-" "WordPress/6.8.1; https://alhidayamaintenance.com"
216.73.216.80 - - [12/Jul/2025:08:51:04 -0400] "GET /155619385.html HTTP/2" 404 19511 "-" "Mozilla/5.0 AppleWebKit/537.36 (KHTML, like Gecko; compatible; ClaudeBot/1.0; +claudebot@anthropic.com)"
216.73.216.80 - - [12/Jul/2025:08:51:04 -0400] "GET /487908617.html HTTP/2" 404 19511 "-" "Mozilla/5.0 AppleWebKit/537.36 (KHTML, like Gecko; compatible; ClaudeBot/1.0; +claudebot@anthropic.com)"
216.73.216.80 - - [12/Jul/2025:08:51:04 -0400] "GET /211050695.html HTTP/2" 404 19511 "-" "Mozilla/5.0 AppleWebKit/537.36 (KHTML, like Gecko; compatible; ClaudeBot/1.0; +claudebot@anthropic.com)"
216.73.216.80 - - [12/Jul/2025:08:51:04 -0400] "GET /666166543.html HTTP/2" 404 19511 "-" "Mozilla/5.0 AppleWebKit/537.36 (KHTML, like Gecko; compatible; ClaudeBot/1.0; +claudebot@anthropic.com)"
157.55.39.10 - - [12/Jul/2025:08:51:05 -0400] "GET /260750719.html HTTP/2" 200 16480 "-" "Mozilla/5.0 AppleWebKit/537.36 (KHTML, like Gecko; compatible; bingbot/2.0; +http://www.bing.com/bingbot.htm) Chrome/116.0.1938.76 Safari/537.36"
216.73.216.80 - - [12/Jul/2025:08:51:05 -0400] "GET /567910429.html HTTP/2" 404 19511 "-" "Mozilla/5.0 AppleWebKit/537.36 (KHTML, like Gecko; compatible; ClaudeBot/1.0; +claudebot@anthropic.com)"
216.73.216.80 - - [12/Jul/2025:08:51:05 -0400] "GET /497777377.html HTTP/2" 404 19511 "-" "Mozilla/5.0 AppleWebKit/537.36 (KHTML, like Gecko; compatible; ClaudeBot/1.0; +claudebot@anthropic.com)"
216.73.216.80 - - [12/Jul/2025:08:51:05 -0400] "GET /287737591.html HTTP/2" 404 19511 "-" "Mozilla/5.0 AppleWebKit/537.36 (KHTML, like Gecko; compatible; ClaudeBot/1.0; +claudebot@anthropic.com)"
216.73.216.80 - - [12/Jul/2025:08:51:05 -0400] "GET /169176951.html HTTP/2" 404 19511 "-" "Mozilla/5.0 AppleWebKit/537.36 (KHTML, like Gecko; compatible; ClaudeBot/1.0; +claudebot@anthropic.com)"
40.77.167.132 - - [12/Jul/2025:08:51:16 -0400] "GET /371369645.html HTTP/2" 200 17121 "-" "Mozilla/5.0 AppleWebKit/537.36 (KHTML, like Gecko; compatible; bingbot/2.0; +http://www.bing.com/bingbot.htm) Chrome/116.0.1938.76 Safari/537.36"
207.46.13.52 - - [12/Jul/2025:08:51:24 -0400] "GET /517769148.shtml HTTP/2" 200 17820 "-" "Mozilla/5.0 AppleWebKit/537.36 (KHTML, like Gecko; compatible; bingbot/2.0; +http://www.bing.com/bingbot.htm) Chrome/116.0.1938.76 Safari/537.36"
40.77.167.132 - - [12/Jul/2025:08:51:26 -0400] "GET /405089925.html HTTP/2" 200 17696 "-" "Mozilla/5.0 AppleWebKit/537.36 (KHTML, like Gecko; compatible; bingbot/2.0; +http://www.bing.com/bingbot.htm) Chrome/116.0.1938.76 Safari/537.36"
40.77.167.132 - - [12/Jul/2025:08:51:35 -0400] "GET /99588399.html HTTP/2" 200 16621 "-" "Mozilla/5.0 AppleWebKit/537.36 (KHTML, like Gecko; compatible; bingbot/2.0; +http://www.bing.com/bingbot.htm) Chrome/116.0.1938.76 Safari/537.36"
52.167.144.17 - - [12/Jul/2025:08:51:39 -0400] "GET /53635004.shtml HTTP/2" 200 16551 "-" "Mozilla/5.0 AppleWebKit/537.36 (KHTML, like Gecko; compatible; bingbot/2.0; +http://www.bing.com/bingbot.htm) Chrome/116.0.1938.76 Safari/537.36"
40.77.167.70 - - [12/Jul/2025:08:51:49 -0400] "GET /728739031.html HTTP/2" 200 17225 "-" "Mozilla/5.0 AppleWebKit/537.36 (KHTML, like Gecko; compatible; bingbot/2.0; +http://www.bing.com/bingbot.htm) Chrome/116.0.1938.76 Safari/537.36"
23.92.177.29 - - [12/Jul/2025:08:51:58 -0400] "POST /wp-cron.php?doing_wp_cron=1752324718.5773150920867919921875 HTTP/1.1" 200 0 "-" "WordPress/6.8.1; https://alhidayamaintenance.com"
216.73.216.80 - - [12/Jul/2025:08:51:58 -0400] "GET /559673233.html HTTP/2" 404 19511 "-" "Mozilla/5.0 AppleWebKit/537.36 (KHTML, like Gecko; compatible; ClaudeBot/1.0; +claudebot@anthropic.com)"
216.73.216.80 - - [12/Jul/2025:08:51:58 -0400] "GET /509737017.html HTTP/2" 404 19511 "-" "Mozilla/5.0 AppleWebKit/537.36 (KHTML, like Gecko; compatible; ClaudeBot/1.0; +claudebot@anthropic.com)"
216.73.216.80 - - [12/Jul/2025:08:51:58 -0400] "GET /508975201.html HTTP/2" 404 19511 "-" "Mozilla/5.0 AppleWebKit/537.36 (KHTML, like Gecko; compatible; ClaudeBot/1.0; +claudebot@anthropic.com)"
216.73.216.80 - - [12/Jul/2025:08:51:58 -0400] "GET /267445649.html HTTP/2" 404 19511 "-" "Mozilla/5.0 AppleWebKit/537.36 (KHTML, like Gecko; compatible; ClaudeBot/1.0; +claudebot@anthropic.com)"
216.73.216.80 - - [12/Jul/2025:08:51:58 -0400] "GET /74575279.html HTTP/2" 404 19511 "-" "Mozilla/5.0 AppleWebKit/537.36 (KHTML, like Gecko; compatible; ClaudeBot/1.0; +claudebot@anthropic.com)"
216.73.216.80 - - [12/Jul/2025:08:51:59 -0400] "GET /328079233.html HTTP/2" 404 19511 "-" "Mozilla/5.0 AppleWebKit/537.36 (KHTML, like Gecko; compatible; ClaudeBot/1.0; +claudebot@anthropic.com)"
216.73.216.80 - - [12/Jul/2025:08:51:59 -0400] "GET /717362611.html HTTP/2" 404 19511 "-" "Mozilla/5.0 AppleWebKit/537.36 (KHTML, like Gecko; compatible; ClaudeBot/1.0; +claudebot@anthropic.com)"
216.73.216.80 - - [12/Jul/2025:08:51:59 -0400] "GET /75413567.html HTTP/2" 404 19511 "-" "Mozilla/5.0 AppleWebKit/537.36 (KHTML, like Gecko; compatible; ClaudeBot/1.0; +claudebot@anthropic.com)"
207.46.13.14 - - [12/Jul/2025:08:52:01 -0400] "GET /236073916.shtml HTTP/2" 200 16787 "-" "Mozilla/5.0 AppleWebKit/537.36 (KHTML, like Gecko; compatible; bingbot/2.0; +http://www.bing.com/bingbot.htm) Chrome/116.0.1938.76 Safari/537.36"
207.46.13.14 - - [12/Jul/2025:08:52:02 -0400] "GET /8977340.shtml HTTP/2" 200 16553 "-" "Mozilla/5.0 AppleWebKit/537.36 (KHTML, like Gecko; compatible; bingbot/2.0; +http://www.bing.com/bingbot.htm) Chrome/116.0.1938.76 Safari/537.36"
207.46.13.14 - - [12/Jul/2025:08:52:02 -0400] "GET /730654140.shtml HTTP/2" 200 16497 "-" "Mozilla/5.0 AppleWebKit/537.36 (KHTML, like Gecko; compatible; bingbot/2.0; +http://www.bing.com/bingbot.htm) Chrome/116.0.1938.76 Safari/537.36"
52.167.144.17 - - [12/Jul/2025:08:52:30 -0400] "GET /472138940.shtml HTTP/2" 200 17683 "-" "Mozilla/5.0 AppleWebKit/537.36 (KHTML, like Gecko; compatible; bingbot/2.0; +http://www.bing.com/bingbot.htm) Chrome/116.0.1938.76 Safari/537.36"
40.77.167.53 - - [12/Jul/2025:08:52:36 -0400] "GET /215747915.html HTTP/2" 200 16972 "-" "Mozilla/5.0 AppleWebKit/537.36 (KHTML, like Gecko; compatible; bingbot/2.0; +http://www.bing.com/bingbot.htm) Chrome/116.0.1938.76 Safari/537.36"
23.92.177.29 - - [12/Jul/2025:08:52:44 -0400] "POST /wp-cron.php?doing_wp_cron=1752324764.0877029895782470703125 HTTP/1.1" 200 0 "-" "WordPress/6.8.1; https://alhidayamaintenance.com"
216.73.216.80 - - [12/Jul/2025:08:52:43 -0400] "GET /672037705.html HTTP/2" 404 19513 "-" "Mozilla/5.0 AppleWebKit/537.36 (KHTML, like Gecko; compatible; ClaudeBot/1.0; +claudebot@anthropic.com)"
216.73.216.80 - - [12/Jul/2025:08:52:43 -0400] "GET /156323121.html HTTP/2" 404 19513 "-" "Mozilla/5.0 AppleWebKit/537.36 (KHTML, like Gecko; compatible; ClaudeBot/1.0; +claudebot@anthropic.com)"
216.73.216.80 - - [12/Jul/2025:08:52:44 -0400] "GET /514094953.html HTTP/2" 404 19514 "-" "Mozilla/5.0 AppleWebKit/537.36 (KHTML, like Gecko; compatible; ClaudeBot/1.0; +claudebot@anthropic.com)"
216.73.216.80 - - [12/Jul/2025:08:52:44 -0400] "GET /414536637.html HTTP/2" 404 19514 "-" "Mozilla/5.0 AppleWebKit/537.36 (KHTML, like Gecko; compatible; ClaudeBot/1.0; +claudebot@anthropic.com)"
216.73.216.80 - - [12/Jul/2025:08:52:44 -0400] "GET /628913305.html HTTP/2" 404 19513 "-" "Mozilla/5.0 AppleWebKit/537.36 (KHTML, like Gecko; compatible; ClaudeBot/1.0; +claudebot@anthropic.com)"
216.73.216.80 - - [12/Jul/2025:08:52:44 -0400] "GET /154032107.html HTTP/2" 404 19513 "-" "Mozilla/5.0 AppleWebKit/537.36 (KHTML, like Gecko; compatible; ClaudeBot/1.0; +claudebot@anthropic.com)"
216.73.216.80 - - [12/Jul/2025:08:52:45 -0400] "GET /472106501.html HTTP/2" 404 19511 "-" "Mozilla/5.0 AppleWebKit/537.36 (KHTML, like Gecko; compatible; ClaudeBot/1.0; +claudebot@anthropic.com)"
216.73.216.80 - - [12/Jul/2025:08:52:45 -0400] "GET /366334593.html HTTP/2" 404 19511 "-" "Mozilla/5.0 AppleWebKit/537.36 (KHTML, like Gecko; compatible; ClaudeBot/1.0; +claudebot@anthropic.com)"
207.46.13.52 - - [12/Jul/2025:08:52:47 -0400] "GET /352372403.html HTTP/2" 200 17994 "-" "Mozilla/5.0 AppleWebKit/537.36 (KHTML, like Gecko; compatible; bingbot/2.0; +http://www.bing.com/bingbot.htm) Chrome/116.0.1938.76 Safari/537.36"
23.92.177.29 - - [12/Jul/2025:08:52:58 -0400] "POST /wp-cron.php?doing_wp_cron=1752324778.5417790412902832031250 HTTP/1.1" 200 0 "-" "WordPress/6.8.1; https://alhidayamaintenance.com"
51.222.253.16 - - [12/Jul/2025:08:52:58 -0400] "GET /31098043.html HTTP/2" 404 19511 "-" "Mozilla/5.0 (compatible; AhrefsBot/7.0; +http://ahrefs.com/robot/)"
40.77.167.32 - - [12/Jul/2025:08:52:59 -0400] "GET /9988625.html HTTP/2" 200 17986 "-" "Mozilla/5.0 AppleWebKit/537.36 (KHTML, like Gecko; compatible; bingbot/2.0; +http://www.bing.com/bingbot.htm) Chrome/116.0.1938.76 Safari/537.36"
40.77.167.32 - - [12/Jul/2025:08:53:00 -0400] "GET /379937655.html HTTP/2" 200 17145 "-" "Mozilla/5.0 AppleWebKit/537.36 (KHTML, like Gecko; compatible; bingbot/2.0; +http://www.bing.com/bingbot.htm) Chrome/116.0.1938.76 Safari/537.36"
52.167.144.17 - - [12/Jul/2025:08:53:10 -0400] "GET /643997884.shtml HTTP/2" 200 17044 "-" "Mozilla/5.0 AppleWebKit/537.36 (KHTML, like Gecko; compatible; bingbot/2.0; +http://www.bing.com/bingbot.htm) Chrome/116.0.1938.76 Safari/537.36"
23.92.177.29 - - [12/Jul/2025:08:53:12 -0400] "POST /wp-cron.php?doing_wp_cron=1752324792.9188649654388427734375 HTTP/1.1" 200 0 "-" "WordPress/6.8.1; https://alhidayamaintenance.com"
216.73.216.80 - - [12/Jul/2025:08:53:12 -0400] "GET /230863477.html HTTP/2" 404 19511 "-" "Mozilla/5.0 AppleWebKit/537.36 (KHTML, like Gecko; compatible; ClaudeBot/1.0; +claudebot@anthropic.com)"
216.73.216.80 - - [12/Jul/2025:08:53:12 -0400] "GET /444898683.html HTTP/2" 404 19511 "-" "Mozilla/5.0 AppleWebKit/537.36 (KHTML, like Gecko; compatible; ClaudeBot/1.0; +claudebot@anthropic.com)"
216.73.216.80 - - [12/Jul/2025:08:53:13 -0400] "GET /43159323.html HTTP/2" 404 19511 "-" "Mozilla/5.0 AppleWebKit/537.36 (KHTML, like Gecko; compatible; ClaudeBot/1.0; +claudebot@anthropic.com)"
216.73.216.80 - - [12/Jul/2025:08:53:13 -0400] "GET /124401385.html HTTP/2" 404 19511 "-" "Mozilla/5.0 AppleWebKit/537.36 (KHTML, like Gecko; compatible; ClaudeBot/1.0; +claudebot@anthropic.com)"
216.73.216.80 - - [12/Jul/2025:08:53:13 -0400] "GET /177656631.html HTTP/2" 404 19511 "-" "Mozilla/5.0 AppleWebKit/537.36 (KHTML, like Gecko; compatible; ClaudeBot/1.0; +claudebot@anthropic.com)"
216.73.216.80 - - [12/Jul/2025:08:53:13 -0400] "GET /563775133.html HTTP/2" 404 19511 "-" "Mozilla/5.0 AppleWebKit/537.36 (KHTML, like Gecko; compatible; ClaudeBot/1.0; +claudebot@anthropic.com)"
216.73.216.80 - - [12/Jul/2025:08:53:13 -0400] "GET /486266163.html HTTP/2" 404 19511 "-" "Mozilla/5.0 AppleWebKit/537.36 (KHTML, like Gecko; compatible; ClaudeBot/1.0; +claudebot@anthropic.com)"
207.46.13.52 - - [12/Jul/2025:08:53:14 -0400] "GET /57179835.html HTTP/2" 200 16473 "-" "Mozilla/5.0 AppleWebKit/537.36 (KHTML, like Gecko; compatible; bingbot/2.0; +http://www.bing.com/bingbot.htm) Chrome/116.0.1938.76 Safari/537.36"
216.73.216.80 - - [12/Jul/2025:08:53:14 -0400] "GET /509540271.html HTTP/2" 404 19511 "-" "Mozilla/5.0 AppleWebKit/537.36 (KHTML, like Gecko; compatible; ClaudeBot/1.0; +claudebot@anthropic.com)"
207.46.13.52 - - [12/Jul/2025:08:53:29 -0400] "GET /339603515.html HTTP/2" 200 16758 "-" "Mozilla/5.0 AppleWebKit/537.36 (KHTML, like Gecko; compatible; bingbot/2.0; +http://www.bing.com/bingbot.htm) Chrome/116.0.1938.76 Safari/537.36"
185.81.128.21 - - [12/Jul/2025:08:53:51 -0400] "GET /wp-content/plugins/simple-file-list/readme.txt HTTP/1.1" 404 22088 "-" "Mozilla/5.0 (Windows NT 10.0; Win64; x64) AppleWebKit/529.36 (KHTML, like Gecko) Chrome/120.1.2.3 Safari/537.36 Edg/121.0.2221.86"
52.167.144.206 - - [12/Jul/2025:08:53:55 -0400] "GET /492502460.shtml HTTP/2" 200 16677 "-" "Mozilla/5.0 AppleWebKit/537.36 (KHTML, like Gecko; compatible; bingbot/2.0; +http://www.bing.com/bingbot.htm) Chrome/116.0.1938.76 Safari/537.36"
23.92.177.29 - - [12/Jul/2025:08:54:00 -0400] "POST /wp-cron.php?doing_wp_cron=1752324840.2759060859680175781250 HTTP/1.1" 200 0 "-" "WordPress/6.8.1; https://alhidayamaintenance.com"
216.73.216.80 - - [12/Jul/2025:08:54:00 -0400] "GET /524042121.html HTTP/2" 404 19564 "-" "Mozilla/5.0 AppleWebKit/537.36 (KHTML, like Gecko; compatible; ClaudeBot/1.0; +claudebot@anthropic.com)"
216.73.216.80 - - [12/Jul/2025:08:54:00 -0400] "GET /179913281.html HTTP/2" 404 19513 "-" "Mozilla/5.0 AppleWebKit/537.36 (KHTML, like Gecko; compatible; ClaudeBot/1.0; +claudebot@anthropic.com)"
216.73.216.80 - - [12/Jul/2025:08:54:00 -0400] "GET /194634141.html HTTP/2" 404 19511 "-" "Mozilla/5.0 AppleWebKit/537.36 (KHTML, like Gecko; compatible; ClaudeBot/1.0; +claudebot@anthropic.com)"
216.73.216.80 - - [12/Jul/2025:08:54:00 -0400] "GET /548455323.html HTTP/2" 404 19513 "-" "Mozilla/5.0 AppleWebKit/537.36 (KHTML, like Gecko; compatible; ClaudeBot/1.0; +claudebot@anthropic.com)"
216.73.216.80 - - [12/Jul/2025:08:54:00 -0400] "GET /91168009.html HTTP/2" 404 19564 "-" "Mozilla/5.0 AppleWebKit/537.36 (KHTML, like Gecko; compatible; ClaudeBot/1.0; +claudebot@anthropic.com)"
23.92.177.29 - - [12/Jul/2025:08:54:01 -0400] "POST /wp-cron.php?doing_wp_cron=1752324841.0318830013275146484375 HTTP/1.1" 200 0 "-" "WordPress/6.8.1; https://alhidayamaintenance.com"
216.73.216.80 - - [12/Jul/2025:08:54:00 -0400] "GET /252176659.html HTTP/2" 404 19592 "-" "Mozilla/5.0 AppleWebKit/537.36 (KHTML, like Gecko; compatible; ClaudeBot/1.0; +claudebot@anthropic.com)"
216.73.216.80 - - [12/Jul/2025:08:54:01 -0400] "GET /238260691.html HTTP/2" 404 19592 "-" "Mozilla/5.0 AppleWebKit/537.36 (KHTML, like Gecko; compatible; ClaudeBot/1.0; +claudebot@anthropic.com)"
216.73.216.80 - - [12/Jul/2025:08:54:01 -0400] "GET /431496723.html HTTP/2" 404 19511 "-" "Mozilla/5.0 AppleWebKit/537.36 (KHTML, like Gecko; compatible; ClaudeBot/1.0; +claudebot@anthropic.com)"
207.46.13.52 - - [12/Jul/2025:08:54:07 -0400] "GET /465130851.html HTTP/2" 200 17035 "-" "Mozilla/5.0 AppleWebKit/537.36 (KHTML, like Gecko; compatible; bingbot/2.0; +http://www.bing.com/bingbot.htm) Chrome/116.0.1938.76 Safari/537.36"
40.77.167.32 - - [12/Jul/2025:08:54:11 -0400] "GET /498043819.html HTTP/2" 200 17655 "-" "Mozilla/5.0 AppleWebKit/537.36 (KHTML, like Gecko; compatible; bingbot/2.0; +http://www.bing.com/bingbot.htm) Chrome/116.0.1938.76 Safari/537.36"
207.46.13.52 - - [12/Jul/2025:08:54:24 -0400] "GET /501756341.html HTTP/2" 200 17683 "-" "Mozilla/5.0 AppleWebKit/537.36 (KHTML, like Gecko; compatible; bingbot/2.0; +http://www.bing.com/bingbot.htm) Chrome/116.0.1938.76 Safari/537.36"
40.77.167.53 - - [12/Jul/2025:08:54:28 -0400] "GET /241274801.html HTTP/2" 200 16784 "-" "Mozilla/5.0 AppleWebKit/537.36 (KHTML, like Gecko; compatible; bingbot/2.0; +http://www.bing.com/bingbot.htm) Chrome/116.0.1938.76 Safari/537.36"
52.167.144.206 - - [12/Jul/2025:08:54:36 -0400] "GET /701700028.shtml HTTP/2" 200 17855 "-" "Mozilla/5.0 AppleWebKit/537.36 (KHTML, like Gecko; compatible; bingbot/2.0; +http://www.bing.com/bingbot.htm) Chrome/116.0.1938.76 Safari/537.36"
216.73.216.80 - - [12/Jul/2025:08:54:37 -0400] "GET /307217623.html HTTP/2" 404 19512 "-" "Mozilla/5.0 AppleWebKit/537.36 (KHTML, like Gecko; compatible; ClaudeBot/1.0; +claudebot@anthropic.com)"
216.73.216.80 - - [12/Jul/2025:08:54:37 -0400] "GET /315212819.html HTTP/2" 404 19512 "-" "Mozilla/5.0 AppleWebKit/537.36 (KHTML, like Gecko; compatible; ClaudeBot/1.0; +claudebot@anthropic.com)"
216.73.216.80 - - [12/Jul/2025:08:54:37 -0400] "GET /320812699.html HTTP/2" 404 19511 "-" "Mozilla/5.0 AppleWebKit/537.36 (KHTML, like Gecko; compatible; ClaudeBot/1.0; +claudebot@anthropic.com)"
216.73.216.80 - - [12/Jul/2025:08:54:37 -0400] "GET /114090007.html HTTP/2" 404 19511 "-" "Mozilla/5.0 AppleWebKit/537.36 (KHTML, like Gecko; compatible; ClaudeBot/1.0; +claudebot@anthropic.com)"
216.73.216.80 - - [12/Jul/2025:08:54:37 -0400] "GET /713398651.html HTTP/2" 404 19511 "-" "Mozilla/5.0 AppleWebKit/537.36 (KHTML, like Gecko; compatible; ClaudeBot/1.0; +claudebot@anthropic.com)"
216.73.216.80 - - [12/Jul/2025:08:54:37 -0400] "GET /442920091.html HTTP/2" 404 19511 "-" "Mozilla/5.0 AppleWebKit/537.36 (KHTML, like Gecko; compatible; ClaudeBot/1.0; +claudebot@anthropic.com)"
216.73.216.80 - - [12/Jul/2025:08:54:38 -0400] "GET /315798943.html HTTP/2" 404 19511 "-" "Mozilla/5.0 AppleWebKit/537.36 (KHTML, like Gecko; compatible; ClaudeBot/1.0; +claudebot@anthropic.com)"
216.73.216.80 - - [12/Jul/2025:08:54:38 -0400] "GET /720245315.html HTTP/2" 404 19511 "-" "Mozilla/5.0 AppleWebKit/537.36 (KHTML, like Gecko; compatible; ClaudeBot/1.0; +claudebot@anthropic.com)"
52.167.144.206 - - [12/Jul/2025:08:54:45 -0400] "GET /472160444.shtml HTTP/2" 200 17127 "-" "Mozilla/5.0 AppleWebKit/537.36 (KHTML, like Gecko; compatible; bingbot/2.0; +http://www.bing.com/bingbot.htm) Chrome/116.0.1938.76 Safari/537.36"
40.77.167.53 - - [12/Jul/2025:08:54:46 -0400] "GET /17791915.html HTTP/2" 200 16839 "-" "Mozilla/5.0 AppleWebKit/537.36 (KHTML, like Gecko; compatible; bingbot/2.0; +http://www.bing.com/bingbot.htm) Chrome/116.0.1938.76 Safari/537.36"
40.77.167.2 - - [12/Jul/2025:08:54:50 -0400] "GET /280836284.shtml HTTP/2" 200 16664 "-" "Mozilla/5.0 AppleWebKit/537.36 (KHTML, like Gecko; compatible; bingbot/2.0; +http://www.bing.com/bingbot.htm) Chrome/116.0.1938.76 Safari/537.36"
40.77.167.32 - - [12/Jul/2025:08:54:52 -0400] "GET /235980325.html HTTP/2" 200 17759 "-" "Mozilla/5.0 AppleWebKit/537.36 (KHTML, like Gecko; compatible; bingbot/2.0; +http://www.bing.com/bingbot.htm) Chrome/116.0.1938.76 Safari/537.36"
23.92.177.29 - - [12/Jul/2025:08:55:09 -0400] "POST /wp-cron.php?doing_wp_cron=1752324909.6386690139770507812500 HTTP/1.1" 200 0 "-" "WordPress/6.8.1; https://alhidayamaintenance.com"
23.92.177.29 - - [12/Jul/2025:08:55:09 -0400] "POST /wp-cron.php?doing_wp_cron=1752324909.6387510299682617187500 HTTP/1.1" 200 0 "-" "WordPress/6.8.1; https://alhidayamaintenance.com"
216.73.216.80 - - [12/Jul/2025:08:55:09 -0400] "GET /41791781.html HTTP/2" 404 19511 "-" "Mozilla/5.0 AppleWebKit/537.36 (KHTML, like Gecko; compatible; ClaudeBot/1.0; +claudebot@anthropic.com)"
216.73.216.80 - - [12/Jul/2025:08:55:09 -0400] "GET /23317501.html HTTP/2" 404 19511 "-" "Mozilla/5.0 AppleWebKit/537.36 (KHTML, like Gecko; compatible; ClaudeBot/1.0; +claudebot@anthropic.com)"
216.73.216.80 - - [12/Jul/2025:08:55:09 -0400] "GET /69638963.html HTTP/2" 404 19511 "-" "Mozilla/5.0 AppleWebKit/537.36 (KHTML, like Gecko; compatible; ClaudeBot/1.0; +claudebot@anthropic.com)"
216.73.216.80 - - [12/Jul/2025:08:55:09 -0400] "GET /409454637.html HTTP/2" 404 19511 "-" "Mozilla/5.0 AppleWebKit/537.36 (KHTML, like Gecko; compatible; ClaudeBot/1.0; +claudebot@anthropic.com)"
216.73.216.80 - - [12/Jul/2025:08:55:09 -0400] "GET /21978999.html HTTP/2" 404 19511 "-" "Mozilla/5.0 AppleWebKit/537.36 (KHTML, like Gecko; compatible; ClaudeBot/1.0; +claudebot@anthropic.com)"
216.73.216.80 - - [12/Jul/2025:08:55:10 -0400] "GET /436922363.html HTTP/2" 404 19511 "-" "Mozilla/5.0 AppleWebKit/537.36 (KHTML, like Gecko; compatible; ClaudeBot/1.0; +claudebot@anthropic.com)"
216.73.216.80 - - [12/Jul/2025:08:55:10 -0400] "GET /676185827.html HTTP/2" 404 19511 "-" "Mozilla/5.0 AppleWebKit/537.36 (KHTML, like Gecko; compatible; ClaudeBot/1.0; +claudebot@anthropic.com)"
216.73.216.80 - - [12/Jul/2025:08:55:10 -0400] "GET /240777007.html HTTP/2" 404 19511 "-" "Mozilla/5.0 AppleWebKit/537.36 (KHTML, like Gecko; compatible; ClaudeBot/1.0; +claudebot@anthropic.com)"
51.222.253.15 - - [12/Jul/2025:08:55:11 -0400] "GET /32436545.html HTTP/2" 404 19511 "-" "Mozilla/5.0 (compatible; AhrefsBot/7.0; +http://ahrefs.com/robot/)"
40.77.167.53 - - [12/Jul/2025:08:55:27 -0400] "GET /422399459.html HTTP/2" 200 17800 "-" "Mozilla/5.0 AppleWebKit/537.36 (KHTML, like Gecko; compatible; bingbot/2.0; +http://www.bing.com/bingbot.htm) Chrome/116.0.1938.76 Safari/537.36"
216.73.216.80 - - [12/Jul/2025:08:55:44 -0400] "GET /654889585.html HTTP/2" 404 19511 "-" "Mozilla/5.0 AppleWebKit/537.36 (KHTML, like Gecko; compatible; ClaudeBot/1.0; +claudebot@anthropic.com)"
216.73.216.80 - - [12/Jul/2025:08:55:44 -0400] "GET /661483359.html HTTP/2" 404 19511 "-" "Mozilla/5.0 AppleWebKit/537.36 (KHTML, like Gecko; compatible; ClaudeBot/1.0; +claudebot@anthropic.com)"
216.73.216.80 - - [12/Jul/2025:08:55:44 -0400] "GET /289757323.html HTTP/2" 404 19511 "-" "Mozilla/5.0 AppleWebKit/537.36 (KHTML, like Gecko; compatible; ClaudeBot/1.0; +claudebot@anthropic.com)"
216.73.216.80 - - [12/Jul/2025:08:55:44 -0400] "GET /566882413.html HTTP/2" 404 19511 "-" "Mozilla/5.0 AppleWebKit/537.36 (KHTML, like Gecko; compatible; ClaudeBot/1.0; +claudebot@anthropic.com)"
216.73.216.80 - - [12/Jul/2025:08:55:44 -0400] "GET /158596227.html HTTP/2" 404 19511 "-" "Mozilla/5.0 AppleWebKit/537.36 (KHTML, like Gecko; compatible; ClaudeBot/1.0; +claudebot@anthropic.com)"
216.73.216.80 - - [12/Jul/2025:08:55:45 -0400] "GET /349750333.html HTTP/2" 404 19511 "-" "Mozilla/5.0 AppleWebKit/537.36 (KHTML, like Gecko; compatible; ClaudeBot/1.0; +claudebot@anthropic.com)"
216.73.216.80 - - [12/Jul/2025:08:55:45 -0400] "GET /394619553.html HTTP/2" 404 19511 "-" "Mozilla/5.0 AppleWebKit/537.36 (KHTML, like Gecko; compatible; ClaudeBot/1.0; +claudebot@anthropic.com)"
207.46.13.14 - - [12/Jul/2025:08:55:45 -0400] "GET /372713916.shtml HTTP/2" 200 17029 "-" "Mozilla/5.0 AppleWebKit/537.36 (KHTML, like Gecko; compatible; bingbot/2.0; +http://www.bing.com/bingbot.htm) Chrome/116.0.1938.76 Safari/537.36"
216.73.216.80 - - [12/Jul/2025:08:55:45 -0400] "GET /731606005.html HTTP/2" 404 19511 "-" "Mozilla/5.0 AppleWebKit/537.36 (KHTML, like Gecko; compatible; ClaudeBot/1.0; +claudebot@anthropic.com)"
207.46.13.14 - - [12/Jul/2025:08:55:54 -0400] "GET /673007804.shtml HTTP/2" 200 17829 "-" "Mozilla/5.0 AppleWebKit/537.36 (KHTML, like Gecko; compatible; bingbot/2.0; +http://www.bing.com/bingbot.htm) Chrome/116.0.1938.76 Safari/537.36"
52.167.144.206 - - [12/Jul/2025:08:56:08 -0400] "GET /416154812.shtml HTTP/2" 200 16883 "-" "Mozilla/5.0 AppleWebKit/537.36 (KHTML, like Gecko; compatible; bingbot/2.0; +http://www.bing.com/bingbot.htm) Chrome/116.0.1938.76 Safari/537.36"
40.77.167.32 - - [12/Jul/2025:08:56:10 -0400] "GET /695042225.html HTTP/2" 200 17022 "-" "Mozilla/5.0 AppleWebKit/537.36 (KHTML, like Gecko; compatible; bingbot/2.0; +http://www.bing.com/bingbot.htm) Chrome/116.0.1938.76 Safari/537.36"
23.92.177.29 - - [12/Jul/2025:08:56:20 -0400] "POST /wp-cron.php?doing_wp_cron=1752324980.7637090682983398437500 HTTP/1.1" 200 0 "-" "WordPress/6.8.1; https://alhidayamaintenance.com"
216.73.216.80 - - [12/Jul/2025:08:56:20 -0400] "GET /119459503.html HTTP/2" 404 19511 "-" "Mozilla/5.0 AppleWebKit/537.36 (KHTML, like Gecko; compatible; ClaudeBot/1.0; +claudebot@anthropic.com)"
216.73.216.80 - - [12/Jul/2025:08:56:21 -0400] "GET /185427251.html HTTP/2" 404 19511 "-" "Mozilla/5.0 AppleWebKit/537.36 (KHTML, like Gecko; compatible; ClaudeBot/1.0; +claudebot@anthropic.com)"
216.73.216.80 - - [12/Jul/2025:08:56:21 -0400] "GET /303650785.html HTTP/2" 404 19511 "-" "Mozilla/5.0 AppleWebKit/537.36 (KHTML, like Gecko; compatible; ClaudeBot/1.0; +claudebot@anthropic.com)"
216.73.216.80 - - [12/Jul/2025:08:56:21 -0400] "GET /151126897.html HTTP/2" 404 19511 "-" "Mozilla/5.0 AppleWebKit/537.36 (KHTML, like Gecko; compatible; ClaudeBot/1.0; +claudebot@anthropic.com)"
216.73.216.80 - - [12/Jul/2025:08:56:21 -0400] "GET /656979013.html HTTP/2" 404 19511 "-" "Mozilla/5.0 AppleWebKit/537.36 (KHTML, like Gecko; compatible; ClaudeBot/1.0; +claudebot@anthropic.com)"
216.73.216.80 - - [12/Jul/2025:08:56:21 -0400] "GET /549505845.html HTTP/2" 404 19511 "-" "Mozilla/5.0 AppleWebKit/537.36 (KHTML, like Gecko; compatible; ClaudeBot/1.0; +claudebot@anthropic.com)"
216.73.216.80 - - [12/Jul/2025:08:56:22 -0400] "GET /180544659.html HTTP/2" 404 19511 "-" "Mozilla/5.0 AppleWebKit/537.36 (KHTML, like Gecko; compatible; ClaudeBot/1.0; +claudebot@anthropic.com)"
216.73.216.80 - - [12/Jul/2025:08:56:22 -0400] "GET /606074313.html HTTP/2" 404 19511 "-" "Mozilla/5.0 AppleWebKit/537.36 (KHTML, like Gecko; compatible; ClaudeBot/1.0; +claudebot@anthropic.com)"
40.77.167.32 - - [12/Jul/2025:08:56:29 -0400] "GET /321715843.html HTTP/2" 200 16544 "-" "Mozilla/5.0 AppleWebKit/537.36 (KHTML, like Gecko; compatible; bingbot/2.0; +http://www.bing.com/bingbot.htm) Chrome/116.0.1938.76 Safari/537.36"
40.77.167.32 - - [12/Jul/2025:08:56:29 -0400] "GET /196251911.html HTTP/2" 200 17962 "-" "Mozilla/5.0 AppleWebKit/537.36 (KHTML, like Gecko; compatible; bingbot/2.0; +http://www.bing.com/bingbot.htm) Chrome/116.0.1938.76 Safari/537.36"
207.46.13.14 - - [12/Jul/2025:08:56:44 -0400] "GET /371708604.shtml HTTP/2" 200 17888 "-" "Mozilla/5.0 AppleWebKit/537.36 (KHTML, like Gecko; compatible; bingbot/2.0; +http://www.bing.com/bingbot.htm) Chrome/116.0.1938.76 Safari/537.36"
207.46.13.52 - - [12/Jul/2025:08:56:45 -0400] "GET /54880593.html HTTP/2" 200 17805 "-" "Mozilla/5.0 AppleWebKit/537.36 (KHTML, like Gecko; compatible; bingbot/2.0; +http://www.bing.com/bingbot.htm) Chrome/116.0.1938.76 Safari/537.36"
40.77.167.32 - - [12/Jul/2025:08:57:00 -0400] "GET /649819927.html HTTP/2" 200 17291 "-" "Mozilla/5.0 AppleWebKit/537.36 (KHTML, like Gecko; compatible; bingbot/2.0; +http://www.bing.com/bingbot.htm) Chrome/116.0.1938.76 Safari/537.36"
23.92.177.29 - - [12/Jul/2025:08:57:02 -0400] "POST /wp-cron.php?doing_wp_cron=1752325022.7985200881958007812500 HTTP/1.1" 200 0 "-" "WordPress/6.8.1; https://alhidayamaintenance.com"
216.73.216.41 - - [12/Jul/2025:08:57:02 -0400] "GET /186546259.html HTTP/2" 404 19511 "-" "Mozilla/5.0 AppleWebKit/537.36 (KHTML, like Gecko; compatible; ClaudeBot/1.0; +claudebot@anthropic.com)"
216.73.216.41 - - [12/Jul/2025:08:57:02 -0400] "GET /382013289.html HTTP/2" 404 19511 "-" "Mozilla/5.0 AppleWebKit/537.36 (KHTML, like Gecko; compatible; ClaudeBot/1.0; +claudebot@anthropic.com)"
216.73.216.41 - - [12/Jul/2025:08:57:02 -0400] "GET /643684017.html HTTP/2" 404 19511 "-" "Mozilla/5.0 AppleWebKit/537.36 (KHTML, like Gecko; compatible; ClaudeBot/1.0; +claudebot@anthropic.com)"
216.73.216.41 - - [12/Jul/2025:08:57:02 -0400] "GET /558504131.html HTTP/2" 404 19511 "-" "Mozilla/5.0 AppleWebKit/537.36 (KHTML, like Gecko; compatible; ClaudeBot/1.0; +claudebot@anthropic.com)"
216.73.216.41 - - [12/Jul/2025:08:57:03 -0400] "GET /167465527.html HTTP/2" 404 19511 "-" "Mozilla/5.0 AppleWebKit/537.36 (KHTML, like Gecko; compatible; ClaudeBot/1.0; +claudebot@anthropic.com)"
216.73.216.41 - - [12/Jul/2025:08:57:03 -0400] "GET /wp-content/themes/eyecraftersny-child/js/owl.carousel.min.js HTTP/2" 200 14239 "https://alhidayamaintenance.com/186546259.html" "Mozilla/5.0 AppleWebKit/537.36 (KHTML, like Gecko; compatible; ClaudeBot/1.0; +claudebot@anthropic.com)"
216.73.216.41 - - [12/Jul/2025:08:57:03 -0400] "GET /wp-content/themes/eyecraftersny-child/js/wow.min.js HTTP/2" 200 5654 "https://alhidayamaintenance.com/186546259.html" "Mozilla/5.0 AppleWebKit/537.36 (KHTML, like Gecko; compatible; ClaudeBot/1.0; +claudebot@anthropic.com)"
216.73.216.41 - - [12/Jul/2025:08:57:03 -0400] "GET /wp-content/plugins/contact-form-7/includes/swv/js/index.js?ver=5.7.6 HTTP/2" 200 5927 "https://alhidayamaintenance.com/186546259.html" "Mozilla/5.0 AppleWebKit/537.36 (KHTML, like Gecko; compatible; ClaudeBot/1.0; +claudebot@anthropic.com)"
216.73.216.41 - - [12/Jul/2025:08:57:03 -0400] "GET /wp-content/plugins/contact-form-7/includes/js/index.js?ver=5.7.6 HTTP/2" 200 6977 "https://alhidayamaintenance.com/186546259.html" "Mozilla/5.0 AppleWebKit/537.36 (KHTML, like Gecko; compatible; ClaudeBot/1.0; +claudebot@anthropic.com)"
216.73.216.41 - - [12/Jul/2025:08:57:03 -0400] "GET /wp-content/plugins/real-time-auto-find-and-replace/assets/js/rtafar.local.js?ver=1.4.8 HTTP/2" 200 3066 "https://alhidayamaintenance.com/186546259.html" "Mozilla/5.0 AppleWebKit/537.36 (KHTML, like Gecko; compatible; ClaudeBot/1.0; +claudebot@anthropic.com)"
216.73.216.41 - - [12/Jul/2025:08:57:03 -0400] "GET /wp-content/themes/twentytwentyone/assets/js/primary-navigation.js?ver=1.0.0 HTTP/2" 200 4822 "https://alhidayamaintenance.com/186546259.html" "Mozilla/5.0 AppleWebKit/537.36 (KHTML, like Gecko; compatible; ClaudeBot/1.0; +claudebot@anthropic.com)"
216.73.216.41 - - [12/Jul/2025:08:57:03 -0400] "GET /wp-content/themes/twentytwentyone/assets/js/responsive-embeds.js?ver=1.0.0 HTTP/2" 200 3510 "https://alhidayamaintenance.com/186546259.html" "Mozilla/5.0 AppleWebKit/537.36 (KHTML, like Gecko; compatible; ClaudeBot/1.0; +claudebot@anthropic.com)"
216.73.216.41 - - [12/Jul/2025:08:57:03 -0400] "GET /wp-content/plugins/wp-whatsapp-chat/build/frontend/js/index.js?ver=9970b5c8c94b720844fe HTTP/2" 200 5316 "https://alhidayamaintenance.com/186546259.html" "Mozilla/5.0 AppleWebKit/537.36 (KHTML, like Gecko; compatible; ClaudeBot/1.0; +claudebot@anthropic.com)"
216.73.216.41 - - [12/Jul/2025:08:57:03 -0400] "GET /wp-content/plugins/real-time-auto-find-and-replace/assets/js/rtafar.app.min.js?ver=1.4.8 HTTP/2" 200 3162 "https://alhidayamaintenance.com/186546259.html" "Mozilla/5.0 AppleWebKit/537.36 (KHTML, like Gecko; compatible; ClaudeBot/1.0; +claudebot@anthropic.com)"
216.73.216.41 - - [12/Jul/2025:08:57:03 -0400] "GET /wp-content/themes/eyecraftersny-child/js/owl.carousel.min.js HTTP/2" 200 14239 "https://alhidayamaintenance.com/382013289.html" "Mozilla/5.0 AppleWebKit/537.36 (KHTML, like Gecko; compatible; ClaudeBot/1.0; +claudebot@anthropic.com)"
216.73.216.41 - - [12/Jul/2025:08:57:03 -0400] "GET /wp-content/themes/eyecraftersny-child/js/wow.min.js HTTP/2" 200 5654 "https://alhidayamaintenance.com/382013289.html" "Mozilla/5.0 AppleWebKit/537.36 (KHTML, like Gecko; compatible; ClaudeBot/1.0; +claudebot@anthropic.com)"
216.73.216.41 - - [12/Jul/2025:08:57:03 -0400] "GET /wp-content/plugins/contact-form-7/includes/swv/js/index.js?ver=5.7.6 HTTP/2" 200 5927 "https://alhidayamaintenance.com/382013289.html" "Mozilla/5.0 AppleWebKit/537.36 (KHTML, like Gecko; compatible; ClaudeBot/1.0; +claudebot@anthropic.com)"
216.73.216.41 - - [12/Jul/2025:08:57:03 -0400] "GET /wp-content/plugins/contact-form-7/includes/js/index.js?ver=5.7.6 HTTP/2" 200 6977 "https://alhidayamaintenance.com/382013289.html" "Mozilla/5.0 AppleWebKit/537.36 (KHTML, like Gecko; compatible; ClaudeBot/1.0; +claudebot@anthropic.com)"
216.73.216.41 - - [12/Jul/2025:08:57:03 -0400] "GET /wp-content/plugins/real-time-auto-find-and-replace/assets/js/rtafar.local.js?ver=1.4.8 HTTP/2" 200 3066 "https://alhidayamaintenance.com/382013289.html" "Mozilla/5.0 AppleWebKit/537.36 (KHTML, like Gecko; compatible; ClaudeBot/1.0; +claudebot@anthropic.com)"
216.73.216.41 - - [12/Jul/2025:08:57:03 -0400] "GET /wp-content/themes/twentytwentyone/assets/js/primary-navigation.js?ver=1.0.0 HTTP/2" 200 4822 "https://alhidayamaintenance.com/382013289.html" "Mozilla/5.0 AppleWebKit/537.36 (KHTML, like Gecko; compatible; ClaudeBot/1.0; +claudebot@anthropic.com)"
216.73.216.41 - - [12/Jul/2025:08:57:03 -0400] "GET /wp-content/themes/twentytwentyone/assets/js/responsive-embeds.js?ver=1.0.0 HTTP/2" 200 3510 "https://alhidayamaintenance.com/382013289.html" "Mozilla/5.0 AppleWebKit/537.36 (KHTML, like Gecko; compatible; ClaudeBot/1.0; +claudebot@anthropic.com)"
216.73.216.41 - - [12/Jul/2025:08:57:03 -0400] "GET /wp-content/plugins/wp-whatsapp-chat/build/frontend/js/index.js?ver=9970b5c8c94b720844fe HTTP/2" 200 5316 "https://alhidayamaintenance.com/382013289.html" "Mozilla/5.0 AppleWebKit/537.36 (KHTML, like Gecko; compatible; ClaudeBot/1.0; +claudebot@anthropic.com)"
