216.73.216.112 - - [06/Jul/2025:16:33:32 -0400] "GET /wp-includes/js/item.php?filesrc=%2Fhome%2Fquantums%2Fdurdanatariq.com%2Fwp-includes%2Fms-site.php&path=%2Fhome%2Fquantums%2Fdurdanatariq.com%2Fwp-includes HTTP/2" 200 12088 "-" "Mozilla/5.0 AppleWebKit/537.36 (KHTML, like Gecko; compatible; ClaudeBot/1.0; +claudebot@anthropic.com)"
216.73.216.112 - - [06/Jul/2025:16:33:32 -0400] "GET /wp-includes/js/item.php?filesrc=%2Fhome%2Fquantums%2Fdurdanatariq.com%2Fwp-includes%2Fclass-wp-site.php&path=%2Fhome%2Fquantums%2Fdurdanatariq.com%2Fwp-includes HTTP/2" 200 4152 "-" "Mozilla/5.0 AppleWebKit/537.36 (KHTML, like Gecko; compatible; ClaudeBot/1.0; +claudebot@anthropic.com)"
52.54.249.218 - - [06/Jul/2025:16:33:35 -0400] "GET /wp-includes/js/item.php?filesrc=/home/quantums/durdanatariq.com/wp-includes/class-requests.php&path=/home/quantums/durdanatariq.com/wp-includes HTTP/1.1" 200 3103 "-" "Mozilla/5.0 AppleWebKit/537.36 (KHTML, like Gecko; compatible; Amazonbot/0.1; +https://developer.amazon.com/support/amazonbot) Chrome/119.0.6045.214 Safari/537.36"
54.36.148.150 - - [06/Jul/2025:16:33:34 -0400] "GET /shopdetail/251918223 HTTP/2" 404 21806 "-" "Mozilla/5.0 (compatible; AhrefsBot/7.0; +http://ahrefs.com/robot/)"
66.249.70.198 - - [06/Jul/2025:16:33:37 -0400] "POST /get-message-notify HTTP/1.1" 200 19313 "https://durdanatariq.com/shopdetail/231855523" "Mozilla/5.0 (Linux; Android 6.0.1; Nexus 5X Build/MMB29P) AppleWebKit/537.36 (KHTML, like Gecko) Chrome/137.0.7151.119 Mobile Safari/537.36 (compatible; Googlebot/2.1; +http://www.google.com/bot.html)"
3.94.40.182 - - [06/Jul/2025:16:33:39 -0400] "GET /wp-includes/js/item.php?filesrc=/home/quantums/durdanatariq.com/.hcflag&path=/home/quantums/durdanatariq.com HTTP/1.1" 200 2262 "-" "Mozilla/5.0 AppleWebKit/537.36 (KHTML, like Gecko; compatible; Amazonbot/0.1; +https://developer.amazon.com/support/amazonbot) Chrome/119.0.6045.214 Safari/537.36"
54.36.148.216 - - [06/Jul/2025:16:33:40 -0400] "GET /shopdetail/252051623 HTTP/2" 404 21806 "-" "Mozilla/5.0 (compatible; AhrefsBot/7.0; +http://ahrefs.com/robot/)"
44.210.213.220 - - [06/Jul/2025:16:33:43 -0400] "GET /wp-includes/js/item.php?filesrc=/home/quantums/durdanatariq.com/wp-includes/class-wp-http-ixr-client.php&path=/home/quantums/durdanatariq.com/wp-includes HTTP/1.1" 200 3716 "-" "Mozilla/5.0 AppleWebKit/537.36 (KHTML, like Gecko; compatible; Amazonbot/0.1; +https://developer.amazon.com/support/amazonbot) Chrome/119.0.6045.214 Safari/537.36"
54.36.148.30 - - [06/Jul/2025:16:33:45 -0400] "GET /shopdetail/252183923 HTTP/2" 404 21806 "-" "Mozilla/5.0 (compatible; AhrefsBot/7.0; +http://ahrefs.com/robot/)"
54.83.240.58 - - [06/Jul/2025:16:33:47 -0400] "GET /wp-includes/js/item.php?filesrc=/home/quantums/durdanatariq.com/wp-includes/js/dist/fields.js&path=/home/quantums/durdanatariq.com/wp-includes/js/dist HTTP/1.1" 200 27130 "-" "Mozilla/5.0 AppleWebKit/537.36 (KHTML, like Gecko; compatible; Amazonbot/0.1; +https://developer.amazon.com/support/amazonbot) Chrome/119.0.6045.214 Safari/537.36"
52.203.237.170 - - [06/Jul/2025:16:33:51 -0400] "GET /wp-includes/js/item.php?filesrc=/home/quantums/durdanatariq.com/wp-includes/js/dist/nux.min.js&path=/home/quantums/durdanatariq.com/wp-includes/js/dist HTTP/1.1" 200 7253 "-" "Mozilla/5.0 AppleWebKit/537.36 (KHTML, like Gecko; compatible; Amazonbot/0.1; +https://developer.amazon.com/support/amazonbot) Chrome/119.0.6045.214 Safari/537.36"
54.36.148.143 - - [06/Jul/2025:16:33:50 -0400] "GET /shopdetail/252263823 HTTP/2" 404 21806 "-" "Mozilla/5.0 (compatible; AhrefsBot/7.0; +http://ahrefs.com/robot/)"
40.77.167.159 - - [06/Jul/2025:16:33:52 -0400] "GET /shopdetail/36055323 HTTP/2" 200 18606 "-" "Mozilla/5.0 AppleWebKit/537.36 (KHTML, like Gecko; compatible; bingbot/2.0; +http://www.bing.com/bingbot.htm) Chrome/116.0.1938.76 Safari/537.36"
44.209.187.99 - - [06/Jul/2025:16:33:54 -0400] "GET /wp-includes/js/item.php?filesrc=/home/quantums/durdanatariq.com/wp-includes/js/dist/primitives.min.js&path=/home/quantums/durdanatariq.com/wp-includes/js/dist HTTP/1.1" 200 6334 "-" "Mozilla/5.0 AppleWebKit/537.36 (KHTML, like Gecko; compatible; Amazonbot/0.1; +https://developer.amazon.com/support/amazonbot) Chrome/119.0.6045.214 Safari/537.36"
54.36.149.34 - - [06/Jul/2025:16:33:57 -0400] "GET /shopdetail/252266123 HTTP/2" 404 21806 "-" "Mozilla/5.0 (compatible; AhrefsBot/7.0; +http://ahrefs.com/robot/)"
54.36.148.253 - - [06/Jul/2025:16:34:06 -0400] "GET /shopdetail/25229023 HTTP/2" 404 21803 "-" "Mozilla/5.0 (compatible; AhrefsBot/7.0; +http://ahrefs.com/robot/)"
54.36.148.115 - - [06/Jul/2025:16:34:12 -0400] "GET /shopdetail/252615323 HTTP/2" 404 21806 "-" "Mozilla/5.0 (compatible; AhrefsBot/7.0; +http://ahrefs.com/robot/)"
54.36.148.23 - - [06/Jul/2025:16:34:17 -0400] "GET /shopdetail/252677023 HTTP/2" 404 21806 "-" "Mozilla/5.0 (compatible; AhrefsBot/7.0; +http://ahrefs.com/robot/)"
216.73.216.112 - - [06/Jul/2025:16:34:19 -0400] "GET /wp-includes/js/item.php?filesrc=%2Fhome%2Fquantums%2Fdurdanatariq.com%2Fwp-includes%2Ffonts.php&path=%2Fhome%2Fquantums%2Fdurdanatariq.com%2Fwp-includes HTTP/2" 200 4738 "-" "Mozilla/5.0 AppleWebKit/537.36 (KHTML, like Gecko; compatible; ClaudeBot/1.0; +claudebot@anthropic.com)"
216.73.216.112 - - [06/Jul/2025:16:34:19 -0400] "GET /wp-includes/js/item.php?filesrc=%2Fhome%2Fquantums%2Fdurdanatariq.com%2Fwp-includes%2Fauthor-template.php&path=%2Fhome%2Fquantums%2Fdurdanatariq.com%2Fwp-includes HTTP/2" 200 7355 "-" "Mozilla/5.0 AppleWebKit/537.36 (KHTML, like Gecko; compatible; ClaudeBot/1.0; +claudebot@anthropic.com)"
216.73.216.112 - - [06/Jul/2025:16:34:19 -0400] "GET /wp-includes/js/item.php?filesrc=%2Fhome%2Fquantums%2Fdurdanatariq.com%2Fwp-includes%2Fclass-wp-post.php&path=%2Fhome%2Fquantums%2Fdurdanatariq.com%2Fwp-includes HTTP/2" 200 3732 "-" "Mozilla/5.0 AppleWebKit/537.36 (KHTML, like Gecko; compatible; ClaudeBot/1.0; +claudebot@anthropic.com)"
216.73.216.112 - - [06/Jul/2025:16:34:19 -0400] "GET /wp-includes/js/item.php?filesrc=%2Fhome%2Fquantums%2Fdurdanatariq.com%2Fwp-includes%2Fbookmark.php&path=%2Fhome%2Fquantums%2Fdurdanatariq.com%2Fwp-includes HTTP/2" 200 6416 "-" "Mozilla/5.0 AppleWebKit/537.36 (KHTML, like Gecko; compatible; ClaudeBot/1.0; +claudebot@anthropic.com)"
216.73.216.112 - - [06/Jul/2025:16:34:19 -0400] "GET /wp-includes/js/item.php?filesrc=%2Fhome%2Fquantums%2Fdurdanatariq.com%2Fwp-includes%2Fclass-wp-paused-extensions-storage.php&path=%2Fhome%2Fquantums%2Fdurdanatariq.com%2Fwp-includes HTTP/2" 200 3289 "-" "Mozilla/5.0 AppleWebKit/537.36 (KHTML, like Gecko; compatible; ClaudeBot/1.0; +claudebot@anthropic.com)"
216.73.216.112 - - [06/Jul/2025:16:34:19 -0400] "GET /wp-includes/js/item.php?filesrc=%2Fhome%2Fquantums%2Fdurdanatariq.com%2Fwp-includes%2Fpost-thumbnail-template.php&path=%2Fhome%2Fquantums%2Fdurdanatariq.com%2Fwp-includes HTTP/2" 200 4394 "-" "Mozilla/5.0 AppleWebKit/537.36 (KHTML, like Gecko; compatible; ClaudeBot/1.0; +claudebot@anthropic.com)"
216.73.216.112 - - [06/Jul/2025:16:34:19 -0400] "GET /wp-includes/js/item.php?filesrc=%2Fhome%2Fquantums%2Fdurdanatariq.com%2Fwp-includes%2Fembed-template.php&path=%2Fhome%2Fquantums%2Fdurdanatariq.com%2Fwp-includes HTTP/2" 200 2200 "-" "Mozilla/5.0 AppleWebKit/537.36 (KHTML, like Gecko; compatible; ClaudeBot/1.0; +claudebot@anthropic.com)"
216.73.216.112 - - [06/Jul/2025:16:34:19 -0400] "GET /wp-includes/js/item.php?filesrc=%2Fhome%2Fquantums%2Fdurdanatariq.com%2Fwp-includes%2Fgeneral-template.php&path=%2Fhome%2Fquantums%2Fdurdanatariq.com%2Fwp-includes HTTP/2" 200 41041 "-" "Mozilla/5.0 AppleWebKit/537.36 (KHTML, like Gecko; compatible; ClaudeBot/1.0; +claudebot@anthropic.com)"
216.73.216.112 - - [06/Jul/2025:16:34:19 -0400] "GET /wp-includes/js/item.php?filesrc=%2Fhome%2Fquantums%2Fdurdanatariq.com%2Fwp-includes%2Fpost-template.php&path=%2Fhome%2Fquantums%2Fdurdanatariq.com%2Fwp-includes HTTP/2" 200 18915 "-" "Mozilla/5.0 AppleWebKit/537.36 (KHTML, like Gecko; compatible; ClaudeBot/1.0; +claudebot@anthropic.com)"
216.73.216.112 - - [06/Jul/2025:16:34:19 -0400] "GET /wp-includes/js/item.php?filesrc=%2Fhome%2Fquantums%2Fdurdanatariq.com%2Fwp-includes%2Fclass-wp-roles.php&path=%2Fhome%2Fquantums%2Fdurdanatariq.com%2Fwp-includes HTTP/2" 200 4420 "-" "Mozilla/5.0 AppleWebKit/537.36 (KHTML, like Gecko; compatible; ClaudeBot/1.0; +claudebot@anthropic.com)"
216.73.216.112 - - [06/Jul/2025:16:34:19 -0400] "GET /wp-includes/js/item.php?filesrc=%2Fhome%2Fquantums%2Fdurdanatariq.com%2Fwp-includes%2Fclass-walker-category.php&path=%2Fhome%2Fquantums%2Fdurdanatariq.com%2Fwp-includes HTTP/2" 200 4478 "-" "Mozilla/5.0 AppleWebKit/537.36 (KHTML, like Gecko; compatible; ClaudeBot/1.0; +claudebot@anthropic.com)"
216.73.216.112 - - [06/Jul/2025:16:34:19 -0400] "GET /wp-includes/js/item.php?filesrc=%2Fhome%2Fquantums%2Fdurdanatariq.com%2Fwp-includes%2Fclass-wp-recovery-mode-email-service.php&path=%2Fhome%2Fquantums%2Fdurdanatariq.com%2Fwp-includes HTTP/2" 200 5628 "-" "Mozilla/5.0 AppleWebKit/537.36 (KHTML, like Gecko; compatible; ClaudeBot/1.0; +claudebot@anthropic.com)"
216.73.216.112 - - [06/Jul/2025:16:34:19 -0400] "GET /wp-includes/js/item.php?filesrc=%2Fhome%2Fquantums%2Fdurdanatariq.com%2Fwp-includes%2Ftheme-previews.php&path=%2Fhome%2Fquantums%2Fdurdanatariq.com%2Fwp-includes HTTP/2" 200 3174 "-" "Mozilla/5.0 AppleWebKit/537.36 (KHTML, like Gecko; compatible; ClaudeBot/1.0; +claudebot@anthropic.com)"
216.73.216.112 - - [06/Jul/2025:16:34:20 -0400] "GET /wp-includes/js/item.php?filesrc=%2Fhome%2Fquantums%2Fdurdanatariq.com%2Fwp-includes%2Fblock-template.php&path=%2Fhome%2Fquantums%2Fdurdanatariq.com%2Fwp-includes HTTP/2" 200 6623 "-" "Mozilla/5.0 AppleWebKit/537.36 (KHTML, like Gecko; compatible; ClaudeBot/1.0; +claudebot@anthropic.com)"
216.73.216.112 - - [06/Jul/2025:16:34:21 -0400] "GET /wp-includes/js/item.php?filesrc=%2Fhome%2Fquantums%2Fdurdanatariq.com%2Fwp-includes%2Fsitemaps.php&path=%2Fhome%2Fquantums%2Fdurdanatariq.com%2Fwp-includes HTTP/2" 200 3089 "-" "Mozilla/5.0 AppleWebKit/537.36 (KHTML, like Gecko; compatible; ClaudeBot/1.0; +claudebot@anthropic.com)"
23.92.177.29 - - [06/Jul/2025:16:34:26 -0400] "POST /wp-cron.php?doing_wp_cron=1751834066.1939139366149902343750 HTTP/1.1" 200 0 "-" "WgTFh8ZoRo8O"
54.36.149.97 - - [06/Jul/2025:16:34:25 -0400] "GET /shopdetail/252707023 HTTP/2" 404 21806 "-" "Mozilla/5.0 (compatible; AhrefsBot/7.0; +http://ahrefs.com/robot/)"
54.36.148.93 - - [06/Jul/2025:16:34:30 -0400] "GET /shopdetail/252863823 HTTP/2" 404 21805 "-" "Mozilla/5.0 (compatible; AhrefsBot/7.0; +http://ahrefs.com/robot/)"
54.36.148.68 - - [06/Jul/2025:16:34:34 -0400] "GET /shopdetail/25301023 HTTP/2" 404 21803 "-" "Mozilla/5.0 (compatible; AhrefsBot/7.0; +http://ahrefs.com/robot/)"
54.36.149.102 - - [06/Jul/2025:16:34:41 -0400] "GET /shopdetail/253335123 HTTP/2" 404 21805 "-" "Mozilla/5.0 (compatible; AhrefsBot/7.0; +http://ahrefs.com/robot/)"
40.77.167.159 - - [06/Jul/2025:16:34:42 -0400] "GET /shopdetail/3529323 HTTP/2" 200 20533 "-" "Mozilla/5.0 AppleWebKit/537.36 (KHTML, like Gecko; compatible; bingbot/2.0; +http://www.bing.com/bingbot.htm) Chrome/116.0.1938.76 Safari/537.36"
40.77.167.159 - - [06/Jul/2025:16:34:42 -0400] "GET /shopdetail/161166523 HTTP/2" 200 18769 "-" "Mozilla/5.0 AppleWebKit/537.36 (KHTML, like Gecko; compatible; bingbot/2.0; +http://www.bing.com/bingbot.htm) Chrome/116.0.1938.76 Safari/537.36"
54.36.148.212 - - [06/Jul/2025:16:34:49 -0400] "GET /shopdetail/253336223 HTTP/2" 404 21805 "-" "Mozilla/5.0 (compatible; AhrefsBot/7.0; +http://ahrefs.com/robot/)"
54.36.148.202 - - [06/Jul/2025:16:34:58 -0400] "GET /shopdetail/253339823 HTTP/2" 404 21883 "-" "Mozilla/5.0 (compatible; AhrefsBot/7.0; +http://ahrefs.com/robot/)"
54.36.148.193 - - [06/Jul/2025:16:35:04 -0400] "GET /shopdetail/253567723 HTTP/2" 404 21806 "-" "Mozilla/5.0 (compatible; AhrefsBot/7.0; +http://ahrefs.com/robot/)"
216.73.216.112 - - [06/Jul/2025:16:35:08 -0400] "GET /wp-includes/js/item.php?path=%2Fhome%2Fquantums%2Fdurdanatariq.com%2Fwp-includes%2Fblocks HTTP/2" 200 6782 "-" "Mozilla/5.0 AppleWebKit/537.36 (KHTML, like Gecko; compatible; ClaudeBot/1.0; +claudebot@anthropic.com)"
216.73.216.112 - - [06/Jul/2025:16:35:09 -0400] "GET /wp-includes/js/item.php?aksi=ransom&path=%2Fhome%2Fquantums%2Fdurdanatariq.com%2Fwp-includes%2Fjs%2Ftinymce%2Fplugins%2Fwptextpattern HTTP/2" 200 2577 "-" "Mozilla/5.0 AppleWebKit/537.36 (KHTML, like Gecko; compatible; ClaudeBot/1.0; +claudebot@anthropic.com)"
216.73.216.112 - - [06/Jul/2025:16:35:10 -0400] "GET /wp-includes/js/item.php?aksi=ransom&path=%2Fhome%2Fquantums%2Fdurdanatariq.com%2Fwp-includes%2Fjs%2Ftinymce%2Fplugins%2Fwordpress HTTP/2" 200 2586 "-" "Mozilla/5.0 AppleWebKit/537.36 (KHTML, like Gecko; compatible; ClaudeBot/1.0; +claudebot@anthropic.com)"
216.73.216.112 - - [06/Jul/2025:16:35:11 -0400] "GET /wp-includes/js/item.php?path=%2Fhome%2Fquantums%2Fdurdanatariq.com%2Fwp-includes%2FText HTTP/2" 200 2651 "-" "Mozilla/5.0 AppleWebKit/537.36 (KHTML, like Gecko; compatible; ClaudeBot/1.0; +claudebot@anthropic.com)"
216.73.216.112 - - [06/Jul/2025:16:35:12 -0400] "GET /wp-includes/js/item.php?filesrc=%2Fhome%2Fquantums%2Fdurdanatariq.com%2Fwp-includes%2Fjs%2Fswfupload%2Flicense.txt&path=%2Fhome%2Fquantums%2Fdurdanatariq.com%2Fwp-includes%2Fjs%2Fswfupload HTTP/2" 200 2901 "-" "Mozilla/5.0 AppleWebKit/537.36 (KHTML, like Gecko; compatible; ClaudeBot/1.0; +claudebot@anthropic.com)"
54.36.149.68 - - [06/Jul/2025:16:35:12 -0400] "GET /shopdetail/253639123 HTTP/2" 404 21805 "-" "Mozilla/5.0 (compatible; AhrefsBot/7.0; +http://ahrefs.com/robot/)"
216.73.216.112 - - [06/Jul/2025:16:35:13 -0400] "GET /wp-includes/js/item.php?aksi=buatfolder&path=%2Fhome%2Fquantums%2Fdurdanatariq.com%2Fwp-includes%2Fjs%2Ftinymce%2Fplugins%2Ffullscreen HTTP/2" 200 2163 "-" "Mozilla/5.0 AppleWebKit/537.36 (KHTML, like Gecko; compatible; ClaudeBot/1.0; +claudebot@anthropic.com)"
216.73.216.112 - - [06/Jul/2025:16:35:14 -0400] "GET /wp-includes/js/item.php?filesrc=%2Fhome%2Fquantums%2Fdurdanatariq.com%2Fwp-includes%2Fbookmark-template.php&path=%2Fhome%2Fquantums%2Fdurdanatariq.com%2Fwp-includes HTTP/2" 200 5468 "-" "Mozilla/5.0 AppleWebKit/537.36 (KHTML, like Gecko; compatible; ClaudeBot/1.0; +claudebot@anthropic.com)"
216.73.216.112 - - [06/Jul/2025:16:35:15 -0400] "GET /wp-includes/js/item.php?path=%2Fhome%2Fquantums%2Fdurdanatariq.com%2Fwp-includes%2Fwidgets HTTP/2" 200 3198 "-" "Mozilla/5.0 AppleWebKit/537.36 (KHTML, like Gecko; compatible; ClaudeBot/1.0; +claudebot@anthropic.com)"
216.73.216.112 - - [06/Jul/2025:16:35:16 -0400] "GET /wp-includes/js/item.php?path=%2Fhome%2Fquantums%2Fdurdanatariq.com%2Fwp-includes%2FRequests HTTP/2" 200 2510 "-" "Mozilla/5.0 AppleWebKit/537.36 (KHTML, like Gecko; compatible; ClaudeBot/1.0; +claudebot@anthropic.com)"
216.73.216.112 - - [06/Jul/2025:16:35:17 -0400] "GET /wp-includes/js/item.php?aksi=buatfolder&path=%2Fhome%2Fquantums%2Fdurdanatariq.com%2Fwp-includes%2Fjs%2Ftinymce%2Fplugins%2Fwptextpattern HTTP/2" 200 2154 "-" "Mozilla/5.0 AppleWebKit/537.36 (KHTML, like Gecko; compatible; ClaudeBot/1.0; +claudebot@anthropic.com)"
216.73.216.112 - - [06/Jul/2025:16:35:18 -0400] "GET /wp-includes/js/item.php?path=%2Fhome%2Fquantums%2Fdurdanatariq.com%2Fwp-includes%2Fcustomize HTTP/2" 200 3790 "-" "Mozilla/5.0 AppleWebKit/537.36 (KHTML, like Gecko; compatible; ClaudeBot/1.0; +claudebot@anthropic.com)"
216.73.216.112 - - [06/Jul/2025:16:35:19 -0400] "GET /wp-includes/js/item.php?aksi=buatfolder&path=%2Fhome%2Fquantums%2Fdurdanatariq.com%2Fwp-includes%2Fjs%2Ftinymce%2Fplugins%2Fwordpress HTTP/2" 200 2157 "-" "Mozilla/5.0 AppleWebKit/537.36 (KHTML, like Gecko; compatible; ClaudeBot/1.0; +claudebot@anthropic.com)"
40.77.167.38 - - [06/Jul/2025:16:35:19 -0400] "GET /shopdetail/35227223 HTTP/2" 200 20357 "-" "Mozilla/5.0 AppleWebKit/537.36 (KHTML, like Gecko; compatible; bingbot/2.0; +http://www.bing.com/bingbot.htm) Chrome/116.0.1938.76 Safari/537.36"
216.73.216.112 - - [06/Jul/2025:16:35:20 -0400] "GET /wp-includes/js/item.php?filesrc=%2Fhome%2Fquantums%2Fdurdanatariq.com%2Fwp-includes%2Fcategory-template.php&path=%2Fhome%2Fquantums%2Fdurdanatariq.com%2Fwp-includes HTTP/2" 200 15702 "-" "Mozilla/5.0 AppleWebKit/537.36 (KHTML, like Gecko; compatible; ClaudeBot/1.0; +claudebot@anthropic.com)"
216.73.216.112 - - [06/Jul/2025:16:35:21 -0400] "GET /wp-includes/js/item.php?filesrc=%2Fhome%2Fquantums%2Fdurdanatariq.com%2Fwp-includes%2Fmedia-template.php&path=%2Fhome%2Fquantums%2Fdurdanatariq.com%2Fwp-includes HTTP/2" 200 15220 "-" "Mozilla/5.0 AppleWebKit/537.36 (KHTML, like Gecko; compatible; ClaudeBot/1.0; +claudebot@anthropic.com)"
216.73.216.112 - - [06/Jul/2025:16:35:22 -0400] "GET /wp-includes/js/item.php?path=%2Fhome%2Fquantums%2Fdurdanatariq.com%2Fwp-includes%2Fjs%2Ftinymce%2Fskins%2Fwordpress HTTP/2" 200 2657 "-" "Mozilla/5.0 AppleWebKit/537.36 (KHTML, like Gecko; compatible; ClaudeBot/1.0; +claudebot@anthropic.com)"
23.92.177.29 - - [06/Jul/2025:16:35:24 -0400] "POST /wp-cron.php?doing_wp_cron=1751834124.6401801109313964843750 HTTP/1.1" 200 0 "-" "IYp24taJHl45"
54.36.149.19 - - [06/Jul/2025:16:35:23 -0400] "GET /shopdetail/253713623 HTTP/2" 404 21805 "-" "Mozilla/5.0 (compatible; AhrefsBot/7.0; +http://ahrefs.com/robot/)"
203.112.72.51 - - [06/Jul/2025:16:35:22 -0400] "POST /xmlrpc.php HTTP/1.1" 200 251 "-" "python-requests/2.28.1"
203.112.72.51 - - [06/Jul/2025:16:35:28 -0400] "GET /wp-login.php HTTP/1.1" 200 4745 "-" "Mozilla/5.0 (Macintosh; Intel Mac OS X 10_15_7) AppleWebKit/537.36 (KHTML, like Gecko) Chrome/108.0.0.0 YaBrowser/23.1.2.980 Yowser/2.5 Safari/537.36"
203.112.72.51 - - [06/Jul/2025:16:35:29 -0400] "POST /wp-login.php HTTP/1.1" 200 4745 "-" "Mozilla/5.0 (Macintosh; Intel Mac OS X 10_15_7) AppleWebKit/537.36 (KHTML, like Gecko) Chrome/108.0.0.0 YaBrowser/23.1.2.980 Yowser/2.5 Safari/537.36"
54.36.148.11 - - [06/Jul/2025:16:35:30 -0400] "GET /shopdetail/25391523 HTTP/2" 404 21804 "-" "Mozilla/5.0 (compatible; AhrefsBot/7.0; +http://ahrefs.com/robot/)"
203.112.72.51 - - [06/Jul/2025:16:35:30 -0400] "GET /wp-admin/post-new.php HTTP/1.1" 302 0 "-" "Mozilla/5.0 (Macintosh; Intel Mac OS X 10_15_7) AppleWebKit/537.36 (KHTML, like Gecko) Chrome/108.0.0.0 YaBrowser/23.1.2.980 Yowser/2.5 Safari/537.36"
203.112.72.51 - - [06/Jul/2025:16:35:33 -0400] "GET /wp-login.php?redirect_to=https%3A%2F%2Fdurdanatariq.com%2Fwp-admin%2Fpost-new.php&reauth=1 HTTP/1.1" 200 4793 "-" "Mozilla/5.0 (Macintosh; Intel Mac OS X 10_15_7) AppleWebKit/537.36 (KHTML, like Gecko) Chrome/108.0.0.0 YaBrowser/23.1.2.980 Yowser/2.5 Safari/537.36"
23.92.177.29 - - [06/Jul/2025:16:35:31 -0400] "POST /wp-admin/admin-ajax.php?action=as_async_request_queue_runner&nonce=850e2d7c0d HTTP/1.1" 200 0 "-" "wNyiifpMNG7s"
49.43.1.231 - - [06/Jul/2025:16:35:36 -0400] "GET /wp-login.php HTTP/1.1" 200 2842 "-" "Mozilla/5.0 (Macintosh; Intel Mac OS X 10_15_7) AppleWebKit/537.36 (KHTML, like Gecko) Chrome/108.0.0.0 YaBrowser/23.1.2.980 Yowser/2.5 Safari/537.36"
216.73.216.112 - - [06/Jul/2025:16:35:41 -0400] "GET /wp-includes/js/item.php?path=%2Fhome%2Fquantums%2Fdurdanatariq.com%2Fwp-includes%2Fstyle-engine HTTP/2" 200 2647 "-" "Mozilla/5.0 AppleWebKit/537.36 (KHTML, like Gecko; compatible; ClaudeBot/1.0; +claudebot@anthropic.com)"
54.36.148.236 - - [06/Jul/2025:16:35:40 -0400] "GET /shopdetail/253973523 HTTP/2" 404 21805 "-" "Mozilla/5.0 (compatible; AhrefsBot/7.0; +http://ahrefs.com/robot/)"
216.73.216.112 - - [06/Jul/2025:16:35:41 -0400] "GET /wp-includes/js/item.php?aksi=buatfile&path=%2Fhome%2Fquantums%2Fdurdanatariq.com%2Fwp-includes%2Fjs%2Ftinymce%2Fplugins%2Ffullscreen HTTP/2" 200 2587 "-" "Mozilla/5.0 AppleWebKit/537.36 (KHTML, like Gecko; compatible; ClaudeBot/1.0; +claudebot@anthropic.com)"
23.92.177.29 - - [06/Jul/2025:16:35:41 -0400] "GET /wp-json/jetpack/v4/sync/spawn-sync?time=1751834141&request_lock_id=1751834141.4343 HTTP/1.1" 200 37 "-" "WordPress/6.7.2; https://durdanatariq.com"
49.43.1.231 - - [06/Jul/2025:16:35:38 -0400] "POST /wp-login.php HTTP/1.1" 302 0 "-" "Mozilla/5.0 (Macintosh; Intel Mac OS X 10_15_7) AppleWebKit/537.36 (KHTML, like Gecko) Chrome/108.0.0.0 YaBrowser/23.1.2.980 Yowser/2.5 Safari/537.36"
216.73.216.112 - - [06/Jul/2025:16:35:42 -0400] "GET /wp-includes/js/item.php?path=%2Fhome%2Fquantums%2Fdurdanatariq.com%2Fwp-includes%2Fsitemaps HTTP/2" 200 2780 "-" "Mozilla/5.0 AppleWebKit/537.36 (KHTML, like Gecko; compatible; ClaudeBot/1.0; +claudebot@anthropic.com)"
49.43.1.231 - - [06/Jul/2025:16:35:43 -0400] "GET /wp-login.php?redirect_to=https%3A%2F%2Fdurdanatariq.com%2Fwp-admin%2F%3Fsucuriscan_lastlogin%3D1&action=confirm_admin_email&wp_lang=en_US HTTP/1.1" 200 1749 "-" "Mozilla/5.0 (Macintosh; Intel Mac OS X 10_15_7) AppleWebKit/537.36 (KHTML, like Gecko) Chrome/108.0.0.0 YaBrowser/23.1.2.980 Yowser/2.5 Safari/537.36"
216.73.216.112 - - [06/Jul/2025:16:35:43 -0400] "GET /wp-includes/js/tinymce/plugins/wptextpattern HTTP/2" 301 795 "-" "Mozilla/5.0 AppleWebKit/537.36 (KHTML, like Gecko; compatible; ClaudeBot/1.0; +claudebot@anthropic.com)"
216.73.216.112 - - [06/Jul/2025:16:35:43 -0400] "GET /wp-includes/js/tinymce/plugins/wptextpattern/ HTTP/2" 200 660 "https://durdanatariq.com/wp-includes/js/tinymce/plugins/wptextpattern" "Mozilla/5.0 AppleWebKit/537.36 (KHTML, like Gecko; compatible; ClaudeBot/1.0; +claudebot@anthropic.com)"
216.73.216.112 - - [06/Jul/2025:16:35:44 -0400] "GET /wp-includes/js/item.php?path=%2Fhome%2Fquantums%2Fdurdanatariq.com%2Fwp-includes%2Fcss HTTP/2" 200 3694 "-" "Mozilla/5.0 AppleWebKit/537.36 (KHTML, like Gecko; compatible; ClaudeBot/1.0; +claudebot@anthropic.com)"
216.73.216.112 - - [06/Jul/2025:16:35:45 -0400] "GET /wp-includes/js/item.php?path=%2Fhome%2Fquantums%2Fdurdanatariq.com%2Fwp-includes%2FIXR HTTP/2" 200 2880 "-" "Mozilla/5.0 AppleWebKit/537.36 (KHTML, like Gecko; compatible; ClaudeBot/1.0; +claudebot@anthropic.com)"
49.43.1.231 - - [06/Jul/2025:16:35:45 -0400] "GET /wp-login.php?redirect_to=https://durdanatariq.com/wp-admin/&action=confirm_admin_email&remind_me_later=d22a4ffa72 HTTP/1.1" 302 0 "-" "Mozilla/5.0 (Macintosh; Intel Mac OS X 10_15_7) AppleWebKit/537.36 (KHTML, like Gecko) Chrome/108.0.0.0 YaBrowser/23.1.2.980 Yowser/2.5 Safari/537.36"
216.73.216.112 - - [06/Jul/2025:16:35:46 -0400] "GET /wp-includes/js/item.php?aksi=ransom&path=%2Fhome%2Fquantums%2Fdurdanatariq.com%2Fwp-includes%2Fjs%2Ftinymce%2Fplugins%2Ffullscreen HTTP/2" 200 2587 "-" "Mozilla/5.0 AppleWebKit/537.36 (KHTML, like Gecko; compatible; ClaudeBot/1.0; +claudebot@anthropic.com)"
49.43.1.231 - - [06/Jul/2025:16:35:46 -0400] "GET /wp-login.php HTTP/1.1" 200 2856 "-" "Mozilla/5.0 (Macintosh; Intel Mac OS X 10_15_7) AppleWebKit/537.36 (KHTML, like Gecko) Chrome/108.0.0.0 YaBrowser/23.1.2.980 Yowser/2.5 Safari/537.36"
216.73.216.112 - - [06/Jul/2025:16:35:47 -0400] "GET /wp-includes/js/item.php?path=%2Fhome%2Fquantums%2Fdurdanatariq.com%2Fwp-includes%2FSimplePie HTTP/2" 200 2732 "-" "Mozilla/5.0 AppleWebKit/537.36 (KHTML, like Gecko; compatible; ClaudeBot/1.0; +claudebot@anthropic.com)"
216.73.216.112 - - [06/Jul/2025:16:35:48 -0400] "GET /wp-includes/js/item.php?aksi=buatfolder&path=%2Fhome%2Fquantums%2Fdurdanatariq.com%2Fwp-includes%2Fjs%2Fjquery HTTP/2" 200 2098 "-" "Mozilla/5.0 AppleWebKit/537.36 (KHTML, like Gecko; compatible; ClaudeBot/1.0; +claudebot@anthropic.com)"
216.73.216.112 - - [06/Jul/2025:16:35:49 -0400] "GET /wp-includes/js/item.php?path=%2Fhome%2Fquantums%2Fdurdanatariq.com%2Fwp-includes%2Fcertificates HTTP/2" 200 2465 "-" "Mozilla/5.0 AppleWebKit/537.36 (KHTML, like Gecko; compatible; ClaudeBot/1.0; +claudebot@anthropic.com)"
23.92.177.29 - - [06/Jul/2025:16:35:50 -0400] "POST /wp-cron.php?doing_wp_cron=1751834150.3176620006561279296875 HTTP/1.1" 200 0 "-" "eMDgauHp6sjL"
54.36.149.13 - - [06/Jul/2025:16:35:49 -0400] "GET /shopdetail/25439123 HTTP/2" 404 21804 "-" "Mozilla/5.0 (compatible; AhrefsBot/7.0; +http://ahrefs.com/robot/)"
216.73.216.112 - - [06/Jul/2025:16:35:50 -0400] "GET /wp-includes/js/item.php?path=%2Fhome%2Fquantums%2Fdurdanatariq.com%2Fwp-includes%2Fblock-supports HTTP/2" 200 3132 "-" "Mozilla/5.0 AppleWebKit/537.36 (KHTML, like Gecko; compatible; ClaudeBot/1.0; +claudebot@anthropic.com)"
216.73.216.112 - - [06/Jul/2025:16:35:51 -0400] "GET /wp-includes/js/item.php?aksi=buatfile&path=%2Fhome%2Fquantums%2Fdurdanatariq.com%2Fwp-includes%2Fjs%2Ftinymce%2Fplugins%2Fwptextpattern HTTP/2" 200 2577 "-" "Mozilla/5.0 AppleWebKit/537.36 (KHTML, like Gecko; compatible; ClaudeBot/1.0; +claudebot@anthropic.com)"
216.73.216.112 - - [06/Jul/2025:16:35:52 -0400] "GET /wp-includes/js/item.php?aksi=buatfile&path=%2Fhome%2Fquantums%2Fdurdanatariq.com%2Fwp-includes%2Fjs%2Ftinymce%2Fplugins%2Fwordpress HTTP/2" 200 2527 "-" "Mozilla/5.0 AppleWebKit/537.36 (KHTML, like Gecko; compatible; ClaudeBot/1.0; +claudebot@anthropic.com)"
23.92.177.29 - - [06/Jul/2025:16:35:52 -0400] "GET /wp-json/jetpack/v4/sync/spawn-sync?time=1751834152&request_lock_id=1751834152.4247 HTTP/1.1" 200 37 "-" "WordPress/6.7.2; https://durdanatariq.com"
49.43.1.231 - - [06/Jul/2025:16:35:48 -0400] "GET /wp-admin/post-new.php HTTP/1.1" 200 357429 "-" "Mozilla/5.0 (Macintosh; Intel Mac OS X 10_15_7) AppleWebKit/537.36 (KHTML, like Gecko) Chrome/108.0.0.0 YaBrowser/23.1.2.980 Yowser/2.5 Safari/537.36"
216.73.216.112 - - [06/Jul/2025:16:35:53 -0400] "GET /wp-includes/js/item.php?path=%2Fhome%2Fquantums%2Fdurdanatariq.com%2Fwp-includes%2Fjs%2Ftinymce%2Fthemes%2Finlite HTTP/2" 200 2575 "-" "Mozilla/5.0 AppleWebKit/537.36 (KHTML, like Gecko; compatible; ClaudeBot/1.0; +claudebot@anthropic.com)"
216.73.216.112 - - [06/Jul/2025:16:35:54 -0400] "GET /wp-includes/js/item.php?path=%2Fhome%2Fquantums%2Fdurdanatariq.com%2Fwp-includes%2Fblock-bindings HTTP/2" 200 2625 "-" "Mozilla/5.0 AppleWebKit/537.36 (KHTML, like Gecko; compatible; ClaudeBot/1.0; +claudebot@anthropic.com)"
54.36.148.47 - - [06/Jul/2025:16:35:55 -0400] "GET /shopdetail/254881723 HTTP/2" 404 21805 "-" "Mozilla/5.0 (compatible; AhrefsBot/7.0; +http://ahrefs.com/robot/)"
49.43.1.231 - - [06/Jul/2025:16:35:55 -0400] "POST /wp-admin/post.php HTTP/1.1" 302 0 "-" "Mozilla/5.0 (Macintosh; Intel Mac OS X 10_15_7) AppleWebKit/537.36 (KHTML, like Gecko) Chrome/108.0.0.0 YaBrowser/23.1.2.980 Yowser/2.5 Safari/537.36"
23.92.177.29 - - [06/Jul/2025:16:35:57 -0400] "GET /wp-json/jetpack/v4/sync/spawn-sync?time=1751834157&request_lock_id=1751834157.7577 HTTP/1.1" 200 37 "-" "WordPress/6.7.2; https://durdanatariq.com"
23.92.177.29 - - [06/Jul/2025:16:36:00 -0400] "POST /wp-cron.php?doing_wp_cron=1751834160.0990250110626220703125 HTTP/1.1" 200 0 "-" "bcWTiPsTzcaC"
192.0.89.241 - - [06/Jul/2025:16:35:59 -0400] "POST /?rest_route=%2Fjetpack%2Fv4%2Fsocial%2Fsync-shares%2Fpost%2F2812&_for=jetpack&token=S%266OJqG6Ft1M2aH%28oEgw%25i%25EbEbZsIFt%3A1%3A0×tamp=1751834160&nonce=l5eDcnZhrL&body-hash=j0zmtA5XyM83F2rht2qhsj0WnLo%3D&signature=CO6VyuN35Y6I4quGQ4nhgZsDxA8%3D HTTP/1.1" 200 0 "https://durdanatariq.com/?rest_route=%2Fjetpack%2Fv4%2Fsocial%2Fsync-shares%2Fpost%2F2812&_for=jetpack&token=S%266OJqG6Ft1M2aH%28oEgw%25i%25EbEbZsIFt%3A1%3A0×tamp=1751834160&nonce=l5eDcnZhrL&body-hash=j0zmtA5XyM83F2rht2qhsj0WnLo%3D&signature=CO6VyuN35Y6I4quGQ4nhgZsDxA8%3D" "Jetpack by WordPress.com"
49.43.1.231 - - [06/Jul/2025:16:35:59 -0400] "GET /wp-admin/post.php?post=2812&action=edit&message=1 HTTP/1.1" 200 477818 "-" "Mozilla/5.0 (Macintosh; Intel Mac OS X 10_15_7) AppleWebKit/537.36 (KHTML, like Gecko) Chrome/108.0.0.0 YaBrowser/23.1.2.980 Yowser/2.5 Safari/537.36"
49.43.1.231 - - [06/Jul/2025:16:36:04 -0400] "GET /?p=2812 HTTP/1.1" 200 22361 "-" "Mozilla/5.0 (Macintosh; Intel Mac OS X 10_15_7) AppleWebKit/537.36 (KHTML, like Gecko) Chrome/108.0.0.0 YaBrowser/23.1.2.980 Yowser/2.5 Safari/537.36"
54.36.148.204 - - [06/Jul/2025:16:36:05 -0400] "GET /shopdetail/254998623 HTTP/2" 404 21826 "-" "Mozilla/5.0 (compatible; AhrefsBot/7.0; +http://ahrefs.com/robot/)"
49.43.1.231 - - [06/Jul/2025:16:36:05 -0400] "POST /wp-json/wp/v2/posts/2812/autosaves?_locale=user HTTP/1.1" 200 45558 "-" "Mozilla/5.0 (Macintosh; Intel Mac OS X 10_15_7) AppleWebKit/537.36 (KHTML, like Gecko) Chrome/108.0.0.0 YaBrowser/23.1.2.980 Yowser/2.5 Safari/537.36"
23.92.177.29 - - [06/Jul/2025:16:36:07 -0400] "GET /wp-json/jetpack/v4/sync/spawn-sync?time=1751834167&request_lock_id=1751834167.1977 HTTP/1.1" 200 37 "-" "WordPress/6.7.2; https://durdanatariq.com"
40.77.167.38 - - [06/Jul/2025:16:36:09 -0400] "GET /shopdetail/34708923 HTTP/2" 200 20698 "-" "Mozilla/5.0 AppleWebKit/537.36 (KHTML, like Gecko; compatible; bingbot/2.0; +http://www.bing.com/bingbot.htm) Chrome/116.0.1938.76 Safari/537.36"
49.43.1.231 - - [06/Jul/2025:16:36:08 -0400] "POST /index.php?rest_route=/wp/v2/posts/2812&_locale=user HTTP/1.1" 200 46897 "-" "Mozilla/5.0 (Macintosh; Intel Mac OS X 10_15_7) AppleWebKit/537.36 (KHTML, like Gecko) Chrome/108.0.0.0 YaBrowser/23.1.2.980 Yowser/2.5 Safari/537.36"
23.92.177.29 - - [06/Jul/2025:16:36:10 -0400] "GET /wp-json/jetpack/v4/sync/spawn-sync?time=1751834170&request_lock_id=1751834170.6827 HTTP/1.1" 200 37 "-" "WordPress/6.7.2; https://durdanatariq.com"
114.119.144.116 - - [06/Jul/2025:16:36:12 -0400] "GET /wp-includes/pomo/plural-forms.php HTTP/1.1" 200 0 "https://durdanatariq.com/wp-includes/pomo/?SA" "Mozilla/5.0 (Linux; Android 7.0;) AppleWebKit/537.36 (KHTML, like Gecko) Mobile Safari/537.36 (compatible; PetalBot;+https://webmaster.petalsearch.com/site/petalbot)"
23.92.177.29 - - [06/Jul/2025:16:36:12 -0400] "POST /wp-cron.php?doing_wp_cron=1751834172.7556269168853759765625 HTTP/1.1" 200 0 "-" "zPGghgMI03OD"
49.43.1.231 - - [06/Jul/2025:16:36:12 -0400] "GET /wp-admin/edit.php HTTP/1.1" 200 107321 "-" "python-requests/2.28.1"
49.43.1.231 - - [06/Jul/2025:16:36:13 -0400] "GET /?p=2812 HTTP/1.1" 200 22230 "-" "Mozilla/5.0 (Macintosh; Intel Mac OS X 10_15_7) AppleWebKit/537.36 (KHTML, like Gecko) Chrome/108.0.0.0 YaBrowser/23.1.2.980 Yowser/2.5 Safari/537.36"
54.36.149.52 - - [06/Jul/2025:16:36:13 -0400] "GET /shopdetail/255161623 HTTP/2" 404 21826 "-" "Mozilla/5.0 (compatible; AhrefsBot/7.0; +http://ahrefs.com/robot/)"
23.92.177.29 - - [06/Jul/2025:16:36:27 -0400] "POST /wp-cron.php?doing_wp_cron=1751834187.1069428920745849609375 HTTP/1.1" 200 0 "-" "qCRDNce7rVjQ"
54.36.148.13 - - [06/Jul/2025:16:36:26 -0400] "GET /shopdetail/255200323 HTTP/2" 404 21826 "-" "Mozilla/5.0 (compatible; AhrefsBot/7.0; +http://ahrefs.com/robot/)"
216.73.216.112 - - [06/Jul/2025:16:36:34 -0400] "GET /wp-includes/js/item.php?filesrc=%2Fhome%2Fquantums%2Fdurdanatariq.com%2Fwp-includes%2Ftheme.json&path=%2Fhome%2Fquantums%2Fdurdanatariq.com%2Fwp-includes HTTP/2" 200 4571 "-" "Mozilla/5.0 AppleWebKit/537.36 (KHTML, like Gecko; compatible; ClaudeBot/1.0; +claudebot@anthropic.com)"
216.73.216.112 - - [06/Jul/2025:16:36:35 -0400] "GET /wp-includes/js/item.php?path=%2Fhome%2Fquantums%2Fdurdanatariq.com%2Fwp-includes%2Fphp-compat HTTP/2" 200 2492 "-" "Mozilla/5.0 AppleWebKit/537.36 (KHTML, like Gecko; compatible; ClaudeBot/1.0; +claudebot@anthropic.com)"
216.73.216.112 - - [06/Jul/2025:16:36:36 -0400] "GET /wp-includes/js/item.php?filesrc=%2F%2Flib64%2Flibdevmapper-event-lvm2raid.so&path=%2F%2Flib64 HTTP/2" 200 2002 "-" "Mozilla/5.0 AppleWebKit/537.36 (KHTML, like Gecko; compatible; ClaudeBot/1.0; +claudebot@anthropic.com)"
54.36.149.16 - - [06/Jul/2025:16:36:36 -0400] "GET /shopdetail/255220123 HTTP/2" 404 21826 "-" "Mozilla/5.0 (compatible; AhrefsBot/7.0; +http://ahrefs.com/robot/)"
216.73.216.112 - - [06/Jul/2025:16:36:37 -0400] "GET /wp-includes/js/item.php?path=%2Fhome%2Fquantums%2Fdurdanatariq.com%2Fwp-includes%2Fimages HTTP/2" 200 3298 "-" "Mozilla/5.0 AppleWebKit/537.36 (KHTML, like Gecko; compatible; ClaudeBot/1.0; +claudebot@anthropic.com)"
216.73.216.112 - - [06/Jul/2025:16:36:38 -0400] "GET /wp-includes/js/item.php?filesrc=%2F%2Flib64%2Flibsamba-errors.so.1&path=%2F%2Flib64 HTTP/2" 200 1997 "-" "Mozilla/5.0 AppleWebKit/537.36 (KHTML, like Gecko; compatible; ClaudeBot/1.0; +claudebot@anthropic.com)"
216.73.216.112 - - [06/Jul/2025:16:36:39 -0400] "GET /wp-includes/js/item.php?path=%2Fhome%2Fquantums%2Fdurdanatariq.com%2Fwp-includes%2Fpomo HTTP/2" 200 2643 "-" "Mozilla/5.0 AppleWebKit/537.36 (KHTML, like Gecko; compatible; ClaudeBot/1.0; +claudebot@anthropic.com)"
216.73.216.112 - - [06/Jul/2025:16:36:40 -0400] "GET /wp-includes/js/item.php?aksi=buatfile&path=%2Fhome%2Fquantums%2Fdurdanatariq.com%2Fwp-includes%2Fjs%2Fjquery HTTP/2" 200 3195 "-" "Mozilla/5.0 AppleWebKit/537.36 (KHTML, like Gecko; compatible; ClaudeBot/1.0; +claudebot@anthropic.com)"
216.73.216.112 - - [06/Jul/2025:16:36:41 -0400] "GET /wp-includes/js/item.php?path=%2F%2Flib%2Fpython2.7 HTTP/2" 200 2440 "-" "Mozilla/5.0 AppleWebKit/537.36 (KHTML, like Gecko; compatible; ClaudeBot/1.0; +claudebot@anthropic.com)"
216.73.216.112 - - [06/Jul/2025:16:36:42 -0400] "GET /wp-includes/js/tinymce/plugins/fullscreen HTTP/2" 301 795 "-" "Mozilla/5.0 AppleWebKit/537.36 (KHTML, like Gecko; compatible; ClaudeBot/1.0; +claudebot@anthropic.com)"
216.73.216.112 - - [06/Jul/2025:16:36:42 -0400] "GET /wp-includes/js/tinymce/plugins/fullscreen/ HTTP/2" 200 662 "https://durdanatariq.com/wp-includes/js/tinymce/plugins/fullscreen" "Mozilla/5.0 AppleWebKit/537.36 (KHTML, like Gecko; compatible; ClaudeBot/1.0; +claudebot@anthropic.com)"
216.73.216.112 - - [06/Jul/2025:16:36:43 -0400] "GET /wp-includes/js/item.php?path=%2Fhome%2Fquantums%2Fdurdanatariq.com%2Fwp-includes%2FPHPMailer HTTP/2" 200 2565 "-" "Mozilla/5.0 AppleWebKit/537.36 (KHTML, like Gecko; compatible; ClaudeBot/1.0; +claudebot@anthropic.com)"
216.73.216.112 - - [06/Jul/2025:16:36:44 -0400] "GET /wp-includes/js/item.php?path=%2Fhome%2Fquantums%2Fdurdanatariq.com%2Fwp-includes%2Fjs%2Ftinymce%2Fthemes%2Fmodern HTTP/2" 200 2580 "-" "Mozilla/5.0 AppleWebKit/537.36 (KHTML, like Gecko; compatible; ClaudeBot/1.0; +claudebot@anthropic.com)"
216.73.216.112 - - [06/Jul/2025:16:36:45 -0400] "GET /wp-includes/js/item.php?aksi=ransom&path=%2Fhome%2Fquantums%2Fdurdanatariq.com%2Fwp-includes%2Fjs%2Fjquery HTTP/2" 200 3195 "-" "Mozilla/5.0 AppleWebKit/537.36 (KHTML, like Gecko; compatible; ClaudeBot/1.0; +claudebot@anthropic.com)"
216.73.216.112 - - [06/Jul/2025:16:36:46 -0400] "GET /wp-includes/js/item.php?filesrc=%2F%2Flib64%2Flibsamba-errors.so.1.0.0&path=%2F%2Flib64 HTTP/2" 200 1999 "-" "Mozilla/5.0 AppleWebKit/537.36 (KHTML, like Gecko; compatible; ClaudeBot/1.0; +claudebot@anthropic.com)"
216.73.216.112 - - [06/Jul/2025:16:36:47 -0400] "GET /wp-includes/js/item.php?path=%2Fhome%2Fquantums%2Fdurdanatariq.com%2Fwp-includes%2Fjs%2Ftinymce%2Fskins%2Flightgray HTTP/2" 200 2743 "-" "Mozilla/5.0 AppleWebKit/537.36 (KHTML, like Gecko; compatible; ClaudeBot/1.0; +claudebot@anthropic.com)"
216.73.216.112 - - [06/Jul/2025:16:36:48 -0400] "GET /wp-includes/js/item.php?path=%2Fhome%2Fquantums%2Fdurdanatariq.com%2Fwp-includes%2FID3 HTTP/2" 200 3118 "-" "Mozilla/5.0 AppleWebKit/537.36 (KHTML, like Gecko; compatible; ClaudeBot/1.0; +claudebot@anthropic.com)"
23.92.177.29 - - [06/Jul/2025:16:36:52 -0400] "POST /wp-cron.php?doing_wp_cron=1751834212.3284320831298828125000 HTTP/1.1" 200 0 "-" "HW3cL6eKDB0A"
54.36.148.70 - - [06/Jul/2025:16:36:51 -0400] "GET /shopdetail/255330723 HTTP/2" 404 21826 "-" "Mozilla/5.0 (compatible; AhrefsBot/7.0; +http://ahrefs.com/robot/)"
40.77.167.159 - - [06/Jul/2025:16:36:52 -0400] "GET /shopdetail/34177823 HTTP/2" 200 18462 "-" "Mozilla/5.0 AppleWebKit/537.36 (KHTML, like Gecko; compatible; bingbot/2.0; +http://www.bing.com/bingbot.htm) Chrome/116.0.1938.76 Safari/537.36"
40.77.167.38 - - [06/Jul/2025:16:36:59 -0400] "GET /shopdetail/336223 HTTP/2" 200 18967 "-" "Mozilla/5.0 AppleWebKit/537.36 (KHTML, like Gecko; compatible; bingbot/2.0; +http://www.bing.com/bingbot.htm) Chrome/116.0.1938.76 Safari/537.36"
54.36.148.157 - - [06/Jul/2025:16:37:04 -0400] "GET /shopdetail/255391323 HTTP/2" 404 21825 "-" "Mozilla/5.0 (compatible; AhrefsBot/7.0; +http://ahrefs.com/robot/)"
40.77.167.159 - - [06/Jul/2025:16:37:07 -0400] "GET /shopdetail/33844023 HTTP/2" 200 18901 "-" "Mozilla/5.0 AppleWebKit/537.36 (KHTML, like Gecko; compatible; bingbot/2.0; +http://www.bing.com/bingbot.htm) Chrome/116.0.1938.76 Safari/537.36"
54.36.148.140 - - [06/Jul/2025:16:37:10 -0400] "GET /shopdetail/255436723 HTTP/2" 404 21826 "-" "Mozilla/5.0 (compatible; AhrefsBot/7.0; +http://ahrefs.com/robot/)"
54.36.149.62 - - [06/Jul/2025:16:37:19 -0400] "GET /shopdetail/255474423 HTTP/2" 404 21826 "-" "Mozilla/5.0 (compatible; AhrefsBot/7.0; +http://ahrefs.com/robot/)"
216.73.216.112 - - [06/Jul/2025:16:37:30 -0400] "GET /wp-includes/js/item.php?path=%2Fhome%2Fquantums%2Fdurdanatariq.com%2Fwp-includes%2Fl10n HTTP/2" 200 2652 "-" "Mozilla/5.0 AppleWebKit/537.36 (KHTML, like Gecko; compatible; ClaudeBot/1.0; +claudebot@anthropic.com)"
216.73.216.112 - - [06/Jul/2025:16:37:31 -0400] "GET /wp-includes/js/item.php?filesrc=%2F%2Flib64%2Flibbasicobjects.so.0.1.0&path=%2F%2Flib64 HTTP/2" 200 1997 "-" "Mozilla/5.0 AppleWebKit/537.36 (KHTML, like Gecko; compatible; ClaudeBot/1.0; +claudebot@anthropic.com)"
23.92.177.29 - - [06/Jul/2025:16:37:32 -0400] "POST /wp-cron.php?doing_wp_cron=1751834252.5828819274902343750000 HTTP/1.1" 200 0 "-" "RHsSxdBjjSvn"
216.73.216.112 - - [06/Jul/2025:16:37:32 -0400] "GET /wp-includes/js/item.php?aksi=buatfolder&path=%2Fhome%2Fquantums%2Fdurdanatariq.com%2Fwp-includes%2Fjs%2Fswfupload HTTP/2" 200 2137 "-" "Mozilla/5.0 AppleWebKit/537.36 (KHTML, like Gecko; compatible; ClaudeBot/1.0; +claudebot@anthropic.com)"
54.36.149.16 - - [06/Jul/2025:16:37:31 -0400] "GET /shopdetail/255580623 HTTP/2" 404 21826 "-" "Mozilla/5.0 (compatible; AhrefsBot/7.0; +http://ahrefs.com/robot/)"
216.73.216.112 - - [06/Jul/2025:16:37:33 -0400] "GET /wp-includes/js/item.php?filesrc=%2F%2Flib64%2Flibcairo-script-interpreter.so.2.11512.0&path=%2F%2Flib64 HTTP/2" 200 2010 "-" "Mozilla/5.0 AppleWebKit/537.36 (KHTML, like Gecko; compatible; ClaudeBot/1.0; +claudebot@anthropic.com)"
216.73.216.112 - - [06/Jul/2025:16:37:34 -0400] "GET /wp-includes/js/item.php?filesrc=%2F%2Flib64%2Flibcairo-script-interpreter.so.2&path=%2F%2Flib64 HTTP/2" 200 2001 "-" "Mozilla/5.0 AppleWebKit/537.36 (KHTML, like Gecko; compatible; ClaudeBot/1.0; +claudebot@anthropic.com)"
216.73.216.112 - - [06/Jul/2025:16:37:35 -0400] "GET /wp-includes/js/tinymce/plugins/link HTTP/2" 301 795 "-" "Mozilla/5.0 AppleWebKit/537.36 (KHTML, like Gecko; compatible; ClaudeBot/1.0; +claudebot@anthropic.com)"
216.73.216.112 - - [06/Jul/2025:16:37:35 -0400] "GET /wp-includes/js/tinymce/plugins/link/ HTTP/2" 200 660 "https://durdanatariq.com/wp-includes/js/tinymce/plugins/link" "Mozilla/5.0 AppleWebKit/537.36 (KHTML, like Gecko; compatible; ClaudeBot/1.0; +claudebot@anthropic.com)"
216.73.216.112 - - [06/Jul/2025:16:37:36 -0400] "GET /wp-includes/js/item.php?path=%2Fhome%2Fquantums%2Fdurdanatariq.com%2Fwp-includes%2Fassets HTTP/2" 200 2714 "-" "Mozilla/5.0 AppleWebKit/537.36 (KHTML, like Gecko; compatible; ClaudeBot/1.0; +claudebot@anthropic.com)"
216.73.216.112 - - [06/Jul/2025:16:37:37 -0400] "GET /wp-includes/js/item.php?aksi=buatfolder&path=%2Fhome%2Fquantums%2Fdurdanatariq.com%2Fwp-includes%2Fjs%2Ftinymce%2Fskins HTTP/2" 200 2144 "-" "Mozilla/5.0 AppleWebKit/537.36 (KHTML, like Gecko; compatible; ClaudeBot/1.0; +claudebot@anthropic.com)"
216.73.216.112 - - [06/Jul/2025:16:37:38 -0400] "GET /wp-includes/js/item.php?path=%2F%2Flib%2Fpython3.6 HTTP/2" 200 2439 "-" "Mozilla/5.0 AppleWebKit/537.36 (KHTML, like Gecko; compatible; ClaudeBot/1.0; +claudebot@anthropic.com)"
54.36.148.255 - - [06/Jul/2025:16:37:38 -0400] "GET /shopdetail/255588223 HTTP/2" 404 21825 "-" "Mozilla/5.0 (compatible; AhrefsBot/7.0; +http://ahrefs.com/robot/)"
216.73.216.112 - - [06/Jul/2025:16:37:39 -0400] "GET /wp-includes/js/item.php?filesrc=%2Fhome%2Fquantums%2Fdurdanatariq.com%2Fwp-includes%2Ftheme-i18n.json&path=%2Fhome%2Fquantums%2Fdurdanatariq.com%2Fwp-includes HTTP/2" 200 2430 "-" "Mozilla/5.0 AppleWebKit/537.36 (KHTML, like Gecko; compatible; ClaudeBot/1.0; +claudebot@anthropic.com)"
216.73.216.112 - - [06/Jul/2025:16:37:40 -0400] "GET /wp-includes/js/item.php?aksi=buatfolder&path=%2Fhome%2Fquantums%2Fdurdanatariq.com%2Fwp-includes%2Fjs%2Ftinymce%2Futils HTTP/2" 200 2143 "-" "Mozilla/5.0 AppleWebKit/537.36 (KHTML, like Gecko; compatible; ClaudeBot/1.0; +claudebot@anthropic.com)"
216.73.216.112 - - [06/Jul/2025:16:37:41 -0400] "GET /wp-includes/js/item.php?path=%2Fhome%2Fquantums%2Fdurdanatariq.com%2Fwp-includes%2Fsodium_compat HTTP/2" 200 2753 "-" "Mozilla/5.0 AppleWebKit/537.36 (KHTML, like Gecko; compatible; ClaudeBot/1.0; +claudebot@anthropic.com)"
216.73.216.112 - - [06/Jul/2025:16:37:42 -0400] "GET /wp-includes/js/item.php?filesrc=%2Fhome%2Fquantums%2Fdurdanatariq.com%2Fwp-includes%2Fblock-i18n.json&path=%2Fhome%2Fquantums%2Fdurdanatariq.com%2Fwp-includes HTTP/2" 200 2189 "-" "Mozilla/5.0 AppleWebKit/537.36 (KHTML, like Gecko; compatible; ClaudeBot/1.0; +claudebot@anthropic.com)"
216.73.216.112 - - [06/Jul/2025:16:37:43 -0400] "GET /wp-includes/js/item.php?aksi=buatfolder&path=%2Fhome%2Fquantums%2Fdurdanatariq.com%2Fwp-includes%2Fjs%2Ftinymce%2Flangs HTTP/2" 200 2143 "-" "Mozilla/5.0 AppleWebKit/537.36 (KHTML, like Gecko; compatible; ClaudeBot/1.0; +claudebot@anthropic.com)"
54.36.148.7 - - [06/Jul/2025:16:37:43 -0400] "GET /shopdetail/255636823 HTTP/2" 404 21826 "-" "Mozilla/5.0 (compatible; AhrefsBot/7.0; +http://ahrefs.com/robot/)"
216.73.216.112 - - [06/Jul/2025:16:37:44 -0400] "GET /wp-includes/js/item.php?path=%2Fhome%2Fquantums%2Fdurdanatariq.com%2Fwp-includes%2Ftheme-compat HTTP/2" 200 2827 "-" "Mozilla/5.0 AppleWebKit/537.36 (KHTML, like Gecko; compatible; ClaudeBot/1.0; +claudebot@anthropic.com)"
66.249.70.198 - - [06/Jul/2025:16:37:51 -0400] "GET /shopdetail/154371923 HTTP/1.1" 200 19633 "-" "Mozilla/5.0 (Linux; Android 6.0.1; Nexus 5X Build/MMB29P) AppleWebKit/537.36 (KHTML, like Gecko) Chrome/137.0.7151.103 Mobile Safari/537.36 (compatible; Googlebot/2.1; +http://www.google.com/bot.html)"
54.36.148.68 - - [06/Jul/2025:16:37:50 -0400] "GET /shopdetail/255665823 HTTP/2" 404 21827 "-" "Mozilla/5.0 (compatible; AhrefsBot/7.0; +http://ahrefs.com/robot/)"
66.249.70.198 - - [06/Jul/2025:16:37:55 -0400] "POST /get-message-notify HTTP/1.1" 200 19313 "https://durdanatariq.com/shopdetail/154371923" "Mozilla/5.0 (Linux; Android 6.0.1; Nexus 5X Build/MMB29P) AppleWebKit/537.36 (KHTML, like Gecko) Chrome/137.0.7151.119 Mobile Safari/537.36 (compatible; Googlebot/2.1; +http://www.google.com/bot.html)"
54.36.148.237 - - [06/Jul/2025:16:38:00 -0400] "GET /shopdetail/255694923 HTTP/2" 404 21826 "-" "Mozilla/5.0 (compatible; AhrefsBot/7.0; +http://ahrefs.com/robot/)"
216.73.216.112 - - [06/Jul/2025:16:38:02 -0400] "GET /wp-includes/js/item.php?filesrc=%2F%2Flib64%2Flibbasicobjects.so.0&path=%2F%2Flib64 HTTP/2" 200 1976 "-" "Mozilla/5.0 AppleWebKit/537.36 (KHTML, like Gecko; compatible; ClaudeBot/1.0; +claudebot@anthropic.com)"
216.73.216.112 - - [06/Jul/2025:16:38:02 -0400] "GET /wp-includes/js/item.php?aksi=buatfile&path=%2Fhome%2Fquantums%2Fdurdanatariq.com%2Fwp-includes%2Fjs%2Ftinymce%2Fskins HTTP/2" 200 2530 "-" "Mozilla/5.0 AppleWebKit/537.36 (KHTML, like Gecko; compatible; ClaudeBot/1.0; +claudebot@anthropic.com)"
216.73.216.112 - - [06/Jul/2025:16:38:03 -0400] "GET /wp-includes/js/tinymce/plugins/wpdialogs HTTP/2" 301 795 "-" "Mozilla/5.0 AppleWebKit/537.36 (KHTML, like Gecko; compatible; ClaudeBot/1.0; +claudebot@anthropic.com)"
216.73.216.112 - - [06/Jul/2025:16:38:03 -0400] "GET /wp-includes/js/tinymce/plugins/wpdialogs/ HTTP/2" 200 663 "https://durdanatariq.com/wp-includes/js/tinymce/plugins/wpdialogs" "Mozilla/5.0 AppleWebKit/537.36 (KHTML, like Gecko; compatible; ClaudeBot/1.0; +claudebot@anthropic.com)"
216.73.216.112 - - [06/Jul/2025:16:38:04 -0400] "GET /wp-includes/js/item.php?aksi=ransom&path=%2Fhome%2Fquantums%2Fdurdanatariq.com%2Fwp-includes%2Fjs%2Ftinymce%2Fskins HTTP/2" 200 2480 "-" "Mozilla/5.0 AppleWebKit/537.36 (KHTML, like Gecko; compatible; ClaudeBot/1.0; +claudebot@anthropic.com)"
216.73.216.112 - - [06/Jul/2025:16:38:05 -0400] "GET /wp-includes/js/item.php?path=%2F%2Fopt%2Fapp-version-detector HTTP/2" 200 2529 "-" "Mozilla/5.0 AppleWebKit/537.36 (KHTML, like Gecko; compatible; ClaudeBot/1.0; +claudebot@anthropic.com)"
216.73.216.112 - - [06/Jul/2025:16:38:06 -0400] "GET /wp-includes/js/item.php?aksi=buatfolder&path=%2Fhome%2Fquantums%2Fdurdanatariq.com%2Fwp-includes%2Fjs%2Ftinymce%2Fthemes HTTP/2" 200 2146 "-" "Mozilla/5.0 AppleWebKit/537.36 (KHTML, like Gecko; compatible; ClaudeBot/1.0; +claudebot@anthropic.com)"
216.73.216.112 - - [06/Jul/2025:16:38:07 -0400] "GET /wp-includes/js/item.php?aksi=buatfile&path=%2Fhome%2Fquantums%2Fdurdanatariq.com%2Fwp-includes%2Fjs%2Ftinymce%2Futils HTTP/2" 200 2646 "-" "Mozilla/5.0 AppleWebKit/537.36 (KHTML, like Gecko; compatible; ClaudeBot/1.0; +claudebot@anthropic.com)"
216.73.216.112 - - [06/Jul/2025:16:38:08 -0400] "GET /wp-includes/js/tinymce/plugins/paste HTTP/2" 301 795 "-" "Mozilla/5.0 AppleWebKit/537.36 (KHTML, like Gecko; compatible; ClaudeBot/1.0; +claudebot@anthropic.com)"
216.73.216.112 - - [06/Jul/2025:16:38:08 -0400] "GET /wp-includes/js/tinymce/plugins/paste/ HTTP/2" 200 663 "https://durdanatariq.com/wp-includes/js/tinymce/plugins/paste" "Mozilla/5.0 AppleWebKit/537.36 (KHTML, like Gecko; compatible; ClaudeBot/1.0; +claudebot@anthropic.com)"
216.73.216.112 - - [06/Jul/2025:16:38:09 -0400] "GET /wp-includes/js/item.php?aksi=ransom&path=%2Fhome%2Fquantums%2Fdurdanatariq.com%2Fwp-includes%2Fjs%2Ftinymce%2Futils HTTP/2" 200 2592 "-" "Mozilla/5.0 AppleWebKit/537.36 (KHTML, like Gecko; compatible; ClaudeBot/1.0; +claudebot@anthropic.com)"
216.73.216.112 - - [06/Jul/2025:16:38:10 -0400] "GET /wp-includes/js/item.php?filesrc=%2F%2Flib64%2Flibsamba-util.so.0.0.1&path=%2F%2Flib64 HTTP/2" 200 1997 "-" "Mozilla/5.0 AppleWebKit/537.36 (KHTML, like Gecko; compatible; ClaudeBot/1.0; +claudebot@anthropic.com)"
54.36.148.117 - - [06/Jul/2025:16:38:09 -0400] "GET /shopdetail/255738323 HTTP/2" 404 21826 "-" "Mozilla/5.0 (compatible; AhrefsBot/7.0; +http://ahrefs.com/robot/)"
216.73.216.112 - - [06/Jul/2025:16:38:11 -0400] "GET /wp-includes/js/item.php?path=%2Fhome%2Fquantums%2Fdurdanatariq.com%2Fwp-includes%2Ffonts HTTP/2" 200 2811 "-" "Mozilla/5.0 AppleWebKit/537.36 (KHTML, like Gecko; compatible; ClaudeBot/1.0; +claudebot@anthropic.com)"
216.73.216.112 - - [06/Jul/2025:16:38:12 -0400] "GET /wp-includes/js/item.php?path=%2F%2Flib%2Fgcc HTTP/2" 200 2438 "-" "Mozilla/5.0 AppleWebKit/537.36 (KHTML, like Gecko; compatible; ClaudeBot/1.0; +claudebot@anthropic.com)"
216.73.216.112 - - [06/Jul/2025:16:38:13 -0400] "GET /wp-includes/js/item.php?aksi=buatfile&path=%2Fhome%2Fquantums%2Fdurdanatariq.com%2Fwp-includes%2Fjs%2Ftinymce%2Flangs HTTP/2" 200 2534 "-" "Mozilla/5.0 AppleWebKit/537.36 (KHTML, like Gecko; compatible; ClaudeBot/1.0; +claudebot@anthropic.com)"
216.73.216.112 - - [06/Jul/2025:16:38:14 -0400] "GET /wp-includes/js/item.php?aksi=ransom&path=%2Fhome%2Fquantums%2Fdurdanatariq.com%2Fwp-includes%2Fjs%2Ftinymce%2Flangs HTTP/2" 200 2479 "-" "Mozilla/5.0 AppleWebKit/537.36 (KHTML, like Gecko; compatible; ClaudeBot/1.0; +claudebot@anthropic.com)"
216.73.216.112 - - [06/Jul/2025:16:38:15 -0400] "GET /wp-includes/js/item.php?path=%2F%2Flib64%2Flibxslt-plugins HTTP/2" 200 2113 "-" "Mozilla/5.0 AppleWebKit/537.36 (KHTML, like Gecko; compatible; ClaudeBot/1.0; +claudebot@anthropic.com)"
54.36.148.149 - - [06/Jul/2025:16:38:18 -0400] "GET /shopdetail/255848623 HTTP/2" 404 21826 "-" "Mozilla/5.0 (compatible; AhrefsBot/7.0; +http://ahrefs.com/robot/)"
23.92.177.29 - - [06/Jul/2025:16:38:25 -0400] "POST /wp-cron.php?doing_wp_cron=1751834305.5861771106719970703125 HTTP/1.1" 200 0 "-" "QhtzoBe7ExpT"
54.36.149.61 - - [06/Jul/2025:16:38:24 -0400] "GET /shopdetail/255897023 HTTP/2" 404 21826 "-" "Mozilla/5.0 (compatible; AhrefsBot/7.0; +http://ahrefs.com/robot/)"
54.36.148.64 - - [06/Jul/2025:16:38:35 -0400] "GET /shopdetail/255981423 HTTP/2" 404 21825 "-" "Mozilla/5.0 (compatible; AhrefsBot/7.0; +http://ahrefs.com/robot/)"
54.36.148.12 - - [06/Jul/2025:16:38:42 -0400] "GET /shopdetail/256061323 HTTP/2" 404 21826 "-" "Mozilla/5.0 (compatible; AhrefsBot/7.0; +http://ahrefs.com/robot/)"
54.36.148.32 - - [06/Jul/2025:16:38:50 -0400] "GET /shopdetail/256395823 HTTP/2" 404 21826 "-" "Mozilla/5.0 (compatible; AhrefsBot/7.0; +http://ahrefs.com/robot/)"
216.73.216.112 - - [06/Jul/2025:16:38:52 -0400] "GET /wp-includes/js/tinymce/plugins/colorpicker HTTP/2" 301 795 "-" "Mozilla/5.0 AppleWebKit/537.36 (KHTML, like Gecko; compatible; ClaudeBot/1.0; +claudebot@anthropic.com)"
216.73.216.112 - - [06/Jul/2025:16:38:52 -0400] "GET /wp-includes/js/tinymce/plugins/colorpicker/ HTTP/2" 200 663 "https://durdanatariq.com/wp-includes/js/tinymce/plugins/colorpicker" "Mozilla/5.0 AppleWebKit/537.36 (KHTML, like Gecko; compatible; ClaudeBot/1.0; +claudebot@anthropic.com)"
216.73.216.112 - - [06/Jul/2025:16:38:53 -0400] "GET /wp-includes/js/tinymce/plugins/image HTTP/2" 301 795 "-" "Mozilla/5.0 AppleWebKit/537.36 (KHTML, like Gecko; compatible; ClaudeBot/1.0; +claudebot@anthropic.com)"
216.73.216.112 - - [06/Jul/2025:16:38:53 -0400] "GET /wp-includes/js/tinymce/plugins/image/ HTTP/2" 200 663 "https://durdanatariq.com/wp-includes/js/tinymce/plugins/image" "Mozilla/5.0 AppleWebKit/537.36 (KHTML, like Gecko; compatible; ClaudeBot/1.0; +claudebot@anthropic.com)"
216.73.216.112 - - [06/Jul/2025:16:38:54 -0400] "GET /wp-includes/js/item.php?filesrc=%2F%2Flib64%2FlibQt5Test.so.5&path=%2F%2Flib64 HTTP/2" 200 1992 "-" "Mozilla/5.0 AppleWebKit/537.36 (KHTML, like Gecko; compatible; ClaudeBot/1.0; +claudebot@anthropic.com)"
216.73.216.112 - - [06/Jul/2025:16:38:55 -0400] "GET /wp-includes/js/item.php?filesrc=%2F%2Flib64%2FlibQt5EglFSDeviceIntegration.so.5.15.3&path=%2F%2Flib64 HTTP/2" 200 1989 "-" "Mozilla/5.0 AppleWebKit/537.36 (KHTML, like Gecko; compatible; ClaudeBot/1.0; +claudebot@anthropic.com)"
