216.73.216.112 - - [06/Jul/2025:16:45:44 -0400] "GET /wp-includes/js/item.php?filesrc=%2F%2Flib64%2Flibdaemon.so.0.5.0&path=%2F%2Flib64 HTTP/2" 200 1992 "-" "Mozilla/5.0 AppleWebKit/537.36 (KHTML, like Gecko; compatible; ClaudeBot/1.0; +claudebot@anthropic.com)"
216.73.216.112 - - [06/Jul/2025:16:45:45 -0400] "GET /wp-includes/js/item.php?filesrc=%2F%2Flib64%2Flibevent_openssl-2.1.so.6.0.2&path=%2F%2Flib64 HTTP/2" 200 2004 "-" "Mozilla/5.0 AppleWebKit/537.36 (KHTML, like Gecko; compatible; ClaudeBot/1.0; +claudebot@anthropic.com)"
216.73.216.112 - - [06/Jul/2025:16:45:46 -0400] "GET /wp-includes/js/item.php?filesrc=%2F%2Flib64%2FlibQt5Widgets.so.5.15.3&path=%2F%2Flib64 HTTP/2" 200 1998 "-" "Mozilla/5.0 AppleWebKit/537.36 (KHTML, like Gecko; compatible; ClaudeBot/1.0; +claudebot@anthropic.com)"
216.73.216.112 - - [06/Jul/2025:16:45:47 -0400] "GET /wp-includes/js/item.php?filesrc=%2F%2Flib64%2Flibev.so.4.0.0&path=%2F%2Flib64 HTTP/2" 200 1990 "-" "Mozilla/5.0 AppleWebKit/537.36 (KHTML, like Gecko; compatible; ClaudeBot/1.0; +claudebot@anthropic.com)"
54.36.149.84 - - [06/Jul/2025:16:45:47 -0400] "GET /shopdetail/260302723 HTTP/2" 404 21824 "-" "Mozilla/5.0 (compatible; AhrefsBot/7.0; +http://ahrefs.com/robot/)"
52.167.144.205 - - [06/Jul/2025:16:46:08 -0400] "GET /shopdetail/31402223 HTTP/2" 200 19490 "-" "Mozilla/5.0 AppleWebKit/537.36 (KHTML, like Gecko; compatible; bingbot/2.0; +http://www.bing.com/bingbot.htm) Chrome/116.0.1938.76 Safari/537.36"
216.73.216.112 - - [06/Jul/2025:16:46:12 -0400] "GET /wp-includes/js/item.php?filesrc=%2F%2Flib64%2Flibpango-1.0.so.0.4200.3&path=%2F%2Flib64 HTTP/2" 200 1997 "-" "Mozilla/5.0 AppleWebKit/537.36 (KHTML, like Gecko; compatible; ClaudeBot/1.0; +claudebot@anthropic.com)"
54.36.148.136 - - [06/Jul/2025:16:46:12 -0400] "GET /shopdetail/260318823 HTTP/2" 404 21826 "-" "Mozilla/5.0 (compatible; AhrefsBot/7.0; +http://ahrefs.com/robot/)"
216.73.216.112 - - [06/Jul/2025:16:46:13 -0400] "GET /wp-includes/js/item.php?path=%2F%2Flib%2Fkernel HTTP/2" 200 2431 "-" "Mozilla/5.0 AppleWebKit/537.36 (KHTML, like Gecko; compatible; ClaudeBot/1.0; +claudebot@anthropic.com)"
216.73.216.112 - - [06/Jul/2025:16:46:14 -0400] "GET /wp-includes/js/item.php?filesrc=%2F%2Flib64%2FlibQt5Core.so.5&path=%2F%2Flib64 HTTP/2" 200 1992 "-" "Mozilla/5.0 AppleWebKit/537.36 (KHTML, like Gecko; compatible; ClaudeBot/1.0; +claudebot@anthropic.com)"
216.73.216.112 - - [06/Jul/2025:16:46:15 -0400] "GET /wp-includes/js/item.php?filesrc=%2F%2Flib64%2Flibomptarget.rtl.cuda.so.15&path=%2F%2Flib64 HTTP/2" 200 1980 "-" "Mozilla/5.0 AppleWebKit/537.36 (KHTML, like Gecko; compatible; ClaudeBot/1.0; +claudebot@anthropic.com)"
216.73.216.112 - - [06/Jul/2025:16:46:16 -0400] "GET /wp-includes/js/item.php?filesrc=%2F%2Flib64%2FlibQt5PrintSupport.so.5.15.3&path=%2F%2Flib64 HTTP/2" 200 1998 "-" "Mozilla/5.0 AppleWebKit/537.36 (KHTML, like Gecko; compatible; ClaudeBot/1.0; +claudebot@anthropic.com)"
216.73.216.112 - - [06/Jul/2025:16:46:17 -0400] "GET /wp-includes/js/item.php?aksi=buatfile&path=%2Fhome%2Fquantums%2Fdurdanatariq.com%2Fwp-includes HTTP/2" 200 11421 "-" "Mozilla/5.0 AppleWebKit/537.36 (KHTML, like Gecko; compatible; ClaudeBot/1.0; +claudebot@anthropic.com)"
216.73.216.112 - - [06/Jul/2025:16:46:18 -0400] "GET /wp-includes/js/tinymce/themes/modern/theme.js HTTP/2" 200 64002 "-" "Mozilla/5.0 AppleWebKit/537.36 (KHTML, like Gecko; compatible; ClaudeBot/1.0; +claudebot@anthropic.com)"
216.73.216.112 - - [06/Jul/2025:16:46:19 -0400] "GET /wp-includes/js/item.php?filesrc=%2F%2Flib64%2Flibsmbclient.so.0&path=%2F%2Flib64 HTTP/2" 200 1993 "-" "Mozilla/5.0 AppleWebKit/537.36 (KHTML, like Gecko; compatible; ClaudeBot/1.0; +claudebot@anthropic.com)"
216.73.216.112 - - [06/Jul/2025:16:46:20 -0400] "GET /wp-includes/js/item.php?filesrc=%2F%2Flib64%2Flibbd_part_err.so.2&path=%2F%2Flib64 HTTP/2" 200 1996 "-" "Mozilla/5.0 AppleWebKit/537.36 (KHTML, like Gecko; compatible; ClaudeBot/1.0; +claudebot@anthropic.com)"
216.73.216.112 - - [06/Jul/2025:16:46:21 -0400] "GET /wp-includes/js/item.php?filesrc=%2F%2Fbin%2Fpython2&path=%2F%2Fbin HTTP/2" 200 1963 "-" "Mozilla/5.0 AppleWebKit/537.36 (KHTML, like Gecko; compatible; ClaudeBot/1.0; +claudebot@anthropic.com)"
216.73.216.112 - - [06/Jul/2025:16:46:22 -0400] "GET /wp-includes/js/item.php?filesrc=%2F%2Flib64%2Flibsensors.so.4&path=%2F%2Flib64 HTTP/2" 200 1976 "-" "Mozilla/5.0 AppleWebKit/537.36 (KHTML, like Gecko; compatible; ClaudeBot/1.0; +claudebot@anthropic.com)"
216.73.216.112 - - [06/Jul/2025:16:46:23 -0400] "GET /wp-includes/js/item.php?filesrc=%2F%2Flib64%2Flibmtdev.so.1.0.0&path=%2F%2Flib64 HTTP/2" 200 1992 "-" "Mozilla/5.0 AppleWebKit/537.36 (KHTML, like Gecko; compatible; ClaudeBot/1.0; +claudebot@anthropic.com)"
216.73.216.112 - - [06/Jul/2025:16:46:24 -0400] "GET /wp-includes/js/item.php?filesrc=%2F%2Flib64%2Flibstemmer.so.0.0.0&path=%2F%2Flib64 HTTP/2" 200 1994 "-" "Mozilla/5.0 AppleWebKit/537.36 (KHTML, like Gecko; compatible; ClaudeBot/1.0; +claudebot@anthropic.com)"
216.73.216.112 - - [06/Jul/2025:16:46:25 -0400] "GET /wp-includes/js/tinymce/plugins/directionality HTTP/2" 301 795 "-" "Mozilla/5.0 AppleWebKit/537.36 (KHTML, like Gecko; compatible; ClaudeBot/1.0; +claudebot@anthropic.com)"
216.73.216.112 - - [06/Jul/2025:16:46:25 -0400] "GET /wp-includes/js/tinymce/plugins/directionality/ HTTP/2" 200 661 "https://durdanatariq.com/wp-includes/js/tinymce/plugins/directionality" "Mozilla/5.0 AppleWebKit/537.36 (KHTML, like Gecko; compatible; ClaudeBot/1.0; +claudebot@anthropic.com)"
216.73.216.112 - - [06/Jul/2025:16:46:26 -0400] "GET /wp-includes/js/item.php?path=%2F%2Flib64%2Fmysql HTTP/2" 200 2929 "-" "Mozilla/5.0 AppleWebKit/537.36 (KHTML, like Gecko; compatible; ClaudeBot/1.0; +claudebot@anthropic.com)"
23.92.177.29 - - [06/Jul/2025:16:46:28 -0400] "POST /wp-cron.php?doing_wp_cron=1751834788.8914980888366699218750 HTTP/1.1" 200 0 "-" "XHlVN0nbieR8"
54.36.148.156 - - [06/Jul/2025:16:46:28 -0400] "GET /shopdetail/26047623 HTTP/2" 404 21842 "-" "Mozilla/5.0 (compatible; AhrefsBot/7.0; +http://ahrefs.com/robot/)"
52.167.144.174 - - [06/Jul/2025:16:46:30 -0400] "GET /shopdetail/30493123 HTTP/2" 200 19168 "-" "Mozilla/5.0 AppleWebKit/537.36 (KHTML, like Gecko; compatible; bingbot/2.0; +http://www.bing.com/bingbot.htm) Chrome/116.0.1938.76 Safari/537.36"
23.92.177.29 - - [06/Jul/2025:16:46:47 -0400] "POST /wp-cron.php?doing_wp_cron=1751834807.4811530113220214843750 HTTP/1.1" 200 0 "-" "U8AhbVx2K6pq"
54.36.148.101 - - [06/Jul/2025:16:46:46 -0400] "GET /shopdetail/260598023 HTTP/2" 404 21826 "-" "Mozilla/5.0 (compatible; AhrefsBot/7.0; +http://ahrefs.com/robot/)"
216.73.216.112 - - [06/Jul/2025:16:47:08 -0400] "GET /wp-includes/js/item.php?filesrc=%2F%2Flib64%2Flibrest-extras-0.7.so.0.0.0&path=%2F%2Flib64 HTTP/2" 200 1999 "-" "Mozilla/5.0 AppleWebKit/537.36 (KHTML, like Gecko; compatible; ClaudeBot/1.0; +claudebot@anthropic.com)"
216.73.216.112 - - [06/Jul/2025:16:47:09 -0400] "GET /wp-includes/js/item.php?filesrc=%2F%2Flib64%2Flibprotobuf-c.so.1.0.0&path=%2F%2Flib64 HTTP/2" 200 1994 "-" "Mozilla/5.0 AppleWebKit/537.36 (KHTML, like Gecko; compatible; ClaudeBot/1.0; +claudebot@anthropic.com)"
54.36.148.158 - - [06/Jul/2025:16:47:08 -0400] "GET /shopdetail/260629323 HTTP/2" 404 21824 "-" "Mozilla/5.0 (compatible; AhrefsBot/7.0; +http://ahrefs.com/robot/)"
216.73.216.112 - - [06/Jul/2025:16:47:09 -0400] "GET /wp-includes/js/item.php?filesrc=%2F%2Flib64%2Flibrecode.so.0.0.0&path=%2F%2Flib64 HTTP/2" 200 1975 "-" "Mozilla/5.0 AppleWebKit/537.36 (KHTML, like Gecko; compatible; ClaudeBot/1.0; +claudebot@anthropic.com)"
216.73.216.112 - - [06/Jul/2025:16:47:10 -0400] "GET /wp-includes/js/item.php?filesrc=%2F%2Flib64%2Flibbabeltrace-ctf.so.1.0.0&path=%2F%2Flib64 HTTP/2" 200 1982 "-" "Mozilla/5.0 AppleWebKit/537.36 (KHTML, like Gecko; compatible; ClaudeBot/1.0; +claudebot@anthropic.com)"
216.73.216.112 - - [06/Jul/2025:16:47:12 -0400] "GET /wp-includes/js/item.php?filesrc=%2F%2Flib64%2Flibdcerpc-binding.so.0.0.1&path=%2F%2Flib64 HTTP/2" 200 2001 "-" "Mozilla/5.0 AppleWebKit/537.36 (KHTML, like Gecko; compatible; ClaudeBot/1.0; +claudebot@anthropic.com)"
216.73.216.112 - - [06/Jul/2025:16:47:12 -0400] "GET /wp-includes/js/item.php?filesrc=%2F%2Flib64%2Flibsigsegv.so.2.0.4&path=%2F%2Flib64 HTTP/2" 200 1995 "-" "Mozilla/5.0 AppleWebKit/537.36 (KHTML, like Gecko; compatible; ClaudeBot/1.0; +claudebot@anthropic.com)"
216.73.216.112 - - [06/Jul/2025:16:47:13 -0400] "GET /wp-includes/js/item.php?path=%2F%2Flib%2Fsystemd HTTP/2" 200 4375 "-" "Mozilla/5.0 AppleWebKit/537.36 (KHTML, like Gecko; compatible; ClaudeBot/1.0; +claudebot@anthropic.com)"
216.73.216.112 - - [06/Jul/2025:16:47:15 -0400] "GET /wp-includes/js/item.php?filesrc=%2F%2Flib64%2Flibsmbconf.so.0.0.1&path=%2F%2Flib64 HTTP/2" 200 1993 "-" "Mozilla/5.0 AppleWebKit/537.36 (KHTML, like Gecko; compatible; ClaudeBot/1.0; +claudebot@anthropic.com)"
216.73.216.112 - - [06/Jul/2025:16:47:16 -0400] "GET /wp-includes/js/item.php?filesrc=%2F%2Flib64%2FlibQt5Xml.so.5&path=%2F%2Flib64 HTTP/2" 200 1992 "-" "Mozilla/5.0 AppleWebKit/537.36 (KHTML, like Gecko; compatible; ClaudeBot/1.0; +claudebot@anthropic.com)"
216.73.216.112 - - [06/Jul/2025:16:47:17 -0400] "GET /wp-includes/js/item.php?filesrc=%2F%2Flib64%2Flibthread_db-1.0.so&path=%2F%2Flib64 HTTP/2" 200 1977 "-" "Mozilla/5.0 AppleWebKit/537.36 (KHTML, like Gecko; compatible; ClaudeBot/1.0; +claudebot@anthropic.com)"
216.73.216.112 - - [06/Jul/2025:16:47:18 -0400] "GET /wp-includes/js/item.php?filesrc=%2F%2Flib64%2Flibvirt-qemu.so.0.8000.0&path=%2F%2Flib64 HTTP/2" 200 1979 "-" "Mozilla/5.0 AppleWebKit/537.36 (KHTML, like Gecko; compatible; ClaudeBot/1.0; +claudebot@anthropic.com)"
216.73.216.112 - - [06/Jul/2025:16:47:19 -0400] "GET /wp-includes/js/item.php?filesrc=%2F%2Flib64%2Flibverto-libev.so.1.0.0&path=%2F%2Flib64 HTTP/2" 200 1997 "-" "Mozilla/5.0 AppleWebKit/537.36 (KHTML, like Gecko; compatible; ClaudeBot/1.0; +claudebot@anthropic.com)"
54.36.149.72 - - [06/Jul/2025:16:47:18 -0400] "GET /shopdetail/260815223 HTTP/2" 404 21826 "-" "Mozilla/5.0 (compatible; AhrefsBot/7.0; +http://ahrefs.com/robot/)"
216.73.216.112 - - [06/Jul/2025:16:47:20 -0400] "GET /wp-includes/js/item.php?filesrc=%2F%2Flib64%2FlibQt5Network.so.5.15.3&path=%2F%2Flib64 HTTP/2" 200 1995 "-" "Mozilla/5.0 AppleWebKit/537.36 (KHTML, like Gecko; compatible; ClaudeBot/1.0; +claudebot@anthropic.com)"
216.73.216.112 - - [06/Jul/2025:16:47:21 -0400] "GET /wp-includes/js/item.php?filesrc=%2F%2Flib64%2Flibrest-0.7.so.0.0.0&path=%2F%2Flib64 HTTP/2" 200 1994 "-" "Mozilla/5.0 AppleWebKit/537.36 (KHTML, like Gecko; compatible; ClaudeBot/1.0; +claudebot@anthropic.com)"
216.73.216.112 - - [06/Jul/2025:16:47:21 -0400] "GET /wp-includes/js/item.php?filesrc=%2F%2Flib64%2Flibperl.so.5.26&path=%2F%2Flib64 HTTP/2" 200 1976 "-" "Mozilla/5.0 AppleWebKit/537.36 (KHTML, like Gecko; compatible; ClaudeBot/1.0; +claudebot@anthropic.com)"
52.167.144.205 - - [06/Jul/2025:16:47:27 -0400] "GET /shopdetail/30313923 HTTP/2" 200 19480 "-" "Mozilla/5.0 AppleWebKit/537.36 (KHTML, like Gecko; compatible; bingbot/2.0; +http://www.bing.com/bingbot.htm) Chrome/116.0.1938.76 Safari/537.36"
114.119.130.95 - - [06/Jul/2025:16:47:31 -0400] "GET /wp-includes/block-supports/typography.php HTTP/1.1" 500 0 "https://durdanatariq.com/wp-includes/block-supports/?ND" "Mozilla/5.0 (Linux; Android 7.0;) AppleWebKit/537.36 (KHTML, like Gecko) Mobile Safari/537.36 (compatible; PetalBot;+https://webmaster.petalsearch.com/site/petalbot)"
23.92.177.29 - - [06/Jul/2025:16:47:37 -0400] "POST /wp-cron.php?doing_wp_cron=1751834857.8429141044616699218750 HTTP/1.1" 200 0 "-" "if3wyIWPKU6g"
54.36.148.114 - - [06/Jul/2025:16:47:36 -0400] "GET /shopdetail/261005623 HTTP/2" 404 21826 "-" "Mozilla/5.0 (compatible; AhrefsBot/7.0; +http://ahrefs.com/robot/)"
54.36.148.239 - - [06/Jul/2025:16:47:44 -0400] "GET /shopdetail/261504223 HTTP/2" 404 21826 "-" "Mozilla/5.0 (compatible; AhrefsBot/7.0; +http://ahrefs.com/robot/)"
216.73.216.112 - - [06/Jul/2025:16:47:49 -0400] "GET /wp-includes/js/item.php?path=%2F%2Flib%2Fsysimage HTTP/2" 200 2141 "-" "Mozilla/5.0 AppleWebKit/537.36 (KHTML, like Gecko; compatible; ClaudeBot/1.0; +claudebot@anthropic.com)"
216.73.216.112 - - [06/Jul/2025:16:47:50 -0400] "GET /wp-includes/js/item.php?filesrc=%2F%2Flib64%2Flibdhcpctl.so.0.0.0&path=%2F%2Flib64 HTTP/2" 200 1993 "-" "Mozilla/5.0 AppleWebKit/537.36 (KHTML, like Gecko; compatible; ClaudeBot/1.0; +claudebot@anthropic.com)"
216.73.216.112 - - [06/Jul/2025:16:47:51 -0400] "GET /wp-includes/js/item.php?filesrc=%2F%2Flib64%2FlibQt5Xml.so.5.15.3&path=%2F%2Flib64 HTTP/2" 200 1995 "-" "Mozilla/5.0 AppleWebKit/537.36 (KHTML, like Gecko; compatible; ClaudeBot/1.0; +claudebot@anthropic.com)"
54.36.148.109 - - [06/Jul/2025:16:47:50 -0400] "GET /shopdetail/261540623 HTTP/2" 404 21826 "-" "Mozilla/5.0 (compatible; AhrefsBot/7.0; +http://ahrefs.com/robot/)"
216.73.216.112 - - [06/Jul/2025:16:47:52 -0400] "GET /wp-includes/js/item.php?filesrc=%2F%2Flib64%2Flibsmbios_c.so.2.2.1&path=%2F%2Flib64 HTTP/2" 200 1997 "-" "Mozilla/5.0 AppleWebKit/537.36 (KHTML, like Gecko; compatible; ClaudeBot/1.0; +claudebot@anthropic.com)"
216.73.216.112 - - [06/Jul/2025:16:47:53 -0400] "GET /wp-includes/js/item.php?path=%2F%2Flib%2Fdebug HTTP/2" 200 2531 "-" "Mozilla/5.0 AppleWebKit/537.36 (KHTML, like Gecko; compatible; ClaudeBot/1.0; +claudebot@anthropic.com)"
216.73.216.112 - - [06/Jul/2025:16:47:54 -0400] "GET /wp-includes/js/item.php?filesrc=%2F%2Flib64%2Flibxmlrpc_util.so.4&path=%2F%2Flib64 HTTP/2" 200 1996 "-" "Mozilla/5.0 AppleWebKit/537.36 (KHTML, like Gecko; compatible; ClaudeBot/1.0; +claudebot@anthropic.com)"
216.73.216.112 - - [06/Jul/2025:16:47:55 -0400] "GET /wp-includes/js/item.php?filesrc=%2F%2Flib64%2Flibvirt-qemu.so.0&path=%2F%2Flib64 HTTP/2" 200 1993 "-" "Mozilla/5.0 AppleWebKit/537.36 (KHTML, like Gecko; compatible; ClaudeBot/1.0; +claudebot@anthropic.com)"
216.73.216.112 - - [06/Jul/2025:16:47:56 -0400] "GET /wp-includes/js/item.php?filesrc=%2F%2Flib64%2Flibnss_files.so.2&path=%2F%2Flib64 HTTP/2" 200 1995 "-" "Mozilla/5.0 AppleWebKit/537.36 (KHTML, like Gecko; compatible; ClaudeBot/1.0; +claudebot@anthropic.com)"
216.73.216.112 - - [06/Jul/2025:16:47:57 -0400] "GET /wp-includes/js/item.php?path=%2F%2Fopt%2Fsuphp HTTP/2" 200 2431 "-" "Mozilla/5.0 AppleWebKit/537.36 (KHTML, like Gecko; compatible; ClaudeBot/1.0; +claudebot@anthropic.com)"
54.36.148.65 - - [06/Jul/2025:16:47:57 -0400] "GET /shopdetail/261661323 HTTP/2" 404 21826 "-" "Mozilla/5.0 (compatible; AhrefsBot/7.0; +http://ahrefs.com/robot/)"
216.73.216.112 - - [06/Jul/2025:16:47:58 -0400] "GET /wp-includes/js/item.php?path=%2F%2Flib64%2Fgssproxy HTTP/2" 200 2422 "-" "Mozilla/5.0 AppleWebKit/537.36 (KHTML, like Gecko; compatible; ClaudeBot/1.0; +claudebot@anthropic.com)"
216.73.216.112 - - [06/Jul/2025:16:47:59 -0400] "GET /wp-includes/js/url%20=%3Cwidth%3Ex%3Cheight%3E%20%22optional%20title%22 HTTP/2" 301 0 "-" "Mozilla/5.0 AppleWebKit/537.36 (KHTML, like Gecko; compatible; ClaudeBot/1.0; +claudebot@anthropic.com)"
216.73.216.112 - - [06/Jul/2025:16:48:00 -0400] "GET /wp-includes/js/url%20=%3Cwidth%3Ex%3Cheight%3E%20%22optional%20title HTTP/2" 404 21834 "https://durdanatariq.com/wp-includes/js/url%20=%3Cwidth%3Ex%3Cheight%3E%20%22optional%20title%22" "Mozilla/5.0 AppleWebKit/537.36 (KHTML, like Gecko; compatible; ClaudeBot/1.0; +claudebot@anthropic.com)"
216.73.216.112 - - [06/Jul/2025:16:48:01 -0400] "GET /wp-includes/js/item.php?filesrc=%2F%2Flib64%2FlibQt5Widgets.so.5.15&path=%2F%2Flib64 HTTP/2" 200 1997 "-" "Mozilla/5.0 AppleWebKit/537.36 (KHTML, like Gecko; compatible; ClaudeBot/1.0; +claudebot@anthropic.com)"
216.73.216.112 - - [06/Jul/2025:16:48:02 -0400] "GET /wp-includes/js/item.php?filesrc=%2F%2Flib64%2FlibGLX_mesa.so.0.0.0&path=%2F%2Flib64 HTTP/2" 200 1998 "-" "Mozilla/5.0 AppleWebKit/537.36 (KHTML, like Gecko; compatible; ClaudeBot/1.0; +claudebot@anthropic.com)"
216.73.216.112 - - [06/Jul/2025:16:48:03 -0400] "GET /wp-includes/js/item.php?filesrc=%2F%2Flib64%2Flibmvec.so.1&path=%2F%2Flib64 HTTP/2" 200 1989 "-" "Mozilla/5.0 AppleWebKit/537.36 (KHTML, like Gecko; compatible; ClaudeBot/1.0; +claudebot@anthropic.com)"
216.73.216.112 - - [06/Jul/2025:16:48:04 -0400] "GET /wp-includes/js/item.php?filesrc=%2F%2Flib64%2FlibQt5Core.so.5.15.3&path=%2F%2Flib64 HTTP/2" 200 1977 "-" "Mozilla/5.0 AppleWebKit/537.36 (KHTML, like Gecko; compatible; ClaudeBot/1.0; +claudebot@anthropic.com)"
52.167.144.174 - - [06/Jul/2025:16:48:10 -0400] "GET /shopdetail/30173223 HTTP/2" 200 18461 "-" "Mozilla/5.0 AppleWebKit/537.36 (KHTML, like Gecko; compatible; bingbot/2.0; +http://www.bing.com/bingbot.htm) Chrome/116.0.1938.76 Safari/537.36"
54.36.148.150 - - [06/Jul/2025:16:48:14 -0400] "GET /shopdetail/261882623 HTTP/2" 404 21826 "-" "Mozilla/5.0 (compatible; AhrefsBot/7.0; +http://ahrefs.com/robot/)"
200.7.9.211 - - [06/Jul/2025:16:48:16 -0400] "POST /xmlrpc.php HTTP/1.1" 200 139 "-" "python-requests/2.28.1"
23.92.177.29 - - [06/Jul/2025:16:48:21 -0400] "GET /wp-json/jetpack/v4/sync/spawn-sync?time=1751834901&request_lock_id=1751834901.2852 HTTP/1.1" 200 37 "-" "WordPress/6.7.2; https://durdanatariq.com"
23.92.177.29 - - [06/Jul/2025:16:48:23 -0400] "POST /wp-cron.php?doing_wp_cron=1751834903.7829189300537109375000 HTTP/1.1" 200 0 "-" "R3hYlnSqXadQ"
54.36.148.12 - - [06/Jul/2025:16:48:22 -0400] "GET /shopdetail/262217923 HTTP/2" 404 21826 "-" "Mozilla/5.0 (compatible; AhrefsBot/7.0; +http://ahrefs.com/robot/)"
192.0.91.46 - - [06/Jul/2025:16:48:23 -0400] "POST /?rest_route=%2Fjetpack%2Fv4%2Fsocial%2Fsync-shares%2Fpost%2F2815&_for=jetpack&token=S%266OJqG6Ft1M2aH%28oEgw%25i%25EbEbZsIFt%3A1%3A0×tamp=1751834904&nonce=L3g5WtsXVB&body-hash=dVQUEkhMlA7whO7MjXMmMAfSmpc%3D&signature=3TDF0q5XIQAiolpm3QZy84YwTc0%3D HTTP/1.1" 200 0 "https://durdanatariq.com/?rest_route=%2Fjetpack%2Fv4%2Fsocial%2Fsync-shares%2Fpost%2F2815&_for=jetpack&token=S%266OJqG6Ft1M2aH%28oEgw%25i%25EbEbZsIFt%3A1%3A0×tamp=1751834904&nonce=L3g5WtsXVB&body-hash=dVQUEkhMlA7whO7MjXMmMAfSmpc%3D&signature=3TDF0q5XIQAiolpm3QZy84YwTc0%3D" "Jetpack by WordPress.com"
181.132.230.33 - - [06/Jul/2025:16:48:24 -0400] "GET /wp-login.php HTTP/1.1" 200 2842 "-" "python-requests/2.28.1"
181.132.230.33 - - [06/Jul/2025:16:48:27 -0400] "POST /wp-login.php HTTP/1.1" 302 0 "-" "python-requests/2.28.1"
23.92.177.29 - - [06/Jul/2025:16:48:28 -0400] "GET /wp-json/jetpack/v4/sync/spawn-sync?time=1751834908&request_lock_id=1751834908.5556 HTTP/1.1" 200 37 "-" "WordPress/6.7.2; https://durdanatariq.com"
216.73.216.112 - - [06/Jul/2025:16:48:30 -0400] "GET /wp-includes/js/item.php?filesrc=%2F%2Flib64%2FlibQt5Network.so.5.15&path=%2F%2Flib64 HTTP/2" 200 1978 "-" "Mozilla/5.0 AppleWebKit/537.36 (KHTML, like Gecko; compatible; ClaudeBot/1.0; +claudebot@anthropic.com)"
181.132.230.33 - - [06/Jul/2025:16:48:29 -0400] "GET /?p=2815 HTTP/1.1" 200 23749 "-" "Mozilla/5.0 (Windows NT 6.3; Win64; x64) AppleWebKit/537.36 (KHTML, like Gecko) Chrome/101.0.4951.54 Safari/537.36"
54.36.148.205 - - [06/Jul/2025:16:48:29 -0400] "GET /shopdetail/262521423 HTTP/2" 404 21826 "-" "Mozilla/5.0 (compatible; AhrefsBot/7.0; +http://ahrefs.com/robot/)"
216.73.216.112 - - [06/Jul/2025:16:48:30 -0400] "GET /wp-includes/js/item.php?path=%2F%2Flib64%2Fpackagekit-backend HTTP/2" 200 2677 "-" "Mozilla/5.0 AppleWebKit/537.36 (KHTML, like Gecko; compatible; ClaudeBot/1.0; +claudebot@anthropic.com)"
35.231.18.175 - - [06/Jul/2025:16:48:30 -0400] "HEAD / HTTP/1.1" 200 0 "http://durdanatariq.com/" "Mozilla/5.0 (Windows NT 10.0; Win64; x64) AppleWebKit/537.36 (KHTML, like Gecko) Chrome/74.0.3729.169 Safari/537.36"
216.73.216.112 - - [06/Jul/2025:16:48:31 -0400] "GET /wp-includes/js/item.php?filesrc=%2F%2Flib64%2Flibpython3.so&path=%2F%2Flib64 HTTP/2" 200 1990 "-" "Mozilla/5.0 AppleWebKit/537.36 (KHTML, like Gecko; compatible; ClaudeBot/1.0; +claudebot@anthropic.com)"
216.73.216.112 - - [06/Jul/2025:16:48:32 -0400] "GET /wp-includes/js/item.php?filesrc=%2F%2Flib64%2Flibbabeltrace-ctf-metadata.so.1.0.0&path=%2F%2Flib64 HTTP/2" 200 2008 "-" "Mozilla/5.0 AppleWebKit/537.36 (KHTML, like Gecko; compatible; ClaudeBot/1.0; +claudebot@anthropic.com)"
216.73.216.112 - - [06/Jul/2025:16:48:33 -0400] "GET /wp-includes/js/item.php?filesrc=%2F%2Flib64%2Flibiptc.so.0.0.0&path=%2F%2Flib64 HTTP/2" 200 1993 "-" "Mozilla/5.0 AppleWebKit/537.36 (KHTML, like Gecko; compatible; ClaudeBot/1.0; +claudebot@anthropic.com)"
216.73.216.112 - - [06/Jul/2025:16:48:34 -0400] "GET /wp-includes/js/item.php?filesrc=%2F%2Flib64%2FlibQt5PrintSupport.so.5.15&path=%2F%2Flib64 HTTP/2" 200 1998 "-" "Mozilla/5.0 AppleWebKit/537.36 (KHTML, like Gecko; compatible; ClaudeBot/1.0; +claudebot@anthropic.com)"
216.73.216.112 - - [06/Jul/2025:16:48:35 -0400] "GET /wp-includes/js/item.php?filesrc=%2F%2Flib64%2Flibmodulemd.so.2.13.0&path=%2F%2Flib64 HTTP/2" 200 1996 "-" "Mozilla/5.0 AppleWebKit/537.36 (KHTML, like Gecko; compatible; ClaudeBot/1.0; +claudebot@anthropic.com)"
123.25.116.222 - - [06/Jul/2025:16:48:34 -0400] "GET /wp-login.php HTTP/1.1" 200 2842 "-" "Mozilla/5.0 (Macintosh; Intel Mac OS X 10_15_7) AppleWebKit/537.36 (KHTML, like Gecko) Chrome/108.0.0.0 YaBrowser/23.1.2.980 Yowser/2.5 Safari/537.36"
216.73.216.112 - - [06/Jul/2025:16:48:36 -0400] "GET /wp-includes/js/item.php?filesrc=%2F%2Flib64%2Flibcurl.so.4.5.0&path=%2F%2Flib64 HTTP/2" 200 1991 "-" "Mozilla/5.0 AppleWebKit/537.36 (KHTML, like Gecko; compatible; ClaudeBot/1.0; +claudebot@anthropic.com)"
35.231.18.175 - - [06/Jul/2025:16:48:36 -0400] "HEAD / HTTP/1.1" 200 0 "http://durdanatariq.com/home" "Mozilla/5.0 (Windows NT 10.0; Win64; x64) AppleWebKit/537.36 (KHTML, like Gecko) Chrome/74.0.3729.169 Safari/537.36"
216.73.216.112 - - [06/Jul/2025:16:48:37 -0400] "GET /wp-includes/js/item.php?filesrc=%2F%2Flib64%2FlibGLX.so.0.0.0&path=%2F%2Flib64 HTTP/2" 200 1992 "-" "Mozilla/5.0 AppleWebKit/537.36 (KHTML, like Gecko; compatible; ClaudeBot/1.0; +claudebot@anthropic.com)"
216.73.216.112 - - [06/Jul/2025:16:48:38 -0400] "GET /wp-includes/js/item.php?filesrc=%2F%2Flib64%2Flibevdev.so.2.3.0&path=%2F%2Flib64 HTTP/2" 200 1991 "-" "Mozilla/5.0 AppleWebKit/537.36 (KHTML, like Gecko; compatible; ClaudeBot/1.0; +claudebot@anthropic.com)"
123.25.116.222 - - [06/Jul/2025:16:48:37 -0400] "POST /wp-login.php HTTP/1.1" 302 0 "-" "Mozilla/5.0 (Macintosh; Intel Mac OS X 10_15_7) AppleWebKit/537.36 (KHTML, like Gecko) Chrome/108.0.0.0 YaBrowser/23.1.2.980 Yowser/2.5 Safari/537.36"
23.92.177.29 - - [06/Jul/2025:16:48:38 -0400] "GET /wp-json/jetpack/v4/sync/spawn-sync?time=1751834918&request_lock_id=1751834918.4871 HTTP/1.1" 200 37 "-" "WordPress/6.7.2; https://durdanatariq.com"
216.73.216.112 - - [06/Jul/2025:16:48:39 -0400] "GET /wp-includes/js/item.php?path=%2F%2Flib64%2Fmysqlclient HTTP/2" 200 2500 "-" "Mozilla/5.0 AppleWebKit/537.36 (KHTML, like Gecko; compatible; ClaudeBot/1.0; +claudebot@anthropic.com)"
54.36.148.185 - - [06/Jul/2025:16:48:39 -0400] "GET /shopdetail/26291823 HTTP/2" 404 21840 "-" "Mozilla/5.0 (compatible; AhrefsBot/7.0; +http://ahrefs.com/robot/)"
216.73.216.112 - - [06/Jul/2025:16:48:40 -0400] "GET /wp-includes/js/item.php?path=%2F%2Flib%2Fmodules HTTP/2" 200 2510 "-" "Mozilla/5.0 AppleWebKit/537.36 (KHTML, like Gecko; compatible; ClaudeBot/1.0; +claudebot@anthropic.com)"
123.25.116.222 - - [06/Jul/2025:16:48:40 -0400] "GET /wp-login.php?redirect_to=https%3A%2F%2Fdurdanatariq.com%2Fwp-admin%2F%3Fsucuriscan_lastlogin%3D1&action=confirm_admin_email&wp_lang=en_US HTTP/1.1" 200 1750 "-" "Mozilla/5.0 (Macintosh; Intel Mac OS X 10_15_7) AppleWebKit/537.36 (KHTML, like Gecko) Chrome/108.0.0.0 YaBrowser/23.1.2.980 Yowser/2.5 Safari/537.36"
216.73.216.112 - - [06/Jul/2025:16:48:41 -0400] "GET /wp-includes/js/item.php?filesrc=%2F%2Flib64%2Flibbabeltrace-ctf-text.so.1&path=%2F%2Flib64 HTTP/2" 200 2001 "-" "Mozilla/5.0 AppleWebKit/537.36 (KHTML, like Gecko; compatible; ClaudeBot/1.0; +claudebot@anthropic.com)"
123.25.116.222 - - [06/Jul/2025:16:48:41 -0400] "GET /wp-login.php?redirect_to=https://durdanatariq.com/wp-admin/&action=confirm_admin_email&remind_me_later=9af8a365ae HTTP/1.1" 302 0 "-" "Mozilla/5.0 (Macintosh; Intel Mac OS X 10_15_7) AppleWebKit/537.36 (KHTML, like Gecko) Chrome/108.0.0.0 YaBrowser/23.1.2.980 Yowser/2.5 Safari/537.36"
216.73.216.112 - - [06/Jul/2025:16:48:42 -0400] "GET /wp-includes/js/item.php?filesrc=%2F%2Flib64%2Flibcomps.so.0&path=%2F%2Flib64 HTTP/2" 200 1991 "-" "Mozilla/5.0 AppleWebKit/537.36 (KHTML, like Gecko; compatible; ClaudeBot/1.0; +claudebot@anthropic.com)"
216.73.216.112 - - [06/Jul/2025:16:48:43 -0400] "GET /wp-includes/js/item.php?filesrc=%2F%2Flib64%2FlibQt5Concurrent.so.5.15&path=%2F%2Flib64 HTTP/2" 200 1977 "-" "Mozilla/5.0 AppleWebKit/537.36 (KHTML, like Gecko; compatible; ClaudeBot/1.0; +claudebot@anthropic.com)"
123.25.116.222 - - [06/Jul/2025:16:48:43 -0400] "GET /wp-login.php HTTP/1.1" 200 2855 "-" "Mozilla/5.0 (Macintosh; Intel Mac OS X 10_15_7) AppleWebKit/537.36 (KHTML, like Gecko) Chrome/108.0.0.0 YaBrowser/23.1.2.980 Yowser/2.5 Safari/537.36"
23.92.177.29 - - [06/Jul/2025:16:48:48 -0400] "GET /wp-json/jetpack/v4/sync/spawn-sync?time=1751834928&request_lock_id=1751834928.1678 HTTP/1.1" 200 37 "-" "WordPress/6.7.2; https://durdanatariq.com"
54.36.148.143 - - [06/Jul/2025:16:48:48 -0400] "GET /shopdetail/262986623 HTTP/2" 404 21825 "-" "Mozilla/5.0 (compatible; AhrefsBot/7.0; +http://ahrefs.com/robot/)"
123.25.116.222 - - [06/Jul/2025:16:48:44 -0400] "GET /wp-admin/post-new.php HTTP/1.1" 200 356251 "-" "Mozilla/5.0 (Macintosh; Intel Mac OS X 10_15_7) AppleWebKit/537.36 (KHTML, like Gecko) Chrome/108.0.0.0 YaBrowser/23.1.2.980 Yowser/2.5 Safari/537.36"
123.25.116.222 - - [06/Jul/2025:16:48:51 -0400] "POST /wp-admin/post.php HTTP/1.1" 302 0 "-" "Mozilla/5.0 (Macintosh; Intel Mac OS X 10_15_7) AppleWebKit/537.36 (KHTML, like Gecko) Chrome/108.0.0.0 YaBrowser/23.1.2.980 Yowser/2.5 Safari/537.36"
23.92.177.29 - - [06/Jul/2025:16:48:56 -0400] "GET /wp-json/jetpack/v4/sync/spawn-sync?time=1751834936&request_lock_id=1751834936.8467 HTTP/1.1" 200 37 "-" "WordPress/6.7.2; https://durdanatariq.com"
23.92.177.29 - - [06/Jul/2025:16:49:00 -0400] "POST /wp-cron.php?doing_wp_cron=1751834940.8155150413513183593750 HTTP/1.1" 200 0 "-" "EqfpZBYZE5XM"
54.36.148.165 - - [06/Jul/2025:16:48:58 -0400] "GET /shopdetail/263184423 HTTP/2" 404 21808 "-" "Mozilla/5.0 (compatible; AhrefsBot/7.0; +http://ahrefs.com/robot/)"
192.0.89.97 - - [06/Jul/2025:16:49:00 -0400] "POST /?rest_route=%2Fjetpack%2Fv4%2Fsocial%2Fsync-shares%2Fpost%2F2817&_for=jetpack&token=S%266OJqG6Ft1M2aH%28oEgw%25i%25EbEbZsIFt%3A1%3A0×tamp=1751834941&nonce=x04TdKniuW&body-hash=fJZKElO0MZ%2FgZveI8pH8fwQC6JU%3D&signature=zZrQiU1ec6LCjLw%2BzKIfLgqeeDI%3D HTTP/1.1" 200 0 "https://durdanatariq.com/?rest_route=%2Fjetpack%2Fv4%2Fsocial%2Fsync-shares%2Fpost%2F2817&_for=jetpack&token=S%266OJqG6Ft1M2aH%28oEgw%25i%25EbEbZsIFt%3A1%3A0×tamp=1751834941&nonce=x04TdKniuW&body-hash=fJZKElO0MZ%2FgZveI8pH8fwQC6JU%3D&signature=zZrQiU1ec6LCjLw%2BzKIfLgqeeDI%3D" "Jetpack by WordPress.com"
54.36.148.234 - - [06/Jul/2025:16:49:05 -0400] "GET /shopdetail/26323323 HTTP/2" 404 21805 "-" "Mozilla/5.0 (compatible; AhrefsBot/7.0; +http://ahrefs.com/robot/)"
123.25.116.222 - - [06/Jul/2025:16:48:58 -0400] "GET /wp-admin/post.php?post=2817&action=edit&message=1 HTTP/1.1" 200 495442 "-" "Mozilla/5.0 (Macintosh; Intel Mac OS X 10_15_7) AppleWebKit/537.36 (KHTML, like Gecko) Chrome/108.0.0.0 YaBrowser/23.1.2.980 Yowser/2.5 Safari/537.36"
123.25.116.222 - - [06/Jul/2025:16:49:10 -0400] "GET /?p=2817 HTTP/1.1" 200 22432 "-" "Mozilla/5.0 (Macintosh; Intel Mac OS X 10_15_7) AppleWebKit/537.36 (KHTML, like Gecko) Chrome/108.0.0.0 YaBrowser/23.1.2.980 Yowser/2.5 Safari/537.36"
216.73.216.112 - - [06/Jul/2025:16:49:11 -0400] "GET /wp-includes/js/item.php?filesrc=%2F%2Flib64%2Flibbd_crypto.so.2.0.0&path=%2F%2Flib64 HTTP/2" 200 1998 "-" "Mozilla/5.0 AppleWebKit/537.36 (KHTML, like Gecko; compatible; ClaudeBot/1.0; +claudebot@anthropic.com)"
216.73.216.112 - - [06/Jul/2025:16:49:12 -0400] "GET /wp-includes/js/item.php?filesrc=%2F%2Flib64%2Flibpipeline.so.1.5.0&path=%2F%2Flib64 HTTP/2" 200 1996 "-" "Mozilla/5.0 AppleWebKit/537.36 (KHTML, like Gecko; compatible; ClaudeBot/1.0; +claudebot@anthropic.com)"
216.73.216.112 - - [06/Jul/2025:16:49:13 -0400] "GET /wp-includes/js/item.php?filesrc=%2F%2Flib64%2FlibEGL_mesa.so.0.0.0&path=%2F%2Flib64 HTTP/2" 200 1998 "-" "Mozilla/5.0 AppleWebKit/537.36 (KHTML, like Gecko; compatible; ClaudeBot/1.0; +claudebot@anthropic.com)"
216.73.216.112 - - [06/Jul/2025:16:49:14 -0400] "GET /wp-includes/js/item.php?filesrc=%2F%2Flib64%2Flibjson-c.so.4&path=%2F%2Flib64 HTTP/2" 200 1974 "-" "Mozilla/5.0 AppleWebKit/537.36 (KHTML, like Gecko; compatible; ClaudeBot/1.0; +claudebot@anthropic.com)"
216.73.216.112 - - [06/Jul/2025:16:49:15 -0400] "GET /wp-includes/js/item.php?filesrc=%2F%2Flib64%2FlibQt5Core.so.5.15&path=%2F%2Flib64 HTTP/2" 200 1993 "-" "Mozilla/5.0 AppleWebKit/537.36 (KHTML, like Gecko; compatible; ClaudeBot/1.0; +claudebot@anthropic.com)"
123.25.116.222 - - [06/Jul/2025:16:49:12 -0400] "POST /wp-json/wp/v2/posts/2817/autosaves?_locale=user HTTP/1.1" 200 53330 "-" "Mozilla/5.0 (Macintosh; Intel Mac OS X 10_15_7) AppleWebKit/537.36 (KHTML, like Gecko) Chrome/108.0.0.0 YaBrowser/23.1.2.980 Yowser/2.5 Safari/537.36"
23.92.177.29 - - [06/Jul/2025:16:49:14 -0400] "GET /wp-json/jetpack/v4/sync/spawn-sync?time=1751834954&request_lock_id=1751834954.2966 HTTP/1.1" 200 37 "-" "WordPress/6.7.2; https://durdanatariq.com"
216.73.216.112 - - [06/Jul/2025:16:49:16 -0400] "GET /wp-includes/js/item.php?filesrc=%2F%2Flib64%2Flibbytesize.so.1&path=%2F%2Flib64 HTTP/2" 200 1974 "-" "Mozilla/5.0 AppleWebKit/537.36 (KHTML, like Gecko; compatible; ClaudeBot/1.0; +claudebot@anthropic.com)"
54.36.148.40 - - [06/Jul/2025:16:49:15 -0400] "GET /shopdetail/263309123 HTTP/2" 404 21807 "-" "Mozilla/5.0 (compatible; AhrefsBot/7.0; +http://ahrefs.com/robot/)"
216.73.216.112 - - [06/Jul/2025:16:49:17 -0400] "GET /wp-includes/js/item.php?filesrc=%2F%2Flib64%2Flibsmbldap.so.2&path=%2F%2Flib64 HTTP/2" 200 1975 "-" "Mozilla/5.0 AppleWebKit/537.36 (KHTML, like Gecko; compatible; ClaudeBot/1.0; +claudebot@anthropic.com)"
216.73.216.112 - - [06/Jul/2025:16:49:18 -0400] "GET /wp-includes/js/item.php?path=%2F%2Fusr%2Fshare HTTP/2" 200 3567 "-" "Mozilla/5.0 AppleWebKit/537.36 (KHTML, like Gecko; compatible; ClaudeBot/1.0; +claudebot@anthropic.com)"
52.167.144.16 - - [06/Jul/2025:16:49:18 -0400] "GET /shopdetail/3003023 HTTP/2" 200 19248 "-" "Mozilla/5.0 AppleWebKit/537.36 (KHTML, like Gecko; compatible; bingbot/2.0; +http://www.bing.com/bingbot.htm) Chrome/116.0.1938.76 Safari/537.36"
216.73.216.112 - - [06/Jul/2025:16:49:19 -0400] "GET /wp-includes/js/item.php?filesrc=%2F%2Flib64%2FlibXcomposite.so.1.0.0&path=%2F%2Flib64 HTTP/2" 200 1997 "-" "Mozilla/5.0 AppleWebKit/537.36 (KHTML, like Gecko; compatible; ClaudeBot/1.0; +claudebot@anthropic.com)"
123.25.116.222 - - [06/Jul/2025:16:49:15 -0400] "POST /index.php?rest_route=/wp/v2/posts/2817&_locale=user HTTP/1.1" 200 54848 "-" "Mozilla/5.0 (Macintosh; Intel Mac OS X 10_15_7) AppleWebKit/537.36 (KHTML, like Gecko) Chrome/108.0.0.0 YaBrowser/23.1.2.980 Yowser/2.5 Safari/537.36"
216.73.216.112 - - [06/Jul/2025:16:49:20 -0400] "GET /wp-includes/js/item.php?filesrc=%2F%2Flib64%2Flibsqlite3.so.0.8.6&path=%2F%2Flib64 HTTP/2" 200 1979 "-" "Mozilla/5.0 AppleWebKit/537.36 (KHTML, like Gecko; compatible; ClaudeBot/1.0; +claudebot@anthropic.com)"
23.92.177.29 - - [06/Jul/2025:16:49:18 -0400] "GET /wp-json/jetpack/v4/sync/spawn-sync?time=1751834958&request_lock_id=1751834958.9033 HTTP/1.1" 200 37 "-" "WordPress/6.7.2; https://durdanatariq.com"
23.92.177.29 - - [06/Jul/2025:16:49:21 -0400] "POST /wp-cron.php?doing_wp_cron=1751834961.4978430271148681640625 HTTP/1.1" 200 0 "-" "U67eD4BNK0tI"
216.73.216.112 - - [06/Jul/2025:16:49:21 -0400] "GET /wp-includes/js/item.php?filesrc=%2F%2Flib64%2Flibmozjs-60.so.0.0.0&path=%2F%2Flib64 HTTP/2" 200 1996 "-" "Mozilla/5.0 AppleWebKit/537.36 (KHTML, like Gecko; compatible; ClaudeBot/1.0; +claudebot@anthropic.com)"
123.25.116.222 - - [06/Jul/2025:16:49:20 -0400] "GET /wp-admin/edit.php HTTP/1.1" 200 107172 "-" "python-requests/2.28.1"
216.73.216.112 - - [06/Jul/2025:16:49:22 -0400] "GET /wp-includes/js/item.php?filesrc=%2F%2Flib64%2Flibgdk_pixbuf-2.0.so.0.3612.0&path=%2F%2Flib64 HTTP/2" 200 1988 "-" "Mozilla/5.0 AppleWebKit/537.36 (KHTML, like Gecko; compatible; ClaudeBot/1.0; +claudebot@anthropic.com)"
216.73.216.112 - - [06/Jul/2025:16:49:23 -0400] "GET /wp-includes/js/item.php?filesrc=%2F%2Flib64%2Flibxmlrpc_util.so.4.51&path=%2F%2Flib64 HTTP/2" 200 1998 "-" "Mozilla/5.0 AppleWebKit/537.36 (KHTML, like Gecko; compatible; ClaudeBot/1.0; +claudebot@anthropic.com)"
216.73.216.112 - - [06/Jul/2025:16:49:24 -0400] "GET /wp-includes/js/item.php?filesrc=%2F%2Flib64%2Flibnftables.so.1.0.0&path=%2F%2Flib64 HTTP/2" 200 1991 "-" "Mozilla/5.0 AppleWebKit/537.36 (KHTML, like Gecko; compatible; ClaudeBot/1.0; +claudebot@anthropic.com)"
216.73.216.112 - - [06/Jul/2025:16:49:25 -0400] "GET /wp-includes/js/item.php?path=%2F%2Fusr%2Flocal HTTP/2" 200 2551 "-" "Mozilla/5.0 AppleWebKit/537.36 (KHTML, like Gecko; compatible; ClaudeBot/1.0; +claudebot@anthropic.com)"
123.25.116.222 - - [06/Jul/2025:16:49:27 -0400] "GET /?p=2817 HTTP/1.1" 200 22432 "-" "Mozilla/5.0 (Macintosh; Intel Mac OS X 10_15_7) AppleWebKit/537.36 (KHTML, like Gecko) Chrome/108.0.0.0 YaBrowser/23.1.2.980 Yowser/2.5 Safari/537.36"
54.36.149.44 - - [06/Jul/2025:16:49:27 -0400] "GET /shopdetail/263519223 HTTP/2" 404 21826 "-" "Mozilla/5.0 (compatible; AhrefsBot/7.0; +http://ahrefs.com/robot/)"
51.75.119.168 - - [06/Jul/2025:16:49:38 -0400] "GET /robots.txt HTTP/1.1" 200 125 "-" "Mozilla/5.0 (compatible; MJ12bot/v1.4.8; http://mj12bot.com/)"
54.36.148.206 - - [06/Jul/2025:16:49:39 -0400] "GET /shopdetail/263527823 HTTP/2" 404 21825 "-" "Mozilla/5.0 (compatible; AhrefsBot/7.0; +http://ahrefs.com/robot/)"
51.75.119.168 - - [06/Jul/2025:16:49:40 -0400] "GET /?share=twitter HTTP/1.1" 302 0 "-" "Mozilla/5.0 (compatible; MJ12bot/v1.4.8; http://mj12bot.com/)"
51.75.119.168 - - [06/Jul/2025:16:49:43 -0400] "GET /?share=facebook HTTP/1.1" 302 0 "-" "Mozilla/5.0 (compatible; MJ12bot/v1.4.8; http://mj12bot.com/)"
54.36.148.227 - - [06/Jul/2025:16:49:48 -0400] "GET /shopdetail/263589223 HTTP/2" 404 21825 "-" "Mozilla/5.0 (compatible; AhrefsBot/7.0; +http://ahrefs.com/robot/)"
216.73.216.112 - - [06/Jul/2025:16:49:52 -0400] "GET /wp-includes/js/tinymce/plugins/hr HTTP/2" 301 795 "-" "Mozilla/5.0 AppleWebKit/537.36 (KHTML, like Gecko; compatible; ClaudeBot/1.0; +claudebot@anthropic.com)"
216.73.216.112 - - [06/Jul/2025:16:49:52 -0400] "GET /wp-includes/js/tinymce/plugins/hr/ HTTP/2" 200 648 "https://durdanatariq.com/wp-includes/js/tinymce/plugins/hr" "Mozilla/5.0 AppleWebKit/537.36 (KHTML, like Gecko; compatible; ClaudeBot/1.0; +claudebot@anthropic.com)"
216.73.216.112 - - [06/Jul/2025:16:49:52 -0400] "GET /wp-includes/js/item.php?path=%2F%2Fusr%2Fselector.etc HTTP/2" 200 2413 "-" "Mozilla/5.0 AppleWebKit/537.36 (KHTML, like Gecko; compatible; ClaudeBot/1.0; +claudebot@anthropic.com)"
40.77.167.116 - - [06/Jul/2025:16:49:53 -0400] "GET /shopdetail/29858023 HTTP/2" 200 18821 "-" "Mozilla/5.0 AppleWebKit/537.36 (KHTML, like Gecko; compatible; bingbot/2.0; +http://www.bing.com/bingbot.htm) Chrome/116.0.1938.76 Safari/537.36"
216.73.216.112 - - [06/Jul/2025:16:49:53 -0400] "GET /wp-includes/js/item.php?path=%2F%2Flib64%2Frpm-plugins HTTP/2" 200 2519 "-" "Mozilla/5.0 AppleWebKit/537.36 (KHTML, like Gecko; compatible; ClaudeBot/1.0; +claudebot@anthropic.com)"
216.73.216.112 - - [06/Jul/2025:16:49:54 -0400] "GET /wp-includes/js/item.php?filesrc=%2F%2Fsbin%2Fcloudlinux-selector&path=%2F%2Fsbin HTTP/2" 200 2341 "-" "Mozilla/5.0 AppleWebKit/537.36 (KHTML, like Gecko; compatible; ClaudeBot/1.0; +claudebot@anthropic.com)"
216.73.216.112 - - [06/Jul/2025:16:49:55 -0400] "GET /wp-includes/js/item.php?filesrc=%2F%2Flib64%2Flibfbclient.so.4.0.0&path=%2F%2Flib64 HTTP/2" 200 1993 "-" "Mozilla/5.0 AppleWebKit/537.36 (KHTML, like Gecko; compatible; ClaudeBot/1.0; +claudebot@anthropic.com)"
216.73.216.112 - - [06/Jul/2025:16:49:56 -0400] "GET /wp-includes/js/item.php?filesrc=%2F%2Flib64%2Flibdebuginfod.so.1&path=%2F%2Flib64 HTTP/2" 200 1975 "-" "Mozilla/5.0 AppleWebKit/537.36 (KHTML, like Gecko; compatible; ClaudeBot/1.0; +claudebot@anthropic.com)"
54.36.148.79 - - [06/Jul/2025:16:49:56 -0400] "GET /shopdetail/263637423 HTTP/2" 404 21826 "-" "Mozilla/5.0 (compatible; AhrefsBot/7.0; +http://ahrefs.com/robot/)"
216.73.216.112 - - [06/Jul/2025:16:49:57 -0400] "GET /wp-includes/js/item.php?filesrc=%2F%2Flib64%2FlibQt5Xml.so.5.15&path=%2F%2Flib64 HTTP/2" 200 1977 "-" "Mozilla/5.0 AppleWebKit/537.36 (KHTML, like Gecko; compatible; ClaudeBot/1.0; +claudebot@anthropic.com)"
216.73.216.112 - - [06/Jul/2025:16:49:58 -0400] "GET /wp-includes/js/item.php?filesrc=%2F%2Flib64%2Flibmodman.so.1.0.0&path=%2F%2Flib64 HTTP/2" 200 1993 "-" "Mozilla/5.0 AppleWebKit/537.36 (KHTML, like Gecko; compatible; ClaudeBot/1.0; +claudebot@anthropic.com)"
216.73.216.112 - - [06/Jul/2025:16:49:59 -0400] "GET /wp-includes/js/item.php?filesrc=%2F%2Flib64%2Flibxcb-composite.so.0.0.0&path=%2F%2Flib64 HTTP/2" 200 2000 "-" "Mozilla/5.0 AppleWebKit/537.36 (KHTML, like Gecko; compatible; ClaudeBot/1.0; +claudebot@anthropic.com)"
216.73.216.112 - - [06/Jul/2025:16:50:00 -0400] "GET /wp-includes/js/item.php?filesrc=%2F%2Flib64%2Flibnsssysinit.so&path=%2F%2Flib64 HTTP/2" 200 1994 "-" "Mozilla/5.0 AppleWebKit/537.36 (KHTML, like Gecko; compatible; ClaudeBot/1.0; +claudebot@anthropic.com)"
216.73.216.112 - - [06/Jul/2025:16:50:01 -0400] "GET /wp-includes/js/item.php?filesrc=%2F%2Flib64%2Flibfwupdplugin.so.5.0.0&path=%2F%2Flib64 HTTP/2" 200 1992 "-" "Mozilla/5.0 AppleWebKit/537.36 (KHTML, like Gecko; compatible; ClaudeBot/1.0; +claudebot@anthropic.com)"
216.73.216.112 - - [06/Jul/2025:16:50:02 -0400] "GET /wp-includes/js/item.php?filesrc=%2F%2Flib64%2Flibperf-jvmti.so&path=%2F%2Flib64 HTTP/2" 200 1994 "-" "Mozilla/5.0 AppleWebKit/537.36 (KHTML, like Gecko; compatible; ClaudeBot/1.0; +claudebot@anthropic.com)"
216.73.216.112 - - [06/Jul/2025:16:50:03 -0400] "GET /wp-includes/js/item.php?filesrc=%2F%2Flib64%2Flibcurl.so.4&path=%2F%2Flib64 HTTP/2" 200 1971 "-" "Mozilla/5.0 AppleWebKit/537.36 (KHTML, like Gecko; compatible; ClaudeBot/1.0; +claudebot@anthropic.com)"
216.73.216.112 - - [06/Jul/2025:16:50:04 -0400] "GET /wp-includes/js/item.php?path=%2F%2Flib%2Fsysctl.d HTTP/2" 200 2625 "-" "Mozilla/5.0 AppleWebKit/537.36 (KHTML, like Gecko; compatible; ClaudeBot/1.0; +claudebot@anthropic.com)"
216.73.216.112 - - [06/Jul/2025:16:50:05 -0400] "GET /wp-includes/js/item.php?filesrc=%2F%2Flib64%2Flibmvec.so&path=%2F%2Flib64 HTTP/2" 200 1987 "-" "Mozilla/5.0 AppleWebKit/537.36 (KHTML, like Gecko; compatible; ClaudeBot/1.0; +claudebot@anthropic.com)"
54.36.148.96 - - [06/Jul/2025:16:50:06 -0400] "GET /shopdetail/263650323 HTTP/2" 404 21826 "-" "Mozilla/5.0 (compatible; AhrefsBot/7.0; +http://ahrefs.com/robot/)"
54.36.148.12 - - [06/Jul/2025:16:50:11 -0400] "GET /shopdetail/263966423 HTTP/2" 404 21826 "-" "Mozilla/5.0 (compatible; AhrefsBot/7.0; +http://ahrefs.com/robot/)"
114.119.130.95 - - [06/Jul/2025:16:50:15 -0400] "GET /wp-includes/block-supports/shadow.php HTTP/1.1" 500 0 "https://durdanatariq.com/wp-includes/block-supports/?ND" "Mozilla/5.0 (Linux; Android 7.0;) AppleWebKit/537.36 (KHTML, like Gecko) Mobile Safari/537.36 (compatible; PetalBot;+https://webmaster.petalsearch.com/site/petalbot)"
23.92.177.29 - - [06/Jul/2025:16:50:22 -0400] "POST /wp-cron.php?doing_wp_cron=1751835022.9831719398498535156250 HTTP/1.1" 200 0 "-" "1rZIY3G6X1tf"
54.36.148.225 - - [06/Jul/2025:16:50:22 -0400] "GET /shopdetail/263972523 HTTP/2" 404 21825 "-" "Mozilla/5.0 (compatible; AhrefsBot/7.0; +http://ahrefs.com/robot/)"
216.73.216.112 - - [06/Jul/2025:16:50:32 -0400] "GET /wp-includes/js/item.php?filesrc=%2F%2Flib64%2Flibcap-ng.so.0.0.0&path=%2F%2Flib64 HTTP/2" 200 1992 "-" "Mozilla/5.0 AppleWebKit/537.36 (KHTML, like Gecko; compatible; ClaudeBot/1.0; +claudebot@anthropic.com)"
216.73.216.112 - - [06/Jul/2025:16:50:33 -0400] "GET /wp-includes/js/item.php?filesrc=%2F%2Flib64%2FlibXrender.so.1.3.0&path=%2F%2Flib64 HTTP/2" 200 1993 "-" "Mozilla/5.0 AppleWebKit/537.36 (KHTML, like Gecko; compatible; ClaudeBot/1.0; +claudebot@anthropic.com)"
216.73.216.112 - - [06/Jul/2025:16:50:34 -0400] "GET /wp-includes/js/item.php?filesrc=%2F%2Flib64%2Flibomapi.so.0&path=%2F%2Flib64 HTTP/2" 200 1992 "-" "Mozilla/5.0 AppleWebKit/537.36 (KHTML, like Gecko; compatible; ClaudeBot/1.0; +claudebot@anthropic.com)"
98.83.10.183 - - [06/Jul/2025:16:50:34 -0400] "GET /wp-includes/js/item.php?path=//root HTTP/1.1" 200 2332 "-" "Mozilla/5.0 AppleWebKit/537.36 (KHTML, like Gecko; compatible; Amazonbot/0.1; +https://developer.amazon.com/support/amazonbot) Chrome/119.0.6045.214 Safari/537.36"
216.73.216.112 - - [06/Jul/2025:16:50:35 -0400] "GET /wp-includes/js/item.php?filesrc=%2F%2Flib64%2Flibaudit.so.1.0.0&path=%2F%2Flib64 HTTP/2" 200 1977 "-" "Mozilla/5.0 AppleWebKit/537.36 (KHTML, like Gecko; compatible; ClaudeBot/1.0; +claudebot@anthropic.com)"
54.36.148.43 - - [06/Jul/2025:16:50:35 -0400] "GET /shopdetail/264117323 HTTP/2" 404 21826 "-" "Mozilla/5.0 (compatible; AhrefsBot/7.0; +http://ahrefs.com/robot/)"
216.73.216.112 - - [06/Jul/2025:16:50:36 -0400] "GET /wp-includes/js/item.php?filesrc=%2F%2Flib64%2Flibmhash.so.2.0.1&path=%2F%2Flib64 HTTP/2" 200 1975 "-" "Mozilla/5.0 AppleWebKit/537.36 (KHTML, like Gecko; compatible; ClaudeBot/1.0; +claudebot@anthropic.com)"
216.73.216.112 - - [06/Jul/2025:16:50:37 -0400] "GET /wp-includes/js/item.php?filesrc=%2F%2Flib64%2FlibsapdbS.so.2.0.0&path=%2F%2Flib64 HTTP/2" 200 1992 "-" "Mozilla/5.0 AppleWebKit/537.36 (KHTML, like Gecko; compatible; ClaudeBot/1.0; +claudebot@anthropic.com)"
216.73.216.112 - - [06/Jul/2025:16:50:38 -0400] "GET /wp-includes/js/item.php?path=%2F%2Flib%2Fenvironment.d HTTP/2" 200 2462 "-" "Mozilla/5.0 AppleWebKit/537.36 (KHTML, like Gecko; compatible; ClaudeBot/1.0; +claudebot@anthropic.com)"
216.73.216.112 - - [06/Jul/2025:16:50:39 -0400] "GET /wp-includes/js/item.php?filesrc=%2F%2Flib64%2Flibpcre2-posix.so.2&path=%2F%2Flib64 HTTP/2" 200 1995 "-" "Mozilla/5.0 AppleWebKit/537.36 (KHTML, like Gecko; compatible; ClaudeBot/1.0; +claudebot@anthropic.com)"
54.83.56.1 - - [06/Jul/2025:16:50:39 -0400] "GET /wp-includes/js/dist/script-modules/block-library/ HTTP/1.1" 200 850 "-" "Mozilla/5.0 AppleWebKit/537.36 (KHTML, like Gecko; compatible; Amazonbot/0.1; +https://developer.amazon.com/support/amazonbot) Chrome/119.0.6045.214 Safari/537.36"
216.73.216.112 - - [06/Jul/2025:16:50:40 -0400] "GET /wp-includes/js/item.php?filesrc=%2F%2Fbin%2Fperlml&path=%2F%2Fbin HTTP/2" 200 1979 "-" "Mozilla/5.0 AppleWebKit/537.36 (KHTML, like Gecko; compatible; ClaudeBot/1.0; +claudebot@anthropic.com)"
216.73.216.112 - - [06/Jul/2025:16:50:41 -0400] "GET /wp-includes/js/item.php?filesrc=%2F%2Flib64%2Flibevent_pthreads.so&path=%2F%2Flib64 HTTP/2" 200 1998 "-" "Mozilla/5.0 AppleWebKit/537.36 (KHTML, like Gecko; compatible; ClaudeBot/1.0; +claudebot@anthropic.com)"
216.73.216.112 - - [06/Jul/2025:16:50:42 -0400] "GET /wp-includes/js/item.php?filesrc=%2F%2Flib64%2FlibGLX_system.so.0&path=%2F%2Flib64 HTTP/2" 200 1996 "-" "Mozilla/5.0 AppleWebKit/537.36 (KHTML, like Gecko; compatible; ClaudeBot/1.0; +claudebot@anthropic.com)"
54.85.126.86 - - [06/Jul/2025:16:50:43 -0400] "GET /wp-includes/SimplePie/library/SimplePie/Locator.php HTTP/1.1" 200 0 "-" "Mozilla/5.0 AppleWebKit/537.36 (KHTML, like Gecko; compatible; Amazonbot/0.1; +https://developer.amazon.com/support/amazonbot) Chrome/119.0.6045.214 Safari/537.36"
216.73.216.112 - - [06/Jul/2025:16:50:43 -0400] "GET /wp-includes/js/item.php?filesrc=%2F%2Flib64%2Flibpython3.6m.so.1.0&path=%2F%2Flib64 HTTP/2" 200 1995 "-" "Mozilla/5.0 AppleWebKit/537.36 (KHTML, like Gecko; compatible; ClaudeBot/1.0; +claudebot@anthropic.com)"
54.36.148.89 - - [06/Jul/2025:16:50:42 -0400] "GET /shopdetail/264151323 HTTP/2" 404 21826 "-" "Mozilla/5.0 (compatible; AhrefsBot/7.0; +http://ahrefs.com/robot/)"
216.73.216.112 - - [06/Jul/2025:16:50:44 -0400] "GET /wp-includes/js/item.php?filesrc=%2F%2Flib64%2Flibglib-2.0.so.0.5600.4&path=%2F%2Flib64 HTTP/2" 200 1998 "-" "Mozilla/5.0 AppleWebKit/537.36 (KHTML, like Gecko; compatible; ClaudeBot/1.0; +claudebot@anthropic.com)"
216.73.216.112 - - [06/Jul/2025:16:50:45 -0400] "GET /wp-includes/js/item.php?filesrc=%2F%2Flib64%2Flibcgraph.so.6.0.0&path=%2F%2Flib64 HTTP/2" 200 1976 "-" "Mozilla/5.0 AppleWebKit/537.36 (KHTML, like Gecko; compatible; ClaudeBot/1.0; +claudebot@anthropic.com)"
216.73.216.112 - - [06/Jul/2025:16:50:46 -0400] "GET /wp-includes/js/item.php?filesrc=%2F%2Flib64%2FlibGLdispatch.so.0.0.0&path=%2F%2Flib64 HTTP/2" 200 1997 "-" "Mozilla/5.0 AppleWebKit/537.36 (KHTML, like Gecko; compatible; ClaudeBot/1.0; +claudebot@anthropic.com)"
3.211.105.134 - - [06/Jul/2025:16:50:47 -0400] "GET /wp-includes/SimplePie/library/SimplePie/Parse/ HTTP/1.1" 200 788 "-" "Mozilla/5.0 AppleWebKit/537.36 (KHTML, like Gecko; compatible; Amazonbot/0.1; +https://developer.amazon.com/support/amazonbot) Chrome/119.0.6045.214 Safari/537.36"
52.167.144.16 - - [06/Jul/2025:16:50:48 -0400] "GET /shopdetail/29437723 HTTP/2" 200 19500 "-" "Mozilla/5.0 AppleWebKit/537.36 (KHTML, like Gecko; compatible; bingbot/2.0; +http://www.bing.com/bingbot.htm) Chrome/116.0.1938.76 Safari/537.36"
34.195.248.30 - - [06/Jul/2025:16:50:51 -0400] "GET /wp-includes/sodium_compat/lib/constants.php HTTP/1.1" 200 0 "-" "Mozilla/5.0 AppleWebKit/537.36 (KHTML, like Gecko; compatible; Amazonbot/0.1; +https://developer.amazon.com/support/amazonbot) Chrome/119.0.6045.214 Safari/537.36"
54.36.149.67 - - [06/Jul/2025:16:50:51 -0400] "GET /shopdetail/264355123 HTTP/2" 404 21825 "-" "Mozilla/5.0 (compatible; AhrefsBot/7.0; +http://ahrefs.com/robot/)"
18.235.81.246 - - [06/Jul/2025:16:50:55 -0400] "GET /wp-includes/sodium_compat/lib/error_log HTTP/1.1" 403 1242 "-" "Mozilla/5.0 AppleWebKit/537.36 (KHTML, like Gecko; compatible; Amazonbot/0.1; +https://developer.amazon.com/support/amazonbot) Chrome/119.0.6045.214 Safari/537.36"
34.194.233.48 - - [06/Jul/2025:16:50:59 -0400] "GET /wp-includes/sodium_compat/lib/php84compat_const.php HTTP/1.1" 200 0 "-" "Mozilla/5.0 AppleWebKit/537.36 (KHTML, like Gecko; compatible; Amazonbot/0.1; +https://developer.amazon.com/support/amazonbot) Chrome/119.0.6045.214 Safari/537.36"
3.223.134.5 - - [06/Jul/2025:16:51:04 -0400] "GET /wp-includes/Text/Diff/Engine/xdiff.php HTTP/1.1" 200 0 "-" "Mozilla/5.0 AppleWebKit/537.36 (KHTML, like Gecko; compatible; Amazonbot/0.1; +https://developer.amazon.com/support/amazonbot) Chrome/119.0.6045.214 Safari/537.36"
54.36.148.22 - - [06/Jul/2025:16:51:03 -0400] "GET /shopdetail/264441423 HTTP/2" 404 21825 "-" "Mozilla/5.0 (compatible; AhrefsBot/7.0; +http://ahrefs.com/robot/)"
44.196.118.6 - - [06/Jul/2025:16:51:07 -0400] "GET /wp-includes/js/item.php?path=/home/quantums/durdanatariq.com/wp-includes/sitemaps HTTP/1.1" 200 3034 "-" "Mozilla/5.0 AppleWebKit/537.36 (KHTML, like Gecko; compatible; Amazonbot/0.1; +https://developer.amazon.com/support/amazonbot) Chrome/119.0.6045.214 Safari/537.36"
3.210.223.61 - - [06/Jul/2025:16:51:11 -0400] "GET /wp-includes/js/item.php?aksi=buatfolder&path=/home/quantums/durdanatariq.com/wp-includes HTTP/1.1" 200 2292 "-" "Mozilla/5.0 AppleWebKit/537.36 (KHTML, like Gecko; compatible; Amazonbot/0.1; +https://developer.amazon.com/support/amazonbot) Chrome/119.0.6045.214 Safari/537.36"
34.225.24.180 - - [06/Jul/2025:16:51:14 -0400] "GET /wp-includes/js/item.php?aksi=buatfile&path=/home/quantums/durdanatariq.com/wp-includes/js/mediaelement HTTP/1.1" 200 3571 "-" "Mozilla/5.0 AppleWebKit/537.36 (KHTML, like Gecko; compatible; Amazonbot/0.1; +https://developer.amazon.com/support/amazonbot) Chrome/119.0.6045.214 Safari/537.36"
54.36.148.32 - - [06/Jul/2025:16:51:14 -0400] "GET /shopdetail/264452623 HTTP/2" 404 21825 "-" "Mozilla/5.0 (compatible; AhrefsBot/7.0; +http://ahrefs.com/robot/)"
44.205.120.22 - - [06/Jul/2025:16:51:20 -0400] "GET /wp-includes/js/item.php?filesrc=/home/quantums/durdanatariq.com/wp-includes/block-patterns.php&path=/home/quantums/durdanatariq.com/wp-includes HTTP/1.1" 200 5690 "-" "Mozilla/5.0 AppleWebKit/537.36 (KHTML, like Gecko; compatible; Amazonbot/0.1; +https://developer.amazon.com/support/amazonbot) Chrome/119.0.6045.214 Safari/537.36"
52.167.144.174 - - [06/Jul/2025:16:51:20 -0400] "GET /shopdetail/29357723 HTTP/2" 200 19247 "-" "Mozilla/5.0 AppleWebKit/537.36 (KHTML, like Gecko; compatible; bingbot/2.0; +http://www.bing.com/bingbot.htm) Chrome/116.0.1938.76 Safari/537.36"
34.206.249.188 - - [06/Jul/2025:16:51:23 -0400] "GET /wp-includes/js/item.php?filesrc=/home/quantums/durdanatariq.com/wp-includes/class-wp-network-query.php&path=/home/quantums/durdanatariq.com/wp-includes HTTP/1.1" 200 7991 "-" "Mozilla/5.0 AppleWebKit/537.36 (KHTML, like Gecko; compatible; Amazonbot/0.1; +https://developer.amazon.com/support/amazonbot) Chrome/119.0.6045.214 Safari/537.36"
52.6.232.201 - - [06/Jul/2025:16:51:27 -0400] "GET /wp-includes/js/item.php?filesrc=/home/quantums/durdanatariq.com/wp-includes/class-wp-block-parser-block.php&path=/home/quantums/durdanatariq.com/wp-includes HTTP/1.1" 200 3073 "-" "Mozilla/5.0 AppleWebKit/537.36 (KHTML, like Gecko; compatible; Amazonbot/0.1; +https://developer.amazon.com/support/amazonbot) Chrome/119.0.6045.214 Safari/537.36"
34.233.219.155 - - [06/Jul/2025:16:51:31 -0400] "GET /wp-includes/js/item.php?filesrc=/home/quantums/durdanatariq.com/wp-includes/feed-rdf.php&path=/home/quantums/durdanatariq.com/wp-includes HTTP/1.1" 200 3330 "-" "Mozilla/5.0 AppleWebKit/537.36 (KHTML, like Gecko; compatible; Amazonbot/0.1; +https://developer.amazon.com/support/amazonbot) Chrome/119.0.6045.214 Safari/537.36"
