47.82.60.48 - - [06/Jul/2025:22:07:49 -0400] "GET /wp-includes/ms-functions.php HTTP/1.1" 200 0 "http://www.durdanatariq.com/wp-includes/ms-functions.php" "Mozilla/5.0 (Windows NT 10.0; Win64; x64) AppleWebKit/537.36 (KHTML, like Gecko) Chrome/114.0.0.0 Safari/537.36 Edg/114.0.1823.43"
47.82.60.32 - - [06/Jul/2025:22:08:17 -0400] "GET /wp-includes/class-wp-object-cache.php HTTP/1.1" 200 0 "http://www.durdanatariq.com/wp-includes/class-wp-object-cache.php" "Mozilla/5.0 (Windows NT 10.0; Win64; x64) AppleWebKit/537.36 (KHTML, like Gecko) Chrome/114.0.0.0 Safari/537.36 Edg/114.0.1823.43"
47.82.60.48 - - [06/Jul/2025:22:08:27 -0400] "GET /wp-includes/l10n.php HTTP/1.1" 200 0 "http://www.durdanatariq.com/wp-includes/l10n.php" "Mozilla/5.0 (Windows NT 10.0; Win64; x64) AppleWebKit/537.36 (KHTML, like Gecko) Chrome/114.0.0.0 Safari/537.36 Edg/114.0.1823.43"
47.82.60.16 - - [06/Jul/2025:22:08:41 -0400] "GET /wp-includes/class-wp-block-bindings-registry.php HTTP/1.1" 200 0 "http://durdanatariq.com/wp-includes/class-wp-block-bindings-registry.php" "Mozilla/5.0 (Windows NT 10.0; Win64; x64) AppleWebKit/537.36 (KHTML, like Gecko) Chrome/114.0.0.0 Safari/537.36 Edg/114.0.1823.43"
216.244.66.227 - - [06/Jul/2025:22:12:19 -0400] "GET /robots.txt HTTP/1.1" 200 125 "-" "Mozilla/5.0 (compatible; DotBot/1.2; +https://opensiteexplorer.org/dotbot; help@moz.com)"
51.68.107.138 - - [06/Jul/2025:22:13:02 -0400] "GET /robots.txt HTTP/1.1" 200 125 "-" "Mozilla/5.0 (compatible; MJ12bot/v2.0.2; http://mj12bot.com/)"
51.68.107.138 - - [06/Jul/2025:22:13:02 -0400] "GET / HTTP/1.1" 301 0 "-" "Mozilla/5.0 (compatible; MJ12bot/v2.0.2; http://mj12bot.com/)"
216.244.66.227 - - [06/Jul/2025:22:18:40 -0400] "GET /?big=category%2Fdata-backup%2F HTTP/1.1" 301 0 "-" "Mozilla/5.0 (compatible; DotBot/1.2; +https://opensiteexplorer.org/dotbot; help@moz.com)"
216.244.66.227 - - [06/Jul/2025:22:18:46 -0400] "GET /?big=category%2Fother-categories%2F HTTP/1.1" 301 0 "-" "Mozilla/5.0 (compatible; DotBot/1.2; +https://opensiteexplorer.org/dotbot; help@moz.com)"
216.244.66.227 - - [06/Jul/2025:22:18:51 -0400] "GET /?big=itools-crack-license-key%2F HTTP/1.1" 301 0 "-" "Mozilla/5.0 (compatible; DotBot/1.2; +https://opensiteexplorer.org/dotbot; help@moz.com)"
216.244.66.227 - - [06/Jul/2025:22:19:01 -0400] "GET /?big=folder-loc-crack-key-download-n1%2F HTTP/1.1" 301 0 "-" "Mozilla/5.0 (compatible; DotBot/1.2; +https://opensiteexplorer.org/dotbot; help@moz.com)"
216.244.66.227 - - [06/Jul/2025:22:19:08 -0400] "GET /?big=ashampoo-winoptimizer-crack-serial-key%2F HTTP/1.1" 301 0 "-" "Mozilla/5.0 (compatible; DotBot/1.2; +https://opensiteexplorer.org/dotbot; help@moz.com)"
216.244.66.227 - - [06/Jul/2025:22:19:20 -0400] "GET /?big=glary-utilities-pro-crack-license-key%2F HTTP/1.1" 301 0 "-" "Mozilla/5.0 (compatible; DotBot/1.2; +https://opensiteexplorer.org/dotbot; help@moz.com)"
216.244.66.227 - - [06/Jul/2025:22:19:30 -0400] "GET /?big=kmspico-activator-office-full-download%2F HTTP/1.1" 301 0 "-" "Mozilla/5.0 (compatible; DotBot/1.2; +https://opensiteexplorer.org/dotbot; help@moz.com)"
216.244.66.227 - - [06/Jul/2025:22:19:38 -0400] "GET /?big=manycam-pro-crack%2F%3Fshare%3Dtwitter HTTP/1.1" 301 0 "-" "Mozilla/5.0 (compatible; DotBot/1.2; +https://opensiteexplorer.org/dotbot; help@moz.com)"
216.244.66.227 - - [06/Jul/2025:22:19:44 -0400] "GET /?big=bytefence-anti-malware-pro-crack-license-key%2F HTTP/1.1" 301 0 "-" "Mozilla/5.0 (compatible; DotBot/1.2; +https://opensiteexplorer.org/dotbot; help@moz.com)"
216.244.66.227 - - [06/Jul/2025:22:19:49 -0400] "GET /?big=cyberlink-photodirector-crack-activation-key-download%2F HTTP/1.1" 301 0 "-" "Mozilla/5.0 (compatible; DotBot/1.2; +https://opensiteexplorer.org/dotbot; help@moz.com)"
216.244.66.227 - - [06/Jul/2025:22:20:01 -0400] "GET /?big=networx-crack-serial-key-torrent-download%2F%3Fshare%3Dtwitter HTTP/1.1" 301 0 "-" "Mozilla/5.0 (compatible; DotBot/1.2; +https://opensiteexplorer.org/dotbot; help@moz.com)"
216.244.66.227 - - [06/Jul/2025:22:20:11 -0400] "GET /?big=acronis-true-image-crack-serial-key-torrent-download%2F%3Fshare%3Dfacebook HTTP/1.1" 301 0 "-" "Mozilla/5.0 (compatible; DotBot/1.2; +https://opensiteexplorer.org/dotbot; help@moz.com)"
216.244.66.227 - - [06/Jul/2025:22:21:07 -0400] "GET /wp-includes/SimplePie/src/Decode/HTML/ HTTP/1.1" 200 1702 "-" "Mozilla/5.0 (compatible; DotBot/1.2; +https://opensiteexplorer.org/dotbot; help@moz.com)"
216.244.66.227 - - [06/Jul/2025:22:22:54 -0400] "GET /blog/zerkala-kazino-chto-eto-i-kak-naidu-rabochee-zerkalo-kazino/?share=twitter HTTP/1.1" 302 0 "-" "Mozilla/5.0 (compatible; DotBot/1.2; +https://opensiteexplorer.org/dotbot; help@moz.com)"
216.244.66.227 - - [06/Jul/2025:22:23:10 -0400] "GET /blog/ofitsialnogo-sait-kazino-vovan-registratsiia-s-bonusami/feed/ HTTP/1.1" 200 1065 "-" "Mozilla/5.0 (compatible; DotBot/1.2; +https://opensiteexplorer.org/dotbot; help@moz.com)"
216.244.66.227 - - [06/Jul/2025:22:23:27 -0400] "GET /blog/delicia-sts-zaklady-na-dzisiaj-i-jutro-wyniki-statystyki/feed/ HTTP/1.1" 200 1031 "-" "Mozilla/5.0 (compatible; DotBot/1.2; +https://opensiteexplorer.org/dotbot; help@moz.com)"
162.214.124.144 - - [06/Jul/2025:22:32:48 -0400] "POST /xmlrpc.php HTTP/1.1" 200 252 "http://durdanatariq.com" "Mozilla/5.0 (Windows NT 10.0; Win64; x64; rv:127.0) Gecko/20100101 Firefox/127.0"
129.211.215.233 - - [06/Jul/2025:22:45:32 -0400] "GET / HTTP/1.1" 301 0 "-" "Mozilla/5.0 (iPhone; CPU iPhone OS 13_2_3 like Mac OS X) AppleWebKit/605.1.15 (KHTML, like Gecko) Version/13.0.3 Mobile/15E148 Safari/604.1"
216.244.66.227 - - [06/Jul/2025:22:56:17 -0400] "GET /robots.txt HTTP/1.1" 200 125 "-" "Mozilla/5.0 (compatible; DotBot/1.2; +https://opensiteexplorer.org/dotbot; help@moz.com)"
23.92.177.29 - - [06/Jul/2025:23:01:48 -0400] "POST /wp-cron.php?doing_wp_cron=1751857308.1539978981018066406250 HTTP/1.1" 200 0 "-" "C9vHQGXQIRKI"
216.244.66.227 - - [06/Jul/2025:23:01:47 -0400] "GET /?ND HTTP/1.1" 301 0 "-" "Mozilla/5.0 (compatible; DotBot/1.2; +https://opensiteexplorer.org/dotbot; help@moz.com)"
216.244.66.227 - - [06/Jul/2025:23:02:03 -0400] "GET /?big=cinema-4d-crack%2F HTTP/1.1" 301 0 "-" "Mozilla/5.0 (compatible; DotBot/1.2; +https://opensiteexplorer.org/dotbot; help@moz.com)"
216.244.66.227 - - [06/Jul/2025:23:02:08 -0400] "GET /?big=author%2Fadmin%2Fpage%2F31%2F HTTP/1.1" 301 0 "-" "Mozilla/5.0 (compatible; DotBot/1.2; +https://opensiteexplorer.org/dotbot; help@moz.com)"
216.244.66.227 - - [06/Jul/2025:23:02:12 -0400] "GET /?big=avg-antivirus-crack-apk%2F HTTP/1.1" 301 0 "-" "Mozilla/5.0 (compatible; DotBot/1.2; +https://opensiteexplorer.org/dotbot; help@moz.com)"
216.244.66.227 - - [06/Jul/2025:23:02:16 -0400] "GET /?big=radioboss-crack-torrent-download%2F HTTP/1.1" 301 0 "-" "Mozilla/5.0 (compatible; DotBot/1.2; +https://opensiteexplorer.org/dotbot; help@moz.com)"
216.244.66.227 - - [06/Jul/2025:23:02:19 -0400] "GET /?big=easyworship-crack%2F%3Fshare%3Dtwitter HTTP/1.1" 301 0 "-" "Mozilla/5.0 (compatible; DotBot/1.2; +https://opensiteexplorer.org/dotbot; help@moz.com)"
216.244.66.227 - - [06/Jul/2025:23:02:26 -0400] "GET /?big=malwarebytes-crack-license-key-free-download%2F HTTP/1.1" 301 0 "-" "Mozilla/5.0 (compatible; DotBot/1.2; +https://opensiteexplorer.org/dotbot; help@moz.com)"
216.244.66.227 - - [06/Jul/2025:23:02:33 -0400] "GET /?big=bitdefender-total-security-crack-license-key-download%2F HTTP/1.1" 301 0 "-" "Mozilla/5.0 (compatible; DotBot/1.2; +https://opensiteexplorer.org/dotbot; help@moz.com)"
216.244.66.227 - - [06/Jul/2025:23:02:35 -0400] "GET /?big=winthruster-crack-incl-product-key%2F%3Fshare%3Dfacebook HTTP/1.1" 301 0 "-" "Mozilla/5.0 (compatible; DotBot/1.2; +https://opensiteexplorer.org/dotbot; help@moz.com)"
216.244.66.227 - - [06/Jul/2025:23:02:40 -0400] "GET /?big=iskysoft-pdf-editor-pro-crack-license-key-download%2Ffeed%2F HTTP/1.1" 301 0 "-" "Mozilla/5.0 (compatible; DotBot/1.2; +https://opensiteexplorer.org/dotbot; help@moz.com)"
216.244.66.227 - - [06/Jul/2025:23:02:42 -0400] "GET /?big=photomatix-pro-crack-keygen-download%2F%3Fshare%3Dtwitter HTTP/1.1" 301 0 "-" "Mozilla/5.0 (compatible; DotBot/1.2; +https://opensiteexplorer.org/dotbot; help@moz.com)"
216.244.66.227 - - [06/Jul/2025:23:02:44 -0400] "GET /?big=smartdraw-crack-license-key-full-torrent-download%2Ffeed%2F HTTP/1.1" 301 0 "-" "Mozilla/5.0 (compatible; DotBot/1.2; +https://opensiteexplorer.org/dotbot; help@moz.com)"
216.244.66.227 - - [06/Jul/2025:23:02:45 -0400] "GET /?big=audials-one-crack-activation-key-premium-download%2F%3Fshare%3Dfacebook HTTP/1.1" 301 0 "-" "Mozilla/5.0 (compatible; DotBot/1.2; +https://opensiteexplorer.org/dotbot; help@moz.com)"
216.244.66.227 - - [06/Jul/2025:23:02:47 -0400] "GET /?big=free-studio-crack-activation-key-free-download%2F%3Fshare%3Dtwitter HTTP/1.1" 301 0 "-" "Mozilla/5.0 (compatible; DotBot/1.2; +https://opensiteexplorer.org/dotbot; help@moz.com)"
216.244.66.227 - - [06/Jul/2025:23:02:49 -0400] "GET /?big=pubg-pc-crack-full-version-with-cd-key-new-season-download%2Ffeed%2F HTTP/1.1" 301 0 "-" "Mozilla/5.0 (compatible; DotBot/1.2; +https://opensiteexplorer.org/dotbot; help@moz.com)"
216.244.66.227 - - [06/Jul/2025:23:02:51 -0400] "GET /?big=avg-internet-security-crack-key-full-torrent-download%2F%3Fshare%3Dfacebook HTTP/1.1" 301 0 "-" "Mozilla/5.0 (compatible; DotBot/1.2; +https://opensiteexplorer.org/dotbot; help@moz.com)"
216.244.66.227 - - [06/Jul/2025:23:04:19 -0400] "GET /wp-includes/SimplePie/src/Decode/HTML/?MA HTTP/1.1" 200 1702 "-" "Mozilla/5.0 (compatible; DotBot/1.2; +https://opensiteexplorer.org/dotbot; help@moz.com)"
216.244.66.227 - - [06/Jul/2025:23:05:12 -0400] "GET /blog/ofitsialnogo-sait-kazino-vovan-registratsiia-s-bonusami/?share=twitter HTTP/1.1" 302 0 "-" "Mozilla/5.0 (compatible; DotBot/1.2; +https://opensiteexplorer.org/dotbot; help@moz.com)"
216.244.66.227 - - [06/Jul/2025:23:05:22 -0400] "GET /wp-includes/SimplePie/src/Net/?MD HTTP/1.1" 200 1659 "-" "Mozilla/5.0 (compatible; DotBot/1.2; +https://opensiteexplorer.org/dotbot; help@moz.com)"
51.68.107.139 - - [06/Jul/2025:23:26:42 -0400] "GET /robots.txt HTTP/1.1" 200 125 "-" "Mozilla/5.0 (compatible; MJ12bot/v2.0.2; http://mj12bot.com/)"
51.68.107.139 - - [06/Jul/2025:23:26:42 -0400] "GET / HTTP/1.1" 301 0 "-" "Mozilla/5.0 (compatible; MJ12bot/v2.0.2; http://mj12bot.com/)"
216.244.66.227 - - [06/Jul/2025:23:40:12 -0400] "GET /robots.txt HTTP/1.1" 200 125 "-" "Mozilla/5.0 (compatible; DotBot/1.2; +https://opensiteexplorer.org/dotbot; help@moz.com)"
89.45.83.89 - - [06/Jul/2025:23:43:36 -0400] "POST /xmlrpc.php HTTP/1.1" 200 213 "http://durdanatariq.com" "Mozilla/5.0 (Windows NT 11.0; Win64; x64) AppleWebKit/537.36 (KHTML, like Gecko) Chrome/126.0.0.0 Safari/537.36 Edg/126.0.0.0"
216.244.66.227 - - [06/Jul/2025:23:45:47 -0400] "GET /?MD HTTP/1.1" 301 0 "-" "Mozilla/5.0 (compatible; DotBot/1.2; +https://opensiteexplorer.org/dotbot; help@moz.com)"
216.244.66.227 - - [06/Jul/2025:23:46:10 -0400] "GET /?big=category%2Futility%2Fpage%2F5%2F HTTP/1.1" 301 0 "-" "Mozilla/5.0 (compatible; DotBot/1.2; +https://opensiteexplorer.org/dotbot; help@moz.com)"
216.244.66.227 - - [06/Jul/2025:23:46:14 -0400] "GET /?big=smadav-pro-crack%2Ffeed%2F HTTP/1.1" 301 0 "-" "Mozilla/5.0 (compatible; DotBot/1.2; +https://opensiteexplorer.org/dotbot; help@moz.com)"
216.244.66.227 - - [06/Jul/2025:23:46:18 -0400] "GET /?big=category%2Fdiagram-software%2Ffeed%2F HTTP/1.1" 301 0 "-" "Mozilla/5.0 (compatible; DotBot/1.2; +https://opensiteexplorer.org/dotbot; help@moz.com)"
23.92.177.29 - - [06/Jul/2025:23:46:22 -0400] "POST /wp-cron.php?doing_wp_cron=1751859982.4690370559692382812500 HTTP/1.1" 200 0 "-" "L29Sk8VUec8f"
216.244.66.227 - - [06/Jul/2025:23:46:21 -0400] "GET /?big=category%2Fmultimedia%2Fpage%2F4%2F HTTP/1.1" 301 0 "-" "Mozilla/5.0 (compatible; DotBot/1.2; +https://opensiteexplorer.org/dotbot; help@moz.com)"
216.244.66.227 - - [06/Jul/2025:23:46:31 -0400] "GET /?big=draftsight-crack-download%2F%3Fshare%3Dtwitter HTTP/1.1" 301 0 "-" "Mozilla/5.0 (compatible; DotBot/1.2; +https://opensiteexplorer.org/dotbot; help@moz.com)"
216.244.66.227 - - [06/Jul/2025:23:46:34 -0400] "GET /?big=magix-video-pro-crack-activation-key-download%2F HTTP/1.1" 301 0 "-" "Mozilla/5.0 (compatible; DotBot/1.2; +https://opensiteexplorer.org/dotbot; help@moz.com)"
216.244.66.227 - - [06/Jul/2025:23:46:37 -0400] "GET /?big=recover-my-files-crack-serial-key-download%2F HTTP/1.1" 301 0 "-" "Mozilla/5.0 (compatible; DotBot/1.2; +https://opensiteexplorer.org/dotbot; help@moz.com)"
23.92.177.29 - - [06/Jul/2025:23:46:41 -0400] "POST /wp-cron.php?doing_wp_cron=1751860001.4244980812072753906250 HTTP/1.1" 200 0 "-" "xmpqcjA24q4T"
216.244.66.227 - - [06/Jul/2025:23:46:40 -0400] "GET /?big=acdsee-photo-studio-pro-crack-keys-download%2Ffeed%2F HTTP/1.1" 301 0 "-" "Mozilla/5.0 (compatible; DotBot/1.2; +https://opensiteexplorer.org/dotbot; help@moz.com)"
216.244.66.227 - - [06/Jul/2025:23:46:42 -0400] "GET /?big=lumion-pro-crack-incl-torrent%2F%3Fshare%3Dtwitter HTTP/1.1" 301 0 "-" "Mozilla/5.0 (compatible; DotBot/1.2; +https://opensiteexplorer.org/dotbot; help@moz.com)"
216.244.66.227 - - [06/Jul/2025:23:46:44 -0400] "GET /?big=pdf-architect-crack-activation-key-free-download%2F HTTP/1.1" 301 0 "-" "Mozilla/5.0 (compatible; DotBot/1.2; +https://opensiteexplorer.org/dotbot; help@moz.com)"
216.244.66.227 - - [06/Jul/2025:23:46:48 -0400] "GET /?big=copytrans-crack-activation-code-full-torrent-download%2Ffeed%2F HTTP/1.1" 301 0 "-" "Mozilla/5.0 (compatible; DotBot/1.2; +https://opensiteexplorer.org/dotbot; help@moz.com)"
216.244.66.227 - - [06/Jul/2025:23:46:50 -0400] "GET /?big=daemon-tools-pro-crack-key-free-download%2F%3Fshare%3Dfacebook HTTP/1.1" 301 0 "-" "Mozilla/5.0 (compatible; DotBot/1.2; +https://opensiteexplorer.org/dotbot; help@moz.com)"
216.244.66.227 - - [06/Jul/2025:23:46:52 -0400] "GET /?big=idm-crack-serial-number-full-download%2F%3Fshare%3Dtwitter HTTP/1.1" 301 0 "-" "Mozilla/5.0 (compatible; DotBot/1.2; +https://opensiteexplorer.org/dotbot; help@moz.com)"
216.244.66.227 - - [06/Jul/2025:23:46:59 -0400] "GET /?big=cyberlink-powerdirector-ultra-crack-keygen%2F%3Fshare%3Dfacebook HTTP/1.1" 301 0 "-" "Mozilla/5.0 (compatible; DotBot/1.2; +https://opensiteexplorer.org/dotbot; help@moz.com)"
216.244.66.227 - - [06/Jul/2025:23:47:01 -0400] "GET /?big=ultraedit-crack-keygen-full-torrent-download%2F%3Fshare%3Dfacebook HTTP/1.1" 301 0 "-" "Mozilla/5.0 (compatible; DotBot/1.2; +https://opensiteexplorer.org/dotbot; help@moz.com)"
216.244.66.227 - - [06/Jul/2025:23:47:10 -0400] "GET /?big=avast-internet-security-crack-license-key-full-download%2F%3Fshare%3Dfacebook HTTP/1.1" 301 0 "-" "Mozilla/5.0 (compatible; DotBot/1.2; +https://opensiteexplorer.org/dotbot; help@moz.com)"
216.244.66.227 - - [06/Jul/2025:23:47:51 -0400] "GET /blog/1xbet-1khbet-bukmekerskaia-kontora-bk-1xbet-stavki-na-sport-onlain-vkhod-i-ofitsialnyi-sait/feed/ HTTP/1.1" 200 1187 "-" "Mozilla/5.0 (compatible; DotBot/1.2; +https://opensiteexplorer.org/dotbot; help@moz.com)"
216.244.66.227 - - [06/Jul/2025:23:48:20 -0400] "GET /wp-includes/SimplePie/library/SimplePie/Enclosure.php HTTP/1.1" 200 0 "-" "Mozilla/5.0 (compatible; DotBot/1.2; +https://opensiteexplorer.org/dotbot; help@moz.com)"
216.244.66.227 - - [06/Jul/2025:23:48:30 -0400] "GET /wp-includes/Requests/src/Exception/Transport/Curl.php HTTP/1.1" 500 0 "-" "Mozilla/5.0 (compatible; DotBot/1.2; +https://opensiteexplorer.org/dotbot; help@moz.com)"
216.244.66.227 - - [06/Jul/2025:23:48:32 -0400] "GET /wp-includes/SimplePie/src/Content/Type/Sniffer.php HTTP/1.1" 200 0 "-" "Mozilla/5.0 (compatible; DotBot/1.2; +https://opensiteexplorer.org/dotbot; help@moz.com)"
216.244.66.227 - - [06/Jul/2025:23:48:33 -0400] "GET /wp-includes/js/item.php?path=/home/quantums/.cpanel HTTP/1.1" 200 17467 "-" "Mozilla/5.0 (compatible; DotBot/1.2; +https://opensiteexplorer.org/dotbot; help@moz.com)"
23.92.177.29 - - [06/Jul/2025:23:50:28 -0400] "POST /wp-cron.php?doing_wp_cron=1751860228.7527608871459960937500 HTTP/1.1" 200 0 "-" "OhotZFPlTpJZ"
216.244.66.227 - - [06/Jul/2025:23:50:27 -0400] "GET /blog/10-best-reside-casinos-to-play-for-real-money-on-line-in-2025-2/feed/ HTTP/1.1" 200 1040 "-" "Mozilla/5.0 (compatible; DotBot/1.2; +https://opensiteexplorer.org/dotbot; help@moz.com)"
216.244.66.227 - - [06/Jul/2025:23:50:39 -0400] "GET /wp-includes/js/item.php?filesrc=/home/quantums/.myimunify_id&path=/home/quantums HTTP/1.1" 200 5264 "-" "Mozilla/5.0 (compatible; DotBot/1.2; +https://opensiteexplorer.org/dotbot; help@moz.com)"
103.131.71.160 - - [07/Jul/2025:00:07:08 -0400] "GET /robots.txt HTTP/1.1" 200 125 "-" "Mozilla/5.0 (compatible; coccocbot-web/1.0; +http://help.coccoc.com/searchengine)"
87.236.210.149 - - [07/Jul/2025:00:19:12 -0400] "POST /xmlrpc.php HTTP/1.1" 200 216 "http://durdanatariq.com" "Mozilla/5.0 (Macintosh; Intel Mac OS X 13_3) AppleWebKit/537.36 (KHTML, like Gecko) Chrome/126.0.0.0 Safari/537.36 Edg/126.0.0.0"
216.244.66.227 - - [07/Jul/2025:00:24:56 -0400] "GET /robots.txt HTTP/1.1" 200 125 "-" "Mozilla/5.0 (compatible; DotBot/1.2; +https://opensiteexplorer.org/dotbot; help@moz.com)"
47.82.60.31 - - [07/Jul/2025:00:29:40 -0400] "GET /wp-includes/class-wp-text-diff-renderer-table.php HTTP/1.1" 500 0 "http://durdanatariq.com/wp-includes/class-wp-text-diff-renderer-table.php" "Mozilla/5.0 (Windows NT 10.0; Win64; x64) AppleWebKit/537.36 (KHTML, like Gecko) Chrome/114.0.0.0 Safari/537.36 Edg/114.0.1823.43"
129.226.213.145 - - [07/Jul/2025:00:30:58 -0400] "GET / HTTP/1.1" 301 0 "-" "Mozilla/5.0 (iPhone; CPU iPhone OS 13_2_3 like Mac OS X) AppleWebKit/605.1.15 (KHTML, like Gecko) Version/13.0.3 Mobile/15E148 Safari/604.1"
216.244.66.227 - - [07/Jul/2025:00:31:11 -0400] "GET /?big=category%2Fios%2Ffeed%2F HTTP/1.1" 301 0 "-" "Mozilla/5.0 (compatible; DotBot/1.2; +https://opensiteexplorer.org/dotbot; help@moz.com)"
23.92.177.29 - - [07/Jul/2025:00:31:37 -0400] "POST /wp-cron.php?doing_wp_cron=1751862697.2968180179595947265625 HTTP/1.1" 200 0 "-" "CczJHShX12bZ"
216.244.66.227 - - [07/Jul/2025:00:31:36 -0400] "GET /?big=typing-master-pro-crack%2F%3Fshare%3Dfacebook HTTP/1.1" 301 0 "-" "Mozilla/5.0 (compatible; DotBot/1.2; +https://opensiteexplorer.org/dotbot; help@moz.com)"
23.92.177.29 - - [07/Jul/2025:00:31:42 -0400] "POST /wp-cron.php?doing_wp_cron=1751862702.9755799770355224609375 HTTP/1.1" 200 0 "-" "uiiXcT4DRntO"
216.244.66.227 - - [07/Jul/2025:00:31:42 -0400] "GET /?big=idm-patch-serial-number-download%2F%3Fshare%3Dfacebook HTTP/1.1" 301 0 "-" "Mozilla/5.0 (compatible; DotBot/1.2; +https://opensiteexplorer.org/dotbot; help@moz.com)"
216.244.66.227 - - [07/Jul/2025:00:31:46 -0400] "GET /?big=mozilla-firefox-crack-offline-installer-download%2F HTTP/1.1" 301 0 "-" "Mozilla/5.0 (compatible; DotBot/1.2; +https://opensiteexplorer.org/dotbot; help@moz.com)"
216.244.66.227 - - [07/Jul/2025:00:31:49 -0400] "GET /?big=avast-premier-license-key-incl-crack%2F%3Fshare%3Dtwitter HTTP/1.1" 301 0 "-" "Mozilla/5.0 (compatible; DotBot/1.2; +https://opensiteexplorer.org/dotbot; help@moz.com)"
216.244.66.227 - - [07/Jul/2025:00:31:52 -0400] "GET /?big=microsoft-office-2019-iso-full-crack-key-download%2Ffeed%2F HTTP/1.1" 301 0 "-" "Mozilla/5.0 (compatible; DotBot/1.2; +https://opensiteexplorer.org/dotbot; help@moz.com)"
216.244.66.227 - - [07/Jul/2025:00:31:55 -0400] "GET /?big=windows-8-1-crack-activation-key-torrent-download%2Ffeed%2F HTTP/1.1" 301 0 "-" "Mozilla/5.0 (compatible; DotBot/1.2; +https://opensiteexplorer.org/dotbot; help@moz.com)"
216.244.66.227 - - [07/Jul/2025:00:31:57 -0400] "GET /?big=any-video-converter-pro-crack-keygen-download%2F%3Fshare%3Dtwitter HTTP/1.1" 301 0 "-" "Mozilla/5.0 (compatible; DotBot/1.2; +https://opensiteexplorer.org/dotbot; help@moz.com)"
216.244.66.227 - - [07/Jul/2025:00:31:59 -0400] "GET /?big=ardamax-keylogger-crack-key-full-torrent-download%2F%3Fshare%3Dfacebook HTTP/1.1" 301 0 "-" "Mozilla/5.0 (compatible; DotBot/1.2; +https://opensiteexplorer.org/dotbot; help@moz.com)"
216.244.66.227 - - [07/Jul/2025:00:32:01 -0400] "GET /?big=total-av-crack-serial-key-full-download-update%2F%3Fshare%3Dfacebook HTTP/1.1" 301 0 "-" "Mozilla/5.0 (compatible; DotBot/1.2; +https://opensiteexplorer.org/dotbot; help@moz.com)"
216.244.66.227 - - [07/Jul/2025:00:32:03 -0400] "GET /?big=wondershare-pdfelement-pro-crack-serial-key-download-v1%2Ffeed%2F HTTP/1.1" 301 0 "-" "Mozilla/5.0 (compatible; DotBot/1.2; +https://opensiteexplorer.org/dotbot; help@moz.com)"
216.244.66.227 - - [07/Jul/2025:00:32:05 -0400] "GET /?big=efootball-pes-full-game-crack-pc-download-multiplayer%2F%3Fshare%3Dtwitter HTTP/1.1" 301 0 "-" "Mozilla/5.0 (compatible; DotBot/1.2; +https://opensiteexplorer.org/dotbot; help@moz.com)"
216.244.66.227 - - [07/Jul/2025:00:32:07 -0400] "GET /?big=glary-utilities-pro-crack-license-key-full-torrent-download%2F%3Fshare%3Dfacebook HTTP/1.1" 301 0 "-" "Mozilla/5.0 (compatible; DotBot/1.2; +https://opensiteexplorer.org/dotbot; help@moz.com)"
216.244.66.227 - - [07/Jul/2025:00:32:08 -0400] "GET /blog/is-pin-up-a-new-scam/feed/ HTTP/1.1" 200 948 "-" "Mozilla/5.0 (compatible; DotBot/1.2; +https://opensiteexplorer.org/dotbot; help@moz.com)"
216.244.66.227 - - [07/Jul/2025:00:33:20 -0400] "GET /wp-includes/Requests/src/Exception/Http/?SA HTTP/1.1" 200 11691 "-" "Mozilla/5.0 (compatible; DotBot/1.2; +https://opensiteexplorer.org/dotbot; help@moz.com)"
216.244.66.227 - - [07/Jul/2025:00:34:31 -0400] "GET /wp-includes/Requests/src/Exception/?MD HTTP/1.1" 200 3960 "-" "Mozilla/5.0 (compatible; DotBot/1.2; +https://opensiteexplorer.org/dotbot; help@moz.com)"
216.244.66.227 - - [07/Jul/2025:00:34:57 -0400] "GET /wp-includes/SimplePie/src/Content/Type/?SD HTTP/1.1" 200 1703 "-" "Mozilla/5.0 (compatible; DotBot/1.2; +https://opensiteexplorer.org/dotbot; help@moz.com)"
47.82.60.25 - - [07/Jul/2025:00:38:31 -0400] "GET /wp-includes/class-wpdb.php HTTP/1.1" 200 0 "http://durdanatariq.com/wp-includes/class-wpdb.php" "Mozilla/5.0 (Windows NT 10.0; Win64; x64) AppleWebKit/537.36 (KHTML, like Gecko) Chrome/114.0.0.0 Safari/537.36 Edg/114.0.1823.43"
47.82.60.44 - - [07/Jul/2025:00:39:30 -0400] "GET /wp-includes/default-widgets.php HTTP/1.1" 500 0 "http://www.durdanatariq.com/wp-includes/default-widgets.php" "Mozilla/5.0 (Windows NT 10.0; Win64; x64) AppleWebKit/537.36 (KHTML, like Gecko) Chrome/114.0.0.0 Safari/537.36 Edg/114.0.1823.43"
47.82.60.4 - - [07/Jul/2025:00:40:17 -0400] "GET /wp-includes/class-wp-rewrite.php HTTP/1.1" 200 0 "http://durdanatariq.com/wp-includes/class-wp-rewrite.php" "Mozilla/5.0 (Windows NT 10.0; Win64; x64) AppleWebKit/537.36 (KHTML, like Gecko) Chrome/114.0.0.0 Safari/537.36 Edg/114.0.1823.43"
47.82.60.4 - - [07/Jul/2025:00:41:03 -0400] "GET /wp-includes/style-engine HTTP/1.1" 301 795 "http://www.durdanatariq.com/wp-includes/style-engine" "Mozilla/5.0 (Windows NT 10.0; Win64; x64) AppleWebKit/537.36 (KHTML, like Gecko) Chrome/114.0.0.0 Safari/537.36 Edg/114.0.1823.43"
47.82.60.4 - - [07/Jul/2025:00:41:03 -0400] "GET /wp-includes/style-engine/ HTTP/1.1" 200 918 "http://www.durdanatariq.com/wp-includes/style-engine" "Mozilla/5.0 (Windows NT 10.0; Win64; x64) AppleWebKit/537.36 (KHTML, like Gecko) Chrome/114.0.0.0 Safari/537.36 Edg/114.0.1823.43"
47.82.60.38 - - [07/Jul/2025:00:42:22 -0400] "GET /wp-includes/class-wp-http-requests-hooks.php HTTP/1.1" 500 0 "http://durdanatariq.com/wp-includes/class-wp-http-requests-hooks.php" "Mozilla/5.0 (Windows NT 10.0; Win64; x64) AppleWebKit/537.36 (KHTML, like Gecko) Chrome/114.0.0.0 Safari/537.36 Edg/114.0.1823.43"
47.82.60.8 - - [07/Jul/2025:00:42:39 -0400] "GET /wp-includes/ms-network.php HTTP/1.1" 200 0 "http://www.durdanatariq.com/wp-includes/ms-network.php" "Mozilla/5.0 (Windows NT 10.0; Win64; x64) AppleWebKit/537.36 (KHTML, like Gecko) Chrome/114.0.0.0 Safari/537.36 Edg/114.0.1823.43"
47.82.60.25 - - [07/Jul/2025:00:42:47 -0400] "GET /wp-includes/https-detection.php HTTP/1.1" 200 0 "http://www.durdanatariq.com/wp-includes/https-detection.php" "Mozilla/5.0 (Windows NT 10.0; Win64; x64) AppleWebKit/537.36 (KHTML, like Gecko) Chrome/114.0.0.0 Safari/537.36 Edg/114.0.1823.43"
47.82.60.25 - - [07/Jul/2025:00:43:09 -0400] "GET /wp-includes/class-wp-dependency.php HTTP/1.1" 200 0 "http://durdanatariq.com/wp-includes/class-wp-dependency.php" "Mozilla/5.0 (Windows NT 10.0; Win64; x64) AppleWebKit/537.36 (KHTML, like Gecko) Chrome/114.0.0.0 Safari/537.36 Edg/114.0.1823.43"
47.82.60.38 - - [07/Jul/2025:00:43:10 -0400] "GET /wp-includes/class-wp-xmlrpc-server.php HTTP/1.1" 500 0 "http://www.durdanatariq.com/wp-includes/class-wp-xmlrpc-server.php" "Mozilla/5.0 (Windows NT 10.0; Win64; x64) AppleWebKit/537.36 (KHTML, like Gecko) Chrome/114.0.0.0 Safari/537.36 Edg/114.0.1823.43"
47.82.60.10 - - [07/Jul/2025:00:43:25 -0400] "GET /wp-includes/class-wp-block-parser.php HTTP/1.1" 200 0 "http://durdanatariq.com/wp-includes/class-wp-block-parser.php" "Mozilla/5.0 (Windows NT 10.0; Win64; x64) AppleWebKit/537.36 (KHTML, like Gecko) Chrome/114.0.0.0 Safari/537.36 Edg/114.0.1823.43"
47.82.60.6 - - [07/Jul/2025:00:43:33 -0400] "GET /wp-includes/pluggable-deprecated.php HTTP/1.1" 200 0 "http://durdanatariq.com/wp-includes/pluggable-deprecated.php" "Mozilla/5.0 (Windows NT 10.0; Win64; x64) AppleWebKit/537.36 (KHTML, like Gecko) Chrome/114.0.0.0 Safari/537.36 Edg/114.0.1823.43"
47.82.60.22 - - [07/Jul/2025:00:43:44 -0400] "GET /wp-includes/functions.wp-scripts.php HTTP/1.1" 200 0 "http://www.durdanatariq.com/wp-includes/functions.wp-scripts.php" "Mozilla/5.0 (Windows NT 10.0; Win64; x64) AppleWebKit/537.36 (KHTML, like Gecko) Chrome/114.0.0.0 Safari/537.36 Edg/114.0.1823.43"
47.82.60.12 - - [07/Jul/2025:00:43:50 -0400] "GET /wp-includes/class-wp-theme-json-schema.php HTTP/1.1" 200 0 "http://www.durdanatariq.com/wp-includes/class-wp-theme-json-schema.php" "Mozilla/5.0 (Windows NT 10.0; Win64; x64) AppleWebKit/537.36 (KHTML, like Gecko) Chrome/114.0.0.0 Safari/537.36 Edg/114.0.1823.43"
47.82.60.11 - - [07/Jul/2025:00:44:00 -0400] "GET /wp-includes/ID3 HTTP/1.1" 301 795 "http://durdanatariq.com/wp-includes/ID3" "Mozilla/5.0 (Windows NT 10.0; Win64; x64) AppleWebKit/537.36 (KHTML, like Gecko) Chrome/114.0.0.0 Safari/537.36 Edg/114.0.1823.43"
47.82.60.11 - - [07/Jul/2025:00:44:00 -0400] "GET /wp-includes/ID3/ HTTP/1.1" 200 1590 "http://durdanatariq.com/wp-includes/ID3" "Mozilla/5.0 (Windows NT 10.0; Win64; x64) AppleWebKit/537.36 (KHTML, like Gecko) Chrome/114.0.0.0 Safari/537.36 Edg/114.0.1823.43"
47.82.60.34 - - [07/Jul/2025:00:44:06 -0400] "GET /wp-includes/class-wp-navigation-fallback.php HTTP/1.1" 200 0 "http://durdanatariq.com/wp-includes/class-wp-navigation-fallback.php" "Mozilla/5.0 (Windows NT 10.0; Win64; x64) AppleWebKit/537.36 (KHTML, like Gecko) Chrome/114.0.0.0 Safari/537.36 Edg/114.0.1823.43"
47.82.60.14 - - [07/Jul/2025:00:44:11 -0400] "GET /wp-includes/class-wp-block-parser-block.php HTTP/1.1" 200 0 "http://durdanatariq.com/wp-includes/class-wp-block-parser-block.php" "Mozilla/5.0 (Windows NT 10.0; Win64; x64) AppleWebKit/537.36 (KHTML, like Gecko) Chrome/114.0.0.0 Safari/537.36 Edg/114.0.1823.43"
47.82.60.38 - - [07/Jul/2025:00:44:43 -0400] "GET /wp-includes/block-editor.php HTTP/1.1" 200 0 "http://durdanatariq.com/wp-includes/block-editor.php" "Mozilla/5.0 (Windows NT 10.0; Win64; x64) AppleWebKit/537.36 (KHTML, like Gecko) Chrome/114.0.0.0 Safari/537.36 Edg/114.0.1823.43"
47.82.60.48 - - [07/Jul/2025:00:45:53 -0400] "GET /wp-includes/class-wp-recovery-mode.php HTTP/1.1" 200 0 "http://durdanatariq.com/wp-includes/class-wp-recovery-mode.php" "Mozilla/5.0 (Windows NT 10.0; Win64; x64) AppleWebKit/537.36 (KHTML, like Gecko) Chrome/114.0.0.0 Safari/537.36 Edg/114.0.1823.43"
47.82.60.17 - - [07/Jul/2025:00:46:11 -0400] "GET /wp-includes/robots-template.php HTTP/1.1" 200 0 "http://durdanatariq.com/wp-includes/robots-template.php" "Mozilla/5.0 (Windows NT 10.0; Win64; x64) AppleWebKit/537.36 (KHTML, like Gecko) Chrome/114.0.0.0 Safari/537.36 Edg/114.0.1823.43"
47.82.60.36 - - [07/Jul/2025:00:46:47 -0400] "GET /wp-includes/class-wp-text-diff-renderer-inline.php HTTP/1.1" 500 0 "http://durdanatariq.com/wp-includes/class-wp-text-diff-renderer-inline.php" "Mozilla/5.0 (Windows NT 10.0; Win64; x64) AppleWebKit/537.36 (KHTML, like Gecko) Chrome/114.0.0.0 Safari/537.36 Edg/114.0.1823.43"
47.82.60.30 - - [07/Jul/2025:00:46:50 -0400] "GET /wp-includes/class-avif-info.php HTTP/1.1" 200 0 "http://www.durdanatariq.com/wp-includes/class-avif-info.php" "Mozilla/5.0 (Windows NT 10.0; Win64; x64) AppleWebKit/537.36 (KHTML, like Gecko) Chrome/114.0.0.0 Safari/537.36 Edg/114.0.1823.43"
47.82.60.49 - - [07/Jul/2025:00:47:14 -0400] "GET /wp-includes/error_log HTTP/1.1" 403 1242 "http://www.durdanatariq.com/wp-includes/error_log" "Mozilla/5.0 (Windows NT 10.0; Win64; x64) AppleWebKit/537.36 (KHTML, like Gecko) Chrome/114.0.0.0 Safari/537.36 Edg/114.0.1823.43"
54.38.94.194 - - [07/Jul/2025:00:53:51 -0400] "POST /xmlrpc.php HTTP/1.1" 200 215 "http://durdanatariq.com" "Mozilla/5.0 (Macintosh; Intel Mac OS X 10_15_7; rv:128.0) Gecko/20100101 Firefox/128.0"
192.0.113.83 - - [07/Jul/2025:00:57:03 -0400] "GET /feed/ HTTP/1.1" 200 151962 "-" "wp.com feedbot/1.0 (+https://wp.com;subscribers=1;feed-id=95093685)"
192.0.113.83 - - [07/Jul/2025:00:57:46 -0400] "GET /feed HTTP/1.1" 301 0 "-" "wp.com feedbot/1.0 (+https://wp.com;subscribers=1;feed-id=95093685)"
192.0.113.83 - - [07/Jul/2025:00:57:47 -0400] "GET /feed/ HTTP/1.1" 200 151962 "-" "wp.com feedbot/1.0 (+https://wp.com;subscribers=1;feed-id=95093685)"
43.165.65.75 - - [07/Jul/2025:01:02:06 -0400] "GET / HTTP/1.1" 301 0 "-" "Mozilla/5.0 (iPhone; CPU iPhone OS 13_2_3 like Mac OS X) AppleWebKit/605.1.15 (KHTML, like Gecko) Version/13.0.3 Mobile/15E148 Safari/604.1"
216.244.66.227 - - [07/Jul/2025:01:08:51 -0400] "GET /robots.txt HTTP/1.1" 200 125 "-" "Mozilla/5.0 (compatible; DotBot/1.2; +https://opensiteexplorer.org/dotbot; help@moz.com)"
64.227.155.126 - - [07/Jul/2025:01:14:23 -0400] "GET /wp-admin/css/ HTTP/1.1" 200 3554 "binance.com" "Mozilla/5.0 (Windows NT 10.0; Win64; x64) AppleWebKit/537.36 (KHTML, like Gecko) Chrome/90.0.4430.85 Safari/537.36"
23.92.177.29 - - [07/Jul/2025:01:14:30 -0400] "POST /wp-cron.php?doing_wp_cron=1751865269.9892480373382568359375 HTTP/1.1" 200 0 "-" "Jc5TUKVky4pZ"
64.227.155.126 - - [07/Jul/2025:01:14:28 -0400] "GET /wp-content/uploads/2025/07/ HTTP/1.1" 404 24199 "binance.com" "Mozilla/5.0 (Windows NT 10.0; Win64; x64) AppleWebKit/537.36 (KHTML, like Gecko) Chrome/90.0.4430.85 Safari/537.36"
64.227.155.126 - - [07/Jul/2025:01:14:36 -0400] "GET /wp-content/uploads/2025/06/ HTTP/1.1" 404 24199 "binance.com" "Mozilla/5.0 (Windows NT 10.0; Win64; x64) AppleWebKit/537.36 (KHTML, like Gecko) Chrome/90.0.4430.85 Safari/537.36"
51.68.236.91 - - [07/Jul/2025:01:14:39 -0400] "GET /robots.txt HTTP/1.1" 200 125 "-" "Mozilla/5.0 (compatible; MJ12bot/v2.0.2; http://mj12bot.com/)"
64.227.155.126 - - [07/Jul/2025:01:14:40 -0400] "GET /wp-content/uploads/ HTTP/1.1" 200 1453 "binance.com" "Mozilla/5.0 (Windows NT 10.0; Win64; x64) AppleWebKit/537.36 (KHTML, like Gecko) Chrome/90.0.4430.85 Safari/537.36"
51.68.236.91 - - [07/Jul/2025:01:14:40 -0400] "GET / HTTP/1.1" 301 0 "-" "Mozilla/5.0 (compatible; MJ12bot/v2.0.2; http://mj12bot.com/)"
64.227.155.126 - - [07/Jul/2025:01:14:44 -0400] "GET /wp-content/upgrade/ HTTP/1.1" 200 679 "binance.com" "Mozilla/5.0 (Windows NT 10.0; Win64; x64) AppleWebKit/537.36 (KHTML, like Gecko) Chrome/90.0.4430.85 Safari/537.36"
64.227.155.126 - - [07/Jul/2025:01:14:49 -0400] "GET /wp-content/languages/ HTTP/1.1" 404 24188 "binance.com" "Mozilla/5.0 (Windows NT 10.0; Win64; x64) AppleWebKit/537.36 (KHTML, like Gecko) Chrome/90.0.4430.85 Safari/537.36"
64.227.155.126 - - [07/Jul/2025:01:14:55 -0400] "GET /wp-admin/includes/ HTTP/1.1" 200 4206 "binance.com" "Mozilla/5.0 (Windows NT 10.0; Win64; x64) AppleWebKit/537.36 (KHTML, like Gecko) Chrome/90.0.4430.85 Safari/537.36"
64.227.155.126 - - [07/Jul/2025:01:15:02 -0400] "GET /wp-admin/includes/ HTTP/1.1" 200 4122 "binance.com" "Mozilla/5.0 (Windows NT 10.0; Win64; x64) AppleWebKit/537.36 (KHTML, like Gecko) Chrome/90.0.4430.85 Safari/537.36"
64.227.155.126 - - [07/Jul/2025:01:15:06 -0400] "GET /wp-admin/maint/ HTTP/1.1" 200 829 "binance.com" "Mozilla/5.0 (Windows NT 10.0; Win64; x64) AppleWebKit/537.36 (KHTML, like Gecko) Chrome/90.0.4430.85 Safari/537.36"
64.227.155.126 - - [07/Jul/2025:01:15:10 -0400] "GET /wp-admin/maint/ HTTP/1.1" 200 829 "binance.com" "Mozilla/5.0 (Windows NT 10.0; Win64; x64) AppleWebKit/537.36 (KHTML, like Gecko) Chrome/90.0.4430.85 Safari/537.36"
216.244.66.227 - - [07/Jul/2025:01:15:12 -0400] "GET /?big=adobe-photoshop-cc-crack%2Ffeed%2F HTTP/1.1" 301 0 "-" "Mozilla/5.0 (compatible; DotBot/1.2; +https://opensiteexplorer.org/dotbot; help@moz.com)"
64.227.155.126 - - [07/Jul/2025:01:15:15 -0400] "GET /wp-admin/network/ HTTP/1.1" 302 0 "binance.com" "Mozilla/5.0 (Windows NT 10.0; Win64; x64) AppleWebKit/537.36 (KHTML, like Gecko) Chrome/90.0.4430.85 Safari/537.36"
216.244.66.227 - - [07/Jul/2025:01:15:19 -0400] "GET /?big=aomei-partition-assistant-crack%2F HTTP/1.1" 301 0 "-" "Mozilla/5.0 (compatible; DotBot/1.2; +https://opensiteexplorer.org/dotbot; help@moz.com)"
216.244.66.227 - - [07/Jul/2025:01:15:28 -0400] "GET /?big=adobe-photoshop-cc-crack%2F%3Fshare%3Dfacebook HTTP/1.1" 301 0 "-" "Mozilla/5.0 (compatible; DotBot/1.2; +https://opensiteexplorer.org/dotbot; help@moz.com)"
64.227.155.126 - - [07/Jul/2025:01:15:31 -0400] "GET /wp-admin/user/ HTTP/1.1" 302 0 "binance.com" "Mozilla/5.0 (Windows NT 10.0; Win64; x64) AppleWebKit/537.36 (KHTML, like Gecko) Chrome/90.0.4430.85 Safari/537.36"
216.244.66.227 - - [07/Jul/2025:01:15:34 -0400] "GET /?big=auslogics-disk-defrag-pro-crack-key-download%2F HTTP/1.1" 301 0 "-" "Mozilla/5.0 (compatible; DotBot/1.2; +https://opensiteexplorer.org/dotbot; help@moz.com)"
216.244.66.227 - - [07/Jul/2025:01:15:40 -0400] "GET /?big=eset-nod32-antivirus-crack-license-key%2F%3FSA HTTP/1.1" 301 0 "-" "Mozilla/5.0 (compatible; DotBot/1.2; +https://opensiteexplorer.org/dotbot; help@moz.com)"
216.244.66.227 - - [07/Jul/2025:01:15:44 -0400] "GET /?big=iobit-uninstaller-pro-key-crack%2F%3Fshare%3Dtwitter HTTP/1.1" 301 0 "-" "Mozilla/5.0 (compatible; DotBot/1.2; +https://opensiteexplorer.org/dotbot; help@moz.com)"
64.227.155.126 - - [07/Jul/2025:01:15:48 -0400] "GET /wp-admin/css/ HTTP/1.1" 200 3523 "binance.com" "Mozilla/5.0 (Windows NT 10.0; Win64; x64) AppleWebKit/537.36 (KHTML, like Gecko) Chrome/90.0.4430.85 Safari/537.36"
216.244.66.227 - - [07/Jul/2025:01:15:49 -0400] "GET /blog/how-to-download-glory-casino-app-for-seamless-experience/ HTTP/1.1" 200 82942 "-" "Mozilla/5.0 (compatible; DotBot/1.2; +https://opensiteexplorer.org/dotbot; help@moz.com)"
64.227.155.126 - - [07/Jul/2025:01:15:51 -0400] "GET /wp-admin/css/colors/ HTTP/1.1" 200 1362 "binance.com" "Mozilla/5.0 (Windows NT 10.0; Win64; x64) AppleWebKit/537.36 (KHTML, like Gecko) Chrome/90.0.4430.85 Safari/537.36"
216.244.66.227 - - [07/Jul/2025:01:15:53 -0400] "GET /?big=adobe-illustrator-crack-key-full-version-free-download%2F HTTP/1.1" 301 0 "-" "Mozilla/5.0 (compatible; DotBot/1.2; +https://opensiteexplorer.org/dotbot; help@moz.com)"
64.227.155.126 - - [07/Jul/2025:01:15:56 -0400] "GET /wp-admin/css/colors/blue/ HTTP/1.1" 200 1244 "binance.com" "Mozilla/5.0 (Windows NT 10.0; Win64; x64) AppleWebKit/537.36 (KHTML, like Gecko) Chrome/90.0.4430.85 Safari/537.36"
216.244.66.227 - - [07/Jul/2025:01:15:57 -0400] "GET /?big=avast-internet-security-crack-license-key-full-download%2F%3FSA HTTP/1.1" 301 0 "-" "Mozilla/5.0 (compatible; DotBot/1.2; +https://opensiteexplorer.org/dotbot; help@moz.com)"
64.227.155.126 - - [07/Jul/2025:01:16:00 -0400] "GET /wp-admin/css/colors/coffee/ HTTP/1.1" 200 879 "binance.com" "Mozilla/5.0 (Windows NT 10.0; Win64; x64) AppleWebKit/537.36 (KHTML, like Gecko) Chrome/90.0.4430.85 Safari/537.36"
216.244.66.227 - - [07/Jul/2025:01:16:00 -0400] "GET /?big=drivermax-pro-crack-registration-code%2F%3Fshare%3Dfacebook HTTP/1.1" 301 0 "-" "Mozilla/5.0 (compatible; DotBot/1.2; +https://opensiteexplorer.org/dotbot; help@moz.com)"
216.244.66.227 - - [07/Jul/2025:01:16:04 -0400] "GET /?big=photomatix-pro-crack-keygen-download%2F%3Fshare%3Dfacebook HTTP/1.1" 301 0 "-" "Mozilla/5.0 (compatible; DotBot/1.2; +https://opensiteexplorer.org/dotbot; help@moz.com)"
64.227.155.126 - - [07/Jul/2025:01:16:05 -0400] "GET /wp-admin/css/colors/ectoplasm/ HTTP/1.1" 200 886 "binance.com" "Mozilla/5.0 (Windows NT 10.0; Win64; x64) AppleWebKit/537.36 (KHTML, like Gecko) Chrome/90.0.4430.85 Safari/537.36"
216.244.66.227 - - [07/Jul/2025:01:16:07 -0400] "GET /?big=unity-crack-serial-number-download-win-mac%2F%3Fshare%3Dtwitter HTTP/1.1" 301 0 "-" "Mozilla/5.0 (compatible; DotBot/1.2; +https://opensiteexplorer.org/dotbot; help@moz.com)"
216.244.66.227 - - [07/Jul/2025:01:16:10 -0400] "GET /?big=adobe-premiere-pro-crack-activation-code-download%2F%3Fshare%3Dtwitter HTTP/1.1" 301 0 "-" "Mozilla/5.0 (compatible; DotBot/1.2; +https://opensiteexplorer.org/dotbot; help@moz.com)"
216.244.66.227 - - [07/Jul/2025:01:16:12 -0400] "GET /?big=camtasia-studio-crack-serial-key-free-download-v1%2F%3Fshare%3Dtwitter HTTP/1.1" 301 0 "-" "Mozilla/5.0 (compatible; DotBot/1.2; +https://opensiteexplorer.org/dotbot; help@moz.com)"
64.227.155.126 - - [07/Jul/2025:01:16:15 -0400] "GET /wp-admin/css/colors/light/ HTTP/1.1" 200 880 "binance.com" "Mozilla/5.0 (Windows NT 10.0; Win64; x64) AppleWebKit/537.36 (KHTML, like Gecko) Chrome/90.0.4430.85 Safari/537.36"
216.244.66.227 - - [07/Jul/2025:01:16:15 -0400] "GET /?big=movavi-pdf-editor-crack-activation-key-download%2F%3Fshare%3Dfacebook HTTP/1.1" 301 0 "-" "Mozilla/5.0 (compatible; DotBot/1.2; +https://opensiteexplorer.org/dotbot; help@moz.com)"
216.244.66.227 - - [07/Jul/2025:01:16:17 -0400] "GET /?big=origin-pro-crack-key-full-version-free-download%2F%3Fshare%3Dfacebook HTTP/1.1" 301 0 "-" "Mozilla/5.0 (compatible; DotBot/1.2; +https://opensiteexplorer.org/dotbot; help@moz.com)"
64.227.155.126 - - [07/Jul/2025:01:16:21 -0400] "GET /wp-admin/css/colors/midnight/ HTTP/1.1" 200 882 "binance.com" "Mozilla/5.0 (Windows NT 10.0; Win64; x64) AppleWebKit/537.36 (KHTML, like Gecko) Chrome/90.0.4430.85 Safari/537.36"
23.92.177.29 - - [07/Jul/2025:01:16:21 -0400] "POST /wp-cron.php?doing_wp_cron=1751865381.4266149997711181640625 HTTP/1.1" 200 0 "-" "KtAt65yxCAgW"
216.244.66.227 - - [07/Jul/2025:01:16:20 -0400] "GET /?big=windows-8-product-key-key-full-working-download%2F%3Fshare%3Dfacebook HTTP/1.1" 301 0 "-" "Mozilla/5.0 (compatible; DotBot/1.2; +https://opensiteexplorer.org/dotbot; help@moz.com)"
216.244.66.227 - - [07/Jul/2025:01:16:23 -0400] "GET /?big=fl-studio-crack-keygen-torrent-full-version-download%2F%3Fshare%3Dfacebook HTTP/1.1" 301 0 "-" "Mozilla/5.0 (compatible; DotBot/1.2; +https://opensiteexplorer.org/dotbot; help@moz.com)"
64.227.155.126 - - [07/Jul/2025:01:16:26 -0400] "GET /wp-admin/css/colors/modern/ HTTP/1.1" 200 884 "binance.com" "Mozilla/5.0 (Windows NT 10.0; Win64; x64) AppleWebKit/537.36 (KHTML, like Gecko) Chrome/90.0.4430.85 Safari/537.36"
216.244.66.227 - - [07/Jul/2025:01:16:26 -0400] "GET /?big=fl-studio-crack-keygen-torrent-full-version-download%2F%3Fshare%3Dtwitter HTTP/1.1" 301 0 "-" "Mozilla/5.0 (compatible; DotBot/1.2; +https://opensiteexplorer.org/dotbot; help@moz.com)"
216.244.66.227 - - [07/Jul/2025:01:16:29 -0400] "GET /blog/bukmekerskie-kontory-luchshie-bukmekerskie-kontory-v-rossii-top-reiting-bk-dli-stavok-kakie-chem-2/?share=twitter HTTP/1.1" 302 0 "-" "Mozilla/5.0 (compatible; DotBot/1.2; +https://opensiteexplorer.org/dotbot; help@moz.com)"
64.227.155.126 - - [07/Jul/2025:01:16:33 -0400] "GET /wp-admin/css/colors/ocean/ HTTP/1.1" 200 880 "binance.com" "Mozilla/5.0 (Windows NT 10.0; Win64; x64) AppleWebKit/537.36 (KHTML, like Gecko) Chrome/90.0.4430.85 Safari/537.36"
64.227.155.126 - - [07/Jul/2025:01:16:41 -0400] "GET /wp-admin/css/colors/sunrise/%20 HTTP/1.1" 301 0 "binance.com" "Mozilla/5.0 (Windows NT 10.0; Win64; x64) AppleWebKit/537.36 (KHTML, like Gecko) Chrome/90.0.4430.85 Safari/537.36"
64.227.155.126 - - [07/Jul/2025:01:16:42 -0400] "GET /wp-admin/css/colors/sunrise/ HTTP/1.1" 200 881 "binance.com" "Mozilla/5.0 (Windows NT 10.0; Win64; x64) AppleWebKit/537.36 (KHTML, like Gecko) Chrome/90.0.4430.85 Safari/537.36"
64.227.155.126 - - [07/Jul/2025:01:16:46 -0400] "GET /wp-admin/images/ HTTP/1.1" 200 2985 "binance.com" "Mozilla/5.0 (Windows NT 10.0; Win64; x64) AppleWebKit/537.36 (KHTML, like Gecko) Chrome/90.0.4430.85 Safari/537.36"
64.227.155.126 - - [07/Jul/2025:01:16:51 -0400] "GET /wp-admin/js/ HTTP/1.1" 200 3446 "binance.com" "Mozilla/5.0 (Windows NT 10.0; Win64; x64) AppleWebKit/537.36 (KHTML, like Gecko) Chrome/90.0.4430.85 Safari/537.36"
64.227.155.126 - - [07/Jul/2025:01:16:56 -0400] "GET /wp-admin/js/widgets/ HTTP/1.1" 200 1501 "binance.com" "Mozilla/5.0 (Windows NT 10.0; Win64; x64) AppleWebKit/537.36 (KHTML, like Gecko) Chrome/90.0.4430.85 Safari/537.36"
64.227.155.126 - - [07/Jul/2025:01:17:02 -0400] "GET /wp-includes/ HTTP/1.1" 200 8597 "binance.com" "Mozilla/5.0 (Windows NT 10.0; Win64; x64) AppleWebKit/537.36 (KHTML, like Gecko) Chrome/90.0.4430.85 Safari/537.36"
64.227.155.126 - - [07/Jul/2025:01:17:08 -0400] "GET /wp-includes/ HTTP/1.1" 200 8427 "binance.com" "Mozilla/5.0 (Windows NT 10.0; Win64; x64) AppleWebKit/537.36 (KHTML, like Gecko) Chrome/90.0.4430.85 Safari/537.36"
64.227.155.126 - - [07/Jul/2025:01:17:13 -0400] "GET /wp-includes/block-bindings.php HTTP/1.1" 200 0 "binance.com" "Mozilla/5.0 (Windows NT 10.0; Win64; x64) AppleWebKit/537.36 (KHTML, like Gecko) Chrome/90.0.4430.85 Safari/537.36"
64.227.155.126 - - [07/Jul/2025:01:17:18 -0400] "GET /wp-includes/block-editor.php HTTP/1.1" 200 0 "binance.com" "Mozilla/5.0 (Windows NT 10.0; Win64; x64) AppleWebKit/537.36 (KHTML, like Gecko) Chrome/90.0.4430.85 Safari/537.36"
64.227.155.126 - - [07/Jul/2025:01:17:22 -0400] "GET /wp-includes/block-template-utils.php HTTP/1.1" 200 0 "binance.com" "Mozilla/5.0 (Windows NT 10.0; Win64; x64) AppleWebKit/537.36 (KHTML, like Gecko) Chrome/90.0.4430.85 Safari/537.36"
64.227.155.126 - - [07/Jul/2025:01:17:27 -0400] "GET /wp-includes/block-template.php HTTP/1.1" 200 0 "binance.com" "Mozilla/5.0 (Windows NT 10.0; Win64; x64) AppleWebKit/537.36 (KHTML, like Gecko) Chrome/90.0.4430.85 Safari/537.36"
64.227.155.126 - - [07/Jul/2025:01:17:30 -0400] "GET /wp-includes/class-avif-info.php HTTP/1.1" 200 0 "binance.com" "Mozilla/5.0 (Windows NT 10.0; Win64; x64) AppleWebKit/537.36 (KHTML, like Gecko) Chrome/90.0.4430.85 Safari/537.36"
64.227.155.126 - - [07/Jul/2025:01:17:40 -0400] "GET /wp-includes/class-wp-block-bindings-registry.php HTTP/1.1" 200 0 "binance.com" "Mozilla/5.0 (Windows NT 10.0; Win64; x64) AppleWebKit/537.36 (KHTML, like Gecko) Chrome/90.0.4430.85 Safari/537.36"
64.227.155.126 - - [07/Jul/2025:01:17:44 -0400] "GET /wp-includes/class-wp-block-bindings-source.php HTTP/1.1" 200 0 "binance.com" "Mozilla/5.0 (Windows NT 10.0; Win64; x64) AppleWebKit/537.36 (KHTML, like Gecko) Chrome/90.0.4430.85 Safari/537.36"
64.227.155.126 - - [07/Jul/2025:01:17:49 -0400] "GET /wp-includes/class-wp-block-editor-context.php HTTP/1.1" 200 0 "binance.com" "Mozilla/5.0 (Windows NT 10.0; Win64; x64) AppleWebKit/537.36 (KHTML, like Gecko) Chrome/90.0.4430.85 Safari/537.36"
64.227.155.126 - - [07/Jul/2025:01:17:56 -0400] "GET /wp-includes/class-wp-block-metadata-registry.php HTTP/1.1" 200 0 "binance.com" "Mozilla/5.0 (Windows NT 10.0; Win64; x64) AppleWebKit/537.36 (KHTML, like Gecko) Chrome/90.0.4430.85 Safari/537.36"
64.227.155.126 - - [07/Jul/2025:01:18:01 -0400] "GET /wp-includes/class-wp-block-parser-block.php HTTP/1.1" 200 0 "binance.com" "Mozilla/5.0 (Windows NT 10.0; Win64; x64) AppleWebKit/537.36 (KHTML, like Gecko) Chrome/90.0.4430.85 Safari/537.36"
64.227.155.126 - - [07/Jul/2025:01:18:06 -0400] "GET /wp-includes/class-wp-block-parser-frame.php HTTP/1.1" 200 0 "binance.com" "Mozilla/5.0 (Windows NT 10.0; Win64; x64) AppleWebKit/537.36 (KHTML, like Gecko) Chrome/90.0.4430.85 Safari/537.36"
64.227.155.126 - - [07/Jul/2025:01:18:11 -0400] "GET /wp-includes/class-wp-block-template.php HTTP/1.1" 200 0 "binance.com" "Mozilla/5.0 (Windows NT 10.0; Win64; x64) AppleWebKit/537.36 (KHTML, like Gecko) Chrome/90.0.4430.85 Safari/537.36"
64.227.155.126 - - [07/Jul/2025:01:18:16 -0400] "GET /wp-includes/class-wp-block-templates-registry.php HTTP/1.1" 200 0 "binance.com" "Mozilla/5.0 (Windows NT 10.0; Win64; x64) AppleWebKit/537.36 (KHTML, like Gecko) Chrome/90.0.4430.85 Safari/537.36"
64.227.155.126 - - [07/Jul/2025:01:18:20 -0400] "GET /wp-includes/class-wp-classic-to-block-menu-converter.php HTTP/1.1" 200 0 "binance.com" "Mozilla/5.0 (Windows NT 10.0; Win64; x64) AppleWebKit/537.36 (KHTML, like Gecko) Chrome/90.0.4430.85 Safari/537.36"
64.227.155.126 - - [07/Jul/2025:01:18:28 -0400] "GET /wp-includes/class-wp-dependencies.php HTTP/1.1" 200 0 "binance.com" "Mozilla/5.0 (Windows NT 10.0; Win64; x64) AppleWebKit/537.36 (KHTML, like Gecko) Chrome/90.0.4430.85 Safari/537.36"
64.227.155.126 - - [07/Jul/2025:01:18:32 -0400] "GET /wp-includes/class-wp-duotone.php HTTP/1.1" 200 0 "binance.com" "Mozilla/5.0 (Windows NT 10.0; Win64; x64) AppleWebKit/537.36 (KHTML, like Gecko) Chrome/90.0.4430.85 Safari/537.36"
64.227.155.126 - - [07/Jul/2025:01:18:36 -0400] "GET /wp-includes/class-wp-exception.php HTTP/1.1" 200 0 "binance.com" "Mozilla/5.0 (Windows NT 10.0; Win64; x64) AppleWebKit/537.36 (KHTML, like Gecko) Chrome/90.0.4430.85 Safari/537.36"
64.227.155.126 - - [07/Jul/2025:01:18:41 -0400] "GET /wp-includes/class-wp-http.php HTTP/1.1" 500 0 "binance.com" "Mozilla/5.0 (Windows NT 10.0; Win64; x64) AppleWebKit/537.36 (KHTML, like Gecko) Chrome/90.0.4430.85 Safari/537.36"
64.227.155.126 - - [07/Jul/2025:01:18:45 -0400] "GET /wp-includes/class-wp-navigation-fallback.php HTTP/1.1" 200 0 "binance.com" "Mozilla/5.0 (Windows NT 10.0; Win64; x64) AppleWebKit/537.36 (KHTML, like Gecko) Chrome/90.0.4430.85 Safari/537.36"
64.227.155.126 - - [07/Jul/2025:01:18:49 -0400] "GET /wp-includes/class-wp-plugin-dependencies.php HTTP/1.1" 200 0 "binance.com" "Mozilla/5.0 (Windows NT 10.0; Win64; x64) AppleWebKit/537.36 (KHTML, like Gecko) Chrome/90.0.4430.85 Safari/537.36"
23.92.177.29 - - [07/Jul/2025:01:18:55 -0400] "POST /wp-cron.php?doing_wp_cron=1751865535.5599470138549804687500 HTTP/1.1" 200 0 "-" "QzzbzgksYYiK"
216.244.66.227 - - [07/Jul/2025:01:18:53 -0400] "GET /blog/cassino-online-elizabeth-palpites-no-brasil/?share=twitter HTTP/1.1" 302 0 "-" "Mozilla/5.0 (compatible; DotBot/1.2; +https://opensiteexplorer.org/dotbot; help@moz.com)"
64.227.155.126 - - [07/Jul/2025:01:18:57 -0400] "GET /wp-includes/class-wp-script-modules.php HTTP/1.1" 200 0 "binance.com" "Mozilla/5.0 (Windows NT 10.0; Win64; x64) AppleWebKit/537.36 (KHTML, like Gecko) Chrome/90.0.4430.85 Safari/537.36"
64.227.155.126 - - [07/Jul/2025:01:19:03 -0400] "GET /wp-includes/class-wp-scripts.php HTTP/1.1" 500 0 "binance.com" "Mozilla/5.0 (Windows NT 10.0; Win64; x64) AppleWebKit/537.36 (KHTML, like Gecko) Chrome/90.0.4430.85 Safari/537.36"
64.227.155.126 - - [07/Jul/2025:01:19:07 -0400] "GET /wp-includes/class-wp-styles.php HTTP/1.1" 500 0 "binance.com" "Mozilla/5.0 (Windows NT 10.0; Win64; x64) AppleWebKit/537.36 (KHTML, like Gecko) Chrome/90.0.4430.85 Safari/537.36"
64.227.155.126 - - [07/Jul/2025:01:19:11 -0400] "GET /wp-includes/class-wp-textdomain-registry.php HTTP/1.1" 200 0 "binance.com" "Mozilla/5.0 (Windows NT 10.0; Win64; x64) AppleWebKit/537.36 (KHTML, like Gecko) Chrome/90.0.4430.85 Safari/537.36"
64.227.155.126 - - [07/Jul/2025:01:19:18 -0400] "GET /wp-includes/class-wp-theme-json-data.php HTTP/1.1" 200 0 "binance.com" "Mozilla/5.0 (Windows NT 10.0; Win64; x64) AppleWebKit/537.36 (KHTML, like Gecko) Chrome/90.0.4430.85 Safari/537.36"
64.227.155.126 - - [07/Jul/2025:01:19:22 -0400] "GET /wp-includes/class-wp-theme-json-resolver.php HTTP/1.1" 200 0 "binance.com" "Mozilla/5.0 (Windows NT 10.0; Win64; x64) AppleWebKit/537.36 (KHTML, like Gecko) Chrome/90.0.4430.85 Safari/537.36"
64.227.155.126 - - [07/Jul/2025:01:19:26 -0400] "GET /wp-includes/class-wp-theme-json-schema.php HTTP/1.1" 200 0 "binance.com" "Mozilla/5.0 (Windows NT 10.0; Win64; x64) AppleWebKit/537.36 (KHTML, like Gecko) Chrome/90.0.4430.85 Safari/537.36"
64.227.155.126 - - [07/Jul/2025:01:19:35 -0400] "GET /wp-includes/class-wp-theme-json.php HTTP/1.1" 200 0 "binance.com" "Mozilla/5.0 (Windows NT 10.0; Win64; x64) AppleWebKit/537.36 (KHTML, like Gecko) Chrome/90.0.4430.85 Safari/537.36"
64.227.155.126 - - [07/Jul/2025:01:19:41 -0400] "GET /wp-includes/class-wp-token-map.php HTTP/1.1" 200 0 "binance.com" "Mozilla/5.0 (Windows NT 10.0; Win64; x64) AppleWebKit/537.36 (KHTML, like Gecko) Chrome/90.0.4430.85 Safari/537.36"
64.227.155.126 - - [07/Jul/2025:01:19:48 -0400] "GET /wp-includes/class-wpdb.php HTTP/1.1" 200 0 "binance.com" "Mozilla/5.0 (Windows NT 10.0; Win64; x64) AppleWebKit/537.36 (KHTML, like Gecko) Chrome/90.0.4430.85 Safari/537.36"
64.227.155.126 - - [07/Jul/2025:01:19:52 -0400] "GET /wp-includes/fonts.php HTTP/1.1" 200 0 "binance.com" "Mozilla/5.0 (Windows NT 10.0; Win64; x64) AppleWebKit/537.36 (KHTML, like Gecko) Chrome/90.0.4430.85 Safari/537.36"
64.227.155.126 - - [07/Jul/2025:01:19:57 -0400] "GET /wp-includes/global-styles-and-settings.php HTTP/1.1" 200 0 "binance.com" "Mozilla/5.0 (Windows NT 10.0; Win64; x64) AppleWebKit/537.36 (KHTML, like Gecko) Chrome/90.0.4430.85 Safari/537.36"
64.227.155.126 - - [07/Jul/2025:01:20:03 -0400] "GET /wp-includes/https-detection.php HTTP/1.1" 200 0 "binance.com" "Mozilla/5.0 (Windows NT 10.0; Win64; x64) AppleWebKit/537.36 (KHTML, like Gecko) Chrome/90.0.4430.85 Safari/537.36"
64.227.155.126 - - [07/Jul/2025:01:20:10 -0400] "GET /wp-includes/https-migration.php HTTP/1.1" 200 0 "binance.com" "Mozilla/5.0 (Windows NT 10.0; Win64; x64) AppleWebKit/537.36 (KHTML, like Gecko) Chrome/90.0.4430.85 Safari/537.36"
