64.227.155.126 - - [07/Jul/2025:01:20:16 -0400] "GET /wp-includes/robots-template.php HTTP/1.1" 200 0 "binance.com" "Mozilla/5.0 (Windows NT 10.0; Win64; x64) AppleWebKit/537.36 (KHTML, like Gecko) Chrome/90.0.4430.85 Safari/537.36"
64.227.155.126 - - [07/Jul/2025:01:20:20 -0400] "GET /wp-includes/script-modules.php HTTP/1.1" 200 0 "binance.com" "Mozilla/5.0 (Windows NT 10.0; Win64; x64) AppleWebKit/537.36 (KHTML, like Gecko) Chrome/90.0.4430.85 Safari/537.36"
64.227.155.126 - - [07/Jul/2025:01:20:25 -0400] "GET /wp-includes/style-engine.php HTTP/1.1" 200 0 "binance.com" "Mozilla/5.0 (Windows NT 10.0; Win64; x64) AppleWebKit/537.36 (KHTML, like Gecko) Chrome/90.0.4430.85 Safari/537.36"
64.227.155.126 - - [07/Jul/2025:01:20:31 -0400] "GET /wp-includes/template-canvas.php HTTP/1.1" 500 0 "binance.com" "Mozilla/5.0 (Windows NT 10.0; Win64; x64) AppleWebKit/537.36 (KHTML, like Gecko) Chrome/90.0.4430.85 Safari/537.36"
64.227.155.126 - - [07/Jul/2025:01:20:35 -0400] "GET /wp-includes/theme-previews.php HTTP/1.1" 200 0 "binance.com" "Mozilla/5.0 (Windows NT 10.0; Win64; x64) AppleWebKit/537.36 (KHTML, like Gecko) Chrome/90.0.4430.85 Safari/537.36"
64.227.155.126 - - [07/Jul/2025:01:20:39 -0400] "GET /wp-includes/theme-templates.php HTTP/1.1" 200 0 "binance.com" "Mozilla/5.0 (Windows NT 10.0; Win64; x64) AppleWebKit/537.36 (KHTML, like Gecko) Chrome/90.0.4430.85 Safari/537.36"
64.227.155.126 - - [07/Jul/2025:01:20:42 -0400] "GET /wp-includes/ID3/ HTTP/1.1" 200 1590 "binance.com" "Mozilla/5.0 (Windows NT 10.0; Win64; x64) AppleWebKit/537.36 (KHTML, like Gecko) Chrome/90.0.4430.85 Safari/537.36"
64.227.155.126 - - [07/Jul/2025:01:20:48 -0400] "GET /wp-includes/ID3/ HTTP/1.1" 200 1590 "binance.com" "Mozilla/5.0 (Windows NT 10.0; Win64; x64) AppleWebKit/537.36 (KHTML, like Gecko) Chrome/90.0.4430.85 Safari/537.36"
64.227.155.126 - - [07/Jul/2025:01:20:53 -0400] "GET /wp-includes/IXR/ HTTP/1.1" 200 1412 "binance.com" "Mozilla/5.0 (Windows NT 10.0; Win64; x64) AppleWebKit/537.36 (KHTML, like Gecko) Chrome/90.0.4430.85 Safari/537.36"
64.227.155.126 - - [07/Jul/2025:01:20:59 -0400] "GET /wp-includes/IXR/ HTTP/1.1" 200 1412 "binance.com" "Mozilla/5.0 (Windows NT 10.0; Win64; x64) AppleWebKit/537.36 (KHTML, like Gecko) Chrome/90.0.4430.85 Safari/537.36"
64.227.155.126 - - [07/Jul/2025:01:21:06 -0400] "GET /wp-includes/PHPMailer/ HTTP/1.1" 200 845 "binance.com" "Mozilla/5.0 (Windows NT 10.0; Win64; x64) AppleWebKit/537.36 (KHTML, like Gecko) Chrome/90.0.4430.85 Safari/537.36"
64.227.155.126 - - [07/Jul/2025:01:21:17 -0400] "GET /wp-includes/PHPMailer/ HTTP/1.1" 200 845 "binance.com" "Mozilla/5.0 (Windows NT 10.0; Win64; x64) AppleWebKit/537.36 (KHTML, like Gecko) Chrome/90.0.4430.85 Safari/537.36"
64.227.155.126 - - [07/Jul/2025:01:21:25 -0400] "GET /wp-includes/Text/ HTTP/1.1" 200 857 "binance.com" "Mozilla/5.0 (Windows NT 10.0; Win64; x64) AppleWebKit/537.36 (KHTML, like Gecko) Chrome/90.0.4430.85 Safari/537.36"
47.82.60.23 - - [07/Jul/2025:01:21:26 -0400] "GET /wp-includes/class-http.php HTTP/1.1" 500 0 "http://durdanatariq.com/wp-includes/class-http.php" "Mozilla/5.0 (Windows NT 10.0; Win64; x64) AppleWebKit/537.36 (KHTML, like Gecko) Chrome/114.0.0.0 Safari/537.36 Edg/114.0.1823.43"
64.227.155.126 - - [07/Jul/2025:01:21:42 -0400] "GET /wp-includes/Text/ HTTP/1.1" 200 857 "binance.com" "Mozilla/5.0 (Windows NT 10.0; Win64; x64) AppleWebKit/537.36 (KHTML, like Gecko) Chrome/90.0.4430.85 Safari/537.36"
64.227.155.126 - - [07/Jul/2025:01:21:53 -0400] "GET /wp-includes/Text/Diff/ HTTP/1.1" 200 862 "binance.com" "Mozilla/5.0 (Windows NT 10.0; Win64; x64) AppleWebKit/537.36 (KHTML, like Gecko) Chrome/90.0.4430.85 Safari/537.36"
64.227.155.126 - - [07/Jul/2025:01:21:59 -0400] "GET /wp-includes/Text/Diff/ HTTP/1.1" 200 862 "binance.com" "Mozilla/5.0 (Windows NT 10.0; Win64; x64) AppleWebKit/537.36 (KHTML, like Gecko) Chrome/90.0.4430.85 Safari/537.36"
64.227.155.126 - - [07/Jul/2025:01:22:04 -0400] "GET /wp-includes/Text/Diff/Engine/ HTTP/1.1" 200 859 "binance.com" "Mozilla/5.0 (Windows NT 10.0; Win64; x64) AppleWebKit/537.36 (KHTML, like Gecko) Chrome/90.0.4430.85 Safari/537.36"
64.227.155.126 - - [07/Jul/2025:01:22:10 -0400] "GET /wp-includes/Text/Diff/Engine/ HTTP/1.1" 200 859 "binance.com" "Mozilla/5.0 (Windows NT 10.0; Win64; x64) AppleWebKit/537.36 (KHTML, like Gecko) Chrome/90.0.4430.85 Safari/537.36"
64.227.155.126 - - [07/Jul/2025:01:22:17 -0400] "GET /wp-includes/Text/Diff/Renderer/ HTTP/1.1" 200 783 "binance.com" "Mozilla/5.0 (Windows NT 10.0; Win64; x64) AppleWebKit/537.36 (KHTML, like Gecko) Chrome/90.0.4430.85 Safari/537.36"
64.227.155.126 - - [07/Jul/2025:01:22:24 -0400] "GET /wp-includes/Text/Diff/Renderer/ HTTP/1.1" 200 783 "binance.com" "Mozilla/5.0 (Windows NT 10.0; Win64; x64) AppleWebKit/537.36 (KHTML, like Gecko) Chrome/90.0.4430.85 Safari/537.36"
64.227.155.126 - - [07/Jul/2025:01:22:29 -0400] "GET /wp-includes/blocks/ HTTP/1.1" 200 22 "binance.com" "Mozilla/5.0 (Windows NT 10.0; Win64; x64) AppleWebKit/537.36 (KHTML, like Gecko) Chrome/90.0.4430.85 Safari/537.36"
47.82.60.17 - - [07/Jul/2025:01:22:32 -0400] "GET /wp-includes/class-wp-http-requests-response.php HTTP/1.1" 500 0 "http://www.durdanatariq.com/wp-includes/class-wp-http-requests-response.php" "Mozilla/5.0 (Windows NT 10.0; Win64; x64) AppleWebKit/537.36 (KHTML, like Gecko) Chrome/114.0.0.0 Safari/537.36 Edg/114.0.1823.43"
64.227.155.126 - - [07/Jul/2025:01:22:35 -0400] "GET /wp-includes/pomo/ HTTP/1.1" 200 1235 "binance.com" "Mozilla/5.0 (Windows NT 10.0; Win64; x64) AppleWebKit/537.36 (KHTML, like Gecko) Chrome/90.0.4430.85 Safari/537.36"
64.227.155.126 - - [07/Jul/2025:01:22:44 -0400] "GET /wp-includes/pomo/ HTTP/1.1" 200 1235 "binance.com" "Mozilla/5.0 (Windows NT 10.0; Win64; x64) AppleWebKit/537.36 (KHTML, like Gecko) Chrome/90.0.4430.85 Safari/537.36"
64.227.155.126 - - [07/Jul/2025:01:22:49 -0400] "GET /wp-includes/sitemaps/ HTTP/1.1" 200 1301 "binance.com" "Mozilla/5.0 (Windows NT 10.0; Win64; x64) AppleWebKit/537.36 (KHTML, like Gecko) Chrome/90.0.4430.85 Safari/537.36"
64.227.155.126 - - [07/Jul/2025:01:22:56 -0400] "GET /wp-includes/sitemaps/ HTTP/1.1" 200 1301 "binance.com" "Mozilla/5.0 (Windows NT 10.0; Win64; x64) AppleWebKit/537.36 (KHTML, like Gecko) Chrome/90.0.4430.85 Safari/537.36"
64.227.155.126 - - [07/Jul/2025:01:23:04 -0400] "GET /wp-includes/sitemaps/providers/ HTTP/1.1" 200 911 "binance.com" "Mozilla/5.0 (Windows NT 10.0; Win64; x64) AppleWebKit/537.36 (KHTML, like Gecko) Chrome/90.0.4430.85 Safari/537.36"
64.227.155.126 - - [07/Jul/2025:01:23:15 -0400] "GET /wp-includes/sitemaps/providers/ HTTP/1.1" 200 911 "binance.com" "Mozilla/5.0 (Windows NT 10.0; Win64; x64) AppleWebKit/537.36 (KHTML, like Gecko) Chrome/90.0.4430.85 Safari/537.36"
64.227.155.126 - - [07/Jul/2025:01:23:24 -0400] "GET /wp-includes/widgets/ HTTP/1.1" 200 1684 "binance.com" "Mozilla/5.0 (Windows NT 10.0; Win64; x64) AppleWebKit/537.36 (KHTML, like Gecko) Chrome/90.0.4430.85 Safari/537.36"
64.227.155.126 - - [07/Jul/2025:01:23:30 -0400] "GET /wp-includes/widgets/ HTTP/1.1" 200 1684 "binance.com" "Mozilla/5.0 (Windows NT 10.0; Win64; x64) AppleWebKit/537.36 (KHTML, like Gecko) Chrome/90.0.4430.85 Safari/537.36"
64.227.155.126 - - [07/Jul/2025:01:23:39 -0400] "GET /wp-includes/widgets/class-wp-widget-block.php HTTP/1.1" 500 0 "binance.com" "Mozilla/5.0 (Windows NT 10.0; Win64; x64) AppleWebKit/537.36 (KHTML, like Gecko) Chrome/90.0.4430.85 Safari/537.36"
47.82.60.63 - - [07/Jul/2025:01:23:43 -0400] "GET /wp-includes/template-canvas.php HTTP/1.1" 500 0 "http://durdanatariq.com/wp-includes/template-canvas.php" "Mozilla/5.0 (Windows NT 10.0; Win64; x64) AppleWebKit/537.36 (KHTML, like Gecko) Chrome/114.0.0.0 Safari/537.36 Edg/114.0.1823.43"
64.227.155.126 - - [07/Jul/2025:01:23:44 -0400] "GET /wp-includes/css/ HTTP/1.1" 200 2215 "binance.com" "Mozilla/5.0 (Windows NT 10.0; Win64; x64) AppleWebKit/537.36 (KHTML, like Gecko) Chrome/90.0.4430.85 Safari/537.36"
64.227.155.126 - - [07/Jul/2025:01:23:49 -0400] "GET /wp-includes/css/dist/ HTTP/1.1" 200 1352 "binance.com" "Mozilla/5.0 (Windows NT 10.0; Win64; x64) AppleWebKit/537.36 (KHTML, like Gecko) Chrome/90.0.4430.85 Safari/537.36"
64.227.155.126 - - [07/Jul/2025:01:23:55 -0400] "GET /wp-includes/fonts/ HTTP/1.1" 200 1410 "binance.com" "Mozilla/5.0 (Windows NT 10.0; Win64; x64) AppleWebKit/537.36 (KHTML, like Gecko) Chrome/90.0.4430.85 Safari/537.36"
64.227.155.126 - - [07/Jul/2025:01:23:58 -0400] "GET /wp-includes/fonts/ HTTP/1.1" 200 1410 "binance.com" "Mozilla/5.0 (Windows NT 10.0; Win64; x64) AppleWebKit/537.36 (KHTML, like Gecko) Chrome/90.0.4430.85 Safari/537.36"
64.227.155.126 - - [07/Jul/2025:01:24:03 -0400] "GET /wp-includes/fonts/class-wp-font-collection.php HTTP/1.1" 200 0 "binance.com" "Mozilla/5.0 (Windows NT 10.0; Win64; x64) AppleWebKit/537.36 (KHTML, like Gecko) Chrome/90.0.4430.85 Safari/537.36"
64.227.155.126 - - [07/Jul/2025:01:24:06 -0400] "GET /wp-includes/fonts/class-wp-font-face-resolver.php HTTP/1.1" 200 0 "binance.com" "Mozilla/5.0 (Windows NT 10.0; Win64; x64) AppleWebKit/537.36 (KHTML, like Gecko) Chrome/90.0.4430.85 Safari/537.36"
64.227.155.126 - - [07/Jul/2025:01:24:10 -0400] "GET /wp-includes/fonts/class-wp-font-face.php HTTP/1.1" 200 0 "binance.com" "Mozilla/5.0 (Windows NT 10.0; Win64; x64) AppleWebKit/537.36 (KHTML, like Gecko) Chrome/90.0.4430.85 Safari/537.36"
64.227.155.126 - - [07/Jul/2025:01:24:15 -0400] "GET /wp-includes/fonts/class-wp-font-library.php HTTP/1.1" 200 0 "binance.com" "Mozilla/5.0 (Windows NT 10.0; Win64; x64) AppleWebKit/537.36 (KHTML, like Gecko) Chrome/90.0.4430.85 Safari/537.36"
47.82.60.67 - - [07/Jul/2025:01:24:17 -0400] "GET /wp-includes/post-thumbnail-template.php HTTP/1.1" 200 0 "http://durdanatariq.com/wp-includes/post-thumbnail-template.php" "Mozilla/5.0 (Windows NT 10.0; Win64; x64) AppleWebKit/537.36 (KHTML, like Gecko) Chrome/114.0.0.0 Safari/537.36 Edg/114.0.1823.43"
64.227.155.126 - - [07/Jul/2025:01:24:19 -0400] "GET /wp-includes/fonts/class-wp-font-utils.php HTTP/1.1" 200 0 "binance.com" "Mozilla/5.0 (Windows NT 10.0; Win64; x64) AppleWebKit/537.36 (KHTML, like Gecko) Chrome/90.0.4430.85 Safari/537.36"
64.227.155.126 - - [07/Jul/2025:01:24:25 -0400] "GET /wp-includes/images/ HTTP/1.1" 200 1790 "binance.com" "Mozilla/5.0 (Windows NT 10.0; Win64; x64) AppleWebKit/537.36 (KHTML, like Gecko) Chrome/90.0.4430.85 Safari/537.36"
64.227.155.126 - - [07/Jul/2025:01:24:29 -0400] "GET /wp-includes/images/crystal/ HTTP/1.1" 200 1330 "binance.com" "Mozilla/5.0 (Windows NT 10.0; Win64; x64) AppleWebKit/537.36 (KHTML, like Gecko) Chrome/90.0.4430.85 Safari/537.36"
64.227.155.126 - - [07/Jul/2025:01:24:34 -0400] "GET /wp-includes/images/media/ HTTP/1.1" 200 1449 "binance.com" "Mozilla/5.0 (Windows NT 10.0; Win64; x64) AppleWebKit/537.36 (KHTML, like Gecko) Chrome/90.0.4430.85 Safari/537.36"
64.227.155.126 - - [07/Jul/2025:01:24:41 -0400] "GET /wp-includes/images/smilies/ HTTP/1.1" 200 1642 "binance.com" "Mozilla/5.0 (Windows NT 10.0; Win64; x64) AppleWebKit/537.36 (KHTML, like Gecko) Chrome/90.0.4430.85 Safari/537.36"
64.227.155.126 - - [07/Jul/2025:01:24:45 -0400] "GET /wp-includes/images/wlw/ HTTP/1.1" 404 24188 "binance.com" "Mozilla/5.0 (Windows NT 10.0; Win64; x64) AppleWebKit/537.36 (KHTML, like Gecko) Chrome/90.0.4430.85 Safari/537.36"
64.227.155.126 - - [07/Jul/2025:01:24:52 -0400] "GET /wp-includes/js/%20 HTTP/1.1" 301 0 "binance.com" "Mozilla/5.0 (Windows NT 10.0; Win64; x64) AppleWebKit/537.36 (KHTML, like Gecko) Chrome/90.0.4430.85 Safari/537.36"
64.227.155.126 - - [07/Jul/2025:01:24:53 -0400] "GET /wp-includes/js/ HTTP/1.1" 200 3934 "binance.com" "Mozilla/5.0 (Windows NT 10.0; Win64; x64) AppleWebKit/537.36 (KHTML, like Gecko) Chrome/90.0.4430.85 Safari/537.36"
47.82.60.12 - - [07/Jul/2025:01:24:55 -0400] "GET /wp-includes/pluggable.php HTTP/1.1" 200 0 "http://www.durdanatariq.com/wp-includes/pluggable.php" "Mozilla/5.0 (Windows NT 10.0; Win64; x64) AppleWebKit/537.36 (KHTML, like Gecko) Chrome/114.0.0.0 Safari/537.36 Edg/114.0.1823.43"
64.227.155.126 - - [07/Jul/2025:01:24:57 -0400] "GET /wp-includes/js/%20 HTTP/1.1" 301 0 "binance.com" "Mozilla/5.0 (Windows NT 10.0; Win64; x64) AppleWebKit/537.36 (KHTML, like Gecko) Chrome/90.0.4430.85 Safari/537.36"
64.227.155.126 - - [07/Jul/2025:01:24:58 -0400] "GET /wp-includes/js/ HTTP/1.1" 200 3938 "binance.com" "Mozilla/5.0 (Windows NT 10.0; Win64; x64) AppleWebKit/537.36 (KHTML, like Gecko) Chrome/90.0.4430.85 Safari/537.36"
64.227.155.126 - - [07/Jul/2025:01:25:03 -0400] "GET /wp-includes/js/item.php HTTP/1.1" 200 7030 "binance.com" "Mozilla/5.0 (Windows NT 10.0; Win64; x64) AppleWebKit/537.36 (KHTML, like Gecko) Chrome/90.0.4430.85 Safari/537.36"
64.227.155.126 - - [07/Jul/2025:01:25:10 -0400] "GET /wp-includes/js/item.php HTTP/1.1" 200 7192 "binance.com" "Mozilla/5.0 (Windows NT 10.0; Win64; x64) AppleWebKit/537.36 (KHTML, like Gecko) Chrome/90.0.4430.85 Safari/537.36"
64.227.155.126 - - [07/Jul/2025:01:25:11 -0400] "POST /wp-includes/js/item.php HTTP/1.1" 200 2230 "binance.com" "Mozilla/5.0 (Windows NT 10.0; Win64; x64) AppleWebKit/537.36 (KHTML, like Gecko) Chrome/90.0.4430.85 Safari/537.36"
64.227.155.126 - - [07/Jul/2025:01:25:19 -0400] "GET /wp-includes/js/gxrxojryct.php HTTP/1.1" 404 24197 "binance.com" "Mozilla/5.0 (Windows NT 10.0; Win64; x64) AppleWebKit/537.36 (KHTML, like Gecko) Chrome/90.0.4430.85 Safari/537.36"
64.227.155.126 - - [07/Jul/2025:01:25:56 -0400] "GET /wp-includes/js/item.php HTTP/1.1" 200 130742 "-" "Mozilla/5.0 (Windows NT 10.0; Win64; x64) AppleWebKit/537.36 (KHTML, like Gecko) Chrome/90.0.4430.85 Safari/537.36"
47.82.60.14 - - [07/Jul/2025:01:26:00 -0400] "GET /wp-includes/registration.php HTTP/1.1" 500 0 "http://durdanatariq.com/wp-includes/registration.php" "Mozilla/5.0 (Windows NT 10.0; Win64; x64) AppleWebKit/537.36 (KHTML, like Gecko) Chrome/114.0.0.0 Safari/537.36 Edg/114.0.1823.43"
64.227.155.126 - - [07/Jul/2025:01:26:04 -0400] "POST /wp-includes/js/item.php HTTP/1.1" 200 5453 "http://durdanatariq.com/wp-includes/js/item.php" "Mozilla/5.0 (Windows NT 10.0; Win64; x64) AppleWebKit/537.36 (KHTML, like Gecko) Chrome/90.0.4430.85 Safari/537.36"
64.227.155.126 - - [07/Jul/2025:01:26:06 -0400] "GET /wp-includes/js/tqbanfyaik.php HTTP/1.1" 404 24197 "binance.com" "Mozilla/5.0 (Windows NT 10.0; Win64; x64) AppleWebKit/537.36 (KHTML, like Gecko) Chrome/90.0.4430.85 Safari/537.36"
64.227.155.126 - - [07/Jul/2025:01:26:33 -0400] "GET /wp-includes/js/codemirror/ HTTP/1.1" 200 1323 "binance.com" "Mozilla/5.0 (Windows NT 10.0; Win64; x64) AppleWebKit/537.36 (KHTML, like Gecko) Chrome/90.0.4430.85 Safari/537.36"
64.227.155.126 - - [07/Jul/2025:01:26:37 -0400] "GET /wp-includes/js/plupload/ HTTP/1.1" 200 1334 "binance.com" "Mozilla/5.0 (Windows NT 10.0; Win64; x64) AppleWebKit/537.36 (KHTML, like Gecko) Chrome/90.0.4430.85 Safari/537.36"
47.82.60.63 - - [07/Jul/2025:01:26:41 -0400] "GET /wp-includes/fonts.php HTTP/1.1" 200 0 "http://www.durdanatariq.com/wp-includes/fonts.php" "Mozilla/5.0 (Windows NT 10.0; Win64; x64) AppleWebKit/537.36 (KHTML, like Gecko) Chrome/114.0.0.0 Safari/537.36 Edg/114.0.1823.43"
64.227.155.126 - - [07/Jul/2025:01:26:46 -0400] "GET /.well-known/ HTTP/1.1" 200 800 "binance.com" "Mozilla/5.0 (Windows NT 10.0; Win64; x64) AppleWebKit/537.36 (KHTML, like Gecko) Chrome/90.0.4430.85 Safari/537.36"
47.82.60.18 - - [07/Jul/2025:01:27:21 -0400] "GET /wp-includes/class-wp-http.php HTTP/1.1" 500 0 "http://durdanatariq.com/wp-includes/class-wp-http.php" "Mozilla/5.0 (Windows NT 10.0; Win64; x64) AppleWebKit/537.36 (KHTML, like Gecko) Chrome/114.0.0.0 Safari/537.36 Edg/114.0.1823.43"
47.82.60.2 - - [07/Jul/2025:01:27:58 -0400] "GET /wp-includes/media.php HTTP/1.1" 500 0 "http://www.durdanatariq.com/wp-includes/media.php" "Mozilla/5.0 (Windows NT 10.0; Win64; x64) AppleWebKit/537.36 (KHTML, like Gecko) Chrome/114.0.0.0 Safari/537.36 Edg/114.0.1823.43"
80.248.226.94 - - [07/Jul/2025:01:28:02 -0400] "POST /xmlrpc.php HTTP/1.1" 200 215 "http://durdanatariq.com" "Mozilla/5.0 (Macintosh; Intel Mac OS X 13.3; rv:126.0) Gecko/20100101 Firefox/126.0"
47.82.60.21 - - [07/Jul/2025:01:30:12 -0400] "GET /wp-includes/class-wp-customize-manager.php HTTP/1.1" 200 0 "http://www.durdanatariq.com/wp-includes/class-wp-customize-manager.php" "Mozilla/5.0 (Windows NT 10.0; Win64; x64) AppleWebKit/537.36 (KHTML, like Gecko) Chrome/114.0.0.0 Safari/537.36 Edg/114.0.1823.43"
47.82.60.30 - - [07/Jul/2025:01:31:01 -0400] "GET /wp-includes/class-wp-fatal-error-handler.php HTTP/1.1" 200 0 "http://durdanatariq.com/wp-includes/class-wp-fatal-error-handler.php" "Mozilla/5.0 (Windows NT 10.0; Win64; x64) AppleWebKit/537.36 (KHTML, like Gecko) Chrome/114.0.0.0 Safari/537.36 Edg/114.0.1823.43"
47.82.60.15 - - [07/Jul/2025:01:31:19 -0400] "GET /wp-includes/Requests HTTP/1.1" 301 795 "http://www.durdanatariq.com/wp-includes/Requests" "Mozilla/5.0 (Windows NT 10.0; Win64; x64) AppleWebKit/537.36 (KHTML, like Gecko) Chrome/114.0.0.0 Safari/537.36 Edg/114.0.1823.43"
47.82.60.15 - - [07/Jul/2025:01:31:20 -0400] "GET /wp-includes/Requests/ HTTP/1.1" 200 785 "http://www.durdanatariq.com/wp-includes/Requests" "Mozilla/5.0 (Windows NT 10.0; Win64; x64) AppleWebKit/537.36 (KHTML, like Gecko) Chrome/114.0.0.0 Safari/537.36 Edg/114.0.1823.43"
47.82.60.20 - - [07/Jul/2025:01:32:42 -0400] "GET /wp-includes/class-wp-classic-to-block-menu-converter.php HTTP/1.1" 200 0 "http://www.durdanatariq.com/wp-includes/class-wp-classic-to-block-menu-converter.php" "Mozilla/5.0 (Windows NT 10.0; Win64; x64) AppleWebKit/537.36 (KHTML, like Gecko) Chrome/114.0.0.0 Safari/537.36 Edg/114.0.1823.43"
47.82.60.2 - - [07/Jul/2025:01:33:22 -0400] "GET /wp-includes/class-wp-recovery-mode-key-service.php HTTP/1.1" 200 0 "http://www.durdanatariq.com/wp-includes/class-wp-recovery-mode-key-service.php" "Mozilla/5.0 (Windows NT 10.0; Win64; x64) AppleWebKit/537.36 (KHTML, like Gecko) Chrome/114.0.0.0 Safari/537.36 Edg/114.0.1823.43"
47.82.60.35 - - [07/Jul/2025:01:33:31 -0400] "GET /wp-includes/shortcodes.php HTTP/1.1" 200 0 "http://durdanatariq.com/wp-includes/shortcodes.php" "Mozilla/5.0 (Windows NT 10.0; Win64; x64) AppleWebKit/537.36 (KHTML, like Gecko) Chrome/114.0.0.0 Safari/537.36 Edg/114.0.1823.43"
47.82.60.23 - - [07/Jul/2025:01:34:01 -0400] "GET /wp-includes/class-wp-term.php HTTP/1.1" 200 0 "http://durdanatariq.com/wp-includes/class-wp-term.php" "Mozilla/5.0 (Windows NT 10.0; Win64; x64) AppleWebKit/537.36 (KHTML, like Gecko) Chrome/114.0.0.0 Safari/537.36 Edg/114.0.1823.43"
47.82.60.31 - - [07/Jul/2025:01:35:34 -0400] "GET /wp-includes/sitemaps HTTP/1.1" 301 795 "http://www.durdanatariq.com/wp-includes/sitemaps" "Mozilla/5.0 (Windows NT 10.0; Win64; x64) AppleWebKit/537.36 (KHTML, like Gecko) Chrome/114.0.0.0 Safari/537.36 Edg/114.0.1823.43"
47.82.60.11 - - [07/Jul/2025:01:35:35 -0400] "GET /wp-includes/class-walker-nav-menu.php HTTP/1.1" 500 0 "http://durdanatariq.com/wp-includes/class-walker-nav-menu.php" "Mozilla/5.0 (Windows NT 10.0; Win64; x64) AppleWebKit/537.36 (KHTML, like Gecko) Chrome/114.0.0.0 Safari/537.36 Edg/114.0.1823.43"
47.82.60.31 - - [07/Jul/2025:01:35:35 -0400] "GET /wp-includes/sitemaps/ HTTP/1.1" 200 1304 "http://www.durdanatariq.com/wp-includes/sitemaps" "Mozilla/5.0 (Windows NT 10.0; Win64; x64) AppleWebKit/537.36 (KHTML, like Gecko) Chrome/114.0.0.0 Safari/537.36 Edg/114.0.1823.43"
47.82.60.11 - - [07/Jul/2025:01:36:23 -0400] "GET /wp-includes/php-compat HTTP/1.1" 301 795 "http://durdanatariq.com/wp-includes/php-compat" "Mozilla/5.0 (Windows NT 10.0; Win64; x64) AppleWebKit/537.36 (KHTML, like Gecko) Chrome/114.0.0.0 Safari/537.36 Edg/114.0.1823.43"
47.82.60.11 - - [07/Jul/2025:01:36:23 -0400] "GET /wp-includes/php-compat/ HTTP/1.1" 200 778 "http://durdanatariq.com/wp-includes/php-compat" "Mozilla/5.0 (Windows NT 10.0; Win64; x64) AppleWebKit/537.36 (KHTML, like Gecko) Chrome/114.0.0.0 Safari/537.36 Edg/114.0.1823.43"
47.82.60.91 - - [07/Jul/2025:01:37:12 -0400] "GET /wp-includes/block-bindings HTTP/1.1" 301 795 "http://www.durdanatariq.com/wp-includes/block-bindings" "Mozilla/5.0 (Windows NT 10.0; Win64; x64) AppleWebKit/537.36 (KHTML, like Gecko) Chrome/114.0.0.0 Safari/537.36 Edg/114.0.1823.43"
47.82.60.91 - - [07/Jul/2025:01:37:13 -0400] "GET /wp-includes/block-bindings/ HTTP/1.1" 200 876 "http://www.durdanatariq.com/wp-includes/block-bindings" "Mozilla/5.0 (Windows NT 10.0; Win64; x64) AppleWebKit/537.36 (KHTML, like Gecko) Chrome/114.0.0.0 Safari/537.36 Edg/114.0.1823.43"
47.82.60.34 - - [07/Jul/2025:01:37:31 -0400] "GET /wp-includes/class-wp-http-response.php HTTP/1.1" 200 0 "http://www.durdanatariq.com/wp-includes/class-wp-http-response.php" "Mozilla/5.0 (Windows NT 10.0; Win64; x64) AppleWebKit/537.36 (KHTML, like Gecko) Chrome/114.0.0.0 Safari/537.36 Edg/114.0.1823.43"
47.82.60.82 - - [07/Jul/2025:01:38:32 -0400] "GET /wp-includes/functions.php HTTP/1.1" 500 0 "http://durdanatariq.com/wp-includes/functions.php" "Mozilla/5.0 (Windows NT 10.0; Win64; x64) AppleWebKit/537.36 (KHTML, like Gecko) Chrome/114.0.0.0 Safari/537.36 Edg/114.0.1823.43"
47.82.60.5 - - [07/Jul/2025:01:38:43 -0400] "GET /wp-includes/class-wp-widget-factory.php HTTP/1.1" 200 0 "http://www.durdanatariq.com/wp-includes/class-wp-widget-factory.php" "Mozilla/5.0 (Windows NT 10.0; Win64; x64) AppleWebKit/537.36 (KHTML, like Gecko) Chrome/114.0.0.0 Safari/537.36 Edg/114.0.1823.43"
223.15.245.170 - - [07/Jul/2025:01:46:01 -0400] "GET / HTTP/1.1" 301 0 "-" "Mozilla/5.0 (iPhone; CPU iPhone OS 13_2_3 like Mac OS X) AppleWebKit/605.1.15 (KHTML, like Gecko) Version/13.0.3 Mobile/15E148 Safari/604.1"
23.92.177.29 - - [07/Jul/2025:01:48:25 -0400] "POST /wp-cron.php?doing_wp_cron=1751867305.3328959941864013671875 HTTP/1.1" 200 0 "-" "yApS7MO2yM0F"
63.141.253.98 - - [07/Jul/2025:01:48:24 -0400] "GET / HTTP/1.1" 301 0 "-" "Mozilla/5.0 (Windows NT 10.0; Win64; x64) AppleWebKit/537.36 (KHTML, like Gecko) Chrome/103.0.0.0 Safari/537.36"
63.141.253.98 - - [07/Jul/2025:01:48:26 -0400] "GET / HTTP/1.1" 200 22356 "-" "Googlebot/2.1 (+http://www.googlebot.com/bot.html)"
216.244.66.227 - - [07/Jul/2025:01:53:31 -0400] "GET /robots.txt HTTP/1.1" 200 125 "-" "Mozilla/5.0 (compatible; DotBot/1.2; +https://opensiteexplorer.org/dotbot; help@moz.com)"
63.141.253.98 - - [07/Jul/2025:01:59:02 -0400] "GET / HTTP/1.1" 301 0 "-" "Mozilla/5.0 (Windows NT 10.0; Win64; x64) AppleWebKit/537.36 (KHTML, like Gecko) Chrome/103.0.0.0 Safari/537.36"
63.141.253.98 - - [07/Jul/2025:01:59:05 -0400] "GET / HTTP/1.1" 200 22356 "-" "Googlebot/2.1 (+http://www.googlebot.com/bot.html)"
23.92.177.29 - - [07/Jul/2025:01:59:26 -0400] "POST /wp-cron.php?doing_wp_cron=1751867966.4165539741516113281250 HTTP/1.1" 200 0 "-" "lUolZVb5t20G"
216.244.66.227 - - [07/Jul/2025:01:59:25 -0400] "GET /?big=adobe-xd-crack%2F HTTP/1.1" 301 0 "-" "Mozilla/5.0 (compatible; DotBot/1.2; +https://opensiteexplorer.org/dotbot; help@moz.com)"
216.244.66.227 - - [07/Jul/2025:01:59:30 -0400] "GET /?big=idm-crack%2F%3Fshare%3Dfacebook HTTP/1.1" 301 0 "-" "Mozilla/5.0 (compatible; DotBot/1.2; +https://opensiteexplorer.org/dotbot; help@moz.com)"
216.244.66.227 - - [07/Jul/2025:01:59:35 -0400] "GET /?big=typing-master-pro-crack%2F HTTP/1.1" 301 0 "-" "Mozilla/5.0 (compatible; DotBot/1.2; +https://opensiteexplorer.org/dotbot; help@moz.com)"
216.244.66.227 - - [07/Jul/2025:01:59:38 -0400] "GET /?big=category%2Fcommunication%2Ffeed%2F HTTP/1.1" 301 0 "-" "Mozilla/5.0 (compatible; DotBot/1.2; +https://opensiteexplorer.org/dotbot; help@moz.com)"
216.244.66.227 - - [07/Jul/2025:01:59:46 -0400] "GET /?big=fileviewpro-crack-license-key-free-download%2F HTTP/1.1" 301 0 "-" "Mozilla/5.0 (compatible; DotBot/1.2; +https://opensiteexplorer.org/dotbot; help@moz.com)"
216.244.66.227 - - [07/Jul/2025:01:59:51 -0400] "GET /?big=cinema-4d-crack-serial-number-mac-windows%2Ffeed%2F HTTP/1.1" 301 0 "-" "Mozilla/5.0 (compatible; DotBot/1.2; +https://opensiteexplorer.org/dotbot; help@moz.com)"
216.244.66.227 - - [07/Jul/2025:01:59:55 -0400] "GET /?big=microsoft-office-crack-full-version-with-product-key%2F HTTP/1.1" 301 0 "-" "Mozilla/5.0 (compatible; DotBot/1.2; +https://opensiteexplorer.org/dotbot; help@moz.com)"
216.244.66.227 - - [07/Jul/2025:01:59:58 -0400] "GET /?big=reason-crack-keygen-win-mac-torrent-download%2Ffeed%2F HTTP/1.1" 301 0 "-" "Mozilla/5.0 (compatible; DotBot/1.2; +https://opensiteexplorer.org/dotbot; help@moz.com)"
216.244.66.227 - - [07/Jul/2025:02:00:01 -0400] "GET /?big=drivermax-pro-crack-registration-code%2F%3Fshare%3Dtwitter HTTP/1.1" 301 0 "-" "Mozilla/5.0 (compatible; DotBot/1.2; +https://opensiteexplorer.org/dotbot; help@moz.com)"
216.244.66.227 - - [07/Jul/2025:02:00:04 -0400] "GET /?big=eset-nod32-antivirus-crack-license-key%2F%3Fshare%3Dfacebook HTTP/1.1" 301 0 "-" "Mozilla/5.0 (compatible; DotBot/1.2; +https://opensiteexplorer.org/dotbot; help@moz.com)"
216.244.66.227 - - [07/Jul/2025:02:00:06 -0400] "GET /?big=sound-booster-crack-free-product-key%2F%3Fshare%3Dfacebook HTTP/1.1" 301 0 "-" "Mozilla/5.0 (compatible; DotBot/1.2; +https://opensiteexplorer.org/dotbot; help@moz.com)"
216.244.66.227 - - [07/Jul/2025:02:00:08 -0400] "GET /?big=voicemod-pro-crack-incl-license-key%2F%3Fshare%3Dfacebook HTTP/1.1" 301 0 "-" "Mozilla/5.0 (compatible; DotBot/1.2; +https://opensiteexplorer.org/dotbot; help@moz.com)"
216.244.66.227 - - [07/Jul/2025:02:00:10 -0400] "GET /?big=cyberghost-vpn-crack-activation-key-download%2F%3Fshare%3Dtwitter HTTP/1.1" 301 0 "-" "Mozilla/5.0 (compatible; DotBot/1.2; +https://opensiteexplorer.org/dotbot; help@moz.com)"
216.244.66.227 - - [07/Jul/2025:02:00:12 -0400] "GET /?big=fl-studio-crack-serial-number-full-fruity-edition-download%2Ffeed%2F HTTP/1.1" 301 0 "-" "Mozilla/5.0 (compatible; DotBot/1.2; +https://opensiteexplorer.org/dotbot; help@moz.com)"
216.244.66.227 - - [07/Jul/2025:02:00:16 -0400] "GET /?big=magix-video-pro-crack-activation-key-download%2F%3Fshare%3Dtwitter HTTP/1.1" 301 0 "-" "Mozilla/5.0 (compatible; DotBot/1.2; +https://opensiteexplorer.org/dotbot; help@moz.com)"
23.92.177.29 - - [07/Jul/2025:02:00:23 -0400] "POST /wp-cron.php?doing_wp_cron=1751868023.3212490081787109375000 HTTP/1.1" 200 0 "-" "P92q5zAcykQY"
216.244.66.227 - - [07/Jul/2025:02:00:22 -0400] "GET /?big=mozilla-firefox-crack-offline-installer-download%2F%3Fshare%3Dfacebook HTTP/1.1" 301 0 "-" "Mozilla/5.0 (compatible; DotBot/1.2; +https://opensiteexplorer.org/dotbot; help@moz.com)"
216.244.66.227 - - [07/Jul/2025:02:00:32 -0400] "GET /blog/understanding-what-casino-games-do-glory-casino-offer-to-enthusiasts-2/?share=facebook HTTP/1.1" 302 0 "-" "Mozilla/5.0 (compatible; DotBot/1.2; +https://opensiteexplorer.org/dotbot; help@moz.com)"
216.244.66.227 - - [07/Jul/2025:02:01:19 -0400] "GET /wp-includes/Requests/src/Exception/Http/Status304.php HTTP/1.1" 500 0 "-" "Mozilla/5.0 (compatible; DotBot/1.2; +https://opensiteexplorer.org/dotbot; help@moz.com)"
216.244.66.227 - - [07/Jul/2025:02:01:24 -0400] "GET /wp-includes/Requests/src/Exception/Http/Status428.php HTTP/1.1" 500 0 "-" "Mozilla/5.0 (compatible; DotBot/1.2; +https://opensiteexplorer.org/dotbot; help@moz.com)"
216.244.66.227 - - [07/Jul/2025:02:01:29 -0400] "GET /wp-includes/SimplePie/library/SimplePie/?MA HTTP/1.1" 200 9944 "-" "Mozilla/5.0 (compatible; DotBot/1.2; +https://opensiteexplorer.org/dotbot; help@moz.com)"
23.92.177.29 - - [07/Jul/2025:02:02:01 -0400] "POST /wp-cron.php?doing_wp_cron=1751868121.2380170822143554687500 HTTP/1.1" 200 0 "-" "ZR2F3rw5Ay2t"
160.30.113.129 - - [07/Jul/2025:02:02:00 -0400] "POST /xmlrpc.php HTTP/1.1" 200 251 "http://durdanatariq.com" "Mozilla/5.0 (Macintosh; Intel Mac OS X 10_15_7) AppleWebKit/537.36 (KHTML, like Gecko) Chrome/116.0.5845.96 Safari/537.36"
216.244.66.227 - - [07/Jul/2025:02:02:16 -0400] "GET /wp-includes/css/dist/patterns/?ND HTTP/1.1" 200 2491 "-" "Mozilla/5.0 (compatible; DotBot/1.2; +https://opensiteexplorer.org/dotbot; help@moz.com)"